{"id":84387,"date":"2026-02-15T12:27:17","date_gmt":"2026-02-15T11:27:17","guid":{"rendered":"https:\/\/www.dolomitiprealpi.it\/event\/la-fabbrica-del-cielo\/"},"modified":"2026-02-21T16:46:05","modified_gmt":"2026-02-21T15:46:05","slug":"la-fabbrica-del-cielo","status":"publish","type":"tribe_events","link":"https:\/\/www.dolomitiprealpi.it\/de\/event\/la-fabbrica-del-cielo\/","title":{"rendered":"La fabbrica del cielo"},"content":{"rendered":"<p>Der Vorlauf ist notwendig, um zwei spektakul\u00e4re Passagen von Satelliten mit blo\u00dfem Auge zu beobachten: die Internationale Raumstation um 20:45 Uhr und die chinesische Tiangong um 20:54 Uhr.<\/p>\n<p>Der Abend wird dazu einladen, die Fantasie der Kinder zu entfesseln, indem sie mithilfe leistungsstarker Laserpunkte, die von den Sternen, die nach und nach am Himmel aufleuchten, ausgehen, ihre eigenen pers\u00f6nlichen Konstellationen bilden. Tats\u00e4chlich gibt es keinen zwingenden Weg zur Identifizierung von Gruppen und deren Verbindungen untereinander. Viele sind tats\u00e4chlich erstaunt, wenn man ihnen sagt, dass man am Himmel Figuren von Helden, Tieren, mythischen oder realen Wesen sowie Objekte verschiedener Art sehen kann. Dar\u00fcber hinaus haben verschiedene Kulturen in der Vergangenheit am Himmel unterschiedliche Gruppen und Konstellationen gesehen im Vergleich zu unseren, mit anderen Geschichten und Mythen.<\/p>\n<p>Wir werden auch entdecken, dass hinter den verschiedenen Sternengruppen oft keine realen Dinge stehen, sondern saisonale Indikatoren oder symbolisch-religi\u00f6se Darstellungen. Mit dem Teleskop k\u00f6nnen wir Nebel, Galaxien, Sternhaufen, die wundersch\u00f6nen Plejaden und sogar mit blo\u00dfem Auge den Planeten Saturn und vieles mehr beobachten.<\/p>\n<p>Bei schlechtem Wetter kann die Lektion auf die gleiche Weise stattfinden, ohne dass die Bedeutung verloren geht, unter der Kuppel des Planetariums. Der Beobachtungsanteil mit dem Teleskop wird durch die Betrachtung spektakul\u00e4rer Filme ersetzt.<\/p>\n<p>Kinderabend<\/p>\n","protected":false},"excerpt":{"rendered":"<p>Der Vorlauf ist notwendig, um zwei spektakul\u00e4re Passagen von Satelliten mit blo\u00dfem Auge zu beobachten: die Internationale Raumstation um 20:45 Uhr und die chinesische Tiangong um 20:54 Uhr. Der Abend<\/p>\n","protected":false},"author":0,"featured_media":0,"template":"","meta":{"_acf_changed":false,"inline_featured_image":false,"_tribe_events_status":"","_tribe_events_status_reason":"","footnotes":""},"tags":[259],"tribe_events_cat":[],"class_list":["post-84387","tribe_events","type-tribe_events","status-publish","hentry","tag-eventi-feratel"],"acf":[],"yoast_head":"<!-- This site is optimized with the Yoast SEO plugin v25.7 - https:\/\/yoast.com\/wordpress\/plugins\/seo\/ -->\n<title>La fabbrica del cielo - Dolomiti Prealpi<\/title>\n<meta name=\"robots\" content=\"index, follow, max-snippet:-1, max-image-preview:large, max-video-preview:-1\" \/>\n<link rel=\"canonical\" href=\"https:\/\/www.dolomitiprealpi.it\/de\/event\/la-fabbrica-del-cielo\/\" \/>\n<meta property=\"og:locale\" content=\"de_DE\" \/>\n<meta property=\"og:type\" content=\"article\" \/>\n<meta property=\"og:title\" content=\"La fabbrica del cielo - Dolomiti Prealpi\" \/>\n<meta property=\"og:description\" content=\"Der Vorlauf ist notwendig, um zwei spektakul\u00e4re Passagen von Satelliten mit blo\u00dfem Auge zu beobachten: die Internationale Raumstation um 20:45 Uhr und die chinesische Tiangong um 20:54 Uhr. Der Abend\" \/>\n<meta property=\"og:url\" content=\"https:\/\/www.dolomitiprealpi.it\/de\/event\/la-fabbrica-del-cielo\/\" \/>\n<meta property=\"og:site_name\" content=\"Dolomiti Prealpi\" \/>\n<meta property=\"article:publisher\" content=\"https:\/\/www.facebook.com\/dolomitiprealpi.it\/\" \/>\n<meta property=\"article:modified_time\" content=\"2026-02-21T15:46:05+00:00\" \/>\n<meta property=\"og:image\" content=\"https:\/\/www.dolomitiprealpi.it\/wp-content\/uploads\/2022\/11\/C.-Timpone-Foto-archivio-Consorzio-turistico-Dolomiti-Prealpi-Nevegal-Belluno-Bike-18-2.jpg\" \/>\n\t<meta property=\"og:image:width\" content=\"2048\" \/>\n\t<meta property=\"og:image:height\" content=\"1888\" \/>\n\t<meta property=\"og:image:type\" content=\"image\/jpeg\" \/>\n<meta name=\"twitter:card\" content=\"summary_large_image\" \/>\n<meta name=\"twitter:label1\" content=\"Est. reading time\" \/>\n\t<meta name=\"twitter:data1\" content=\"1 minute\" \/>\n<script type=\"application\/ld+json\" class=\"yoast-schema-graph\">{\"@context\":\"https:\/\/schema.org\",\"@graph\":[{\"@type\":\"WebPage\",\"@id\":\"https:\/\/www.dolomitiprealpi.it\/de\/event\/la-fabbrica-del-cielo\/\",\"url\":\"https:\/\/www.dolomitiprealpi.it\/de\/event\/la-fabbrica-del-cielo\/\",\"name\":\"La fabbrica del cielo - Dolomiti Prealpi\",\"isPartOf\":{\"@id\":\"https:\/\/www.dolomitiprealpi.it\/de\/#website\"},\"datePublished\":\"2026-02-15T11:27:17+00:00\",\"dateModified\":\"2026-02-21T15:46:05+00:00\",\"breadcrumb\":{\"@id\":\"https:\/\/www.dolomitiprealpi.it\/de\/event\/la-fabbrica-del-cielo\/#breadcrumb\"},\"inLanguage\":\"de-DE\",\"potentialAction\":[{\"@type\":\"ReadAction\",\"target\":[\"https:\/\/www.dolomitiprealpi.it\/de\/event\/la-fabbrica-del-cielo\/\"]}]},{\"@type\":\"BreadcrumbList\",\"@id\":\"https:\/\/www.dolomitiprealpi.it\/de\/event\/la-fabbrica-del-cielo\/#breadcrumb\",\"itemListElement\":[{\"@type\":\"ListItem\",\"position\":1,\"name\":\"Home\",\"item\":\"https:\/\/www.dolomitiprealpi.it\/de\/\"},{\"@type\":\"ListItem\",\"position\":2,\"name\":\"Veranstaltungen\",\"item\":\"https:\/\/www.dolomitiprealpi.it\/de\/events\/\"},{\"@type\":\"ListItem\",\"position\":3,\"name\":\"La fabbrica del cielo\"}]},{\"@type\":\"WebSite\",\"@id\":\"https:\/\/www.dolomitiprealpi.it\/de\/#website\",\"url\":\"https:\/\/www.dolomitiprealpi.it\/de\/\",\"name\":\"Dolomiti Prealpi\",\"description\":\"\",\"publisher\":{\"@id\":\"https:\/\/www.dolomitiprealpi.it\/de\/#organization\"},\"potentialAction\":[{\"@type\":\"SearchAction\",\"target\":{\"@type\":\"EntryPoint\",\"urlTemplate\":\"https:\/\/www.dolomitiprealpi.it\/de\/?s={search_term_string}\"},\"query-input\":{\"@type\":\"PropertyValueSpecification\",\"valueRequired\":true,\"valueName\":\"search_term_string\"}}],\"inLanguage\":\"de-DE\"},{\"@type\":\"Organization\",\"@id\":\"https:\/\/www.dolomitiprealpi.it\/de\/#organization\",\"name\":\"Consorzio Dolomiti Prealpi\",\"url\":\"https:\/\/www.dolomitiprealpi.it\/de\/\",\"logo\":{\"@type\":\"ImageObject\",\"inLanguage\":\"de-DE\",\"@id\":\"https:\/\/www.dolomitiprealpi.it\/de\/#\/schema\/logo\/image\/\",\"url\":\"https:\/\/www.dolomitiprealpi.it\/wp-content\/uploads\/2023\/03\/dolomitiprealpi-favicon.jpg\",\"contentUrl\":\"https:\/\/www.dolomitiprealpi.it\/wp-content\/uploads\/2023\/03\/dolomitiprealpi-favicon.jpg\",\"width\":512,\"height\":512,\"caption\":\"Consorzio Dolomiti Prealpi\"},\"image\":{\"@id\":\"https:\/\/www.dolomitiprealpi.it\/de\/#\/schema\/logo\/image\/\"},\"sameAs\":[\"https:\/\/www.facebook.com\/dolomitiprealpi.it\/\",\"https:\/\/www.instagram.com\/dolomitiprealpi\/\"]}]}<\/script>\n<!-- \/ Yoast SEO plugin. -->","yoast_head_json":{"title":"La fabbrica del cielo - Dolomiti Prealpi","robots":{"index":"index","follow":"follow","max-snippet":"max-snippet:-1","max-image-preview":"max-image-preview:large","max-video-preview":"max-video-preview:-1"},"canonical":"https:\/\/www.dolomitiprealpi.it\/de\/event\/la-fabbrica-del-cielo\/","og_locale":"de_DE","og_type":"article","og_title":"La fabbrica del cielo - Dolomiti Prealpi","og_description":"Der Vorlauf ist notwendig, um zwei spektakul\u00e4re Passagen von Satelliten mit blo\u00dfem Auge zu beobachten: die Internationale Raumstation um 20:45 Uhr und die chinesische Tiangong um 20:54 Uhr. Der Abend","og_url":"https:\/\/www.dolomitiprealpi.it\/de\/event\/la-fabbrica-del-cielo\/","og_site_name":"Dolomiti Prealpi","article_publisher":"https:\/\/www.facebook.com\/dolomitiprealpi.it\/","article_modified_time":"2026-02-21T15:46:05+00:00","og_image":[{"width":2048,"height":1888,"url":"https:\/\/www.dolomitiprealpi.it\/wp-content\/uploads\/2022\/11\/C.-Timpone-Foto-archivio-Consorzio-turistico-Dolomiti-Prealpi-Nevegal-Belluno-Bike-18-2.jpg","type":"image\/jpeg"}],"twitter_card":"summary_large_image","twitter_misc":{"Est. reading time":"1 minute"},"schema":{"@context":"https:\/\/schema.org","@graph":[{"@type":"WebPage","@id":"https:\/\/www.dolomitiprealpi.it\/de\/event\/la-fabbrica-del-cielo\/","url":"https:\/\/www.dolomitiprealpi.it\/de\/event\/la-fabbrica-del-cielo\/","name":"La fabbrica del cielo - Dolomiti Prealpi","isPartOf":{"@id":"https:\/\/www.dolomitiprealpi.it\/de\/#website"},"datePublished":"2026-02-15T11:27:17+00:00","dateModified":"2026-02-21T15:46:05+00:00","breadcrumb":{"@id":"https:\/\/www.dolomitiprealpi.it\/de\/event\/la-fabbrica-del-cielo\/#breadcrumb"},"inLanguage":"de-DE","potentialAction":[{"@type":"ReadAction","target":["https:\/\/www.dolomitiprealpi.it\/de\/event\/la-fabbrica-del-cielo\/"]}]},{"@type":"BreadcrumbList","@id":"https:\/\/www.dolomitiprealpi.it\/de\/event\/la-fabbrica-del-cielo\/#breadcrumb","itemListElement":[{"@type":"ListItem","position":1,"name":"Home","item":"https:\/\/www.dolomitiprealpi.it\/de\/"},{"@type":"ListItem","position":2,"name":"Veranstaltungen","item":"https:\/\/www.dolomitiprealpi.it\/de\/events\/"},{"@type":"ListItem","position":3,"name":"La fabbrica del cielo"}]},{"@type":"WebSite","@id":"https:\/\/www.dolomitiprealpi.it\/de\/#website","url":"https:\/\/www.dolomitiprealpi.it\/de\/","name":"Dolomiti Prealpi","description":"","publisher":{"@id":"https:\/\/www.dolomitiprealpi.it\/de\/#organization"},"potentialAction":[{"@type":"SearchAction","target":{"@type":"EntryPoint","urlTemplate":"https:\/\/www.dolomitiprealpi.it\/de\/?s={search_term_string}"},"query-input":{"@type":"PropertyValueSpecification","valueRequired":true,"valueName":"search_term_string"}}],"inLanguage":"de-DE"},{"@type":"Organization","@id":"https:\/\/www.dolomitiprealpi.it\/de\/#organization","name":"Consorzio Dolomiti Prealpi","url":"https:\/\/www.dolomitiprealpi.it\/de\/","logo":{"@type":"ImageObject","inLanguage":"de-DE","@id":"https:\/\/www.dolomitiprealpi.it\/de\/#\/schema\/logo\/image\/","url":"https:\/\/www.dolomitiprealpi.it\/wp-content\/uploads\/2023\/03\/dolomitiprealpi-favicon.jpg","contentUrl":"https:\/\/www.dolomitiprealpi.it\/wp-content\/uploads\/2023\/03\/dolomitiprealpi-favicon.jpg","width":512,"height":512,"caption":"Consorzio Dolomiti Prealpi"},"image":{"@id":"https:\/\/www.dolomitiprealpi.it\/de\/#\/schema\/logo\/image\/"},"sameAs":["https:\/\/www.facebook.com\/dolomitiprealpi.it\/","https:\/\/www.instagram.com\/dolomitiprealpi\/"]}]}},"_links":{"self":[{"href":"https:\/\/www.dolomitiprealpi.it\/de\/wp-json\/wp\/v2\/tribe_events\/84387","targetHints":{"allow":["GET"]}}],"collection":[{"href":"https:\/\/www.dolomitiprealpi.it\/de\/wp-json\/wp\/v2\/tribe_events"}],"about":[{"href":"https:\/\/www.dolomitiprealpi.it\/de\/wp-json\/wp\/v2\/types\/tribe_events"}],"version-history":[{"count":1,"href":"https:\/\/www.dolomitiprealpi.it\/de\/wp-json\/wp\/v2\/tribe_events\/84387\/revisions"}],"predecessor-version":[{"id":87490,"href":"https:\/\/www.dolomitiprealpi.it\/de\/wp-json\/wp\/v2\/tribe_events\/84387\/revisions\/87490"}],"wp:attachment":[{"href":"https:\/\/www.dolomitiprealpi.it\/de\/wp-json\/wp\/v2\/media?parent=84387"}],"wp:term":[{"taxonomy":"post_tag","embeddable":true,"href":"https:\/\/www.dolomitiprealpi.it\/de\/wp-json\/wp\/v2\/tags?post=84387"},{"taxonomy":"tribe_events_cat","embeddable":true,"href":"https:\/\/www.dolomitiprealpi.it\/de\/wp-json\/wp\/v2\/tribe_events_cat?post=84387"}],"curies":[{"name":"wp","href":"https:\/\/api.w.org\/{rel}","templated":true}]}}

<p>Der Vorlauf ist notwendig, um zwei spektakuläre Passagen von Satelliten mit bloßem Auge zu beobachten: die Internationale Raumstation um 20:45 Uhr und die chinesische Tiangong um 20:54 Uhr.</p>
<p>Der Abend wird dazu einladen, die Fantasie der Kinder zu entfesseln, indem sie mithilfe leistungsstarker Laserpunkte, die von den Sternen, die nach und nach am Himmel aufleuchten, ausgehen, ihre eigenen persönlichen Konstellationen bilden. Tatsächlich gibt es keinen zwingenden Weg zur Identifizierung von Gruppen und deren Verbindungen untereinander. Viele sind tatsächlich erstaunt, wenn man ihnen sagt, dass man am Himmel Figuren von Helden, Tieren, mythischen oder realen Wesen sowie Objekte verschiedener Art sehen kann. Darüber hinaus haben verschiedene Kulturen in der Vergangenheit am Himmel unterschiedliche Gruppen und Konstellationen gesehen im Vergleich zu unseren, mit anderen Geschichten und Mythen.</p>
<p>Wir werden auch entdecken, dass hinter den verschiedenen Sternengruppen oft keine realen Dinge stehen, sondern saisonale Indikatoren oder symbolisch-religiöse Darstellungen. Mit dem Teleskop können wir Nebel, Galaxien, Sternhaufen, die wunderschönen Plejaden und sogar mit bloßem Auge den Planeten Saturn und vieles mehr beobachten.</p>
<p>Bei schlechtem Wetter kann die Lektion auf die gleiche Weise stattfinden, ohne dass die Bedeutung verloren geht, unter der Kuppel des Planetariums. Der Beobachtungsanteil mit dem Teleskop wird durch die Betrachtung spektakulärer Filme ersetzt.</p>
<p>Kinderabend</p>

<p>Der Vorlauf ist notwendig, um zwei spektakuläre Passagen von Satelliten mit bloßem Auge zu beobachten: die Internationale Raumstation um 20:45 Uhr und die chinesische Tiangong um 20:54 Uhr. Der Abend</p>

<!-- This site is optimized with the Yoast SEO plugin v25.7 - https://yoast.com/wordpress/plugins/seo/ -->
<title>La fabbrica del cielo - Dolomiti Prealpi</title>
<meta name="robots" content="index, follow, max-snippet:-1, max-image-preview:large, max-video-preview:-1" />
<link rel="canonical" href="https://www.dolomitiprealpi.it/de/event/la-fabbrica-del-cielo/" />
<meta property="og:locale" content="de_DE" />
<meta property="og:type" content="article" />
<meta property="og:title" content="La fabbrica del cielo - Dolomiti Prealpi" />
<meta property="og:description" content="Der Vorlauf ist notwendig, um zwei spektakuläre Passagen von Satelliten mit bloßem Auge zu beobachten: die Internationale Raumstation um 20:45 Uhr und die chinesische Tiangong um 20:54 Uhr. Der Abend" />
<meta property="og:url" content="https://www.dolomitiprealpi.it/de/event/la-fabbrica-del-cielo/" />
<meta property="og:site_name" content="Dolomiti Prealpi" />
<meta property="article:publisher" content="https://www.facebook.com/dolomitiprealpi.it/" />
<meta property="article:modified_time" content="2026-02-21T15:46:05+00:00" />
<meta property="og:image" content="https://www.dolomitiprealpi.it/wp-content/uploads/2022/11/C.-Timpone-Foto-archivio-Consorzio-turistico-Dolomiti-Prealpi-Nevegal-Belluno-Bike-18-2.jpg" />
	<meta property="og:image:width" content="2048" />
	<meta property="og:image:height" content="1888" />
	<meta property="og:image:type" content="image/jpeg" />
<meta name="twitter:card" content="summary_large_image" />
<meta name="twitter:label1" content="Est. reading time" />
	<meta name="twitter:data1" content="1 minute" />
<script type="application/ld+json" class="yoast-schema-graph">{"@context":"https://schema.org","@graph":[{"@type":"WebPage","@id":"https://www.dolomitiprealpi.it/de/event/la-fabbrica-del-cielo/","url":"https://www.dolomitiprealpi.it/de/event/la-fabbrica-del-cielo/","name":"La fabbrica del cielo - Dolomiti Prealpi","isPartOf":{"@id":"https://www.dolomitiprealpi.it/de/#website"},"datePublished":"2026-02-15T11:27:17+00:00","dateModified":"2026-02-21T15:46:05+00:00","breadcrumb":{"@id":"https://www.dolomitiprealpi.it/de/event/la-fabbrica-del-cielo/#breadcrumb"},"inLanguage":"de-DE","potentialAction":[{"@type":"ReadAction","target":["https://www.dolomitiprealpi.it/de/event/la-fabbrica-del-cielo/"]}]},{"@type":"BreadcrumbList","@id":"https://www.dolomitiprealpi.it/de/event/la-fabbrica-del-cielo/#breadcrumb","itemListElement":[{"@type":"ListItem","position":1,"name":"Home","item":"https://www.dolomitiprealpi.it/de/"},{"@type":"ListItem","position":2,"name":"Veranstaltungen","item":"https://www.dolomitiprealpi.it/de/events/"},{"@type":"ListItem","position":3,"name":"La fabbrica del cielo"}]},{"@type":"WebSite","@id":"https://www.dolomitiprealpi.it/de/#website","url":"https://www.dolomitiprealpi.it/de/","name":"Dolomiti Prealpi","description":"","publisher":{"@id":"https://www.dolomitiprealpi.it/de/#organization"},"potentialAction":[{"@type":"SearchAction","target":{"@type":"EntryPoint","urlTemplate":"https://www.dolomitiprealpi.it/de/?s={search_term_string}"},"query-input":{"@type":"PropertyValueSpecification","valueRequired":true,"valueName":"search_term_string"}}],"inLanguage":"de-DE"},{"@type":"Organization","@id":"https://www.dolomitiprealpi.it/de/#organization","name":"Consorzio Dolomiti Prealpi","url":"https://www.dolomitiprealpi.it/de/","logo":{"@type":"ImageObject","inLanguage":"de-DE","@id":"https://www.dolomitiprealpi.it/de/#/schema/logo/image/","url":"https://www.dolomitiprealpi.it/wp-content/uploads/2023/03/dolomitiprealpi-favicon.jpg","contentUrl":"https://www.dolomitiprealpi.it/wp-content/uploads/2023/03/dolomitiprealpi-favicon.jpg","width":512,"height":512,"caption":"Consorzio Dolomiti Prealpi"},"image":{"@id":"https://www.dolomitiprealpi.it/de/#/schema/logo/image/"},"sameAs":["https://www.facebook.com/dolomitiprealpi.it/","https://www.instagram.com/dolomitiprealpi/"]}]}</script>
<!-- / Yoast SEO plugin. -->

Der Vorlauf ist notwendig, um zwei spektakuläre Passagen von Satelliten mit bloßem Auge zu beobachten: die Internationale Raumstation um 20:45 Uhr und die chinesische Tiangong um 20:54 Uhr. Der Abend
