{"id":84385,"date":"2026-02-15T12:27:00","date_gmt":"2026-02-15T11:27:00","guid":{"rendered":"https:\/\/www.dolomitiprealpi.it\/event\/abitare-il-turismo\/"},"modified":"2026-03-20T13:08:43","modified_gmt":"2026-03-20T12:08:43","slug":"abitare-il-turismo","status":"publish","type":"tribe_events","link":"https:\/\/www.dolomitiprealpi.it\/de\/event\/abitare-il-turismo\/","title":{"rendered":"Abitare il turismo"},"content":{"rendered":"<p>Kostenlose Kurse f\u00fcr B\u00fcrger und Unternehmen von Borgo Valbelluna<\/p>\n<p>Pr\u00e4sentation der Kurse am Mittwoch, den 24. September um 18:00 Uhr im Auditorium San Pietro &#8211; Mel di Borgo Valbelluna (BL)<\/p>\n<p>Anmeldungen geschlossen, da die maximale Teilnehmerzahl erreicht wurde.<\/p>\n<p>Der Tourismus ist viel mehr als nur eine Industrie: Er ist eine kollektive Praxis, die aus Beziehungen, Kompetenzen und Territorien besteht. Aus diesem Grund haben wir in Borgo Valbelluna <b>&#8220;Abitare il Turismo&#8221;<\/b> ins Leben gerufen, ein Projekt, das darauf abzielt, B\u00fcrger und Unternehmen auszubilden und sie zu Protagonisten einer bewussten und qualitativ hochwertigen Gastfreundschaft zu machen.<\/p>\n<p>Diese Kursreihe ist vollst\u00e4ndig <b>kostenlos<\/b> und stellt eine einzigartige Gelegenheit dar, pers\u00f6nlich und beruflich zu wachsen und zur Wertsch\u00e4tzung unseres Territoriums beizutragen.<\/p>\n<p>Die Kurse finden <b>vom 14. Oktober bis 30. April<\/b> statt, mit einer Weihnachtspause (20. Dezember &#8211; 6. Januar) und einer Osterpause (2. &#8211; 7. April). Jedes Modul hat eine begrenzte Teilnehmerzahl (maximal 20 Teilnehmer), um die h\u00f6chste Qualit\u00e4t der Weiterbildung zu gew\u00e4hrleisten. Um das Teilnahmezertifikat zu erhalten, ist eine Anwesenheit von mindestens 70% der Lektionen erforderlich.<\/p>\n<\/p>\n<p>Modul 1 GASTFREUNDSCHAFT: Dieses Modul wird dir beibringen, wie du jeden Gast optimal willkommen hei\u00dfen kannst, indem du die Besonderheiten unseres Territoriums wertsch\u00e4tzt.<\/p>\n<ul> <\/ul>\n<p>Modul 2 KOMMUNIKATION: Ein umfassendes Modul, um zu lernen, wie du deine T\u00e4tigkeit und das Gebiet sowohl online als auch offline effektiv kommunizieren kannst.<\/p>\n<p>Modul 3 Englischsprachige Kommunikation: Ein praktischer und direkter Ansatz, um auf nat\u00fcrliche Weise und ohne Angst mit Touristen zu kommunizieren.<\/p>\n<p>Zus\u00e4tzlich zu den Kursen sind Abende mit Vertiefungen f\u00fcr alle vorgesehen:<\/p>\n<ul>\n<li>\n<p><b>Freitag, 12. Dezember:<\/b> Sicherheit in den Bergen mit <b>Fabio Bristot<\/b>.<\/p>\n<\/li>\n<li>\n<p><b>Freitag, 9. Januar:<\/b> Das touristische Produkt mit der <b>Fondazione DMO Dolomiti Bellunesi<\/b>.<\/p>\n<\/li>\n<li>\n<p><b>Datum noch festzulegen:<\/b> Treffen zum Thema Slow Tourism.<\/p>\n<\/li>\n<\/ul>\n<p>Die <a href=\"https:\/\/forms.gle\/z7cJAsh6Fap2oHrp6\">Anmeldungen <\/a>\u00f6ffnen am <b>1. September<\/b> und schlie\u00dfen am <b>5. Oktober<\/b>. Denk daran, dass die Pl\u00e4tze auf 20 Teilnehmer pro Modul beschr\u00e4nkt sind, also warte nicht bis zur letzten Minute!<\/p>\n<p>Pr\u00e4sentationsabend der Kurse: Mittwoch, 24. September um 18:00 Uhr <\/p>\n<p>Bei Fragen oder f\u00fcr zus\u00e4tzliche Informationen kontaktiere uns im IAT Tourismusb\u00fcro von Borgo Valbelluna.<\/p>\n","protected":false},"excerpt":{"rendered":"<p>Kostenlose Kurse f\u00fcr B\u00fcrger und Unternehmen von Borgo Valbelluna Pr\u00e4sentation der Kurse am Mittwoch, den 24. September um 18:00 Uhr im Auditorium San Pietro &#8211; Mel di Borgo Valbelluna (BL)<\/p>\n","protected":false},"author":0,"featured_media":0,"template":"","meta":{"_acf_changed":false,"inline_featured_image":false,"_tribe_events_status":"","_tribe_events_status_reason":"","footnotes":""},"tags":[259],"tribe_events_cat":[],"class_list":["post-84385","tribe_events","type-tribe_events","status-publish","hentry","tag-eventi-feratel"],"acf":[],"yoast_head":"<!-- This site is optimized with the Yoast SEO plugin v25.7 - https:\/\/yoast.com\/wordpress\/plugins\/seo\/ -->\n<title>Abitare il turismo - Dolomiti Prealpi<\/title>\n<meta name=\"robots\" content=\"index, follow, max-snippet:-1, max-image-preview:large, max-video-preview:-1\" \/>\n<link rel=\"canonical\" href=\"https:\/\/www.dolomitiprealpi.it\/de\/event\/abitare-il-turismo\/\" \/>\n<meta property=\"og:locale\" content=\"de_DE\" \/>\n<meta property=\"og:type\" content=\"article\" \/>\n<meta property=\"og:title\" content=\"Abitare il turismo - Dolomiti Prealpi\" \/>\n<meta property=\"og:description\" content=\"Kostenlose Kurse f\u00fcr B\u00fcrger und Unternehmen von Borgo Valbelluna Pr\u00e4sentation der Kurse am Mittwoch, den 24. September um 18:00 Uhr im Auditorium San Pietro &#8211; Mel di Borgo Valbelluna (BL)\" \/>\n<meta property=\"og:url\" content=\"https:\/\/www.dolomitiprealpi.it\/de\/event\/abitare-il-turismo\/\" \/>\n<meta property=\"og:site_name\" content=\"Dolomiti Prealpi\" \/>\n<meta property=\"article:publisher\" content=\"https:\/\/www.facebook.com\/dolomitiprealpi.it\/\" \/>\n<meta property=\"article:modified_time\" content=\"2026-03-20T12:08:43+00:00\" \/>\n<meta property=\"og:image\" content=\"https:\/\/www.dolomitiprealpi.it\/wp-content\/uploads\/2022\/11\/C.-Timpone-Foto-archivio-Consorzio-turistico-Dolomiti-Prealpi-Nevegal-Belluno-Bike-18-2.jpg\" \/>\n\t<meta property=\"og:image:width\" content=\"2048\" \/>\n\t<meta property=\"og:image:height\" content=\"1888\" \/>\n\t<meta property=\"og:image:type\" content=\"image\/jpeg\" \/>\n<meta name=\"twitter:card\" content=\"summary_large_image\" \/>\n<meta name=\"twitter:label1\" content=\"Est. reading time\" \/>\n\t<meta name=\"twitter:data1\" content=\"2 minutes\" \/>\n<script type=\"application\/ld+json\" class=\"yoast-schema-graph\">{\"@context\":\"https:\/\/schema.org\",\"@graph\":[{\"@type\":\"WebPage\",\"@id\":\"https:\/\/www.dolomitiprealpi.it\/de\/event\/abitare-il-turismo\/\",\"url\":\"https:\/\/www.dolomitiprealpi.it\/de\/event\/abitare-il-turismo\/\",\"name\":\"Abitare il turismo - Dolomiti Prealpi\",\"isPartOf\":{\"@id\":\"https:\/\/www.dolomitiprealpi.it\/de\/#website\"},\"datePublished\":\"2026-02-15T11:27:00+00:00\",\"dateModified\":\"2026-03-20T12:08:43+00:00\",\"breadcrumb\":{\"@id\":\"https:\/\/www.dolomitiprealpi.it\/de\/event\/abitare-il-turismo\/#breadcrumb\"},\"inLanguage\":\"de-DE\",\"potentialAction\":[{\"@type\":\"ReadAction\",\"target\":[\"https:\/\/www.dolomitiprealpi.it\/de\/event\/abitare-il-turismo\/\"]}]},{\"@type\":\"BreadcrumbList\",\"@id\":\"https:\/\/www.dolomitiprealpi.it\/de\/event\/abitare-il-turismo\/#breadcrumb\",\"itemListElement\":[{\"@type\":\"ListItem\",\"position\":1,\"name\":\"Home\",\"item\":\"https:\/\/www.dolomitiprealpi.it\/de\/\"},{\"@type\":\"ListItem\",\"position\":2,\"name\":\"Veranstaltungen\",\"item\":\"https:\/\/www.dolomitiprealpi.it\/de\/events\/\"},{\"@type\":\"ListItem\",\"position\":3,\"name\":\"Abitare il turismo\"}]},{\"@type\":\"WebSite\",\"@id\":\"https:\/\/www.dolomitiprealpi.it\/de\/#website\",\"url\":\"https:\/\/www.dolomitiprealpi.it\/de\/\",\"name\":\"Dolomiti Prealpi\",\"description\":\"\",\"publisher\":{\"@id\":\"https:\/\/www.dolomitiprealpi.it\/de\/#organization\"},\"potentialAction\":[{\"@type\":\"SearchAction\",\"target\":{\"@type\":\"EntryPoint\",\"urlTemplate\":\"https:\/\/www.dolomitiprealpi.it\/de\/?s={search_term_string}\"},\"query-input\":{\"@type\":\"PropertyValueSpecification\",\"valueRequired\":true,\"valueName\":\"search_term_string\"}}],\"inLanguage\":\"de-DE\"},{\"@type\":\"Organization\",\"@id\":\"https:\/\/www.dolomitiprealpi.it\/de\/#organization\",\"name\":\"Consorzio Dolomiti Prealpi\",\"url\":\"https:\/\/www.dolomitiprealpi.it\/de\/\",\"logo\":{\"@type\":\"ImageObject\",\"inLanguage\":\"de-DE\",\"@id\":\"https:\/\/www.dolomitiprealpi.it\/de\/#\/schema\/logo\/image\/\",\"url\":\"https:\/\/www.dolomitiprealpi.it\/wp-content\/uploads\/2023\/03\/dolomitiprealpi-favicon.jpg\",\"contentUrl\":\"https:\/\/www.dolomitiprealpi.it\/wp-content\/uploads\/2023\/03\/dolomitiprealpi-favicon.jpg\",\"width\":512,\"height\":512,\"caption\":\"Consorzio Dolomiti Prealpi\"},\"image\":{\"@id\":\"https:\/\/www.dolomitiprealpi.it\/de\/#\/schema\/logo\/image\/\"},\"sameAs\":[\"https:\/\/www.facebook.com\/dolomitiprealpi.it\/\",\"https:\/\/www.instagram.com\/dolomitiprealpi\/\"]}]}<\/script>\n<!-- \/ Yoast SEO plugin. -->","yoast_head_json":{"title":"Abitare il turismo - Dolomiti Prealpi","robots":{"index":"index","follow":"follow","max-snippet":"max-snippet:-1","max-image-preview":"max-image-preview:large","max-video-preview":"max-video-preview:-1"},"canonical":"https:\/\/www.dolomitiprealpi.it\/de\/event\/abitare-il-turismo\/","og_locale":"de_DE","og_type":"article","og_title":"Abitare il turismo - Dolomiti Prealpi","og_description":"Kostenlose Kurse f\u00fcr B\u00fcrger und Unternehmen von Borgo Valbelluna Pr\u00e4sentation der Kurse am Mittwoch, den 24. September um 18:00 Uhr im Auditorium San Pietro &#8211; Mel di Borgo Valbelluna (BL)","og_url":"https:\/\/www.dolomitiprealpi.it\/de\/event\/abitare-il-turismo\/","og_site_name":"Dolomiti Prealpi","article_publisher":"https:\/\/www.facebook.com\/dolomitiprealpi.it\/","article_modified_time":"2026-03-20T12:08:43+00:00","og_image":[{"width":2048,"height":1888,"url":"https:\/\/www.dolomitiprealpi.it\/wp-content\/uploads\/2022\/11\/C.-Timpone-Foto-archivio-Consorzio-turistico-Dolomiti-Prealpi-Nevegal-Belluno-Bike-18-2.jpg","type":"image\/jpeg"}],"twitter_card":"summary_large_image","twitter_misc":{"Est. reading time":"2 minutes"},"schema":{"@context":"https:\/\/schema.org","@graph":[{"@type":"WebPage","@id":"https:\/\/www.dolomitiprealpi.it\/de\/event\/abitare-il-turismo\/","url":"https:\/\/www.dolomitiprealpi.it\/de\/event\/abitare-il-turismo\/","name":"Abitare il turismo - Dolomiti Prealpi","isPartOf":{"@id":"https:\/\/www.dolomitiprealpi.it\/de\/#website"},"datePublished":"2026-02-15T11:27:00+00:00","dateModified":"2026-03-20T12:08:43+00:00","breadcrumb":{"@id":"https:\/\/www.dolomitiprealpi.it\/de\/event\/abitare-il-turismo\/#breadcrumb"},"inLanguage":"de-DE","potentialAction":[{"@type":"ReadAction","target":["https:\/\/www.dolomitiprealpi.it\/de\/event\/abitare-il-turismo\/"]}]},{"@type":"BreadcrumbList","@id":"https:\/\/www.dolomitiprealpi.it\/de\/event\/abitare-il-turismo\/#breadcrumb","itemListElement":[{"@type":"ListItem","position":1,"name":"Home","item":"https:\/\/www.dolomitiprealpi.it\/de\/"},{"@type":"ListItem","position":2,"name":"Veranstaltungen","item":"https:\/\/www.dolomitiprealpi.it\/de\/events\/"},{"@type":"ListItem","position":3,"name":"Abitare il turismo"}]},{"@type":"WebSite","@id":"https:\/\/www.dolomitiprealpi.it\/de\/#website","url":"https:\/\/www.dolomitiprealpi.it\/de\/","name":"Dolomiti Prealpi","description":"","publisher":{"@id":"https:\/\/www.dolomitiprealpi.it\/de\/#organization"},"potentialAction":[{"@type":"SearchAction","target":{"@type":"EntryPoint","urlTemplate":"https:\/\/www.dolomitiprealpi.it\/de\/?s={search_term_string}"},"query-input":{"@type":"PropertyValueSpecification","valueRequired":true,"valueName":"search_term_string"}}],"inLanguage":"de-DE"},{"@type":"Organization","@id":"https:\/\/www.dolomitiprealpi.it\/de\/#organization","name":"Consorzio Dolomiti Prealpi","url":"https:\/\/www.dolomitiprealpi.it\/de\/","logo":{"@type":"ImageObject","inLanguage":"de-DE","@id":"https:\/\/www.dolomitiprealpi.it\/de\/#\/schema\/logo\/image\/","url":"https:\/\/www.dolomitiprealpi.it\/wp-content\/uploads\/2023\/03\/dolomitiprealpi-favicon.jpg","contentUrl":"https:\/\/www.dolomitiprealpi.it\/wp-content\/uploads\/2023\/03\/dolomitiprealpi-favicon.jpg","width":512,"height":512,"caption":"Consorzio Dolomiti Prealpi"},"image":{"@id":"https:\/\/www.dolomitiprealpi.it\/de\/#\/schema\/logo\/image\/"},"sameAs":["https:\/\/www.facebook.com\/dolomitiprealpi.it\/","https:\/\/www.instagram.com\/dolomitiprealpi\/"]}]}},"_links":{"self":[{"href":"https:\/\/www.dolomitiprealpi.it\/de\/wp-json\/wp\/v2\/tribe_events\/84385","targetHints":{"allow":["GET"]}}],"collection":[{"href":"https:\/\/www.dolomitiprealpi.it\/de\/wp-json\/wp\/v2\/tribe_events"}],"about":[{"href":"https:\/\/www.dolomitiprealpi.it\/de\/wp-json\/wp\/v2\/types\/tribe_events"}],"version-history":[{"count":1,"href":"https:\/\/www.dolomitiprealpi.it\/de\/wp-json\/wp\/v2\/tribe_events\/84385\/revisions"}],"predecessor-version":[{"id":87489,"href":"https:\/\/www.dolomitiprealpi.it\/de\/wp-json\/wp\/v2\/tribe_events\/84385\/revisions\/87489"}],"wp:attachment":[{"href":"https:\/\/www.dolomitiprealpi.it\/de\/wp-json\/wp\/v2\/media?parent=84385"}],"wp:term":[{"taxonomy":"post_tag","embeddable":true,"href":"https:\/\/www.dolomitiprealpi.it\/de\/wp-json\/wp\/v2\/tags?post=84385"},{"taxonomy":"tribe_events_cat","embeddable":true,"href":"https:\/\/www.dolomitiprealpi.it\/de\/wp-json\/wp\/v2\/tribe_events_cat?post=84385"}],"curies":[{"name":"wp","href":"https:\/\/api.w.org\/{rel}","templated":true}]}}

<p>Kostenlose Kurse für Bürger und Unternehmen von Borgo Valbelluna</p>
<p>Präsentation der Kurse am Mittwoch, den 24. September um 18:00 Uhr im Auditorium San Pietro &#8211; Mel di Borgo Valbelluna (BL)</p>
<p>Anmeldungen geschlossen, da die maximale Teilnehmerzahl erreicht wurde.</p>
<p>Der Tourismus ist viel mehr als nur eine Industrie: Er ist eine kollektive Praxis, die aus Beziehungen, Kompetenzen und Territorien besteht. Aus diesem Grund haben wir in Borgo Valbelluna <b>&#8220;Abitare il Turismo&#8221;</b> ins Leben gerufen, ein Projekt, das darauf abzielt, Bürger und Unternehmen auszubilden und sie zu Protagonisten einer bewussten und qualitativ hochwertigen Gastfreundschaft zu machen.</p>
<p>Diese Kursreihe ist vollständig <b>kostenlos</b> und stellt eine einzigartige Gelegenheit dar, persönlich und beruflich zu wachsen und zur Wertschätzung unseres Territoriums beizutragen.</p>
<p>Die Kurse finden <b>vom 14. Oktober bis 30. April</b> statt, mit einer Weihnachtspause (20. Dezember &#8211; 6. Januar) und einer Osterpause (2. &#8211; 7. April). Jedes Modul hat eine begrenzte Teilnehmerzahl (maximal 20 Teilnehmer), um die höchste Qualität der Weiterbildung zu gewährleisten. Um das Teilnahmezertifikat zu erhalten, ist eine Anwesenheit von mindestens 70% der Lektionen erforderlich.</p>
</p>
<p>Modul 1 GASTFREUNDSCHAFT: Dieses Modul wird dir beibringen, wie du jeden Gast optimal willkommen heißen kannst, indem du die Besonderheiten unseres Territoriums wertschätzt.</p>
<ul> </ul>
<p>Modul 2 KOMMUNIKATION: Ein umfassendes Modul, um zu lernen, wie du deine Tätigkeit und das Gebiet sowohl online als auch offline effektiv kommunizieren kannst.</p>
<p>Modul 3 Englischsprachige Kommunikation: Ein praktischer und direkter Ansatz, um auf natürliche Weise und ohne Angst mit Touristen zu kommunizieren.</p>
<p>Zusätzlich zu den Kursen sind Abende mit Vertiefungen für alle vorgesehen:</p>
<ul>
<li>
<p><b>Freitag, 12. Dezember:</b> Sicherheit in den Bergen mit <b>Fabio Bristot</b>.</p>
</li>
<li>
<p><b>Freitag, 9. Januar:</b> Das touristische Produkt mit der <b>Fondazione DMO Dolomiti Bellunesi</b>.</p>
</li>
<li>
<p><b>Datum noch festzulegen:</b> Treffen zum Thema Slow Tourism.</p>
</li>
</ul>
<p>Die <a href="https://forms.gle/z7cJAsh6Fap2oHrp6">Anmeldungen </a>öffnen am <b>1. September</b> und schließen am <b>5. Oktober</b>. Denk daran, dass die Plätze auf 20 Teilnehmer pro Modul beschränkt sind, also warte nicht bis zur letzten Minute!</p>
<p>Präsentationsabend der Kurse: Mittwoch, 24. September um 18:00 Uhr </p>
<p>Bei Fragen oder für zusätzliche Informationen kontaktiere uns im IAT Tourismusbüro von Borgo Valbelluna.</p>

<p>Kostenlose Kurse für Bürger und Unternehmen von Borgo Valbelluna Präsentation der Kurse am Mittwoch, den 24. September um 18:00 Uhr im Auditorium San Pietro &#8211; Mel di Borgo Valbelluna (BL)</p>

<!-- This site is optimized with the Yoast SEO plugin v25.7 - https://yoast.com/wordpress/plugins/seo/ -->
<title>Abitare il turismo - Dolomiti Prealpi</title>
<meta name="robots" content="index, follow, max-snippet:-1, max-image-preview:large, max-video-preview:-1" />
<link rel="canonical" href="https://www.dolomitiprealpi.it/de/event/abitare-il-turismo/" />
<meta property="og:locale" content="de_DE" />
<meta property="og:type" content="article" />
<meta property="og:title" content="Abitare il turismo - Dolomiti Prealpi" />
<meta property="og:description" content="Kostenlose Kurse für Bürger und Unternehmen von Borgo Valbelluna Präsentation der Kurse am Mittwoch, den 24. September um 18:00 Uhr im Auditorium San Pietro &#8211; Mel di Borgo Valbelluna (BL)" />
<meta property="og:url" content="https://www.dolomitiprealpi.it/de/event/abitare-il-turismo/" />
<meta property="og:site_name" content="Dolomiti Prealpi" />
<meta property="article:publisher" content="https://www.facebook.com/dolomitiprealpi.it/" />
<meta property="article:modified_time" content="2026-03-20T12:08:43+00:00" />
<meta property="og:image" content="https://www.dolomitiprealpi.it/wp-content/uploads/2022/11/C.-Timpone-Foto-archivio-Consorzio-turistico-Dolomiti-Prealpi-Nevegal-Belluno-Bike-18-2.jpg" />
	<meta property="og:image:width" content="2048" />
	<meta property="og:image:height" content="1888" />
	<meta property="og:image:type" content="image/jpeg" />
<meta name="twitter:card" content="summary_large_image" />
<meta name="twitter:label1" content="Est. reading time" />
	<meta name="twitter:data1" content="2 minutes" />
<script type="application/ld+json" class="yoast-schema-graph">{"@context":"https://schema.org","@graph":[{"@type":"WebPage","@id":"https://www.dolomitiprealpi.it/de/event/abitare-il-turismo/","url":"https://www.dolomitiprealpi.it/de/event/abitare-il-turismo/","name":"Abitare il turismo - Dolomiti Prealpi","isPartOf":{"@id":"https://www.dolomitiprealpi.it/de/#website"},"datePublished":"2026-02-15T11:27:00+00:00","dateModified":"2026-03-20T12:08:43+00:00","breadcrumb":{"@id":"https://www.dolomitiprealpi.it/de/event/abitare-il-turismo/#breadcrumb"},"inLanguage":"de-DE","potentialAction":[{"@type":"ReadAction","target":["https://www.dolomitiprealpi.it/de/event/abitare-il-turismo/"]}]},{"@type":"BreadcrumbList","@id":"https://www.dolomitiprealpi.it/de/event/abitare-il-turismo/#breadcrumb","itemListElement":[{"@type":"ListItem","position":1,"name":"Home","item":"https://www.dolomitiprealpi.it/de/"},{"@type":"ListItem","position":2,"name":"Veranstaltungen","item":"https://www.dolomitiprealpi.it/de/events/"},{"@type":"ListItem","position":3,"name":"Abitare il turismo"}]},{"@type":"WebSite","@id":"https://www.dolomitiprealpi.it/de/#website","url":"https://www.dolomitiprealpi.it/de/","name":"Dolomiti Prealpi","description":"","publisher":{"@id":"https://www.dolomitiprealpi.it/de/#organization"},"potentialAction":[{"@type":"SearchAction","target":{"@type":"EntryPoint","urlTemplate":"https://www.dolomitiprealpi.it/de/?s={search_term_string}"},"query-input":{"@type":"PropertyValueSpecification","valueRequired":true,"valueName":"search_term_string"}}],"inLanguage":"de-DE"},{"@type":"Organization","@id":"https://www.dolomitiprealpi.it/de/#organization","name":"Consorzio Dolomiti Prealpi","url":"https://www.dolomitiprealpi.it/de/","logo":{"@type":"ImageObject","inLanguage":"de-DE","@id":"https://www.dolomitiprealpi.it/de/#/schema/logo/image/","url":"https://www.dolomitiprealpi.it/wp-content/uploads/2023/03/dolomitiprealpi-favicon.jpg","contentUrl":"https://www.dolomitiprealpi.it/wp-content/uploads/2023/03/dolomitiprealpi-favicon.jpg","width":512,"height":512,"caption":"Consorzio Dolomiti Prealpi"},"image":{"@id":"https://www.dolomitiprealpi.it/de/#/schema/logo/image/"},"sameAs":["https://www.facebook.com/dolomitiprealpi.it/","https://www.instagram.com/dolomitiprealpi/"]}]}</script>
<!-- / Yoast SEO plugin. -->

Kostenlose Kurse für Bürger und Unternehmen von Borgo Valbelluna Präsentation der Kurse am Mittwoch, den 24. September um 18:00 Uhr im Auditorium San Pietro &#8211; Mel di Borgo Valbelluna (BL)
