{"id":84271,"date":"2026-02-15T12:26:16","date_gmt":"2026-02-15T11:26:16","guid":{"rendered":"https:\/\/www.dolomitiprealpi.it\/event\/alla-scoperta-delle-chiesette-del-feltrino\/"},"modified":"2026-03-20T13:07:37","modified_gmt":"2026-03-20T12:07:37","slug":"alla-scoperta-delle-chiesette-del-feltrino","status":"publish","type":"tribe_events","link":"https:\/\/www.dolomitiprealpi.it\/de\/event\/alla-scoperta-delle-chiesette-del-feltrino\/","title":{"rendered":"Alla scoperta delle chiesette del feltrino"},"content":{"rendered":"<p>Die Initiative schl\u00e4gt einen faszinierenden Rundweg von etwa 20 Kilometern vor, der nachhaltigen Tourismus, die Aufwertung des Gebiets und die F\u00f6rderung der sanften Mobilit\u00e4t vereint.<\/p>\n<p>PROGRAMM<br \/>Das Treffen findet um 10:00 Uhr am Vorplatz des Doms von Feltre statt.<\/p>\n<p>Der Tag beginnt mit einem Besuch des arch\u00e4ologischen Gebiets von Feltre (10:15\u201311:45), gefolgt von einer Fahrradtour durch das malerische historische Zentrum: von der Piazza Maggiore \u00fcber die Stra\u00dfen Luzzo, Tortesen (mit einem Halt am historischen Kapitell), bis zum deutschen Soldatenfriedhof.<\/p>\n<p>Um 12:00 Uhr ist der Besuch der Kirche San Paolo geplant, gefolgt von einer Panoramatour zum Sanctuary der Heiligen Vittore und Corona.<\/p>\n<p>Nach der geselligen Mittagspause (13:00\u201314:00, Kosten 12 Euro) haben die Teilnehmer die M\u00f6glichkeit, das Sanctuary der Heiligen Vittore und Corona zu besichtigen und, begleitet von einem Animator des Fondaco, die Geschichte, Kunst und Spiritualit\u00e4t dieses symboltr\u00e4chtigen Ortes im Feltrino zu entdecken.<\/p>\n<p>Am Nachmittag f\u00fchrt die Route die Teilnehmer nach Celarda, wo das historische Cas\u00e9l und die Kirche San Benedetto besichtigt werden. Die R\u00fcckkehr nach Feltre ist zwischen 16:30 und 17:00 Uhr vorgesehen.<\/p>\n<p>Technische Merkmale des Weges<br \/>Die Strecke von etwa 20 Kilometern weist einen H\u00f6henunterschied von etwa 310 Metern auf und verl\u00e4uft \u00fcberwiegend auf asphaltierten Stra\u00dfen, was sie f\u00fcr alle Arten von Fahrr\u00e4dern geeignet macht (au\u00dfer Rennr\u00e4dern).<br \/>Die GPX-Datei ist auf Komoot verf\u00fcgbar f\u00fcr diejenigen, die sie eigenst\u00e4ndig einsehen m\u00f6chten.Fahrrad- und Kulturtour zur Entdeckung des historischen und religi\u00f6sen Erbes des Feltrino.<\/p>\n","protected":false},"excerpt":{"rendered":"<p>Die Initiative schl\u00e4gt einen faszinierenden Rundweg von etwa 20 Kilometern vor, der nachhaltigen Tourismus, die Aufwertung des Gebiets und die F\u00f6rderung der sanften Mobilit\u00e4t vereint. PROGRAMMDas Treffen findet um 10:00<\/p>\n","protected":false},"author":0,"featured_media":0,"template":"","meta":{"_acf_changed":false,"inline_featured_image":false,"_tribe_events_status":"","_tribe_events_status_reason":"","footnotes":""},"tags":[259],"tribe_events_cat":[],"class_list":["post-84271","tribe_events","type-tribe_events","status-publish","hentry","tag-eventi-feratel"],"acf":[],"yoast_head":"<!-- This site is optimized with the Yoast SEO plugin v25.7 - https:\/\/yoast.com\/wordpress\/plugins\/seo\/ -->\n<title>Alla scoperta delle chiesette del feltrino - Dolomiti Prealpi<\/title>\n<meta name=\"robots\" content=\"index, follow, max-snippet:-1, max-image-preview:large, max-video-preview:-1\" \/>\n<link rel=\"canonical\" href=\"https:\/\/www.dolomitiprealpi.it\/de\/event\/alla-scoperta-delle-chiesette-del-feltrino\/\" \/>\n<meta property=\"og:locale\" content=\"de_DE\" \/>\n<meta property=\"og:type\" content=\"article\" \/>\n<meta property=\"og:title\" content=\"Alla scoperta delle chiesette del feltrino - Dolomiti Prealpi\" \/>\n<meta property=\"og:description\" content=\"Die Initiative schl\u00e4gt einen faszinierenden Rundweg von etwa 20 Kilometern vor, der nachhaltigen Tourismus, die Aufwertung des Gebiets und die F\u00f6rderung der sanften Mobilit\u00e4t vereint. PROGRAMMDas Treffen findet um 10:00\" \/>\n<meta property=\"og:url\" content=\"https:\/\/www.dolomitiprealpi.it\/de\/event\/alla-scoperta-delle-chiesette-del-feltrino\/\" \/>\n<meta property=\"og:site_name\" content=\"Dolomiti Prealpi\" \/>\n<meta property=\"article:publisher\" content=\"https:\/\/www.facebook.com\/dolomitiprealpi.it\/\" \/>\n<meta property=\"article:modified_time\" content=\"2026-03-20T12:07:37+00:00\" \/>\n<meta property=\"og:image\" content=\"https:\/\/www.dolomitiprealpi.it\/wp-content\/uploads\/2022\/11\/C.-Timpone-Foto-archivio-Consorzio-turistico-Dolomiti-Prealpi-Nevegal-Belluno-Bike-18-2.jpg\" \/>\n\t<meta property=\"og:image:width\" content=\"2048\" \/>\n\t<meta property=\"og:image:height\" content=\"1888\" \/>\n\t<meta property=\"og:image:type\" content=\"image\/jpeg\" \/>\n<meta name=\"twitter:card\" content=\"summary_large_image\" \/>\n<meta name=\"twitter:label1\" content=\"Est. reading time\" \/>\n\t<meta name=\"twitter:data1\" content=\"1 minute\" \/>\n<script type=\"application\/ld+json\" class=\"yoast-schema-graph\">{\"@context\":\"https:\/\/schema.org\",\"@graph\":[{\"@type\":\"WebPage\",\"@id\":\"https:\/\/www.dolomitiprealpi.it\/de\/event\/alla-scoperta-delle-chiesette-del-feltrino\/\",\"url\":\"https:\/\/www.dolomitiprealpi.it\/de\/event\/alla-scoperta-delle-chiesette-del-feltrino\/\",\"name\":\"Alla scoperta delle chiesette del feltrino - Dolomiti Prealpi\",\"isPartOf\":{\"@id\":\"https:\/\/www.dolomitiprealpi.it\/de\/#website\"},\"datePublished\":\"2026-02-15T11:26:16+00:00\",\"dateModified\":\"2026-03-20T12:07:37+00:00\",\"breadcrumb\":{\"@id\":\"https:\/\/www.dolomitiprealpi.it\/de\/event\/alla-scoperta-delle-chiesette-del-feltrino\/#breadcrumb\"},\"inLanguage\":\"de-DE\",\"potentialAction\":[{\"@type\":\"ReadAction\",\"target\":[\"https:\/\/www.dolomitiprealpi.it\/de\/event\/alla-scoperta-delle-chiesette-del-feltrino\/\"]}]},{\"@type\":\"BreadcrumbList\",\"@id\":\"https:\/\/www.dolomitiprealpi.it\/de\/event\/alla-scoperta-delle-chiesette-del-feltrino\/#breadcrumb\",\"itemListElement\":[{\"@type\":\"ListItem\",\"position\":1,\"name\":\"Home\",\"item\":\"https:\/\/www.dolomitiprealpi.it\/de\/\"},{\"@type\":\"ListItem\",\"position\":2,\"name\":\"Veranstaltungen\",\"item\":\"https:\/\/www.dolomitiprealpi.it\/de\/events\/\"},{\"@type\":\"ListItem\",\"position\":3,\"name\":\"Alla scoperta delle chiesette del feltrino\"}]},{\"@type\":\"WebSite\",\"@id\":\"https:\/\/www.dolomitiprealpi.it\/de\/#website\",\"url\":\"https:\/\/www.dolomitiprealpi.it\/de\/\",\"name\":\"Dolomiti Prealpi\",\"description\":\"\",\"publisher\":{\"@id\":\"https:\/\/www.dolomitiprealpi.it\/de\/#organization\"},\"potentialAction\":[{\"@type\":\"SearchAction\",\"target\":{\"@type\":\"EntryPoint\",\"urlTemplate\":\"https:\/\/www.dolomitiprealpi.it\/de\/?s={search_term_string}\"},\"query-input\":{\"@type\":\"PropertyValueSpecification\",\"valueRequired\":true,\"valueName\":\"search_term_string\"}}],\"inLanguage\":\"de-DE\"},{\"@type\":\"Organization\",\"@id\":\"https:\/\/www.dolomitiprealpi.it\/de\/#organization\",\"name\":\"Consorzio Dolomiti Prealpi\",\"url\":\"https:\/\/www.dolomitiprealpi.it\/de\/\",\"logo\":{\"@type\":\"ImageObject\",\"inLanguage\":\"de-DE\",\"@id\":\"https:\/\/www.dolomitiprealpi.it\/de\/#\/schema\/logo\/image\/\",\"url\":\"https:\/\/www.dolomitiprealpi.it\/wp-content\/uploads\/2023\/03\/dolomitiprealpi-favicon.jpg\",\"contentUrl\":\"https:\/\/www.dolomitiprealpi.it\/wp-content\/uploads\/2023\/03\/dolomitiprealpi-favicon.jpg\",\"width\":512,\"height\":512,\"caption\":\"Consorzio Dolomiti Prealpi\"},\"image\":{\"@id\":\"https:\/\/www.dolomitiprealpi.it\/de\/#\/schema\/logo\/image\/\"},\"sameAs\":[\"https:\/\/www.facebook.com\/dolomitiprealpi.it\/\",\"https:\/\/www.instagram.com\/dolomitiprealpi\/\"]}]}<\/script>\n<!-- \/ Yoast SEO plugin. -->","yoast_head_json":{"title":"Alla scoperta delle chiesette del feltrino - Dolomiti Prealpi","robots":{"index":"index","follow":"follow","max-snippet":"max-snippet:-1","max-image-preview":"max-image-preview:large","max-video-preview":"max-video-preview:-1"},"canonical":"https:\/\/www.dolomitiprealpi.it\/de\/event\/alla-scoperta-delle-chiesette-del-feltrino\/","og_locale":"de_DE","og_type":"article","og_title":"Alla scoperta delle chiesette del feltrino - Dolomiti Prealpi","og_description":"Die Initiative schl\u00e4gt einen faszinierenden Rundweg von etwa 20 Kilometern vor, der nachhaltigen Tourismus, die Aufwertung des Gebiets und die F\u00f6rderung der sanften Mobilit\u00e4t vereint. PROGRAMMDas Treffen findet um 10:00","og_url":"https:\/\/www.dolomitiprealpi.it\/de\/event\/alla-scoperta-delle-chiesette-del-feltrino\/","og_site_name":"Dolomiti Prealpi","article_publisher":"https:\/\/www.facebook.com\/dolomitiprealpi.it\/","article_modified_time":"2026-03-20T12:07:37+00:00","og_image":[{"width":2048,"height":1888,"url":"https:\/\/www.dolomitiprealpi.it\/wp-content\/uploads\/2022\/11\/C.-Timpone-Foto-archivio-Consorzio-turistico-Dolomiti-Prealpi-Nevegal-Belluno-Bike-18-2.jpg","type":"image\/jpeg"}],"twitter_card":"summary_large_image","twitter_misc":{"Est. reading time":"1 minute"},"schema":{"@context":"https:\/\/schema.org","@graph":[{"@type":"WebPage","@id":"https:\/\/www.dolomitiprealpi.it\/de\/event\/alla-scoperta-delle-chiesette-del-feltrino\/","url":"https:\/\/www.dolomitiprealpi.it\/de\/event\/alla-scoperta-delle-chiesette-del-feltrino\/","name":"Alla scoperta delle chiesette del feltrino - Dolomiti Prealpi","isPartOf":{"@id":"https:\/\/www.dolomitiprealpi.it\/de\/#website"},"datePublished":"2026-02-15T11:26:16+00:00","dateModified":"2026-03-20T12:07:37+00:00","breadcrumb":{"@id":"https:\/\/www.dolomitiprealpi.it\/de\/event\/alla-scoperta-delle-chiesette-del-feltrino\/#breadcrumb"},"inLanguage":"de-DE","potentialAction":[{"@type":"ReadAction","target":["https:\/\/www.dolomitiprealpi.it\/de\/event\/alla-scoperta-delle-chiesette-del-feltrino\/"]}]},{"@type":"BreadcrumbList","@id":"https:\/\/www.dolomitiprealpi.it\/de\/event\/alla-scoperta-delle-chiesette-del-feltrino\/#breadcrumb","itemListElement":[{"@type":"ListItem","position":1,"name":"Home","item":"https:\/\/www.dolomitiprealpi.it\/de\/"},{"@type":"ListItem","position":2,"name":"Veranstaltungen","item":"https:\/\/www.dolomitiprealpi.it\/de\/events\/"},{"@type":"ListItem","position":3,"name":"Alla scoperta delle chiesette del feltrino"}]},{"@type":"WebSite","@id":"https:\/\/www.dolomitiprealpi.it\/de\/#website","url":"https:\/\/www.dolomitiprealpi.it\/de\/","name":"Dolomiti Prealpi","description":"","publisher":{"@id":"https:\/\/www.dolomitiprealpi.it\/de\/#organization"},"potentialAction":[{"@type":"SearchAction","target":{"@type":"EntryPoint","urlTemplate":"https:\/\/www.dolomitiprealpi.it\/de\/?s={search_term_string}"},"query-input":{"@type":"PropertyValueSpecification","valueRequired":true,"valueName":"search_term_string"}}],"inLanguage":"de-DE"},{"@type":"Organization","@id":"https:\/\/www.dolomitiprealpi.it\/de\/#organization","name":"Consorzio Dolomiti Prealpi","url":"https:\/\/www.dolomitiprealpi.it\/de\/","logo":{"@type":"ImageObject","inLanguage":"de-DE","@id":"https:\/\/www.dolomitiprealpi.it\/de\/#\/schema\/logo\/image\/","url":"https:\/\/www.dolomitiprealpi.it\/wp-content\/uploads\/2023\/03\/dolomitiprealpi-favicon.jpg","contentUrl":"https:\/\/www.dolomitiprealpi.it\/wp-content\/uploads\/2023\/03\/dolomitiprealpi-favicon.jpg","width":512,"height":512,"caption":"Consorzio Dolomiti Prealpi"},"image":{"@id":"https:\/\/www.dolomitiprealpi.it\/de\/#\/schema\/logo\/image\/"},"sameAs":["https:\/\/www.facebook.com\/dolomitiprealpi.it\/","https:\/\/www.instagram.com\/dolomitiprealpi\/"]}]}},"_links":{"self":[{"href":"https:\/\/www.dolomitiprealpi.it\/de\/wp-json\/wp\/v2\/tribe_events\/84271","targetHints":{"allow":["GET"]}}],"collection":[{"href":"https:\/\/www.dolomitiprealpi.it\/de\/wp-json\/wp\/v2\/tribe_events"}],"about":[{"href":"https:\/\/www.dolomitiprealpi.it\/de\/wp-json\/wp\/v2\/types\/tribe_events"}],"version-history":[{"count":1,"href":"https:\/\/www.dolomitiprealpi.it\/de\/wp-json\/wp\/v2\/tribe_events\/84271\/revisions"}],"predecessor-version":[{"id":87434,"href":"https:\/\/www.dolomitiprealpi.it\/de\/wp-json\/wp\/v2\/tribe_events\/84271\/revisions\/87434"}],"wp:attachment":[{"href":"https:\/\/www.dolomitiprealpi.it\/de\/wp-json\/wp\/v2\/media?parent=84271"}],"wp:term":[{"taxonomy":"post_tag","embeddable":true,"href":"https:\/\/www.dolomitiprealpi.it\/de\/wp-json\/wp\/v2\/tags?post=84271"},{"taxonomy":"tribe_events_cat","embeddable":true,"href":"https:\/\/www.dolomitiprealpi.it\/de\/wp-json\/wp\/v2\/tribe_events_cat?post=84271"}],"curies":[{"name":"wp","href":"https:\/\/api.w.org\/{rel}","templated":true}]}}

<p>Die Initiative schlägt einen faszinierenden Rundweg von etwa 20 Kilometern vor, der nachhaltigen Tourismus, die Aufwertung des Gebiets und die Förderung der sanften Mobilität vereint.</p>
<p>PROGRAMM<br />Das Treffen findet um 10:00 Uhr am Vorplatz des Doms von Feltre statt.</p>
<p>Der Tag beginnt mit einem Besuch des archäologischen Gebiets von Feltre (10:15–11:45), gefolgt von einer Fahrradtour durch das malerische historische Zentrum: von der Piazza Maggiore über die Straßen Luzzo, Tortesen (mit einem Halt am historischen Kapitell), bis zum deutschen Soldatenfriedhof.</p>
<p>Um 12:00 Uhr ist der Besuch der Kirche San Paolo geplant, gefolgt von einer Panoramatour zum Sanctuary der Heiligen Vittore und Corona.</p>
<p>Nach der geselligen Mittagspause (13:00–14:00, Kosten 12 Euro) haben die Teilnehmer die Möglichkeit, das Sanctuary der Heiligen Vittore und Corona zu besichtigen und, begleitet von einem Animator des Fondaco, die Geschichte, Kunst und Spiritualität dieses symbolträchtigen Ortes im Feltrino zu entdecken.</p>
<p>Am Nachmittag führt die Route die Teilnehmer nach Celarda, wo das historische Casél und die Kirche San Benedetto besichtigt werden. Die Rückkehr nach Feltre ist zwischen 16:30 und 17:00 Uhr vorgesehen.</p>
<p>Technische Merkmale des Weges<br />Die Strecke von etwa 20 Kilometern weist einen Höhenunterschied von etwa 310 Metern auf und verläuft überwiegend auf asphaltierten Straßen, was sie für alle Arten von Fahrrädern geeignet macht (außer Rennrädern).<br />Die GPX-Datei ist auf Komoot verfügbar für diejenigen, die sie eigenständig einsehen möchten.Fahrrad- und Kulturtour zur Entdeckung des historischen und religiösen Erbes des Feltrino.</p>

<p>Die Initiative schlägt einen faszinierenden Rundweg von etwa 20 Kilometern vor, der nachhaltigen Tourismus, die Aufwertung des Gebiets und die Förderung der sanften Mobilität vereint. PROGRAMMDas Treffen findet um 10:00</p>

<!-- This site is optimized with the Yoast SEO plugin v25.7 - https://yoast.com/wordpress/plugins/seo/ -->
<title>Alla scoperta delle chiesette del feltrino - Dolomiti Prealpi</title>
<meta name="robots" content="index, follow, max-snippet:-1, max-image-preview:large, max-video-preview:-1" />
<link rel="canonical" href="https://www.dolomitiprealpi.it/de/event/alla-scoperta-delle-chiesette-del-feltrino/" />
<meta property="og:locale" content="de_DE" />
<meta property="og:type" content="article" />
<meta property="og:title" content="Alla scoperta delle chiesette del feltrino - Dolomiti Prealpi" />
<meta property="og:description" content="Die Initiative schlägt einen faszinierenden Rundweg von etwa 20 Kilometern vor, der nachhaltigen Tourismus, die Aufwertung des Gebiets und die Förderung der sanften Mobilität vereint. PROGRAMMDas Treffen findet um 10:00" />
<meta property="og:url" content="https://www.dolomitiprealpi.it/de/event/alla-scoperta-delle-chiesette-del-feltrino/" />
<meta property="og:site_name" content="Dolomiti Prealpi" />
<meta property="article:publisher" content="https://www.facebook.com/dolomitiprealpi.it/" />
<meta property="article:modified_time" content="2026-03-20T12:07:37+00:00" />
<meta property="og:image" content="https://www.dolomitiprealpi.it/wp-content/uploads/2022/11/C.-Timpone-Foto-archivio-Consorzio-turistico-Dolomiti-Prealpi-Nevegal-Belluno-Bike-18-2.jpg" />
	<meta property="og:image:width" content="2048" />
	<meta property="og:image:height" content="1888" />
	<meta property="og:image:type" content="image/jpeg" />
<meta name="twitter:card" content="summary_large_image" />
<meta name="twitter:label1" content="Est. reading time" />
	<meta name="twitter:data1" content="1 minute" />
<script type="application/ld+json" class="yoast-schema-graph">{"@context":"https://schema.org","@graph":[{"@type":"WebPage","@id":"https://www.dolomitiprealpi.it/de/event/alla-scoperta-delle-chiesette-del-feltrino/","url":"https://www.dolomitiprealpi.it/de/event/alla-scoperta-delle-chiesette-del-feltrino/","name":"Alla scoperta delle chiesette del feltrino - Dolomiti Prealpi","isPartOf":{"@id":"https://www.dolomitiprealpi.it/de/#website"},"datePublished":"2026-02-15T11:26:16+00:00","dateModified":"2026-03-20T12:07:37+00:00","breadcrumb":{"@id":"https://www.dolomitiprealpi.it/de/event/alla-scoperta-delle-chiesette-del-feltrino/#breadcrumb"},"inLanguage":"de-DE","potentialAction":[{"@type":"ReadAction","target":["https://www.dolomitiprealpi.it/de/event/alla-scoperta-delle-chiesette-del-feltrino/"]}]},{"@type":"BreadcrumbList","@id":"https://www.dolomitiprealpi.it/de/event/alla-scoperta-delle-chiesette-del-feltrino/#breadcrumb","itemListElement":[{"@type":"ListItem","position":1,"name":"Home","item":"https://www.dolomitiprealpi.it/de/"},{"@type":"ListItem","position":2,"name":"Veranstaltungen","item":"https://www.dolomitiprealpi.it/de/events/"},{"@type":"ListItem","position":3,"name":"Alla scoperta delle chiesette del feltrino"}]},{"@type":"WebSite","@id":"https://www.dolomitiprealpi.it/de/#website","url":"https://www.dolomitiprealpi.it/de/","name":"Dolomiti Prealpi","description":"","publisher":{"@id":"https://www.dolomitiprealpi.it/de/#organization"},"potentialAction":[{"@type":"SearchAction","target":{"@type":"EntryPoint","urlTemplate":"https://www.dolomitiprealpi.it/de/?s={search_term_string}"},"query-input":{"@type":"PropertyValueSpecification","valueRequired":true,"valueName":"search_term_string"}}],"inLanguage":"de-DE"},{"@type":"Organization","@id":"https://www.dolomitiprealpi.it/de/#organization","name":"Consorzio Dolomiti Prealpi","url":"https://www.dolomitiprealpi.it/de/","logo":{"@type":"ImageObject","inLanguage":"de-DE","@id":"https://www.dolomitiprealpi.it/de/#/schema/logo/image/","url":"https://www.dolomitiprealpi.it/wp-content/uploads/2023/03/dolomitiprealpi-favicon.jpg","contentUrl":"https://www.dolomitiprealpi.it/wp-content/uploads/2023/03/dolomitiprealpi-favicon.jpg","width":512,"height":512,"caption":"Consorzio Dolomiti Prealpi"},"image":{"@id":"https://www.dolomitiprealpi.it/de/#/schema/logo/image/"},"sameAs":["https://www.facebook.com/dolomitiprealpi.it/","https://www.instagram.com/dolomitiprealpi/"]}]}</script>
<!-- / Yoast SEO plugin. -->

Die Initiative schlägt einen faszinierenden Rundweg von etwa 20 Kilometern vor, der nachhaltigen Tourismus, die Aufwertung des Gebiets und die Förderung der sanften Mobilität vereint. PROGRAMMDas Treffen findet um 10:00
