{"id":84260,"date":"2025-08-30T14:00:17","date_gmt":"2025-08-30T12:00:17","guid":{"rendered":"https:\/\/www.dolomitiprealpi.it\/event\/corpus-dominis\/"},"modified":"2025-12-19T15:36:50","modified_gmt":"2025-12-19T14:36:50","slug":"corpus-dominis","status":"publish","type":"tribe_events","link":"https:\/\/www.dolomitiprealpi.it\/de\/event\/corpus-dominis\/","title":{"rendered":"Corpus Dominis"},"content":{"rendered":"<p>Sonntag, 11. Juni<\/p>\n<p>Fronleichnam 2023 &#8211; XXV Feier &#8211; Blumenteppich von Igne<\/p>\n<p>Die Hauptstra\u00dfe von Igne wird mit papiermach\u00e9-blumenarrangements geschm\u00fcckt, die in Szenerien und Installationen aus Holz und anderen typischen Materialien integriert sind, alles vollst\u00e4ndig von den Frauen und M\u00e4nnern des Dorfes von Hand hergestellt<\/p>\n<p>Thema 2023: Unsere Vergangenheit<\/p>\n<p>PROGRAMM<\/p>\n<p>HEILIGE MESSE MIT PROZESSION UM 10.30 UHR<\/p>\n<p>STAND MIT ESSEN UND GETR\u00c4NKEN AB 12.30 UHR<\/p>\n<p>bei schlechtem Wetter wird die Veranstaltung abgesagt<\/p>\n<p><\/p>\n<p>&nbsp;IN LONGARONE FINDEN SIE<\/p>\n<p>9.\/10.\/11. JUNI -&gt; STREET FOOD<\/p>\n<p>10.\/11. JUNI -&gt; EIS IN FESTSTIMMUNG &#8211; Das Dorf Longarone wird von der Eismesse und dem Markt belebt<\/p>\n<p> Die Hauptstra\u00dfe des Dorfes wird mit aus Krepppapier gefertigten Blumenarrangements geschm\u00fcckt, die in Hintergr\u00fcnde und Szenerien aus Holz und anderen nat\u00fcrlichen Materialien integriert sind, alles vollst\u00e4ndig von den Frauen und M\u00e4nnern des Dorfes Igne handgefertigt.Corpus Domini &#8211;&nbsp;XXVII Feier &#8211; Infiorata di Igne<\/p>\n","protected":false},"excerpt":{"rendered":"<p>Sonntag, 11. Juni Fronleichnam 2023 &#8211; XXV Feier &#8211; Blumenteppich von Igne Die Hauptstra\u00dfe von Igne wird mit papiermach\u00e9-blumenarrangements geschm\u00fcckt, die in Szenerien und Installationen aus Holz und anderen typischen<\/p>\n","protected":false},"author":0,"featured_media":0,"template":"","meta":{"_acf_changed":false,"inline_featured_image":false,"_tribe_events_status":"","_tribe_events_status_reason":"","footnotes":""},"tags":[259],"tribe_events_cat":[],"class_list":["post-84260","tribe_events","type-tribe_events","status-publish","hentry","tag-eventi-feratel"],"acf":[],"yoast_head":"<!-- This site is optimized with the Yoast SEO plugin v25.7 - https:\/\/yoast.com\/wordpress\/plugins\/seo\/ -->\n<title>Corpus Dominis - Dolomiti Prealpi<\/title>\n<meta name=\"robots\" content=\"index, follow, max-snippet:-1, max-image-preview:large, max-video-preview:-1\" \/>\n<link rel=\"canonical\" href=\"https:\/\/www.dolomitiprealpi.it\/de\/event\/corpus-dominis\/\" \/>\n<meta property=\"og:locale\" content=\"de_DE\" \/>\n<meta property=\"og:type\" content=\"article\" \/>\n<meta property=\"og:title\" content=\"Corpus Dominis - Dolomiti Prealpi\" \/>\n<meta property=\"og:description\" content=\"Sonntag, 11. Juni Fronleichnam 2023 &#8211; XXV Feier &#8211; Blumenteppich von Igne Die Hauptstra\u00dfe von Igne wird mit papiermach\u00e9-blumenarrangements geschm\u00fcckt, die in Szenerien und Installationen aus Holz und anderen typischen\" \/>\n<meta property=\"og:url\" content=\"https:\/\/www.dolomitiprealpi.it\/de\/event\/corpus-dominis\/\" \/>\n<meta property=\"og:site_name\" content=\"Dolomiti Prealpi\" \/>\n<meta property=\"article:publisher\" content=\"https:\/\/www.facebook.com\/dolomitiprealpi.it\/\" \/>\n<meta property=\"article:modified_time\" content=\"2025-12-19T14:36:50+00:00\" \/>\n<meta property=\"og:image\" content=\"https:\/\/www.dolomitiprealpi.it\/wp-content\/uploads\/2022\/11\/C.-Timpone-Foto-archivio-Consorzio-turistico-Dolomiti-Prealpi-Nevegal-Belluno-Bike-18-2.jpg\" \/>\n\t<meta property=\"og:image:width\" content=\"2048\" \/>\n\t<meta property=\"og:image:height\" content=\"1888\" \/>\n\t<meta property=\"og:image:type\" content=\"image\/jpeg\" \/>\n<meta name=\"twitter:card\" content=\"summary_large_image\" \/>\n<meta name=\"twitter:label1\" content=\"Est. reading time\" \/>\n\t<meta name=\"twitter:data1\" content=\"1 minute\" \/>\n<script type=\"application\/ld+json\" class=\"yoast-schema-graph\">{\"@context\":\"https:\/\/schema.org\",\"@graph\":[{\"@type\":\"WebPage\",\"@id\":\"https:\/\/www.dolomitiprealpi.it\/de\/event\/corpus-dominis\/\",\"url\":\"https:\/\/www.dolomitiprealpi.it\/de\/event\/corpus-dominis\/\",\"name\":\"Corpus Dominis - Dolomiti Prealpi\",\"isPartOf\":{\"@id\":\"https:\/\/www.dolomitiprealpi.it\/de\/#website\"},\"datePublished\":\"2025-08-30T12:00:17+00:00\",\"dateModified\":\"2025-12-19T14:36:50+00:00\",\"breadcrumb\":{\"@id\":\"https:\/\/www.dolomitiprealpi.it\/de\/event\/corpus-dominis\/#breadcrumb\"},\"inLanguage\":\"de-DE\",\"potentialAction\":[{\"@type\":\"ReadAction\",\"target\":[\"https:\/\/www.dolomitiprealpi.it\/de\/event\/corpus-dominis\/\"]}]},{\"@type\":\"BreadcrumbList\",\"@id\":\"https:\/\/www.dolomitiprealpi.it\/de\/event\/corpus-dominis\/#breadcrumb\",\"itemListElement\":[{\"@type\":\"ListItem\",\"position\":1,\"name\":\"Home\",\"item\":\"https:\/\/www.dolomitiprealpi.it\/de\/\"},{\"@type\":\"ListItem\",\"position\":2,\"name\":\"Veranstaltungen\",\"item\":\"https:\/\/www.dolomitiprealpi.it\/de\/events\/\"},{\"@type\":\"ListItem\",\"position\":3,\"name\":\"Corpus Dominis\"}]},{\"@type\":\"WebSite\",\"@id\":\"https:\/\/www.dolomitiprealpi.it\/de\/#website\",\"url\":\"https:\/\/www.dolomitiprealpi.it\/de\/\",\"name\":\"Dolomiti Prealpi\",\"description\":\"\",\"publisher\":{\"@id\":\"https:\/\/www.dolomitiprealpi.it\/de\/#organization\"},\"potentialAction\":[{\"@type\":\"SearchAction\",\"target\":{\"@type\":\"EntryPoint\",\"urlTemplate\":\"https:\/\/www.dolomitiprealpi.it\/de\/?s={search_term_string}\"},\"query-input\":{\"@type\":\"PropertyValueSpecification\",\"valueRequired\":true,\"valueName\":\"search_term_string\"}}],\"inLanguage\":\"de-DE\"},{\"@type\":\"Organization\",\"@id\":\"https:\/\/www.dolomitiprealpi.it\/de\/#organization\",\"name\":\"Consorzio Dolomiti Prealpi\",\"url\":\"https:\/\/www.dolomitiprealpi.it\/de\/\",\"logo\":{\"@type\":\"ImageObject\",\"inLanguage\":\"de-DE\",\"@id\":\"https:\/\/www.dolomitiprealpi.it\/de\/#\/schema\/logo\/image\/\",\"url\":\"https:\/\/www.dolomitiprealpi.it\/wp-content\/uploads\/2023\/03\/dolomitiprealpi-favicon.jpg\",\"contentUrl\":\"https:\/\/www.dolomitiprealpi.it\/wp-content\/uploads\/2023\/03\/dolomitiprealpi-favicon.jpg\",\"width\":512,\"height\":512,\"caption\":\"Consorzio Dolomiti Prealpi\"},\"image\":{\"@id\":\"https:\/\/www.dolomitiprealpi.it\/de\/#\/schema\/logo\/image\/\"},\"sameAs\":[\"https:\/\/www.facebook.com\/dolomitiprealpi.it\/\",\"https:\/\/www.instagram.com\/dolomitiprealpi\/\"]}]}<\/script>\n<!-- \/ Yoast SEO plugin. -->","yoast_head_json":{"title":"Corpus Dominis - Dolomiti Prealpi","robots":{"index":"index","follow":"follow","max-snippet":"max-snippet:-1","max-image-preview":"max-image-preview:large","max-video-preview":"max-video-preview:-1"},"canonical":"https:\/\/www.dolomitiprealpi.it\/de\/event\/corpus-dominis\/","og_locale":"de_DE","og_type":"article","og_title":"Corpus Dominis - Dolomiti Prealpi","og_description":"Sonntag, 11. Juni Fronleichnam 2023 &#8211; XXV Feier &#8211; Blumenteppich von Igne Die Hauptstra\u00dfe von Igne wird mit papiermach\u00e9-blumenarrangements geschm\u00fcckt, die in Szenerien und Installationen aus Holz und anderen typischen","og_url":"https:\/\/www.dolomitiprealpi.it\/de\/event\/corpus-dominis\/","og_site_name":"Dolomiti Prealpi","article_publisher":"https:\/\/www.facebook.com\/dolomitiprealpi.it\/","article_modified_time":"2025-12-19T14:36:50+00:00","og_image":[{"width":2048,"height":1888,"url":"https:\/\/www.dolomitiprealpi.it\/wp-content\/uploads\/2022\/11\/C.-Timpone-Foto-archivio-Consorzio-turistico-Dolomiti-Prealpi-Nevegal-Belluno-Bike-18-2.jpg","type":"image\/jpeg"}],"twitter_card":"summary_large_image","twitter_misc":{"Est. reading time":"1 minute"},"schema":{"@context":"https:\/\/schema.org","@graph":[{"@type":"WebPage","@id":"https:\/\/www.dolomitiprealpi.it\/de\/event\/corpus-dominis\/","url":"https:\/\/www.dolomitiprealpi.it\/de\/event\/corpus-dominis\/","name":"Corpus Dominis - Dolomiti Prealpi","isPartOf":{"@id":"https:\/\/www.dolomitiprealpi.it\/de\/#website"},"datePublished":"2025-08-30T12:00:17+00:00","dateModified":"2025-12-19T14:36:50+00:00","breadcrumb":{"@id":"https:\/\/www.dolomitiprealpi.it\/de\/event\/corpus-dominis\/#breadcrumb"},"inLanguage":"de-DE","potentialAction":[{"@type":"ReadAction","target":["https:\/\/www.dolomitiprealpi.it\/de\/event\/corpus-dominis\/"]}]},{"@type":"BreadcrumbList","@id":"https:\/\/www.dolomitiprealpi.it\/de\/event\/corpus-dominis\/#breadcrumb","itemListElement":[{"@type":"ListItem","position":1,"name":"Home","item":"https:\/\/www.dolomitiprealpi.it\/de\/"},{"@type":"ListItem","position":2,"name":"Veranstaltungen","item":"https:\/\/www.dolomitiprealpi.it\/de\/events\/"},{"@type":"ListItem","position":3,"name":"Corpus Dominis"}]},{"@type":"WebSite","@id":"https:\/\/www.dolomitiprealpi.it\/de\/#website","url":"https:\/\/www.dolomitiprealpi.it\/de\/","name":"Dolomiti Prealpi","description":"","publisher":{"@id":"https:\/\/www.dolomitiprealpi.it\/de\/#organization"},"potentialAction":[{"@type":"SearchAction","target":{"@type":"EntryPoint","urlTemplate":"https:\/\/www.dolomitiprealpi.it\/de\/?s={search_term_string}"},"query-input":{"@type":"PropertyValueSpecification","valueRequired":true,"valueName":"search_term_string"}}],"inLanguage":"de-DE"},{"@type":"Organization","@id":"https:\/\/www.dolomitiprealpi.it\/de\/#organization","name":"Consorzio Dolomiti Prealpi","url":"https:\/\/www.dolomitiprealpi.it\/de\/","logo":{"@type":"ImageObject","inLanguage":"de-DE","@id":"https:\/\/www.dolomitiprealpi.it\/de\/#\/schema\/logo\/image\/","url":"https:\/\/www.dolomitiprealpi.it\/wp-content\/uploads\/2023\/03\/dolomitiprealpi-favicon.jpg","contentUrl":"https:\/\/www.dolomitiprealpi.it\/wp-content\/uploads\/2023\/03\/dolomitiprealpi-favicon.jpg","width":512,"height":512,"caption":"Consorzio Dolomiti Prealpi"},"image":{"@id":"https:\/\/www.dolomitiprealpi.it\/de\/#\/schema\/logo\/image\/"},"sameAs":["https:\/\/www.facebook.com\/dolomitiprealpi.it\/","https:\/\/www.instagram.com\/dolomitiprealpi\/"]}]}},"_links":{"self":[{"href":"https:\/\/www.dolomitiprealpi.it\/de\/wp-json\/wp\/v2\/tribe_events\/84260","targetHints":{"allow":["GET"]}}],"collection":[{"href":"https:\/\/www.dolomitiprealpi.it\/de\/wp-json\/wp\/v2\/tribe_events"}],"about":[{"href":"https:\/\/www.dolomitiprealpi.it\/de\/wp-json\/wp\/v2\/types\/tribe_events"}],"version-history":[{"count":1,"href":"https:\/\/www.dolomitiprealpi.it\/de\/wp-json\/wp\/v2\/tribe_events\/84260\/revisions"}],"predecessor-version":[{"id":87428,"href":"https:\/\/www.dolomitiprealpi.it\/de\/wp-json\/wp\/v2\/tribe_events\/84260\/revisions\/87428"}],"wp:attachment":[{"href":"https:\/\/www.dolomitiprealpi.it\/de\/wp-json\/wp\/v2\/media?parent=84260"}],"wp:term":[{"taxonomy":"post_tag","embeddable":true,"href":"https:\/\/www.dolomitiprealpi.it\/de\/wp-json\/wp\/v2\/tags?post=84260"},{"taxonomy":"tribe_events_cat","embeddable":true,"href":"https:\/\/www.dolomitiprealpi.it\/de\/wp-json\/wp\/v2\/tribe_events_cat?post=84260"}],"curies":[{"name":"wp","href":"https:\/\/api.w.org\/{rel}","templated":true}]}}

<p>Sonntag, 11. Juni</p>
<p>Fronleichnam 2023 &#8211; XXV Feier &#8211; Blumenteppich von Igne</p>
<p>Die Hauptstraße von Igne wird mit papiermaché-blumenarrangements geschmückt, die in Szenerien und Installationen aus Holz und anderen typischen Materialien integriert sind, alles vollständig von den Frauen und Männern des Dorfes von Hand hergestellt</p>
<p>Thema 2023: Unsere Vergangenheit</p>
<p>PROGRAMM</p>
<p>HEILIGE MESSE MIT PROZESSION UM 10.30 UHR</p>
<p>STAND MIT ESSEN UND GETRÄNKEN AB 12.30 UHR</p>
<p>bei schlechtem Wetter wird die Veranstaltung abgesagt</p>
<p></p>
<p>&nbsp;IN LONGARONE FINDEN SIE</p>
<p>9./10./11. JUNI -&gt; STREET FOOD</p>
<p>10./11. JUNI -&gt; EIS IN FESTSTIMMUNG &#8211; Das Dorf Longarone wird von der Eismesse und dem Markt belebt</p>
<p> Die Hauptstraße des Dorfes wird mit aus Krepppapier gefertigten Blumenarrangements geschmückt, die in Hintergründe und Szenerien aus Holz und anderen natürlichen Materialien integriert sind, alles vollständig von den Frauen und Männern des Dorfes Igne handgefertigt.Corpus Domini &#8211;&nbsp;XXVII Feier &#8211; Infiorata di Igne</p>

<p>Sonntag, 11. Juni Fronleichnam 2023 &#8211; XXV Feier &#8211; Blumenteppich von Igne Die Hauptstraße von Igne wird mit papiermaché-blumenarrangements geschmückt, die in Szenerien und Installationen aus Holz und anderen typischen</p>

<!-- This site is optimized with the Yoast SEO plugin v25.7 - https://yoast.com/wordpress/plugins/seo/ -->
<title>Corpus Dominis - Dolomiti Prealpi</title>
<meta name="robots" content="index, follow, max-snippet:-1, max-image-preview:large, max-video-preview:-1" />
<link rel="canonical" href="https://www.dolomitiprealpi.it/de/event/corpus-dominis/" />
<meta property="og:locale" content="de_DE" />
<meta property="og:type" content="article" />
<meta property="og:title" content="Corpus Dominis - Dolomiti Prealpi" />
<meta property="og:description" content="Sonntag, 11. Juni Fronleichnam 2023 &#8211; XXV Feier &#8211; Blumenteppich von Igne Die Hauptstraße von Igne wird mit papiermaché-blumenarrangements geschmückt, die in Szenerien und Installationen aus Holz und anderen typischen" />
<meta property="og:url" content="https://www.dolomitiprealpi.it/de/event/corpus-dominis/" />
<meta property="og:site_name" content="Dolomiti Prealpi" />
<meta property="article:publisher" content="https://www.facebook.com/dolomitiprealpi.it/" />
<meta property="article:modified_time" content="2025-12-19T14:36:50+00:00" />
<meta property="og:image" content="https://www.dolomitiprealpi.it/wp-content/uploads/2022/11/C.-Timpone-Foto-archivio-Consorzio-turistico-Dolomiti-Prealpi-Nevegal-Belluno-Bike-18-2.jpg" />
	<meta property="og:image:width" content="2048" />
	<meta property="og:image:height" content="1888" />
	<meta property="og:image:type" content="image/jpeg" />
<meta name="twitter:card" content="summary_large_image" />
<meta name="twitter:label1" content="Est. reading time" />
	<meta name="twitter:data1" content="1 minute" />
<script type="application/ld+json" class="yoast-schema-graph">{"@context":"https://schema.org","@graph":[{"@type":"WebPage","@id":"https://www.dolomitiprealpi.it/de/event/corpus-dominis/","url":"https://www.dolomitiprealpi.it/de/event/corpus-dominis/","name":"Corpus Dominis - Dolomiti Prealpi","isPartOf":{"@id":"https://www.dolomitiprealpi.it/de/#website"},"datePublished":"2025-08-30T12:00:17+00:00","dateModified":"2025-12-19T14:36:50+00:00","breadcrumb":{"@id":"https://www.dolomitiprealpi.it/de/event/corpus-dominis/#breadcrumb"},"inLanguage":"de-DE","potentialAction":[{"@type":"ReadAction","target":["https://www.dolomitiprealpi.it/de/event/corpus-dominis/"]}]},{"@type":"BreadcrumbList","@id":"https://www.dolomitiprealpi.it/de/event/corpus-dominis/#breadcrumb","itemListElement":[{"@type":"ListItem","position":1,"name":"Home","item":"https://www.dolomitiprealpi.it/de/"},{"@type":"ListItem","position":2,"name":"Veranstaltungen","item":"https://www.dolomitiprealpi.it/de/events/"},{"@type":"ListItem","position":3,"name":"Corpus Dominis"}]},{"@type":"WebSite","@id":"https://www.dolomitiprealpi.it/de/#website","url":"https://www.dolomitiprealpi.it/de/","name":"Dolomiti Prealpi","description":"","publisher":{"@id":"https://www.dolomitiprealpi.it/de/#organization"},"potentialAction":[{"@type":"SearchAction","target":{"@type":"EntryPoint","urlTemplate":"https://www.dolomitiprealpi.it/de/?s={search_term_string}"},"query-input":{"@type":"PropertyValueSpecification","valueRequired":true,"valueName":"search_term_string"}}],"inLanguage":"de-DE"},{"@type":"Organization","@id":"https://www.dolomitiprealpi.it/de/#organization","name":"Consorzio Dolomiti Prealpi","url":"https://www.dolomitiprealpi.it/de/","logo":{"@type":"ImageObject","inLanguage":"de-DE","@id":"https://www.dolomitiprealpi.it/de/#/schema/logo/image/","url":"https://www.dolomitiprealpi.it/wp-content/uploads/2023/03/dolomitiprealpi-favicon.jpg","contentUrl":"https://www.dolomitiprealpi.it/wp-content/uploads/2023/03/dolomitiprealpi-favicon.jpg","width":512,"height":512,"caption":"Consorzio Dolomiti Prealpi"},"image":{"@id":"https://www.dolomitiprealpi.it/de/#/schema/logo/image/"},"sameAs":["https://www.facebook.com/dolomitiprealpi.it/","https://www.instagram.com/dolomitiprealpi/"]}]}</script>
<!-- / Yoast SEO plugin. -->

Sonntag, 11. Juni Fronleichnam 2023 &#8211; XXV Feier &#8211; Blumenteppich von Igne Die Hauptstraße von Igne wird mit papiermaché-blumenarrangements geschmückt, die in Szenerien und Installationen aus Holz und anderen typischen
