{"id":84257,"date":"2026-02-15T12:26:06","date_gmt":"2026-02-15T11:26:06","guid":{"rendered":"https:\/\/www.dolomitiprealpi.it\/event\/inaugurazione-mostra-fotografica-ruggero-monego\/"},"modified":"2026-02-21T16:45:00","modified_gmt":"2026-02-21T15:45:00","slug":"inaugurazione-mostra-fotografica-ruggero-monego","status":"publish","type":"tribe_events","link":"https:\/\/www.dolomitiprealpi.it\/de\/event\/inaugurazione-mostra-fotografica-ruggero-monego\/","title":{"rendered":"Inaugurazione mostra fotografica Ruggero Monego"},"content":{"rendered":"<p>Er\u00f6ffnung der Fotoausstellung <i>Ruggero Monego: ein mutig gelebtes Leben<\/i> in der Villa De Manzoni in Patt di Sedico vom 12. bis 28. September 2025.<\/p>\n<p>Die Ausstellung konzentriert sich auf die letzte Phase des Zweiten Weltkriegs und insbesondere auf den Tag der Befreiung in Santa Giustina.<\/p>\n<p>Die ausgestellten Fotografien, die am 2. Mai 1945 aufgenommen wurden, dokumentieren den Empfang, den die Menschen vor Ort den alliierten Befreiungstruppen bereiteten.<\/p>\n<p>Diese Bilder wurden von Ruggero Monego aufbewahrt, der sie vor etwa zwanzig Jahren zur Reproduktion zur Verf\u00fcgung stellte, zusammen mit seinen pers\u00f6nlichen Erinnerungen an diesen Tag.<\/p>\n<p>Die Ausstellung ist bis zum 28. September 2025 f\u00fcr die \u00d6ffentlichkeit zug\u00e4nglich.<\/p>\n<p>Ruggero Monego, geboren 1920 in Cesiomaggiore, Belluno, schloss die Ausbildung als Technischer Zeichner ab und arbeitete als Tischler.<\/p>\n<p>Er wurde 1940 eingezogen und k\u00e4mpfte w\u00e4hrend des Zweiten Weltkriegs in Frankreich und Montenegro.<\/p>\n<p>Nach dem 8. September 1943 trat er der Resistenza bei, wo er den Decknamen Tabor annahm.<\/p>\n<p>Er k\u00e4mpfte mit der Brigata Gramsci auf den Vette Feltrine, wo er sich durch seinen Mut auszeichnete.<\/p>\n<p>Nach dem Krieg f\u00fchrten die Schwierigkeiten, sich in das soziale Leben wieder einzugliedern, und der Schmerz \u00fcber den Tod seines Bruders Franco, der von den Nazis ermordet wurde, dazu, dass er nach Belgien auswanderte, wo er als Bergmann arbeitete.<\/p>\n<p>Er kehrte mit seiner Frau Teresa und dem Erstgeborenen Franco nach Italien zur\u00fcck; sp\u00e4ter wurden die drei T\u00f6chter Flavia, Francesca und Tiziana geboren.<\/p>\n<p>Der Eintritt zur Ausstellung ist frei.<\/p>\n<p>Die \u00d6ffnungszeiten der Ausstellung: Montag bis Freitag nach Vereinbarung, Kontakt per E-Mail an m.barbonetti@provincia.belluno.it oder telefonisch unter der Nr. 0437 959331.<\/p>\n<p>Am Samstag und Sonntag ist der Eintritt von 10:00 bis 12:00 Uhr und von 15:00 bis 18:00 Uhr.<\/p>\n","protected":false},"excerpt":{"rendered":"<p>Er\u00f6ffnung der Fotoausstellung Ruggero Monego: ein mutig gelebtes Leben in der Villa De Manzoni in Patt di Sedico vom 12. bis 28. September 2025. Die Ausstellung konzentriert sich auf die<\/p>\n","protected":false},"author":0,"featured_media":0,"template":"","meta":{"_acf_changed":false,"inline_featured_image":false,"_tribe_events_status":"","_tribe_events_status_reason":"","footnotes":""},"tags":[259],"tribe_events_cat":[],"class_list":["post-84257","tribe_events","type-tribe_events","status-publish","hentry","tag-eventi-feratel"],"acf":[],"yoast_head":"<!-- This site is optimized with the Yoast SEO plugin v25.7 - https:\/\/yoast.com\/wordpress\/plugins\/seo\/ -->\n<title>Inaugurazione mostra fotografica Ruggero Monego - Dolomiti Prealpi<\/title>\n<meta name=\"robots\" content=\"index, follow, max-snippet:-1, max-image-preview:large, max-video-preview:-1\" \/>\n<link rel=\"canonical\" href=\"https:\/\/www.dolomitiprealpi.it\/de\/event\/inaugurazione-mostra-fotografica-ruggero-monego\/\" \/>\n<meta property=\"og:locale\" content=\"de_DE\" \/>\n<meta property=\"og:type\" content=\"article\" \/>\n<meta property=\"og:title\" content=\"Inaugurazione mostra fotografica Ruggero Monego - Dolomiti Prealpi\" \/>\n<meta property=\"og:description\" content=\"Er\u00f6ffnung der Fotoausstellung Ruggero Monego: ein mutig gelebtes Leben in der Villa De Manzoni in Patt di Sedico vom 12. bis 28. September 2025. Die Ausstellung konzentriert sich auf die\" \/>\n<meta property=\"og:url\" content=\"https:\/\/www.dolomitiprealpi.it\/de\/event\/inaugurazione-mostra-fotografica-ruggero-monego\/\" \/>\n<meta property=\"og:site_name\" content=\"Dolomiti Prealpi\" \/>\n<meta property=\"article:publisher\" content=\"https:\/\/www.facebook.com\/dolomitiprealpi.it\/\" \/>\n<meta property=\"article:modified_time\" content=\"2026-02-21T15:45:00+00:00\" \/>\n<meta property=\"og:image\" content=\"https:\/\/www.dolomitiprealpi.it\/wp-content\/uploads\/2022\/11\/C.-Timpone-Foto-archivio-Consorzio-turistico-Dolomiti-Prealpi-Nevegal-Belluno-Bike-18-2.jpg\" \/>\n\t<meta property=\"og:image:width\" content=\"2048\" \/>\n\t<meta property=\"og:image:height\" content=\"1888\" \/>\n\t<meta property=\"og:image:type\" content=\"image\/jpeg\" \/>\n<meta name=\"twitter:card\" content=\"summary_large_image\" \/>\n<meta name=\"twitter:label1\" content=\"Est. reading time\" \/>\n\t<meta name=\"twitter:data1\" content=\"1 minute\" \/>\n<script type=\"application\/ld+json\" class=\"yoast-schema-graph\">{\"@context\":\"https:\/\/schema.org\",\"@graph\":[{\"@type\":\"WebPage\",\"@id\":\"https:\/\/www.dolomitiprealpi.it\/de\/event\/inaugurazione-mostra-fotografica-ruggero-monego\/\",\"url\":\"https:\/\/www.dolomitiprealpi.it\/de\/event\/inaugurazione-mostra-fotografica-ruggero-monego\/\",\"name\":\"Inaugurazione mostra fotografica Ruggero Monego - Dolomiti Prealpi\",\"isPartOf\":{\"@id\":\"https:\/\/www.dolomitiprealpi.it\/de\/#website\"},\"datePublished\":\"2026-02-15T11:26:06+00:00\",\"dateModified\":\"2026-02-21T15:45:00+00:00\",\"breadcrumb\":{\"@id\":\"https:\/\/www.dolomitiprealpi.it\/de\/event\/inaugurazione-mostra-fotografica-ruggero-monego\/#breadcrumb\"},\"inLanguage\":\"de-DE\",\"potentialAction\":[{\"@type\":\"ReadAction\",\"target\":[\"https:\/\/www.dolomitiprealpi.it\/de\/event\/inaugurazione-mostra-fotografica-ruggero-monego\/\"]}]},{\"@type\":\"BreadcrumbList\",\"@id\":\"https:\/\/www.dolomitiprealpi.it\/de\/event\/inaugurazione-mostra-fotografica-ruggero-monego\/#breadcrumb\",\"itemListElement\":[{\"@type\":\"ListItem\",\"position\":1,\"name\":\"Home\",\"item\":\"https:\/\/www.dolomitiprealpi.it\/de\/\"},{\"@type\":\"ListItem\",\"position\":2,\"name\":\"Veranstaltungen\",\"item\":\"https:\/\/www.dolomitiprealpi.it\/de\/events\/\"},{\"@type\":\"ListItem\",\"position\":3,\"name\":\"Inaugurazione mostra fotografica Ruggero Monego\"}]},{\"@type\":\"WebSite\",\"@id\":\"https:\/\/www.dolomitiprealpi.it\/de\/#website\",\"url\":\"https:\/\/www.dolomitiprealpi.it\/de\/\",\"name\":\"Dolomiti Prealpi\",\"description\":\"\",\"publisher\":{\"@id\":\"https:\/\/www.dolomitiprealpi.it\/de\/#organization\"},\"potentialAction\":[{\"@type\":\"SearchAction\",\"target\":{\"@type\":\"EntryPoint\",\"urlTemplate\":\"https:\/\/www.dolomitiprealpi.it\/de\/?s={search_term_string}\"},\"query-input\":{\"@type\":\"PropertyValueSpecification\",\"valueRequired\":true,\"valueName\":\"search_term_string\"}}],\"inLanguage\":\"de-DE\"},{\"@type\":\"Organization\",\"@id\":\"https:\/\/www.dolomitiprealpi.it\/de\/#organization\",\"name\":\"Consorzio Dolomiti Prealpi\",\"url\":\"https:\/\/www.dolomitiprealpi.it\/de\/\",\"logo\":{\"@type\":\"ImageObject\",\"inLanguage\":\"de-DE\",\"@id\":\"https:\/\/www.dolomitiprealpi.it\/de\/#\/schema\/logo\/image\/\",\"url\":\"https:\/\/www.dolomitiprealpi.it\/wp-content\/uploads\/2023\/03\/dolomitiprealpi-favicon.jpg\",\"contentUrl\":\"https:\/\/www.dolomitiprealpi.it\/wp-content\/uploads\/2023\/03\/dolomitiprealpi-favicon.jpg\",\"width\":512,\"height\":512,\"caption\":\"Consorzio Dolomiti Prealpi\"},\"image\":{\"@id\":\"https:\/\/www.dolomitiprealpi.it\/de\/#\/schema\/logo\/image\/\"},\"sameAs\":[\"https:\/\/www.facebook.com\/dolomitiprealpi.it\/\",\"https:\/\/www.instagram.com\/dolomitiprealpi\/\"]}]}<\/script>\n<!-- \/ Yoast SEO plugin. -->","yoast_head_json":{"title":"Inaugurazione mostra fotografica Ruggero Monego - Dolomiti Prealpi","robots":{"index":"index","follow":"follow","max-snippet":"max-snippet:-1","max-image-preview":"max-image-preview:large","max-video-preview":"max-video-preview:-1"},"canonical":"https:\/\/www.dolomitiprealpi.it\/de\/event\/inaugurazione-mostra-fotografica-ruggero-monego\/","og_locale":"de_DE","og_type":"article","og_title":"Inaugurazione mostra fotografica Ruggero Monego - Dolomiti Prealpi","og_description":"Er\u00f6ffnung der Fotoausstellung Ruggero Monego: ein mutig gelebtes Leben in der Villa De Manzoni in Patt di Sedico vom 12. bis 28. September 2025. Die Ausstellung konzentriert sich auf die","og_url":"https:\/\/www.dolomitiprealpi.it\/de\/event\/inaugurazione-mostra-fotografica-ruggero-monego\/","og_site_name":"Dolomiti Prealpi","article_publisher":"https:\/\/www.facebook.com\/dolomitiprealpi.it\/","article_modified_time":"2026-02-21T15:45:00+00:00","og_image":[{"width":2048,"height":1888,"url":"https:\/\/www.dolomitiprealpi.it\/wp-content\/uploads\/2022\/11\/C.-Timpone-Foto-archivio-Consorzio-turistico-Dolomiti-Prealpi-Nevegal-Belluno-Bike-18-2.jpg","type":"image\/jpeg"}],"twitter_card":"summary_large_image","twitter_misc":{"Est. reading time":"1 minute"},"schema":{"@context":"https:\/\/schema.org","@graph":[{"@type":"WebPage","@id":"https:\/\/www.dolomitiprealpi.it\/de\/event\/inaugurazione-mostra-fotografica-ruggero-monego\/","url":"https:\/\/www.dolomitiprealpi.it\/de\/event\/inaugurazione-mostra-fotografica-ruggero-monego\/","name":"Inaugurazione mostra fotografica Ruggero Monego - Dolomiti Prealpi","isPartOf":{"@id":"https:\/\/www.dolomitiprealpi.it\/de\/#website"},"datePublished":"2026-02-15T11:26:06+00:00","dateModified":"2026-02-21T15:45:00+00:00","breadcrumb":{"@id":"https:\/\/www.dolomitiprealpi.it\/de\/event\/inaugurazione-mostra-fotografica-ruggero-monego\/#breadcrumb"},"inLanguage":"de-DE","potentialAction":[{"@type":"ReadAction","target":["https:\/\/www.dolomitiprealpi.it\/de\/event\/inaugurazione-mostra-fotografica-ruggero-monego\/"]}]},{"@type":"BreadcrumbList","@id":"https:\/\/www.dolomitiprealpi.it\/de\/event\/inaugurazione-mostra-fotografica-ruggero-monego\/#breadcrumb","itemListElement":[{"@type":"ListItem","position":1,"name":"Home","item":"https:\/\/www.dolomitiprealpi.it\/de\/"},{"@type":"ListItem","position":2,"name":"Veranstaltungen","item":"https:\/\/www.dolomitiprealpi.it\/de\/events\/"},{"@type":"ListItem","position":3,"name":"Inaugurazione mostra fotografica Ruggero Monego"}]},{"@type":"WebSite","@id":"https:\/\/www.dolomitiprealpi.it\/de\/#website","url":"https:\/\/www.dolomitiprealpi.it\/de\/","name":"Dolomiti Prealpi","description":"","publisher":{"@id":"https:\/\/www.dolomitiprealpi.it\/de\/#organization"},"potentialAction":[{"@type":"SearchAction","target":{"@type":"EntryPoint","urlTemplate":"https:\/\/www.dolomitiprealpi.it\/de\/?s={search_term_string}"},"query-input":{"@type":"PropertyValueSpecification","valueRequired":true,"valueName":"search_term_string"}}],"inLanguage":"de-DE"},{"@type":"Organization","@id":"https:\/\/www.dolomitiprealpi.it\/de\/#organization","name":"Consorzio Dolomiti Prealpi","url":"https:\/\/www.dolomitiprealpi.it\/de\/","logo":{"@type":"ImageObject","inLanguage":"de-DE","@id":"https:\/\/www.dolomitiprealpi.it\/de\/#\/schema\/logo\/image\/","url":"https:\/\/www.dolomitiprealpi.it\/wp-content\/uploads\/2023\/03\/dolomitiprealpi-favicon.jpg","contentUrl":"https:\/\/www.dolomitiprealpi.it\/wp-content\/uploads\/2023\/03\/dolomitiprealpi-favicon.jpg","width":512,"height":512,"caption":"Consorzio Dolomiti Prealpi"},"image":{"@id":"https:\/\/www.dolomitiprealpi.it\/de\/#\/schema\/logo\/image\/"},"sameAs":["https:\/\/www.facebook.com\/dolomitiprealpi.it\/","https:\/\/www.instagram.com\/dolomitiprealpi\/"]}]}},"_links":{"self":[{"href":"https:\/\/www.dolomitiprealpi.it\/de\/wp-json\/wp\/v2\/tribe_events\/84257","targetHints":{"allow":["GET"]}}],"collection":[{"href":"https:\/\/www.dolomitiprealpi.it\/de\/wp-json\/wp\/v2\/tribe_events"}],"about":[{"href":"https:\/\/www.dolomitiprealpi.it\/de\/wp-json\/wp\/v2\/types\/tribe_events"}],"version-history":[{"count":1,"href":"https:\/\/www.dolomitiprealpi.it\/de\/wp-json\/wp\/v2\/tribe_events\/84257\/revisions"}],"predecessor-version":[{"id":87426,"href":"https:\/\/www.dolomitiprealpi.it\/de\/wp-json\/wp\/v2\/tribe_events\/84257\/revisions\/87426"}],"wp:attachment":[{"href":"https:\/\/www.dolomitiprealpi.it\/de\/wp-json\/wp\/v2\/media?parent=84257"}],"wp:term":[{"taxonomy":"post_tag","embeddable":true,"href":"https:\/\/www.dolomitiprealpi.it\/de\/wp-json\/wp\/v2\/tags?post=84257"},{"taxonomy":"tribe_events_cat","embeddable":true,"href":"https:\/\/www.dolomitiprealpi.it\/de\/wp-json\/wp\/v2\/tribe_events_cat?post=84257"}],"curies":[{"name":"wp","href":"https:\/\/api.w.org\/{rel}","templated":true}]}}

<p>Eröffnung der Fotoausstellung <i>Ruggero Monego: ein mutig gelebtes Leben</i> in der Villa De Manzoni in Patt di Sedico vom 12. bis 28. September 2025.</p>
<p>Die Ausstellung konzentriert sich auf die letzte Phase des Zweiten Weltkriegs und insbesondere auf den Tag der Befreiung in Santa Giustina.</p>
<p>Die ausgestellten Fotografien, die am 2. Mai 1945 aufgenommen wurden, dokumentieren den Empfang, den die Menschen vor Ort den alliierten Befreiungstruppen bereiteten.</p>
<p>Diese Bilder wurden von Ruggero Monego aufbewahrt, der sie vor etwa zwanzig Jahren zur Reproduktion zur Verfügung stellte, zusammen mit seinen persönlichen Erinnerungen an diesen Tag.</p>
<p>Die Ausstellung ist bis zum 28. September 2025 für die Öffentlichkeit zugänglich.</p>
<p>Ruggero Monego, geboren 1920 in Cesiomaggiore, Belluno, schloss die Ausbildung als Technischer Zeichner ab und arbeitete als Tischler.</p>
<p>Er wurde 1940 eingezogen und kämpfte während des Zweiten Weltkriegs in Frankreich und Montenegro.</p>
<p>Nach dem 8. September 1943 trat er der Resistenza bei, wo er den Decknamen Tabor annahm.</p>
<p>Er kämpfte mit der Brigata Gramsci auf den Vette Feltrine, wo er sich durch seinen Mut auszeichnete.</p>
<p>Nach dem Krieg führten die Schwierigkeiten, sich in das soziale Leben wieder einzugliedern, und der Schmerz über den Tod seines Bruders Franco, der von den Nazis ermordet wurde, dazu, dass er nach Belgien auswanderte, wo er als Bergmann arbeitete.</p>
<p>Er kehrte mit seiner Frau Teresa und dem Erstgeborenen Franco nach Italien zurück; später wurden die drei Töchter Flavia, Francesca und Tiziana geboren.</p>
<p>Der Eintritt zur Ausstellung ist frei.</p>
<p>Die Öffnungszeiten der Ausstellung: Montag bis Freitag nach Vereinbarung, Kontakt per E-Mail an m.barbonetti@provincia.belluno.it oder telefonisch unter der Nr. 0437 959331.</p>
<p>Am Samstag und Sonntag ist der Eintritt von 10:00 bis 12:00 Uhr und von 15:00 bis 18:00 Uhr.</p>

<p>Eröffnung der Fotoausstellung Ruggero Monego: ein mutig gelebtes Leben in der Villa De Manzoni in Patt di Sedico vom 12. bis 28. September 2025. Die Ausstellung konzentriert sich auf die</p>

<!-- This site is optimized with the Yoast SEO plugin v25.7 - https://yoast.com/wordpress/plugins/seo/ -->
<title>Inaugurazione mostra fotografica Ruggero Monego - Dolomiti Prealpi</title>
<meta name="robots" content="index, follow, max-snippet:-1, max-image-preview:large, max-video-preview:-1" />
<link rel="canonical" href="https://www.dolomitiprealpi.it/de/event/inaugurazione-mostra-fotografica-ruggero-monego/" />
<meta property="og:locale" content="de_DE" />
<meta property="og:type" content="article" />
<meta property="og:title" content="Inaugurazione mostra fotografica Ruggero Monego - Dolomiti Prealpi" />
<meta property="og:description" content="Eröffnung der Fotoausstellung Ruggero Monego: ein mutig gelebtes Leben in der Villa De Manzoni in Patt di Sedico vom 12. bis 28. September 2025. Die Ausstellung konzentriert sich auf die" />
<meta property="og:url" content="https://www.dolomitiprealpi.it/de/event/inaugurazione-mostra-fotografica-ruggero-monego/" />
<meta property="og:site_name" content="Dolomiti Prealpi" />
<meta property="article:publisher" content="https://www.facebook.com/dolomitiprealpi.it/" />
<meta property="article:modified_time" content="2026-02-21T15:45:00+00:00" />
<meta property="og:image" content="https://www.dolomitiprealpi.it/wp-content/uploads/2022/11/C.-Timpone-Foto-archivio-Consorzio-turistico-Dolomiti-Prealpi-Nevegal-Belluno-Bike-18-2.jpg" />
	<meta property="og:image:width" content="2048" />
	<meta property="og:image:height" content="1888" />
	<meta property="og:image:type" content="image/jpeg" />
<meta name="twitter:card" content="summary_large_image" />
<meta name="twitter:label1" content="Est. reading time" />
	<meta name="twitter:data1" content="1 minute" />
<script type="application/ld+json" class="yoast-schema-graph">{"@context":"https://schema.org","@graph":[{"@type":"WebPage","@id":"https://www.dolomitiprealpi.it/de/event/inaugurazione-mostra-fotografica-ruggero-monego/","url":"https://www.dolomitiprealpi.it/de/event/inaugurazione-mostra-fotografica-ruggero-monego/","name":"Inaugurazione mostra fotografica Ruggero Monego - Dolomiti Prealpi","isPartOf":{"@id":"https://www.dolomitiprealpi.it/de/#website"},"datePublished":"2026-02-15T11:26:06+00:00","dateModified":"2026-02-21T15:45:00+00:00","breadcrumb":{"@id":"https://www.dolomitiprealpi.it/de/event/inaugurazione-mostra-fotografica-ruggero-monego/#breadcrumb"},"inLanguage":"de-DE","potentialAction":[{"@type":"ReadAction","target":["https://www.dolomitiprealpi.it/de/event/inaugurazione-mostra-fotografica-ruggero-monego/"]}]},{"@type":"BreadcrumbList","@id":"https://www.dolomitiprealpi.it/de/event/inaugurazione-mostra-fotografica-ruggero-monego/#breadcrumb","itemListElement":[{"@type":"ListItem","position":1,"name":"Home","item":"https://www.dolomitiprealpi.it/de/"},{"@type":"ListItem","position":2,"name":"Veranstaltungen","item":"https://www.dolomitiprealpi.it/de/events/"},{"@type":"ListItem","position":3,"name":"Inaugurazione mostra fotografica Ruggero Monego"}]},{"@type":"WebSite","@id":"https://www.dolomitiprealpi.it/de/#website","url":"https://www.dolomitiprealpi.it/de/","name":"Dolomiti Prealpi","description":"","publisher":{"@id":"https://www.dolomitiprealpi.it/de/#organization"},"potentialAction":[{"@type":"SearchAction","target":{"@type":"EntryPoint","urlTemplate":"https://www.dolomitiprealpi.it/de/?s={search_term_string}"},"query-input":{"@type":"PropertyValueSpecification","valueRequired":true,"valueName":"search_term_string"}}],"inLanguage":"de-DE"},{"@type":"Organization","@id":"https://www.dolomitiprealpi.it/de/#organization","name":"Consorzio Dolomiti Prealpi","url":"https://www.dolomitiprealpi.it/de/","logo":{"@type":"ImageObject","inLanguage":"de-DE","@id":"https://www.dolomitiprealpi.it/de/#/schema/logo/image/","url":"https://www.dolomitiprealpi.it/wp-content/uploads/2023/03/dolomitiprealpi-favicon.jpg","contentUrl":"https://www.dolomitiprealpi.it/wp-content/uploads/2023/03/dolomitiprealpi-favicon.jpg","width":512,"height":512,"caption":"Consorzio Dolomiti Prealpi"},"image":{"@id":"https://www.dolomitiprealpi.it/de/#/schema/logo/image/"},"sameAs":["https://www.facebook.com/dolomitiprealpi.it/","https://www.instagram.com/dolomitiprealpi/"]}]}</script>
<!-- / Yoast SEO plugin. -->

Eröffnung der Fotoausstellung Ruggero Monego: ein mutig gelebtes Leben in der Villa De Manzoni in Patt di Sedico vom 12. bis 28. September 2025. Die Ausstellung konzentriert sich auf die
