{"id":84247,"date":"2025-08-30T14:00:11","date_gmt":"2025-08-30T12:00:11","guid":{"rendered":"https:\/\/www.dolomitiprealpi.it\/event\/escursione-guidata-ai-coi-de-pera\/"},"modified":"2025-09-21T13:50:54","modified_gmt":"2025-09-21T11:50:54","slug":"escursione-guidata-ai-coi-de-pera","status":"publish","type":"tribe_events","link":"https:\/\/www.dolomitiprealpi.it\/de\/event\/escursione-guidata-ai-coi-de-pera\/","title":{"rendered":"Escursione guidata ai Coi de Pera"},"content":{"rendered":"<p><b>L\u00e4nge<\/b>: 10,5 km<\/p>\n<p><b>H\u00f6henunterschied<\/b>: +450m<\/p>\n<p><b>Schwierigkeitsgrad<\/b>: mittel<\/p>\n<p> Die Strecke erfordert sicheres Gehen und ist nicht f\u00fcr Menschen geeignet, die unter Schwindel leiden.<\/p>\n<p>Die Schlucht des Rio Maggiore in Cornolade und die jahrhundertealten B\u00e4ume der Coi de Pera.<\/p>\n<p>Am Fu\u00df der Dolomiten Bellunesi finden sich Orte, an denen die geologische Geschichte wie in den Seiten eines offenen Buches gelesen werden kann.<\/p>\n<p>Die zweite der drei thematischen Exkursionen &#8220;Die \u00fcberraschenden Canyons des Bellunese&#8221; wird uns zu einer der \u00fcberraschend faszinierenden Schluchten f\u00fchren, die ich je gesehen habe, und uns einige jahrhundertealte B\u00e4ume in ihrer strengen Sch\u00f6nheit vor dem Fr\u00fchlingswachstum besuchen lassen. <\/p>\n<p>Die M\u00f6glichkeit, mit einem gemeinsamen Mittagessen in einem Agriturismo abzuschlie\u00dfen.<\/p>\n<p>Schlucht des Rio Maggiore in Cornolade<\/p>\n","protected":false},"excerpt":{"rendered":"<p>L\u00e4nge: 10,5 km H\u00f6henunterschied: +450m Schwierigkeitsgrad: mittel Die Strecke erfordert sicheres Gehen und ist nicht f\u00fcr Menschen geeignet, die unter Schwindel leiden. Die Schlucht des Rio Maggiore in Cornolade und<\/p>\n","protected":false},"author":0,"featured_media":0,"template":"","meta":{"_acf_changed":false,"inline_featured_image":false,"_tribe_events_status":"","_tribe_events_status_reason":"","footnotes":""},"tags":[259],"tribe_events_cat":[],"class_list":["post-84247","tribe_events","type-tribe_events","status-publish","hentry","tag-eventi-feratel"],"acf":[],"yoast_head":"<!-- This site is optimized with the Yoast SEO plugin v25.7 - https:\/\/yoast.com\/wordpress\/plugins\/seo\/ -->\n<title>Escursione guidata ai Coi de Pera - Dolomiti Prealpi<\/title>\n<meta name=\"robots\" content=\"index, follow, max-snippet:-1, max-image-preview:large, max-video-preview:-1\" \/>\n<link rel=\"canonical\" href=\"https:\/\/www.dolomitiprealpi.it\/de\/event\/escursione-guidata-ai-coi-de-pera\/\" \/>\n<meta property=\"og:locale\" content=\"de_DE\" \/>\n<meta property=\"og:type\" content=\"article\" \/>\n<meta property=\"og:title\" content=\"Escursione guidata ai Coi de Pera - Dolomiti Prealpi\" \/>\n<meta property=\"og:description\" content=\"L\u00e4nge: 10,5 km H\u00f6henunterschied: +450m Schwierigkeitsgrad: mittel Die Strecke erfordert sicheres Gehen und ist nicht f\u00fcr Menschen geeignet, die unter Schwindel leiden. Die Schlucht des Rio Maggiore in Cornolade und\" \/>\n<meta property=\"og:url\" content=\"https:\/\/www.dolomitiprealpi.it\/de\/event\/escursione-guidata-ai-coi-de-pera\/\" \/>\n<meta property=\"og:site_name\" content=\"Dolomiti Prealpi\" \/>\n<meta property=\"article:publisher\" content=\"https:\/\/www.facebook.com\/dolomitiprealpi.it\/\" \/>\n<meta property=\"article:modified_time\" content=\"2025-09-21T11:50:54+00:00\" \/>\n<meta property=\"og:image\" content=\"https:\/\/www.dolomitiprealpi.it\/wp-content\/uploads\/2022\/11\/C.-Timpone-Foto-archivio-Consorzio-turistico-Dolomiti-Prealpi-Nevegal-Belluno-Bike-18-2.jpg\" \/>\n\t<meta property=\"og:image:width\" content=\"2048\" \/>\n\t<meta property=\"og:image:height\" content=\"1888\" \/>\n\t<meta property=\"og:image:type\" content=\"image\/jpeg\" \/>\n<meta name=\"twitter:card\" content=\"summary_large_image\" \/>\n<meta name=\"twitter:label1\" content=\"Est. reading time\" \/>\n\t<meta name=\"twitter:data1\" content=\"1 minute\" \/>\n<script type=\"application\/ld+json\" class=\"yoast-schema-graph\">{\"@context\":\"https:\/\/schema.org\",\"@graph\":[{\"@type\":\"WebPage\",\"@id\":\"https:\/\/www.dolomitiprealpi.it\/de\/event\/escursione-guidata-ai-coi-de-pera\/\",\"url\":\"https:\/\/www.dolomitiprealpi.it\/de\/event\/escursione-guidata-ai-coi-de-pera\/\",\"name\":\"Escursione guidata ai Coi de Pera - Dolomiti Prealpi\",\"isPartOf\":{\"@id\":\"https:\/\/www.dolomitiprealpi.it\/de\/#website\"},\"datePublished\":\"2025-08-30T12:00:11+00:00\",\"dateModified\":\"2025-09-21T11:50:54+00:00\",\"breadcrumb\":{\"@id\":\"https:\/\/www.dolomitiprealpi.it\/de\/event\/escursione-guidata-ai-coi-de-pera\/#breadcrumb\"},\"inLanguage\":\"de-DE\",\"potentialAction\":[{\"@type\":\"ReadAction\",\"target\":[\"https:\/\/www.dolomitiprealpi.it\/de\/event\/escursione-guidata-ai-coi-de-pera\/\"]}]},{\"@type\":\"BreadcrumbList\",\"@id\":\"https:\/\/www.dolomitiprealpi.it\/de\/event\/escursione-guidata-ai-coi-de-pera\/#breadcrumb\",\"itemListElement\":[{\"@type\":\"ListItem\",\"position\":1,\"name\":\"Home\",\"item\":\"https:\/\/www.dolomitiprealpi.it\/de\/\"},{\"@type\":\"ListItem\",\"position\":2,\"name\":\"Veranstaltungen\",\"item\":\"https:\/\/www.dolomitiprealpi.it\/de\/events\/\"},{\"@type\":\"ListItem\",\"position\":3,\"name\":\"Escursione guidata ai Coi de Pera\"}]},{\"@type\":\"WebSite\",\"@id\":\"https:\/\/www.dolomitiprealpi.it\/de\/#website\",\"url\":\"https:\/\/www.dolomitiprealpi.it\/de\/\",\"name\":\"Dolomiti Prealpi\",\"description\":\"\",\"publisher\":{\"@id\":\"https:\/\/www.dolomitiprealpi.it\/de\/#organization\"},\"potentialAction\":[{\"@type\":\"SearchAction\",\"target\":{\"@type\":\"EntryPoint\",\"urlTemplate\":\"https:\/\/www.dolomitiprealpi.it\/de\/?s={search_term_string}\"},\"query-input\":{\"@type\":\"PropertyValueSpecification\",\"valueRequired\":true,\"valueName\":\"search_term_string\"}}],\"inLanguage\":\"de-DE\"},{\"@type\":\"Organization\",\"@id\":\"https:\/\/www.dolomitiprealpi.it\/de\/#organization\",\"name\":\"Consorzio Dolomiti Prealpi\",\"url\":\"https:\/\/www.dolomitiprealpi.it\/de\/\",\"logo\":{\"@type\":\"ImageObject\",\"inLanguage\":\"de-DE\",\"@id\":\"https:\/\/www.dolomitiprealpi.it\/de\/#\/schema\/logo\/image\/\",\"url\":\"https:\/\/www.dolomitiprealpi.it\/wp-content\/uploads\/2023\/03\/dolomitiprealpi-favicon.jpg\",\"contentUrl\":\"https:\/\/www.dolomitiprealpi.it\/wp-content\/uploads\/2023\/03\/dolomitiprealpi-favicon.jpg\",\"width\":512,\"height\":512,\"caption\":\"Consorzio Dolomiti Prealpi\"},\"image\":{\"@id\":\"https:\/\/www.dolomitiprealpi.it\/de\/#\/schema\/logo\/image\/\"},\"sameAs\":[\"https:\/\/www.facebook.com\/dolomitiprealpi.it\/\",\"https:\/\/www.instagram.com\/dolomitiprealpi\/\"]}]}<\/script>\n<!-- \/ Yoast SEO plugin. -->","yoast_head_json":{"title":"Escursione guidata ai Coi de Pera - Dolomiti Prealpi","robots":{"index":"index","follow":"follow","max-snippet":"max-snippet:-1","max-image-preview":"max-image-preview:large","max-video-preview":"max-video-preview:-1"},"canonical":"https:\/\/www.dolomitiprealpi.it\/de\/event\/escursione-guidata-ai-coi-de-pera\/","og_locale":"de_DE","og_type":"article","og_title":"Escursione guidata ai Coi de Pera - Dolomiti Prealpi","og_description":"L\u00e4nge: 10,5 km H\u00f6henunterschied: +450m Schwierigkeitsgrad: mittel Die Strecke erfordert sicheres Gehen und ist nicht f\u00fcr Menschen geeignet, die unter Schwindel leiden. Die Schlucht des Rio Maggiore in Cornolade und","og_url":"https:\/\/www.dolomitiprealpi.it\/de\/event\/escursione-guidata-ai-coi-de-pera\/","og_site_name":"Dolomiti Prealpi","article_publisher":"https:\/\/www.facebook.com\/dolomitiprealpi.it\/","article_modified_time":"2025-09-21T11:50:54+00:00","og_image":[{"width":2048,"height":1888,"url":"https:\/\/www.dolomitiprealpi.it\/wp-content\/uploads\/2022\/11\/C.-Timpone-Foto-archivio-Consorzio-turistico-Dolomiti-Prealpi-Nevegal-Belluno-Bike-18-2.jpg","type":"image\/jpeg"}],"twitter_card":"summary_large_image","twitter_misc":{"Est. reading time":"1 minute"},"schema":{"@context":"https:\/\/schema.org","@graph":[{"@type":"WebPage","@id":"https:\/\/www.dolomitiprealpi.it\/de\/event\/escursione-guidata-ai-coi-de-pera\/","url":"https:\/\/www.dolomitiprealpi.it\/de\/event\/escursione-guidata-ai-coi-de-pera\/","name":"Escursione guidata ai Coi de Pera - Dolomiti Prealpi","isPartOf":{"@id":"https:\/\/www.dolomitiprealpi.it\/de\/#website"},"datePublished":"2025-08-30T12:00:11+00:00","dateModified":"2025-09-21T11:50:54+00:00","breadcrumb":{"@id":"https:\/\/www.dolomitiprealpi.it\/de\/event\/escursione-guidata-ai-coi-de-pera\/#breadcrumb"},"inLanguage":"de-DE","potentialAction":[{"@type":"ReadAction","target":["https:\/\/www.dolomitiprealpi.it\/de\/event\/escursione-guidata-ai-coi-de-pera\/"]}]},{"@type":"BreadcrumbList","@id":"https:\/\/www.dolomitiprealpi.it\/de\/event\/escursione-guidata-ai-coi-de-pera\/#breadcrumb","itemListElement":[{"@type":"ListItem","position":1,"name":"Home","item":"https:\/\/www.dolomitiprealpi.it\/de\/"},{"@type":"ListItem","position":2,"name":"Veranstaltungen","item":"https:\/\/www.dolomitiprealpi.it\/de\/events\/"},{"@type":"ListItem","position":3,"name":"Escursione guidata ai Coi de Pera"}]},{"@type":"WebSite","@id":"https:\/\/www.dolomitiprealpi.it\/de\/#website","url":"https:\/\/www.dolomitiprealpi.it\/de\/","name":"Dolomiti Prealpi","description":"","publisher":{"@id":"https:\/\/www.dolomitiprealpi.it\/de\/#organization"},"potentialAction":[{"@type":"SearchAction","target":{"@type":"EntryPoint","urlTemplate":"https:\/\/www.dolomitiprealpi.it\/de\/?s={search_term_string}"},"query-input":{"@type":"PropertyValueSpecification","valueRequired":true,"valueName":"search_term_string"}}],"inLanguage":"de-DE"},{"@type":"Organization","@id":"https:\/\/www.dolomitiprealpi.it\/de\/#organization","name":"Consorzio Dolomiti Prealpi","url":"https:\/\/www.dolomitiprealpi.it\/de\/","logo":{"@type":"ImageObject","inLanguage":"de-DE","@id":"https:\/\/www.dolomitiprealpi.it\/de\/#\/schema\/logo\/image\/","url":"https:\/\/www.dolomitiprealpi.it\/wp-content\/uploads\/2023\/03\/dolomitiprealpi-favicon.jpg","contentUrl":"https:\/\/www.dolomitiprealpi.it\/wp-content\/uploads\/2023\/03\/dolomitiprealpi-favicon.jpg","width":512,"height":512,"caption":"Consorzio Dolomiti Prealpi"},"image":{"@id":"https:\/\/www.dolomitiprealpi.it\/de\/#\/schema\/logo\/image\/"},"sameAs":["https:\/\/www.facebook.com\/dolomitiprealpi.it\/","https:\/\/www.instagram.com\/dolomitiprealpi\/"]}]}},"_links":{"self":[{"href":"https:\/\/www.dolomitiprealpi.it\/de\/wp-json\/wp\/v2\/tribe_events\/84247","targetHints":{"allow":["GET"]}}],"collection":[{"href":"https:\/\/www.dolomitiprealpi.it\/de\/wp-json\/wp\/v2\/tribe_events"}],"about":[{"href":"https:\/\/www.dolomitiprealpi.it\/de\/wp-json\/wp\/v2\/types\/tribe_events"}],"version-history":[{"count":1,"href":"https:\/\/www.dolomitiprealpi.it\/de\/wp-json\/wp\/v2\/tribe_events\/84247\/revisions"}],"predecessor-version":[{"id":87421,"href":"https:\/\/www.dolomitiprealpi.it\/de\/wp-json\/wp\/v2\/tribe_events\/84247\/revisions\/87421"}],"wp:attachment":[{"href":"https:\/\/www.dolomitiprealpi.it\/de\/wp-json\/wp\/v2\/media?parent=84247"}],"wp:term":[{"taxonomy":"post_tag","embeddable":true,"href":"https:\/\/www.dolomitiprealpi.it\/de\/wp-json\/wp\/v2\/tags?post=84247"},{"taxonomy":"tribe_events_cat","embeddable":true,"href":"https:\/\/www.dolomitiprealpi.it\/de\/wp-json\/wp\/v2\/tribe_events_cat?post=84247"}],"curies":[{"name":"wp","href":"https:\/\/api.w.org\/{rel}","templated":true}]}}

<p><b>Länge</b>: 10,5 km</p>
<p><b>Höhenunterschied</b>: +450m</p>
<p><b>Schwierigkeitsgrad</b>: mittel</p>
<p> Die Strecke erfordert sicheres Gehen und ist nicht für Menschen geeignet, die unter Schwindel leiden.</p>
<p>Die Schlucht des Rio Maggiore in Cornolade und die jahrhundertealten Bäume der Coi de Pera.</p>
<p>Am Fuß der Dolomiten Bellunesi finden sich Orte, an denen die geologische Geschichte wie in den Seiten eines offenen Buches gelesen werden kann.</p>
<p>Die zweite der drei thematischen Exkursionen &#8220;Die überraschenden Canyons des Bellunese&#8221; wird uns zu einer der überraschend faszinierenden Schluchten führen, die ich je gesehen habe, und uns einige jahrhundertealte Bäume in ihrer strengen Schönheit vor dem Frühlingswachstum besuchen lassen. </p>
<p>Die Möglichkeit, mit einem gemeinsamen Mittagessen in einem Agriturismo abzuschließen.</p>
<p>Schlucht des Rio Maggiore in Cornolade</p>

<p>Länge: 10,5 km Höhenunterschied: +450m Schwierigkeitsgrad: mittel Die Strecke erfordert sicheres Gehen und ist nicht für Menschen geeignet, die unter Schwindel leiden. Die Schlucht des Rio Maggiore in Cornolade und</p>

<!-- This site is optimized with the Yoast SEO plugin v25.7 - https://yoast.com/wordpress/plugins/seo/ -->
<title>Escursione guidata ai Coi de Pera - Dolomiti Prealpi</title>
<meta name="robots" content="index, follow, max-snippet:-1, max-image-preview:large, max-video-preview:-1" />
<link rel="canonical" href="https://www.dolomitiprealpi.it/de/event/escursione-guidata-ai-coi-de-pera/" />
<meta property="og:locale" content="de_DE" />
<meta property="og:type" content="article" />
<meta property="og:title" content="Escursione guidata ai Coi de Pera - Dolomiti Prealpi" />
<meta property="og:description" content="Länge: 10,5 km Höhenunterschied: +450m Schwierigkeitsgrad: mittel Die Strecke erfordert sicheres Gehen und ist nicht für Menschen geeignet, die unter Schwindel leiden. Die Schlucht des Rio Maggiore in Cornolade und" />
<meta property="og:url" content="https://www.dolomitiprealpi.it/de/event/escursione-guidata-ai-coi-de-pera/" />
<meta property="og:site_name" content="Dolomiti Prealpi" />
<meta property="article:publisher" content="https://www.facebook.com/dolomitiprealpi.it/" />
<meta property="article:modified_time" content="2025-09-21T11:50:54+00:00" />
<meta property="og:image" content="https://www.dolomitiprealpi.it/wp-content/uploads/2022/11/C.-Timpone-Foto-archivio-Consorzio-turistico-Dolomiti-Prealpi-Nevegal-Belluno-Bike-18-2.jpg" />
	<meta property="og:image:width" content="2048" />
	<meta property="og:image:height" content="1888" />
	<meta property="og:image:type" content="image/jpeg" />
<meta name="twitter:card" content="summary_large_image" />
<meta name="twitter:label1" content="Est. reading time" />
	<meta name="twitter:data1" content="1 minute" />
<script type="application/ld+json" class="yoast-schema-graph">{"@context":"https://schema.org","@graph":[{"@type":"WebPage","@id":"https://www.dolomitiprealpi.it/de/event/escursione-guidata-ai-coi-de-pera/","url":"https://www.dolomitiprealpi.it/de/event/escursione-guidata-ai-coi-de-pera/","name":"Escursione guidata ai Coi de Pera - Dolomiti Prealpi","isPartOf":{"@id":"https://www.dolomitiprealpi.it/de/#website"},"datePublished":"2025-08-30T12:00:11+00:00","dateModified":"2025-09-21T11:50:54+00:00","breadcrumb":{"@id":"https://www.dolomitiprealpi.it/de/event/escursione-guidata-ai-coi-de-pera/#breadcrumb"},"inLanguage":"de-DE","potentialAction":[{"@type":"ReadAction","target":["https://www.dolomitiprealpi.it/de/event/escursione-guidata-ai-coi-de-pera/"]}]},{"@type":"BreadcrumbList","@id":"https://www.dolomitiprealpi.it/de/event/escursione-guidata-ai-coi-de-pera/#breadcrumb","itemListElement":[{"@type":"ListItem","position":1,"name":"Home","item":"https://www.dolomitiprealpi.it/de/"},{"@type":"ListItem","position":2,"name":"Veranstaltungen","item":"https://www.dolomitiprealpi.it/de/events/"},{"@type":"ListItem","position":3,"name":"Escursione guidata ai Coi de Pera"}]},{"@type":"WebSite","@id":"https://www.dolomitiprealpi.it/de/#website","url":"https://www.dolomitiprealpi.it/de/","name":"Dolomiti Prealpi","description":"","publisher":{"@id":"https://www.dolomitiprealpi.it/de/#organization"},"potentialAction":[{"@type":"SearchAction","target":{"@type":"EntryPoint","urlTemplate":"https://www.dolomitiprealpi.it/de/?s={search_term_string}"},"query-input":{"@type":"PropertyValueSpecification","valueRequired":true,"valueName":"search_term_string"}}],"inLanguage":"de-DE"},{"@type":"Organization","@id":"https://www.dolomitiprealpi.it/de/#organization","name":"Consorzio Dolomiti Prealpi","url":"https://www.dolomitiprealpi.it/de/","logo":{"@type":"ImageObject","inLanguage":"de-DE","@id":"https://www.dolomitiprealpi.it/de/#/schema/logo/image/","url":"https://www.dolomitiprealpi.it/wp-content/uploads/2023/03/dolomitiprealpi-favicon.jpg","contentUrl":"https://www.dolomitiprealpi.it/wp-content/uploads/2023/03/dolomitiprealpi-favicon.jpg","width":512,"height":512,"caption":"Consorzio Dolomiti Prealpi"},"image":{"@id":"https://www.dolomitiprealpi.it/de/#/schema/logo/image/"},"sameAs":["https://www.facebook.com/dolomitiprealpi.it/","https://www.instagram.com/dolomitiprealpi/"]}]}</script>
<!-- / Yoast SEO plugin. -->

Länge: 10,5 km Höhenunterschied: +450m Schwierigkeitsgrad: mittel Die Strecke erfordert sicheres Gehen und ist nicht für Menschen geeignet, die unter Schwindel leiden. Die Schlucht des Rio Maggiore in Cornolade und
