{"id":84056,"date":"2026-02-15T12:23:12","date_gmt":"2026-02-15T11:23:12","guid":{"rendered":"https:\/\/www.dolomitiprealpi.it\/event\/escursione-parco-in-val-di-zoldo-per-i-piu-piccini-guide-mazarol\/"},"modified":"2026-02-21T16:43:00","modified_gmt":"2026-02-21T15:43:00","slug":"escursione-parco-in-val-di-zoldo-per-i-piu-piccini-guide-mazarol-2","status":"publish","type":"tribe_events","link":"https:\/\/www.dolomitiprealpi.it\/de\/event\/escursione-parco-in-val-di-zoldo-per-i-piu-piccini-guide-mazarol-2\/","title":{"rendered":"Escursione: parco in Val di Zoldo per i pi\u00f9 piccini! &#8211; Guide Mazarol"},"content":{"rendered":"<p>leichte gef\u00fchrte Wanderung in der Natur am Rand des Parks in Val di Zoldo, mit unterhaltsamen und spannenden spielerischen Aktivit\u00e4ten f\u00fcr Gro\u00df und Klein, die der wunderbaren nat\u00fcrlichen Biodiversit\u00e4t des Parks gewidmet sind.<\/p>\n<p>H\u00f6henunterschied: minimal. Schwierigkeit: leicht.<\/p>\n<p><b>Treffpunkt um 10.00 Uhr auf dem gro\u00dfen kostenlosen Parkplatz in Pralongo (Forno di Zoldo).<\/b><\/p>\n<p>Ende um 13.00 Uhr. Kostenlose Aktivit\u00e4t f\u00fcr alle \u2013 maximal 25 Teilnehmer zugelassen.<\/p>\n<p>Info und Anmeldungen: 3290040808 &#8211; guide.pndb@gmail.com oder KONSORTIUM VAL DI ZOLDO TOURISMUS (turismo@valdizoldo.net \u2013 www.valdizoldo.net &#8211; 0437787349 Forno di Zoldo &#8211; 0437789145 Pecol).<\/p>\n<p><b>Leichte Wanderung mit spielerischen Bildungsaktivit\u00e4ten mit der Guide Fl\u00f2<\/b><\/p>\n","protected":false},"excerpt":{"rendered":"<p>leichte gef\u00fchrte Wanderung in der Natur am Rand des Parks in Val di Zoldo, mit unterhaltsamen und spannenden spielerischen Aktivit\u00e4ten f\u00fcr Gro\u00df und Klein, die der wunderbaren nat\u00fcrlichen Biodiversit\u00e4t des<\/p>\n","protected":false},"author":0,"featured_media":0,"template":"","meta":{"_acf_changed":false,"inline_featured_image":false,"_tribe_events_status":"","_tribe_events_status_reason":"","footnotes":""},"tags":[259],"tribe_events_cat":[],"class_list":["post-84056","tribe_events","type-tribe_events","status-publish","hentry","tag-eventi-feratel"],"acf":[],"yoast_head":"<!-- This site is optimized with the Yoast SEO plugin v25.7 - https:\/\/yoast.com\/wordpress\/plugins\/seo\/ -->\n<title>Escursione: parco in Val di Zoldo per i pi\u00f9 piccini! - Guide Mazarol - Dolomiti Prealpi<\/title>\n<meta name=\"robots\" content=\"index, follow, max-snippet:-1, max-image-preview:large, max-video-preview:-1\" \/>\n<link rel=\"canonical\" href=\"https:\/\/www.dolomitiprealpi.it\/de\/event\/escursione-parco-in-val-di-zoldo-per-i-piu-piccini-guide-mazarol-2\/\" \/>\n<meta property=\"og:locale\" content=\"de_DE\" \/>\n<meta property=\"og:type\" content=\"article\" \/>\n<meta property=\"og:title\" content=\"Escursione: parco in Val di Zoldo per i pi\u00f9 piccini! - Guide Mazarol - Dolomiti Prealpi\" \/>\n<meta property=\"og:description\" content=\"leichte gef\u00fchrte Wanderung in der Natur am Rand des Parks in Val di Zoldo, mit unterhaltsamen und spannenden spielerischen Aktivit\u00e4ten f\u00fcr Gro\u00df und Klein, die der wunderbaren nat\u00fcrlichen Biodiversit\u00e4t des\" \/>\n<meta property=\"og:url\" content=\"https:\/\/www.dolomitiprealpi.it\/de\/event\/escursione-parco-in-val-di-zoldo-per-i-piu-piccini-guide-mazarol-2\/\" \/>\n<meta property=\"og:site_name\" content=\"Dolomiti Prealpi\" \/>\n<meta property=\"article:publisher\" content=\"https:\/\/www.facebook.com\/dolomitiprealpi.it\/\" \/>\n<meta property=\"article:modified_time\" content=\"2026-02-21T15:43:00+00:00\" \/>\n<meta property=\"og:image\" content=\"https:\/\/www.dolomitiprealpi.it\/wp-content\/uploads\/2022\/11\/C.-Timpone-Foto-archivio-Consorzio-turistico-Dolomiti-Prealpi-Nevegal-Belluno-Bike-18-2.jpg\" \/>\n\t<meta property=\"og:image:width\" content=\"2048\" \/>\n\t<meta property=\"og:image:height\" content=\"1888\" \/>\n\t<meta property=\"og:image:type\" content=\"image\/jpeg\" \/>\n<meta name=\"twitter:card\" content=\"summary_large_image\" \/>\n<meta name=\"twitter:label1\" content=\"Est. reading time\" \/>\n\t<meta name=\"twitter:data1\" content=\"1 minute\" \/>\n<script type=\"application\/ld+json\" class=\"yoast-schema-graph\">{\"@context\":\"https:\/\/schema.org\",\"@graph\":[{\"@type\":\"WebPage\",\"@id\":\"https:\/\/www.dolomitiprealpi.it\/de\/event\/escursione-parco-in-val-di-zoldo-per-i-piu-piccini-guide-mazarol-2\/\",\"url\":\"https:\/\/www.dolomitiprealpi.it\/de\/event\/escursione-parco-in-val-di-zoldo-per-i-piu-piccini-guide-mazarol-2\/\",\"name\":\"Escursione: parco in Val di Zoldo per i pi\u00f9 piccini! - Guide Mazarol - Dolomiti Prealpi\",\"isPartOf\":{\"@id\":\"https:\/\/www.dolomitiprealpi.it\/de\/#website\"},\"datePublished\":\"2026-02-15T11:23:12+00:00\",\"dateModified\":\"2026-02-21T15:43:00+00:00\",\"breadcrumb\":{\"@id\":\"https:\/\/www.dolomitiprealpi.it\/de\/event\/escursione-parco-in-val-di-zoldo-per-i-piu-piccini-guide-mazarol-2\/#breadcrumb\"},\"inLanguage\":\"de-DE\",\"potentialAction\":[{\"@type\":\"ReadAction\",\"target\":[\"https:\/\/www.dolomitiprealpi.it\/de\/event\/escursione-parco-in-val-di-zoldo-per-i-piu-piccini-guide-mazarol-2\/\"]}]},{\"@type\":\"BreadcrumbList\",\"@id\":\"https:\/\/www.dolomitiprealpi.it\/de\/event\/escursione-parco-in-val-di-zoldo-per-i-piu-piccini-guide-mazarol-2\/#breadcrumb\",\"itemListElement\":[{\"@type\":\"ListItem\",\"position\":1,\"name\":\"Home\",\"item\":\"https:\/\/www.dolomitiprealpi.it\/de\/\"},{\"@type\":\"ListItem\",\"position\":2,\"name\":\"Veranstaltungen\",\"item\":\"https:\/\/www.dolomitiprealpi.it\/de\/events\/\"},{\"@type\":\"ListItem\",\"position\":3,\"name\":\"Escursione: parco in Val di Zoldo per i pi\u00f9 piccini! &#8211; Guide Mazarol\"}]},{\"@type\":\"WebSite\",\"@id\":\"https:\/\/www.dolomitiprealpi.it\/de\/#website\",\"url\":\"https:\/\/www.dolomitiprealpi.it\/de\/\",\"name\":\"Dolomiti Prealpi\",\"description\":\"\",\"publisher\":{\"@id\":\"https:\/\/www.dolomitiprealpi.it\/de\/#organization\"},\"potentialAction\":[{\"@type\":\"SearchAction\",\"target\":{\"@type\":\"EntryPoint\",\"urlTemplate\":\"https:\/\/www.dolomitiprealpi.it\/de\/?s={search_term_string}\"},\"query-input\":{\"@type\":\"PropertyValueSpecification\",\"valueRequired\":true,\"valueName\":\"search_term_string\"}}],\"inLanguage\":\"de-DE\"},{\"@type\":\"Organization\",\"@id\":\"https:\/\/www.dolomitiprealpi.it\/de\/#organization\",\"name\":\"Consorzio Dolomiti Prealpi\",\"url\":\"https:\/\/www.dolomitiprealpi.it\/de\/\",\"logo\":{\"@type\":\"ImageObject\",\"inLanguage\":\"de-DE\",\"@id\":\"https:\/\/www.dolomitiprealpi.it\/de\/#\/schema\/logo\/image\/\",\"url\":\"https:\/\/www.dolomitiprealpi.it\/wp-content\/uploads\/2023\/03\/dolomitiprealpi-favicon.jpg\",\"contentUrl\":\"https:\/\/www.dolomitiprealpi.it\/wp-content\/uploads\/2023\/03\/dolomitiprealpi-favicon.jpg\",\"width\":512,\"height\":512,\"caption\":\"Consorzio Dolomiti Prealpi\"},\"image\":{\"@id\":\"https:\/\/www.dolomitiprealpi.it\/de\/#\/schema\/logo\/image\/\"},\"sameAs\":[\"https:\/\/www.facebook.com\/dolomitiprealpi.it\/\",\"https:\/\/www.instagram.com\/dolomitiprealpi\/\"]}]}<\/script>\n<!-- \/ Yoast SEO plugin. -->","yoast_head_json":{"title":"Escursione: parco in Val di Zoldo per i pi\u00f9 piccini! - Guide Mazarol - Dolomiti Prealpi","robots":{"index":"index","follow":"follow","max-snippet":"max-snippet:-1","max-image-preview":"max-image-preview:large","max-video-preview":"max-video-preview:-1"},"canonical":"https:\/\/www.dolomitiprealpi.it\/de\/event\/escursione-parco-in-val-di-zoldo-per-i-piu-piccini-guide-mazarol-2\/","og_locale":"de_DE","og_type":"article","og_title":"Escursione: parco in Val di Zoldo per i pi\u00f9 piccini! - Guide Mazarol - Dolomiti Prealpi","og_description":"leichte gef\u00fchrte Wanderung in der Natur am Rand des Parks in Val di Zoldo, mit unterhaltsamen und spannenden spielerischen Aktivit\u00e4ten f\u00fcr Gro\u00df und Klein, die der wunderbaren nat\u00fcrlichen Biodiversit\u00e4t des","og_url":"https:\/\/www.dolomitiprealpi.it\/de\/event\/escursione-parco-in-val-di-zoldo-per-i-piu-piccini-guide-mazarol-2\/","og_site_name":"Dolomiti Prealpi","article_publisher":"https:\/\/www.facebook.com\/dolomitiprealpi.it\/","article_modified_time":"2026-02-21T15:43:00+00:00","og_image":[{"width":2048,"height":1888,"url":"https:\/\/www.dolomitiprealpi.it\/wp-content\/uploads\/2022\/11\/C.-Timpone-Foto-archivio-Consorzio-turistico-Dolomiti-Prealpi-Nevegal-Belluno-Bike-18-2.jpg","type":"image\/jpeg"}],"twitter_card":"summary_large_image","twitter_misc":{"Est. reading time":"1 minute"},"schema":{"@context":"https:\/\/schema.org","@graph":[{"@type":"WebPage","@id":"https:\/\/www.dolomitiprealpi.it\/de\/event\/escursione-parco-in-val-di-zoldo-per-i-piu-piccini-guide-mazarol-2\/","url":"https:\/\/www.dolomitiprealpi.it\/de\/event\/escursione-parco-in-val-di-zoldo-per-i-piu-piccini-guide-mazarol-2\/","name":"Escursione: parco in Val di Zoldo per i pi\u00f9 piccini! - Guide Mazarol - Dolomiti Prealpi","isPartOf":{"@id":"https:\/\/www.dolomitiprealpi.it\/de\/#website"},"datePublished":"2026-02-15T11:23:12+00:00","dateModified":"2026-02-21T15:43:00+00:00","breadcrumb":{"@id":"https:\/\/www.dolomitiprealpi.it\/de\/event\/escursione-parco-in-val-di-zoldo-per-i-piu-piccini-guide-mazarol-2\/#breadcrumb"},"inLanguage":"de-DE","potentialAction":[{"@type":"ReadAction","target":["https:\/\/www.dolomitiprealpi.it\/de\/event\/escursione-parco-in-val-di-zoldo-per-i-piu-piccini-guide-mazarol-2\/"]}]},{"@type":"BreadcrumbList","@id":"https:\/\/www.dolomitiprealpi.it\/de\/event\/escursione-parco-in-val-di-zoldo-per-i-piu-piccini-guide-mazarol-2\/#breadcrumb","itemListElement":[{"@type":"ListItem","position":1,"name":"Home","item":"https:\/\/www.dolomitiprealpi.it\/de\/"},{"@type":"ListItem","position":2,"name":"Veranstaltungen","item":"https:\/\/www.dolomitiprealpi.it\/de\/events\/"},{"@type":"ListItem","position":3,"name":"Escursione: parco in Val di Zoldo per i pi\u00f9 piccini! &#8211; Guide Mazarol"}]},{"@type":"WebSite","@id":"https:\/\/www.dolomitiprealpi.it\/de\/#website","url":"https:\/\/www.dolomitiprealpi.it\/de\/","name":"Dolomiti Prealpi","description":"","publisher":{"@id":"https:\/\/www.dolomitiprealpi.it\/de\/#organization"},"potentialAction":[{"@type":"SearchAction","target":{"@type":"EntryPoint","urlTemplate":"https:\/\/www.dolomitiprealpi.it\/de\/?s={search_term_string}"},"query-input":{"@type":"PropertyValueSpecification","valueRequired":true,"valueName":"search_term_string"}}],"inLanguage":"de-DE"},{"@type":"Organization","@id":"https:\/\/www.dolomitiprealpi.it\/de\/#organization","name":"Consorzio Dolomiti Prealpi","url":"https:\/\/www.dolomitiprealpi.it\/de\/","logo":{"@type":"ImageObject","inLanguage":"de-DE","@id":"https:\/\/www.dolomitiprealpi.it\/de\/#\/schema\/logo\/image\/","url":"https:\/\/www.dolomitiprealpi.it\/wp-content\/uploads\/2023\/03\/dolomitiprealpi-favicon.jpg","contentUrl":"https:\/\/www.dolomitiprealpi.it\/wp-content\/uploads\/2023\/03\/dolomitiprealpi-favicon.jpg","width":512,"height":512,"caption":"Consorzio Dolomiti Prealpi"},"image":{"@id":"https:\/\/www.dolomitiprealpi.it\/de\/#\/schema\/logo\/image\/"},"sameAs":["https:\/\/www.facebook.com\/dolomitiprealpi.it\/","https:\/\/www.instagram.com\/dolomitiprealpi\/"]}]}},"_links":{"self":[{"href":"https:\/\/www.dolomitiprealpi.it\/de\/wp-json\/wp\/v2\/tribe_events\/84056","targetHints":{"allow":["GET"]}}],"collection":[{"href":"https:\/\/www.dolomitiprealpi.it\/de\/wp-json\/wp\/v2\/tribe_events"}],"about":[{"href":"https:\/\/www.dolomitiprealpi.it\/de\/wp-json\/wp\/v2\/types\/tribe_events"}],"version-history":[{"count":1,"href":"https:\/\/www.dolomitiprealpi.it\/de\/wp-json\/wp\/v2\/tribe_events\/84056\/revisions"}],"predecessor-version":[{"id":87328,"href":"https:\/\/www.dolomitiprealpi.it\/de\/wp-json\/wp\/v2\/tribe_events\/84056\/revisions\/87328"}],"wp:attachment":[{"href":"https:\/\/www.dolomitiprealpi.it\/de\/wp-json\/wp\/v2\/media?parent=84056"}],"wp:term":[{"taxonomy":"post_tag","embeddable":true,"href":"https:\/\/www.dolomitiprealpi.it\/de\/wp-json\/wp\/v2\/tags?post=84056"},{"taxonomy":"tribe_events_cat","embeddable":true,"href":"https:\/\/www.dolomitiprealpi.it\/de\/wp-json\/wp\/v2\/tribe_events_cat?post=84056"}],"curies":[{"name":"wp","href":"https:\/\/api.w.org\/{rel}","templated":true}]}}

Escursione: parco in Val di Zoldo per i più piccini! &#8211; Guide Mazarol

<p>leichte geführte Wanderung in der Natur am Rand des Parks in Val di Zoldo, mit unterhaltsamen und spannenden spielerischen Aktivitäten für Groß und Klein, die der wunderbaren natürlichen Biodiversität des Parks gewidmet sind.</p>
<p>Höhenunterschied: minimal. Schwierigkeit: leicht.</p>
<p><b>Treffpunkt um 10.00 Uhr auf dem großen kostenlosen Parkplatz in Pralongo (Forno di Zoldo).</b></p>
<p>Ende um 13.00 Uhr. Kostenlose Aktivität für alle – maximal 25 Teilnehmer zugelassen.</p>
<p>Info und Anmeldungen: 3290040808 &#8211; guide.pndb@gmail.com oder KONSORTIUM VAL DI ZOLDO TOURISMUS (turismo@valdizoldo.net – www.valdizoldo.net &#8211; 0437787349 Forno di Zoldo &#8211; 0437789145 Pecol).</p>
<p><b>Leichte Wanderung mit spielerischen Bildungsaktivitäten mit der Guide Flò</b></p>

<p>leichte geführte Wanderung in der Natur am Rand des Parks in Val di Zoldo, mit unterhaltsamen und spannenden spielerischen Aktivitäten für Groß und Klein, die der wunderbaren natürlichen Biodiversität des</p>

<!-- This site is optimized with the Yoast SEO plugin v25.7 - https://yoast.com/wordpress/plugins/seo/ -->
<title>Escursione: parco in Val di Zoldo per i più piccini! - Guide Mazarol - Dolomiti Prealpi</title>
<meta name="robots" content="index, follow, max-snippet:-1, max-image-preview:large, max-video-preview:-1" />
<link rel="canonical" href="https://www.dolomitiprealpi.it/de/event/escursione-parco-in-val-di-zoldo-per-i-piu-piccini-guide-mazarol-2/" />
<meta property="og:locale" content="de_DE" />
<meta property="og:type" content="article" />
<meta property="og:title" content="Escursione: parco in Val di Zoldo per i più piccini! - Guide Mazarol - Dolomiti Prealpi" />
<meta property="og:description" content="leichte geführte Wanderung in der Natur am Rand des Parks in Val di Zoldo, mit unterhaltsamen und spannenden spielerischen Aktivitäten für Groß und Klein, die der wunderbaren natürlichen Biodiversität des" />
<meta property="og:url" content="https://www.dolomitiprealpi.it/de/event/escursione-parco-in-val-di-zoldo-per-i-piu-piccini-guide-mazarol-2/" />
<meta property="og:site_name" content="Dolomiti Prealpi" />
<meta property="article:publisher" content="https://www.facebook.com/dolomitiprealpi.it/" />
<meta property="article:modified_time" content="2026-02-21T15:43:00+00:00" />
<meta property="og:image" content="https://www.dolomitiprealpi.it/wp-content/uploads/2022/11/C.-Timpone-Foto-archivio-Consorzio-turistico-Dolomiti-Prealpi-Nevegal-Belluno-Bike-18-2.jpg" />
	<meta property="og:image:width" content="2048" />
	<meta property="og:image:height" content="1888" />
	<meta property="og:image:type" content="image/jpeg" />
<meta name="twitter:card" content="summary_large_image" />
<meta name="twitter:label1" content="Est. reading time" />
	<meta name="twitter:data1" content="1 minute" />
<script type="application/ld+json" class="yoast-schema-graph">{"@context":"https://schema.org","@graph":[{"@type":"WebPage","@id":"https://www.dolomitiprealpi.it/de/event/escursione-parco-in-val-di-zoldo-per-i-piu-piccini-guide-mazarol-2/","url":"https://www.dolomitiprealpi.it/de/event/escursione-parco-in-val-di-zoldo-per-i-piu-piccini-guide-mazarol-2/","name":"Escursione: parco in Val di Zoldo per i più piccini! - Guide Mazarol - Dolomiti Prealpi","isPartOf":{"@id":"https://www.dolomitiprealpi.it/de/#website"},"datePublished":"2026-02-15T11:23:12+00:00","dateModified":"2026-02-21T15:43:00+00:00","breadcrumb":{"@id":"https://www.dolomitiprealpi.it/de/event/escursione-parco-in-val-di-zoldo-per-i-piu-piccini-guide-mazarol-2/#breadcrumb"},"inLanguage":"de-DE","potentialAction":[{"@type":"ReadAction","target":["https://www.dolomitiprealpi.it/de/event/escursione-parco-in-val-di-zoldo-per-i-piu-piccini-guide-mazarol-2/"]}]},{"@type":"BreadcrumbList","@id":"https://www.dolomitiprealpi.it/de/event/escursione-parco-in-val-di-zoldo-per-i-piu-piccini-guide-mazarol-2/#breadcrumb","itemListElement":[{"@type":"ListItem","position":1,"name":"Home","item":"https://www.dolomitiprealpi.it/de/"},{"@type":"ListItem","position":2,"name":"Veranstaltungen","item":"https://www.dolomitiprealpi.it/de/events/"},{"@type":"ListItem","position":3,"name":"Escursione: parco in Val di Zoldo per i più piccini! &#8211; Guide Mazarol"}]},{"@type":"WebSite","@id":"https://www.dolomitiprealpi.it/de/#website","url":"https://www.dolomitiprealpi.it/de/","name":"Dolomiti Prealpi","description":"","publisher":{"@id":"https://www.dolomitiprealpi.it/de/#organization"},"potentialAction":[{"@type":"SearchAction","target":{"@type":"EntryPoint","urlTemplate":"https://www.dolomitiprealpi.it/de/?s={search_term_string}"},"query-input":{"@type":"PropertyValueSpecification","valueRequired":true,"valueName":"search_term_string"}}],"inLanguage":"de-DE"},{"@type":"Organization","@id":"https://www.dolomitiprealpi.it/de/#organization","name":"Consorzio Dolomiti Prealpi","url":"https://www.dolomitiprealpi.it/de/","logo":{"@type":"ImageObject","inLanguage":"de-DE","@id":"https://www.dolomitiprealpi.it/de/#/schema/logo/image/","url":"https://www.dolomitiprealpi.it/wp-content/uploads/2023/03/dolomitiprealpi-favicon.jpg","contentUrl":"https://www.dolomitiprealpi.it/wp-content/uploads/2023/03/dolomitiprealpi-favicon.jpg","width":512,"height":512,"caption":"Consorzio Dolomiti Prealpi"},"image":{"@id":"https://www.dolomitiprealpi.it/de/#/schema/logo/image/"},"sameAs":["https://www.facebook.com/dolomitiprealpi.it/","https://www.instagram.com/dolomitiprealpi/"]}]}</script>
<!-- / Yoast SEO plugin. -->

Escursione: parco in Val di Zoldo per i più piccini! - Guide Mazarol - Dolomiti Prealpi

leichte geführte Wanderung in der Natur am Rand des Parks in Val di Zoldo, mit unterhaltsamen und spannenden spielerischen Aktivitäten für Groß und Klein, die der wunderbaren natürlichen Biodiversität des
