{"id":83944,"date":"2026-02-15T12:21:05","date_gmt":"2026-02-15T11:21:05","guid":{"rendered":"https:\/\/www.dolomitiprealpi.it\/event\/festa-dei-vecchi-mestieri\/"},"modified":"2026-02-21T16:41:25","modified_gmt":"2026-02-21T15:41:25","slug":"festa-dei-vecchi-mestieri","status":"publish","type":"tribe_events","link":"https:\/\/www.dolomitiprealpi.it\/de\/event\/festa-dei-vecchi-mestieri\/","title":{"rendered":"Festa dei Vecchi Mestieri"},"content":{"rendered":"<p>Am&nbsp;7. September ab 8:00 Uhr findet die XVI. Ausgabe der alten Berufe in Farra D&#8217;Alpago statt, eine Veranstaltung, die die alten Traditionen und Handwerke feiert. Entlang der Stra\u00dfen des Dorfes wird es m\u00f6glich sein, in die Geschichte einzutauchen und die handwerklichen Berufe zu entdecken, die das t\u00e4gliche Leben der Gemeinschaft gepr\u00e4gt haben.<\/p>\n<p>Im Laufe des Tages k\u00f6nnen die Besucher praktische Demonstrationen der alten Berufe erleben, wie die Holzverarbeitung, die K\u00e4seherstellung und die Wollverarbeitung. Es wird auch interaktive Aktivit\u00e4ten geben, um die Geheimnisse dieser alten Berufe zu lernen.<\/p>\n<p>Es wird auch die Gelegenheit geben, die traditionellen Aromen der Region zu genie\u00dfen, mit gastronomischen St\u00e4nden, die k\u00f6stliche lokale Produkte anbieten. Man kann K\u00e4se, Wurst, Weine und typische S\u00fc\u00dfigkeiten der Region probieren, f\u00fcr ein einzigartiges sinnliches Erlebnis. Verpassen Sie nicht die Gelegenheit, einen besonderen Tag in der Tradition und Authentizit\u00e4t der alten Berufe von Farra D&#8217;Alpago zu erleben.<\/p>\n<p>Eine Reise durch die Zeit, die dir den Reiz handwerklicher Berufe und die authentischen Aromen unseres Landes n\u00e4herbringt.<\/p>\n","protected":false},"excerpt":{"rendered":"<p>Am&nbsp;7. September ab 8:00 Uhr findet die XVI. Ausgabe der alten Berufe in Farra D&#8217;Alpago statt, eine Veranstaltung, die die alten Traditionen und Handwerke feiert. Entlang der Stra\u00dfen des Dorfes<\/p>\n","protected":false},"author":0,"featured_media":0,"template":"","meta":{"_acf_changed":false,"inline_featured_image":false,"_tribe_events_status":"","_tribe_events_status_reason":"","footnotes":""},"tags":[259],"tribe_events_cat":[],"class_list":["post-83944","tribe_events","type-tribe_events","status-publish","hentry","tag-eventi-feratel"],"acf":[],"yoast_head":"<!-- This site is optimized with the Yoast SEO plugin v25.7 - https:\/\/yoast.com\/wordpress\/plugins\/seo\/ -->\n<title>Festa dei Vecchi Mestieri - Dolomiti Prealpi<\/title>\n<meta name=\"robots\" content=\"index, follow, max-snippet:-1, max-image-preview:large, max-video-preview:-1\" \/>\n<link rel=\"canonical\" href=\"https:\/\/www.dolomitiprealpi.it\/de\/event\/festa-dei-vecchi-mestieri\/\" \/>\n<meta property=\"og:locale\" content=\"de_DE\" \/>\n<meta property=\"og:type\" content=\"article\" \/>\n<meta property=\"og:title\" content=\"Festa dei Vecchi Mestieri - Dolomiti Prealpi\" \/>\n<meta property=\"og:description\" content=\"Am&nbsp;7. September ab 8:00 Uhr findet die XVI. Ausgabe der alten Berufe in Farra D&#8217;Alpago statt, eine Veranstaltung, die die alten Traditionen und Handwerke feiert. Entlang der Stra\u00dfen des Dorfes\" \/>\n<meta property=\"og:url\" content=\"https:\/\/www.dolomitiprealpi.it\/de\/event\/festa-dei-vecchi-mestieri\/\" \/>\n<meta property=\"og:site_name\" content=\"Dolomiti Prealpi\" \/>\n<meta property=\"article:publisher\" content=\"https:\/\/www.facebook.com\/dolomitiprealpi.it\/\" \/>\n<meta property=\"article:modified_time\" content=\"2026-02-21T15:41:25+00:00\" \/>\n<meta property=\"og:image\" content=\"https:\/\/www.dolomitiprealpi.it\/wp-content\/uploads\/2022\/11\/C.-Timpone-Foto-archivio-Consorzio-turistico-Dolomiti-Prealpi-Nevegal-Belluno-Bike-18-2.jpg\" \/>\n\t<meta property=\"og:image:width\" content=\"2048\" \/>\n\t<meta property=\"og:image:height\" content=\"1888\" \/>\n\t<meta property=\"og:image:type\" content=\"image\/jpeg\" \/>\n<meta name=\"twitter:card\" content=\"summary_large_image\" \/>\n<meta name=\"twitter:label1\" content=\"Est. reading time\" \/>\n\t<meta name=\"twitter:data1\" content=\"1 minute\" \/>\n<script type=\"application\/ld+json\" class=\"yoast-schema-graph\">{\"@context\":\"https:\/\/schema.org\",\"@graph\":[{\"@type\":\"WebPage\",\"@id\":\"https:\/\/www.dolomitiprealpi.it\/de\/event\/festa-dei-vecchi-mestieri\/\",\"url\":\"https:\/\/www.dolomitiprealpi.it\/de\/event\/festa-dei-vecchi-mestieri\/\",\"name\":\"Festa dei Vecchi Mestieri - Dolomiti Prealpi\",\"isPartOf\":{\"@id\":\"https:\/\/www.dolomitiprealpi.it\/de\/#website\"},\"datePublished\":\"2026-02-15T11:21:05+00:00\",\"dateModified\":\"2026-02-21T15:41:25+00:00\",\"breadcrumb\":{\"@id\":\"https:\/\/www.dolomitiprealpi.it\/de\/event\/festa-dei-vecchi-mestieri\/#breadcrumb\"},\"inLanguage\":\"de-DE\",\"potentialAction\":[{\"@type\":\"ReadAction\",\"target\":[\"https:\/\/www.dolomitiprealpi.it\/de\/event\/festa-dei-vecchi-mestieri\/\"]}]},{\"@type\":\"BreadcrumbList\",\"@id\":\"https:\/\/www.dolomitiprealpi.it\/de\/event\/festa-dei-vecchi-mestieri\/#breadcrumb\",\"itemListElement\":[{\"@type\":\"ListItem\",\"position\":1,\"name\":\"Home\",\"item\":\"https:\/\/www.dolomitiprealpi.it\/de\/\"},{\"@type\":\"ListItem\",\"position\":2,\"name\":\"Veranstaltungen\",\"item\":\"https:\/\/www.dolomitiprealpi.it\/de\/events\/\"},{\"@type\":\"ListItem\",\"position\":3,\"name\":\"Festa dei Vecchi Mestieri\"}]},{\"@type\":\"WebSite\",\"@id\":\"https:\/\/www.dolomitiprealpi.it\/de\/#website\",\"url\":\"https:\/\/www.dolomitiprealpi.it\/de\/\",\"name\":\"Dolomiti Prealpi\",\"description\":\"\",\"publisher\":{\"@id\":\"https:\/\/www.dolomitiprealpi.it\/de\/#organization\"},\"potentialAction\":[{\"@type\":\"SearchAction\",\"target\":{\"@type\":\"EntryPoint\",\"urlTemplate\":\"https:\/\/www.dolomitiprealpi.it\/de\/?s={search_term_string}\"},\"query-input\":{\"@type\":\"PropertyValueSpecification\",\"valueRequired\":true,\"valueName\":\"search_term_string\"}}],\"inLanguage\":\"de-DE\"},{\"@type\":\"Organization\",\"@id\":\"https:\/\/www.dolomitiprealpi.it\/de\/#organization\",\"name\":\"Consorzio Dolomiti Prealpi\",\"url\":\"https:\/\/www.dolomitiprealpi.it\/de\/\",\"logo\":{\"@type\":\"ImageObject\",\"inLanguage\":\"de-DE\",\"@id\":\"https:\/\/www.dolomitiprealpi.it\/de\/#\/schema\/logo\/image\/\",\"url\":\"https:\/\/www.dolomitiprealpi.it\/wp-content\/uploads\/2023\/03\/dolomitiprealpi-favicon.jpg\",\"contentUrl\":\"https:\/\/www.dolomitiprealpi.it\/wp-content\/uploads\/2023\/03\/dolomitiprealpi-favicon.jpg\",\"width\":512,\"height\":512,\"caption\":\"Consorzio Dolomiti Prealpi\"},\"image\":{\"@id\":\"https:\/\/www.dolomitiprealpi.it\/de\/#\/schema\/logo\/image\/\"},\"sameAs\":[\"https:\/\/www.facebook.com\/dolomitiprealpi.it\/\",\"https:\/\/www.instagram.com\/dolomitiprealpi\/\"]}]}<\/script>\n<!-- \/ Yoast SEO plugin. -->","yoast_head_json":{"title":"Festa dei Vecchi Mestieri - Dolomiti Prealpi","robots":{"index":"index","follow":"follow","max-snippet":"max-snippet:-1","max-image-preview":"max-image-preview:large","max-video-preview":"max-video-preview:-1"},"canonical":"https:\/\/www.dolomitiprealpi.it\/de\/event\/festa-dei-vecchi-mestieri\/","og_locale":"de_DE","og_type":"article","og_title":"Festa dei Vecchi Mestieri - Dolomiti Prealpi","og_description":"Am&nbsp;7. September ab 8:00 Uhr findet die XVI. Ausgabe der alten Berufe in Farra D&#8217;Alpago statt, eine Veranstaltung, die die alten Traditionen und Handwerke feiert. Entlang der Stra\u00dfen des Dorfes","og_url":"https:\/\/www.dolomitiprealpi.it\/de\/event\/festa-dei-vecchi-mestieri\/","og_site_name":"Dolomiti Prealpi","article_publisher":"https:\/\/www.facebook.com\/dolomitiprealpi.it\/","article_modified_time":"2026-02-21T15:41:25+00:00","og_image":[{"width":2048,"height":1888,"url":"https:\/\/www.dolomitiprealpi.it\/wp-content\/uploads\/2022\/11\/C.-Timpone-Foto-archivio-Consorzio-turistico-Dolomiti-Prealpi-Nevegal-Belluno-Bike-18-2.jpg","type":"image\/jpeg"}],"twitter_card":"summary_large_image","twitter_misc":{"Est. reading time":"1 minute"},"schema":{"@context":"https:\/\/schema.org","@graph":[{"@type":"WebPage","@id":"https:\/\/www.dolomitiprealpi.it\/de\/event\/festa-dei-vecchi-mestieri\/","url":"https:\/\/www.dolomitiprealpi.it\/de\/event\/festa-dei-vecchi-mestieri\/","name":"Festa dei Vecchi Mestieri - Dolomiti Prealpi","isPartOf":{"@id":"https:\/\/www.dolomitiprealpi.it\/de\/#website"},"datePublished":"2026-02-15T11:21:05+00:00","dateModified":"2026-02-21T15:41:25+00:00","breadcrumb":{"@id":"https:\/\/www.dolomitiprealpi.it\/de\/event\/festa-dei-vecchi-mestieri\/#breadcrumb"},"inLanguage":"de-DE","potentialAction":[{"@type":"ReadAction","target":["https:\/\/www.dolomitiprealpi.it\/de\/event\/festa-dei-vecchi-mestieri\/"]}]},{"@type":"BreadcrumbList","@id":"https:\/\/www.dolomitiprealpi.it\/de\/event\/festa-dei-vecchi-mestieri\/#breadcrumb","itemListElement":[{"@type":"ListItem","position":1,"name":"Home","item":"https:\/\/www.dolomitiprealpi.it\/de\/"},{"@type":"ListItem","position":2,"name":"Veranstaltungen","item":"https:\/\/www.dolomitiprealpi.it\/de\/events\/"},{"@type":"ListItem","position":3,"name":"Festa dei Vecchi Mestieri"}]},{"@type":"WebSite","@id":"https:\/\/www.dolomitiprealpi.it\/de\/#website","url":"https:\/\/www.dolomitiprealpi.it\/de\/","name":"Dolomiti Prealpi","description":"","publisher":{"@id":"https:\/\/www.dolomitiprealpi.it\/de\/#organization"},"potentialAction":[{"@type":"SearchAction","target":{"@type":"EntryPoint","urlTemplate":"https:\/\/www.dolomitiprealpi.it\/de\/?s={search_term_string}"},"query-input":{"@type":"PropertyValueSpecification","valueRequired":true,"valueName":"search_term_string"}}],"inLanguage":"de-DE"},{"@type":"Organization","@id":"https:\/\/www.dolomitiprealpi.it\/de\/#organization","name":"Consorzio Dolomiti Prealpi","url":"https:\/\/www.dolomitiprealpi.it\/de\/","logo":{"@type":"ImageObject","inLanguage":"de-DE","@id":"https:\/\/www.dolomitiprealpi.it\/de\/#\/schema\/logo\/image\/","url":"https:\/\/www.dolomitiprealpi.it\/wp-content\/uploads\/2023\/03\/dolomitiprealpi-favicon.jpg","contentUrl":"https:\/\/www.dolomitiprealpi.it\/wp-content\/uploads\/2023\/03\/dolomitiprealpi-favicon.jpg","width":512,"height":512,"caption":"Consorzio Dolomiti Prealpi"},"image":{"@id":"https:\/\/www.dolomitiprealpi.it\/de\/#\/schema\/logo\/image\/"},"sameAs":["https:\/\/www.facebook.com\/dolomitiprealpi.it\/","https:\/\/www.instagram.com\/dolomitiprealpi\/"]}]}},"_links":{"self":[{"href":"https:\/\/www.dolomitiprealpi.it\/de\/wp-json\/wp\/v2\/tribe_events\/83944","targetHints":{"allow":["GET"]}}],"collection":[{"href":"https:\/\/www.dolomitiprealpi.it\/de\/wp-json\/wp\/v2\/tribe_events"}],"about":[{"href":"https:\/\/www.dolomitiprealpi.it\/de\/wp-json\/wp\/v2\/types\/tribe_events"}],"version-history":[{"count":1,"href":"https:\/\/www.dolomitiprealpi.it\/de\/wp-json\/wp\/v2\/tribe_events\/83944\/revisions"}],"predecessor-version":[{"id":87278,"href":"https:\/\/www.dolomitiprealpi.it\/de\/wp-json\/wp\/v2\/tribe_events\/83944\/revisions\/87278"}],"wp:attachment":[{"href":"https:\/\/www.dolomitiprealpi.it\/de\/wp-json\/wp\/v2\/media?parent=83944"}],"wp:term":[{"taxonomy":"post_tag","embeddable":true,"href":"https:\/\/www.dolomitiprealpi.it\/de\/wp-json\/wp\/v2\/tags?post=83944"},{"taxonomy":"tribe_events_cat","embeddable":true,"href":"https:\/\/www.dolomitiprealpi.it\/de\/wp-json\/wp\/v2\/tribe_events_cat?post=83944"}],"curies":[{"name":"wp","href":"https:\/\/api.w.org\/{rel}","templated":true}]}}

<p>Am&nbsp;7. September ab 8:00 Uhr findet die XVI. Ausgabe der alten Berufe in Farra D&#8217;Alpago statt, eine Veranstaltung, die die alten Traditionen und Handwerke feiert. Entlang der Straßen des Dorfes wird es möglich sein, in die Geschichte einzutauchen und die handwerklichen Berufe zu entdecken, die das tägliche Leben der Gemeinschaft geprägt haben.</p>
<p>Im Laufe des Tages können die Besucher praktische Demonstrationen der alten Berufe erleben, wie die Holzverarbeitung, die Käseherstellung und die Wollverarbeitung. Es wird auch interaktive Aktivitäten geben, um die Geheimnisse dieser alten Berufe zu lernen.</p>
<p>Es wird auch die Gelegenheit geben, die traditionellen Aromen der Region zu genießen, mit gastronomischen Ständen, die köstliche lokale Produkte anbieten. Man kann Käse, Wurst, Weine und typische Süßigkeiten der Region probieren, für ein einzigartiges sinnliches Erlebnis. Verpassen Sie nicht die Gelegenheit, einen besonderen Tag in der Tradition und Authentizität der alten Berufe von Farra D&#8217;Alpago zu erleben.</p>
<p>Eine Reise durch die Zeit, die dir den Reiz handwerklicher Berufe und die authentischen Aromen unseres Landes näherbringt.</p>

<p>Am&nbsp;7. September ab 8:00 Uhr findet die XVI. Ausgabe der alten Berufe in Farra D&#8217;Alpago statt, eine Veranstaltung, die die alten Traditionen und Handwerke feiert. Entlang der Straßen des Dorfes</p>

<!-- This site is optimized with the Yoast SEO plugin v25.7 - https://yoast.com/wordpress/plugins/seo/ -->
<title>Festa dei Vecchi Mestieri - Dolomiti Prealpi</title>
<meta name="robots" content="index, follow, max-snippet:-1, max-image-preview:large, max-video-preview:-1" />
<link rel="canonical" href="https://www.dolomitiprealpi.it/de/event/festa-dei-vecchi-mestieri/" />
<meta property="og:locale" content="de_DE" />
<meta property="og:type" content="article" />
<meta property="og:title" content="Festa dei Vecchi Mestieri - Dolomiti Prealpi" />
<meta property="og:description" content="Am&nbsp;7. September ab 8:00 Uhr findet die XVI. Ausgabe der alten Berufe in Farra D&#8217;Alpago statt, eine Veranstaltung, die die alten Traditionen und Handwerke feiert. Entlang der Straßen des Dorfes" />
<meta property="og:url" content="https://www.dolomitiprealpi.it/de/event/festa-dei-vecchi-mestieri/" />
<meta property="og:site_name" content="Dolomiti Prealpi" />
<meta property="article:publisher" content="https://www.facebook.com/dolomitiprealpi.it/" />
<meta property="article:modified_time" content="2026-02-21T15:41:25+00:00" />
<meta property="og:image" content="https://www.dolomitiprealpi.it/wp-content/uploads/2022/11/C.-Timpone-Foto-archivio-Consorzio-turistico-Dolomiti-Prealpi-Nevegal-Belluno-Bike-18-2.jpg" />
	<meta property="og:image:width" content="2048" />
	<meta property="og:image:height" content="1888" />
	<meta property="og:image:type" content="image/jpeg" />
<meta name="twitter:card" content="summary_large_image" />
<meta name="twitter:label1" content="Est. reading time" />
	<meta name="twitter:data1" content="1 minute" />
<script type="application/ld+json" class="yoast-schema-graph">{"@context":"https://schema.org","@graph":[{"@type":"WebPage","@id":"https://www.dolomitiprealpi.it/de/event/festa-dei-vecchi-mestieri/","url":"https://www.dolomitiprealpi.it/de/event/festa-dei-vecchi-mestieri/","name":"Festa dei Vecchi Mestieri - Dolomiti Prealpi","isPartOf":{"@id":"https://www.dolomitiprealpi.it/de/#website"},"datePublished":"2026-02-15T11:21:05+00:00","dateModified":"2026-02-21T15:41:25+00:00","breadcrumb":{"@id":"https://www.dolomitiprealpi.it/de/event/festa-dei-vecchi-mestieri/#breadcrumb"},"inLanguage":"de-DE","potentialAction":[{"@type":"ReadAction","target":["https://www.dolomitiprealpi.it/de/event/festa-dei-vecchi-mestieri/"]}]},{"@type":"BreadcrumbList","@id":"https://www.dolomitiprealpi.it/de/event/festa-dei-vecchi-mestieri/#breadcrumb","itemListElement":[{"@type":"ListItem","position":1,"name":"Home","item":"https://www.dolomitiprealpi.it/de/"},{"@type":"ListItem","position":2,"name":"Veranstaltungen","item":"https://www.dolomitiprealpi.it/de/events/"},{"@type":"ListItem","position":3,"name":"Festa dei Vecchi Mestieri"}]},{"@type":"WebSite","@id":"https://www.dolomitiprealpi.it/de/#website","url":"https://www.dolomitiprealpi.it/de/","name":"Dolomiti Prealpi","description":"","publisher":{"@id":"https://www.dolomitiprealpi.it/de/#organization"},"potentialAction":[{"@type":"SearchAction","target":{"@type":"EntryPoint","urlTemplate":"https://www.dolomitiprealpi.it/de/?s={search_term_string}"},"query-input":{"@type":"PropertyValueSpecification","valueRequired":true,"valueName":"search_term_string"}}],"inLanguage":"de-DE"},{"@type":"Organization","@id":"https://www.dolomitiprealpi.it/de/#organization","name":"Consorzio Dolomiti Prealpi","url":"https://www.dolomitiprealpi.it/de/","logo":{"@type":"ImageObject","inLanguage":"de-DE","@id":"https://www.dolomitiprealpi.it/de/#/schema/logo/image/","url":"https://www.dolomitiprealpi.it/wp-content/uploads/2023/03/dolomitiprealpi-favicon.jpg","contentUrl":"https://www.dolomitiprealpi.it/wp-content/uploads/2023/03/dolomitiprealpi-favicon.jpg","width":512,"height":512,"caption":"Consorzio Dolomiti Prealpi"},"image":{"@id":"https://www.dolomitiprealpi.it/de/#/schema/logo/image/"},"sameAs":["https://www.facebook.com/dolomitiprealpi.it/","https://www.instagram.com/dolomitiprealpi/"]}]}</script>
<!-- / Yoast SEO plugin. -->

Am&nbsp;7. September ab 8:00 Uhr findet die XVI. Ausgabe der alten Berufe in Farra D&#8217;Alpago statt, eine Veranstaltung, die die alten Traditionen und Handwerke feiert. Entlang der Straßen des Dorfes
