{"id":83620,"date":"2026-02-15T12:15:39","date_gmt":"2026-02-15T11:15:39","guid":{"rendered":"https:\/\/www.dolomitiprealpi.it\/event\/la-meridiana-tra-pittura-scultura-e-mosaico\/"},"modified":"2026-03-20T12:57:17","modified_gmt":"2026-03-20T11:57:17","slug":"la-meridiana-tra-pittura-scultura-e-mosaico","status":"publish","type":"tribe_events","link":"https:\/\/www.dolomitiprealpi.it\/de\/event\/la-meridiana-tra-pittura-scultura-e-mosaico\/","title":{"rendered":"La Meridiana &#8211; tra pittura, scultura e mosaico"},"content":{"rendered":"<p>Die Ausstellung bleibt bis zum 21. September mit folgenden \u00d6ffnungszeiten ge\u00f6ffnet: <br \/>&#8211; Freitag und Samstag von 16.00 bis 19.00 Uhr; <br \/>&#8211; Sonntag von 10.00 bis 12.00 Uhr und von 16.00 bis 19.00 Uhr.<\/p>\n<p> tempor\u00e4re Ausstellung<\/p>\n<p>Vom 7. bis 21. September findet die Ausstellung der <b>K\u00fcnstlergruppe &#8220;La Meridiana&#8221; zwischen Malerei, Skulptur und Mosaik<\/b> im Kulturzentrum Fil\u00f2 Nevegal statt.<\/p>\n<p>Im Fil\u00f2 werden Gem\u00e4lde, Mosaiken und Skulpturen von Marco Bellotto, Walter Bernardi, Silvano Brancher, Beppino Lorenzet und Franco Vergerio ausgestellt, zusammen mit den Werken von Francesco Guerra (der den Namen der Gruppe als Erinnerung an die kleine Kunstgalerie vorschlug, die er im Zentrum von Feltre f\u00fchrte), Gianni Stiletto, Renato Scarton und Germano Bernardi, verstorbenen K\u00fcnstlern, die jedoch im Herzen der Meridiana immer pr\u00e4sent sind. Im Fil\u00f2 finden somit Pers\u00f6nlichkeiten, Sprachen und k\u00fcnstlerische Kreationen Platz, die in der Lage sind, Moderne und Tradition, Realit\u00e4t und Vorstellung, Vernunft und Gef\u00fchl in Dialog zu bringen.<\/p>\n<p>Die <b>Er\u00f6ffnung<\/b> der Ausstellung ist am Sonntag, den 7. September um 18:00 Uhr.<\/p>\n<p>An den Freitagen, dem 12. und 19. September, wird der Fil\u00f2 den Besuchern der Ausstellung einen &#8220;<b>Ap\u00e9ritif mit dem K\u00fcnstler<\/b>&#8221; um 18:30 Uhr anbieten.<\/p>\n","protected":false},"excerpt":{"rendered":"<p>Die Ausstellung bleibt bis zum 21. September mit folgenden \u00d6ffnungszeiten ge\u00f6ffnet: &#8211; Freitag und Samstag von 16.00 bis 19.00 Uhr; &#8211; Sonntag von 10.00 bis 12.00 Uhr und von 16.00<\/p>\n","protected":false},"author":0,"featured_media":0,"template":"","meta":{"_acf_changed":false,"inline_featured_image":false,"_tribe_events_status":"","_tribe_events_status_reason":"","footnotes":""},"tags":[259],"tribe_events_cat":[],"class_list":["post-83620","tribe_events","type-tribe_events","status-publish","hentry","tag-eventi-feratel"],"acf":[],"yoast_head":"<!-- This site is optimized with the Yoast SEO plugin v25.7 - https:\/\/yoast.com\/wordpress\/plugins\/seo\/ -->\n<title>La Meridiana - tra pittura, scultura e mosaico - Dolomiti Prealpi<\/title>\n<meta name=\"robots\" content=\"index, follow, max-snippet:-1, max-image-preview:large, max-video-preview:-1\" \/>\n<link rel=\"canonical\" href=\"https:\/\/www.dolomitiprealpi.it\/de\/event\/la-meridiana-tra-pittura-scultura-e-mosaico\/\" \/>\n<meta property=\"og:locale\" content=\"de_DE\" \/>\n<meta property=\"og:type\" content=\"article\" \/>\n<meta property=\"og:title\" content=\"La Meridiana - tra pittura, scultura e mosaico - Dolomiti Prealpi\" \/>\n<meta property=\"og:description\" content=\"Die Ausstellung bleibt bis zum 21. September mit folgenden \u00d6ffnungszeiten ge\u00f6ffnet: &#8211; Freitag und Samstag von 16.00 bis 19.00 Uhr; &#8211; Sonntag von 10.00 bis 12.00 Uhr und von 16.00\" \/>\n<meta property=\"og:url\" content=\"https:\/\/www.dolomitiprealpi.it\/de\/event\/la-meridiana-tra-pittura-scultura-e-mosaico\/\" \/>\n<meta property=\"og:site_name\" content=\"Dolomiti Prealpi\" \/>\n<meta property=\"article:publisher\" content=\"https:\/\/www.facebook.com\/dolomitiprealpi.it\/\" \/>\n<meta property=\"article:modified_time\" content=\"2026-03-20T11:57:17+00:00\" \/>\n<meta property=\"og:image\" content=\"https:\/\/www.dolomitiprealpi.it\/wp-content\/uploads\/2022\/11\/C.-Timpone-Foto-archivio-Consorzio-turistico-Dolomiti-Prealpi-Nevegal-Belluno-Bike-18-2.jpg\" \/>\n\t<meta property=\"og:image:width\" content=\"2048\" \/>\n\t<meta property=\"og:image:height\" content=\"1888\" \/>\n\t<meta property=\"og:image:type\" content=\"image\/jpeg\" \/>\n<meta name=\"twitter:card\" content=\"summary_large_image\" \/>\n<meta name=\"twitter:label1\" content=\"Est. reading time\" \/>\n\t<meta name=\"twitter:data1\" content=\"1 minute\" \/>\n<script type=\"application\/ld+json\" class=\"yoast-schema-graph\">{\"@context\":\"https:\/\/schema.org\",\"@graph\":[{\"@type\":\"WebPage\",\"@id\":\"https:\/\/www.dolomitiprealpi.it\/de\/event\/la-meridiana-tra-pittura-scultura-e-mosaico\/\",\"url\":\"https:\/\/www.dolomitiprealpi.it\/de\/event\/la-meridiana-tra-pittura-scultura-e-mosaico\/\",\"name\":\"La Meridiana - tra pittura, scultura e mosaico - Dolomiti Prealpi\",\"isPartOf\":{\"@id\":\"https:\/\/www.dolomitiprealpi.it\/de\/#website\"},\"datePublished\":\"2026-02-15T11:15:39+00:00\",\"dateModified\":\"2026-03-20T11:57:17+00:00\",\"breadcrumb\":{\"@id\":\"https:\/\/www.dolomitiprealpi.it\/de\/event\/la-meridiana-tra-pittura-scultura-e-mosaico\/#breadcrumb\"},\"inLanguage\":\"de-DE\",\"potentialAction\":[{\"@type\":\"ReadAction\",\"target\":[\"https:\/\/www.dolomitiprealpi.it\/de\/event\/la-meridiana-tra-pittura-scultura-e-mosaico\/\"]}]},{\"@type\":\"BreadcrumbList\",\"@id\":\"https:\/\/www.dolomitiprealpi.it\/de\/event\/la-meridiana-tra-pittura-scultura-e-mosaico\/#breadcrumb\",\"itemListElement\":[{\"@type\":\"ListItem\",\"position\":1,\"name\":\"Home\",\"item\":\"https:\/\/www.dolomitiprealpi.it\/de\/\"},{\"@type\":\"ListItem\",\"position\":2,\"name\":\"Veranstaltungen\",\"item\":\"https:\/\/www.dolomitiprealpi.it\/de\/events\/\"},{\"@type\":\"ListItem\",\"position\":3,\"name\":\"La Meridiana &#8211; tra pittura, scultura e mosaico\"}]},{\"@type\":\"WebSite\",\"@id\":\"https:\/\/www.dolomitiprealpi.it\/de\/#website\",\"url\":\"https:\/\/www.dolomitiprealpi.it\/de\/\",\"name\":\"Dolomiti Prealpi\",\"description\":\"\",\"publisher\":{\"@id\":\"https:\/\/www.dolomitiprealpi.it\/de\/#organization\"},\"potentialAction\":[{\"@type\":\"SearchAction\",\"target\":{\"@type\":\"EntryPoint\",\"urlTemplate\":\"https:\/\/www.dolomitiprealpi.it\/de\/?s={search_term_string}\"},\"query-input\":{\"@type\":\"PropertyValueSpecification\",\"valueRequired\":true,\"valueName\":\"search_term_string\"}}],\"inLanguage\":\"de-DE\"},{\"@type\":\"Organization\",\"@id\":\"https:\/\/www.dolomitiprealpi.it\/de\/#organization\",\"name\":\"Consorzio Dolomiti Prealpi\",\"url\":\"https:\/\/www.dolomitiprealpi.it\/de\/\",\"logo\":{\"@type\":\"ImageObject\",\"inLanguage\":\"de-DE\",\"@id\":\"https:\/\/www.dolomitiprealpi.it\/de\/#\/schema\/logo\/image\/\",\"url\":\"https:\/\/www.dolomitiprealpi.it\/wp-content\/uploads\/2023\/03\/dolomitiprealpi-favicon.jpg\",\"contentUrl\":\"https:\/\/www.dolomitiprealpi.it\/wp-content\/uploads\/2023\/03\/dolomitiprealpi-favicon.jpg\",\"width\":512,\"height\":512,\"caption\":\"Consorzio Dolomiti Prealpi\"},\"image\":{\"@id\":\"https:\/\/www.dolomitiprealpi.it\/de\/#\/schema\/logo\/image\/\"},\"sameAs\":[\"https:\/\/www.facebook.com\/dolomitiprealpi.it\/\",\"https:\/\/www.instagram.com\/dolomitiprealpi\/\"]}]}<\/script>\n<!-- \/ Yoast SEO plugin. -->","yoast_head_json":{"title":"La Meridiana - tra pittura, scultura e mosaico - Dolomiti Prealpi","robots":{"index":"index","follow":"follow","max-snippet":"max-snippet:-1","max-image-preview":"max-image-preview:large","max-video-preview":"max-video-preview:-1"},"canonical":"https:\/\/www.dolomitiprealpi.it\/de\/event\/la-meridiana-tra-pittura-scultura-e-mosaico\/","og_locale":"de_DE","og_type":"article","og_title":"La Meridiana - tra pittura, scultura e mosaico - Dolomiti Prealpi","og_description":"Die Ausstellung bleibt bis zum 21. September mit folgenden \u00d6ffnungszeiten ge\u00f6ffnet: &#8211; Freitag und Samstag von 16.00 bis 19.00 Uhr; &#8211; Sonntag von 10.00 bis 12.00 Uhr und von 16.00","og_url":"https:\/\/www.dolomitiprealpi.it\/de\/event\/la-meridiana-tra-pittura-scultura-e-mosaico\/","og_site_name":"Dolomiti Prealpi","article_publisher":"https:\/\/www.facebook.com\/dolomitiprealpi.it\/","article_modified_time":"2026-03-20T11:57:17+00:00","og_image":[{"width":2048,"height":1888,"url":"https:\/\/www.dolomitiprealpi.it\/wp-content\/uploads\/2022\/11\/C.-Timpone-Foto-archivio-Consorzio-turistico-Dolomiti-Prealpi-Nevegal-Belluno-Bike-18-2.jpg","type":"image\/jpeg"}],"twitter_card":"summary_large_image","twitter_misc":{"Est. reading time":"1 minute"},"schema":{"@context":"https:\/\/schema.org","@graph":[{"@type":"WebPage","@id":"https:\/\/www.dolomitiprealpi.it\/de\/event\/la-meridiana-tra-pittura-scultura-e-mosaico\/","url":"https:\/\/www.dolomitiprealpi.it\/de\/event\/la-meridiana-tra-pittura-scultura-e-mosaico\/","name":"La Meridiana - tra pittura, scultura e mosaico - Dolomiti Prealpi","isPartOf":{"@id":"https:\/\/www.dolomitiprealpi.it\/de\/#website"},"datePublished":"2026-02-15T11:15:39+00:00","dateModified":"2026-03-20T11:57:17+00:00","breadcrumb":{"@id":"https:\/\/www.dolomitiprealpi.it\/de\/event\/la-meridiana-tra-pittura-scultura-e-mosaico\/#breadcrumb"},"inLanguage":"de-DE","potentialAction":[{"@type":"ReadAction","target":["https:\/\/www.dolomitiprealpi.it\/de\/event\/la-meridiana-tra-pittura-scultura-e-mosaico\/"]}]},{"@type":"BreadcrumbList","@id":"https:\/\/www.dolomitiprealpi.it\/de\/event\/la-meridiana-tra-pittura-scultura-e-mosaico\/#breadcrumb","itemListElement":[{"@type":"ListItem","position":1,"name":"Home","item":"https:\/\/www.dolomitiprealpi.it\/de\/"},{"@type":"ListItem","position":2,"name":"Veranstaltungen","item":"https:\/\/www.dolomitiprealpi.it\/de\/events\/"},{"@type":"ListItem","position":3,"name":"La Meridiana &#8211; tra pittura, scultura e mosaico"}]},{"@type":"WebSite","@id":"https:\/\/www.dolomitiprealpi.it\/de\/#website","url":"https:\/\/www.dolomitiprealpi.it\/de\/","name":"Dolomiti Prealpi","description":"","publisher":{"@id":"https:\/\/www.dolomitiprealpi.it\/de\/#organization"},"potentialAction":[{"@type":"SearchAction","target":{"@type":"EntryPoint","urlTemplate":"https:\/\/www.dolomitiprealpi.it\/de\/?s={search_term_string}"},"query-input":{"@type":"PropertyValueSpecification","valueRequired":true,"valueName":"search_term_string"}}],"inLanguage":"de-DE"},{"@type":"Organization","@id":"https:\/\/www.dolomitiprealpi.it\/de\/#organization","name":"Consorzio Dolomiti Prealpi","url":"https:\/\/www.dolomitiprealpi.it\/de\/","logo":{"@type":"ImageObject","inLanguage":"de-DE","@id":"https:\/\/www.dolomitiprealpi.it\/de\/#\/schema\/logo\/image\/","url":"https:\/\/www.dolomitiprealpi.it\/wp-content\/uploads\/2023\/03\/dolomitiprealpi-favicon.jpg","contentUrl":"https:\/\/www.dolomitiprealpi.it\/wp-content\/uploads\/2023\/03\/dolomitiprealpi-favicon.jpg","width":512,"height":512,"caption":"Consorzio Dolomiti Prealpi"},"image":{"@id":"https:\/\/www.dolomitiprealpi.it\/de\/#\/schema\/logo\/image\/"},"sameAs":["https:\/\/www.facebook.com\/dolomitiprealpi.it\/","https:\/\/www.instagram.com\/dolomitiprealpi\/"]}]}},"_links":{"self":[{"href":"https:\/\/www.dolomitiprealpi.it\/de\/wp-json\/wp\/v2\/tribe_events\/83620","targetHints":{"allow":["GET"]}}],"collection":[{"href":"https:\/\/www.dolomitiprealpi.it\/de\/wp-json\/wp\/v2\/tribe_events"}],"about":[{"href":"https:\/\/www.dolomitiprealpi.it\/de\/wp-json\/wp\/v2\/types\/tribe_events"}],"version-history":[{"count":1,"href":"https:\/\/www.dolomitiprealpi.it\/de\/wp-json\/wp\/v2\/tribe_events\/83620\/revisions"}],"predecessor-version":[{"id":83623,"href":"https:\/\/www.dolomitiprealpi.it\/de\/wp-json\/wp\/v2\/tribe_events\/83620\/revisions\/83623"}],"wp:attachment":[{"href":"https:\/\/www.dolomitiprealpi.it\/de\/wp-json\/wp\/v2\/media?parent=83620"}],"wp:term":[{"taxonomy":"post_tag","embeddable":true,"href":"https:\/\/www.dolomitiprealpi.it\/de\/wp-json\/wp\/v2\/tags?post=83620"},{"taxonomy":"tribe_events_cat","embeddable":true,"href":"https:\/\/www.dolomitiprealpi.it\/de\/wp-json\/wp\/v2\/tribe_events_cat?post=83620"}],"curies":[{"name":"wp","href":"https:\/\/api.w.org\/{rel}","templated":true}]}}

<p>Die Ausstellung bleibt bis zum 21. September mit folgenden Öffnungszeiten geöffnet: <br />&#8211; Freitag und Samstag von 16.00 bis 19.00 Uhr; <br />&#8211; Sonntag von 10.00 bis 12.00 Uhr und von 16.00 bis 19.00 Uhr.</p>
<p> temporäre Ausstellung</p>
<p>Vom 7. bis 21. September findet die Ausstellung der <b>Künstlergruppe &#8220;La Meridiana&#8221; zwischen Malerei, Skulptur und Mosaik</b> im Kulturzentrum Filò Nevegal statt.</p>
<p>Im Filò werden Gemälde, Mosaiken und Skulpturen von Marco Bellotto, Walter Bernardi, Silvano Brancher, Beppino Lorenzet und Franco Vergerio ausgestellt, zusammen mit den Werken von Francesco Guerra (der den Namen der Gruppe als Erinnerung an die kleine Kunstgalerie vorschlug, die er im Zentrum von Feltre führte), Gianni Stiletto, Renato Scarton und Germano Bernardi, verstorbenen Künstlern, die jedoch im Herzen der Meridiana immer präsent sind. Im Filò finden somit Persönlichkeiten, Sprachen und künstlerische Kreationen Platz, die in der Lage sind, Moderne und Tradition, Realität und Vorstellung, Vernunft und Gefühl in Dialog zu bringen.</p>
<p>Die <b>Eröffnung</b> der Ausstellung ist am Sonntag, den 7. September um 18:00 Uhr.</p>
<p>An den Freitagen, dem 12. und 19. September, wird der Filò den Besuchern der Ausstellung einen &#8220;<b>Apéritif mit dem Künstler</b>&#8221; um 18:30 Uhr anbieten.</p>

<p>Die Ausstellung bleibt bis zum 21. September mit folgenden Öffnungszeiten geöffnet: &#8211; Freitag und Samstag von 16.00 bis 19.00 Uhr; &#8211; Sonntag von 10.00 bis 12.00 Uhr und von 16.00</p>

<!-- This site is optimized with the Yoast SEO plugin v25.7 - https://yoast.com/wordpress/plugins/seo/ -->
<title>La Meridiana - tra pittura, scultura e mosaico - Dolomiti Prealpi</title>
<meta name="robots" content="index, follow, max-snippet:-1, max-image-preview:large, max-video-preview:-1" />
<link rel="canonical" href="https://www.dolomitiprealpi.it/de/event/la-meridiana-tra-pittura-scultura-e-mosaico/" />
<meta property="og:locale" content="de_DE" />
<meta property="og:type" content="article" />
<meta property="og:title" content="La Meridiana - tra pittura, scultura e mosaico - Dolomiti Prealpi" />
<meta property="og:description" content="Die Ausstellung bleibt bis zum 21. September mit folgenden Öffnungszeiten geöffnet: &#8211; Freitag und Samstag von 16.00 bis 19.00 Uhr; &#8211; Sonntag von 10.00 bis 12.00 Uhr und von 16.00" />
<meta property="og:url" content="https://www.dolomitiprealpi.it/de/event/la-meridiana-tra-pittura-scultura-e-mosaico/" />
<meta property="og:site_name" content="Dolomiti Prealpi" />
<meta property="article:publisher" content="https://www.facebook.com/dolomitiprealpi.it/" />
<meta property="article:modified_time" content="2026-03-20T11:57:17+00:00" />
<meta property="og:image" content="https://www.dolomitiprealpi.it/wp-content/uploads/2022/11/C.-Timpone-Foto-archivio-Consorzio-turistico-Dolomiti-Prealpi-Nevegal-Belluno-Bike-18-2.jpg" />
	<meta property="og:image:width" content="2048" />
	<meta property="og:image:height" content="1888" />
	<meta property="og:image:type" content="image/jpeg" />
<meta name="twitter:card" content="summary_large_image" />
<meta name="twitter:label1" content="Est. reading time" />
	<meta name="twitter:data1" content="1 minute" />
<script type="application/ld+json" class="yoast-schema-graph">{"@context":"https://schema.org","@graph":[{"@type":"WebPage","@id":"https://www.dolomitiprealpi.it/de/event/la-meridiana-tra-pittura-scultura-e-mosaico/","url":"https://www.dolomitiprealpi.it/de/event/la-meridiana-tra-pittura-scultura-e-mosaico/","name":"La Meridiana - tra pittura, scultura e mosaico - Dolomiti Prealpi","isPartOf":{"@id":"https://www.dolomitiprealpi.it/de/#website"},"datePublished":"2026-02-15T11:15:39+00:00","dateModified":"2026-03-20T11:57:17+00:00","breadcrumb":{"@id":"https://www.dolomitiprealpi.it/de/event/la-meridiana-tra-pittura-scultura-e-mosaico/#breadcrumb"},"inLanguage":"de-DE","potentialAction":[{"@type":"ReadAction","target":["https://www.dolomitiprealpi.it/de/event/la-meridiana-tra-pittura-scultura-e-mosaico/"]}]},{"@type":"BreadcrumbList","@id":"https://www.dolomitiprealpi.it/de/event/la-meridiana-tra-pittura-scultura-e-mosaico/#breadcrumb","itemListElement":[{"@type":"ListItem","position":1,"name":"Home","item":"https://www.dolomitiprealpi.it/de/"},{"@type":"ListItem","position":2,"name":"Veranstaltungen","item":"https://www.dolomitiprealpi.it/de/events/"},{"@type":"ListItem","position":3,"name":"La Meridiana &#8211; tra pittura, scultura e mosaico"}]},{"@type":"WebSite","@id":"https://www.dolomitiprealpi.it/de/#website","url":"https://www.dolomitiprealpi.it/de/","name":"Dolomiti Prealpi","description":"","publisher":{"@id":"https://www.dolomitiprealpi.it/de/#organization"},"potentialAction":[{"@type":"SearchAction","target":{"@type":"EntryPoint","urlTemplate":"https://www.dolomitiprealpi.it/de/?s={search_term_string}"},"query-input":{"@type":"PropertyValueSpecification","valueRequired":true,"valueName":"search_term_string"}}],"inLanguage":"de-DE"},{"@type":"Organization","@id":"https://www.dolomitiprealpi.it/de/#organization","name":"Consorzio Dolomiti Prealpi","url":"https://www.dolomitiprealpi.it/de/","logo":{"@type":"ImageObject","inLanguage":"de-DE","@id":"https://www.dolomitiprealpi.it/de/#/schema/logo/image/","url":"https://www.dolomitiprealpi.it/wp-content/uploads/2023/03/dolomitiprealpi-favicon.jpg","contentUrl":"https://www.dolomitiprealpi.it/wp-content/uploads/2023/03/dolomitiprealpi-favicon.jpg","width":512,"height":512,"caption":"Consorzio Dolomiti Prealpi"},"image":{"@id":"https://www.dolomitiprealpi.it/de/#/schema/logo/image/"},"sameAs":["https://www.facebook.com/dolomitiprealpi.it/","https://www.instagram.com/dolomitiprealpi/"]}]}</script>
<!-- / Yoast SEO plugin. -->

Die Ausstellung bleibt bis zum 21. September mit folgenden Öffnungszeiten geöffnet: &#8211; Freitag und Samstag von 16.00 bis 19.00 Uhr; &#8211; Sonntag von 10.00 bis 12.00 Uhr und von 16.00
