{"id":83382,"date":"2026-02-15T12:11:22","date_gmt":"2026-02-15T11:11:22","guid":{"rendered":"https:\/\/www.dolomitiprealpi.it\/event\/agosto-con-centro-astronomico-di-arson\/"},"modified":"2026-02-21T16:33:22","modified_gmt":"2026-02-21T15:33:22","slug":"agosto-con-centro-astronomico-di-arson-7","status":"publish","type":"tribe_events","link":"https:\/\/www.dolomitiprealpi.it\/de\/event\/agosto-con-centro-astronomico-di-arson-7\/","title":{"rendered":"Agosto con Centro Astronomico di Arson"},"content":{"rendered":"<p>Eintritt 5 \u20ac, kostenlos f\u00fcr Mitglieder und Kinder bis 11 Jahre. <\/p>\n<p>Wie und warum wird eine Weltraummission organisiert? Wie w\u00e4hlt man das Ziel aus? Welche Kosten m\u00fcssen getragen werden, wie und wann wird sie gestartet, wie wird der Antriebstyp ausgew\u00e4hlt, mit welchen Instrumenten wird sie ausgestattet und zu welchen Zwecken?<\/p>\n<p>Auf gro\u00dfe Nachfrage wird diese au\u00dfergew\u00f6hnliche und \u00fcberaus interessante Konferenz wiederholt, begleitet von Bildern und beeindruckenden Filmen.<\/p>\n<p>Bei klarem Himmel kann der tiefe Himmel sowohl direkt mit dem 64 cm Teleskop als auch durch Projektion auf die Leinwand beobachtet werden, einschlie\u00dflich eines elektronischen Sensors und einer 30 cm Kamera: offene und kugelf\u00f6rmige Sternhaufen, der Ringnebel in der Lyra, diffuse Nebel im Sch\u00fctzen und der Schlange, der Schleiernebel im Schwan.<\/p>\n<p>Wie eine Weltraummission entsteht (Alain Corso)<\/p>\n","protected":false},"excerpt":{"rendered":"<p>Eintritt 5 \u20ac, kostenlos f\u00fcr Mitglieder und Kinder bis 11 Jahre. Wie und warum wird eine Weltraummission organisiert? Wie w\u00e4hlt man das Ziel aus? Welche Kosten m\u00fcssen getragen werden, wie<\/p>\n","protected":false},"author":0,"featured_media":0,"template":"","meta":{"_acf_changed":false,"inline_featured_image":false,"_tribe_events_status":"","_tribe_events_status_reason":"","footnotes":""},"tags":[259],"tribe_events_cat":[],"class_list":["post-83382","tribe_events","type-tribe_events","status-publish","hentry","tag-eventi-feratel"],"acf":[],"yoast_head":"<!-- This site is optimized with the Yoast SEO plugin v25.7 - https:\/\/yoast.com\/wordpress\/plugins\/seo\/ -->\n<title>Agosto con Centro Astronomico di Arson - Dolomiti Prealpi<\/title>\n<meta name=\"robots\" content=\"index, follow, max-snippet:-1, max-image-preview:large, max-video-preview:-1\" \/>\n<link rel=\"canonical\" href=\"https:\/\/www.dolomitiprealpi.it\/de\/event\/agosto-con-centro-astronomico-di-arson-7\/\" \/>\n<meta property=\"og:locale\" content=\"de_DE\" \/>\n<meta property=\"og:type\" content=\"article\" \/>\n<meta property=\"og:title\" content=\"Agosto con Centro Astronomico di Arson - Dolomiti Prealpi\" \/>\n<meta property=\"og:description\" content=\"Eintritt 5 \u20ac, kostenlos f\u00fcr Mitglieder und Kinder bis 11 Jahre. Wie und warum wird eine Weltraummission organisiert? Wie w\u00e4hlt man das Ziel aus? Welche Kosten m\u00fcssen getragen werden, wie\" \/>\n<meta property=\"og:url\" content=\"https:\/\/www.dolomitiprealpi.it\/de\/event\/agosto-con-centro-astronomico-di-arson-7\/\" \/>\n<meta property=\"og:site_name\" content=\"Dolomiti Prealpi\" \/>\n<meta property=\"article:publisher\" content=\"https:\/\/www.facebook.com\/dolomitiprealpi.it\/\" \/>\n<meta property=\"article:modified_time\" content=\"2026-02-21T15:33:22+00:00\" \/>\n<meta property=\"og:image\" content=\"https:\/\/www.dolomitiprealpi.it\/wp-content\/uploads\/2022\/11\/C.-Timpone-Foto-archivio-Consorzio-turistico-Dolomiti-Prealpi-Nevegal-Belluno-Bike-18-2.jpg\" \/>\n\t<meta property=\"og:image:width\" content=\"2048\" \/>\n\t<meta property=\"og:image:height\" content=\"1888\" \/>\n\t<meta property=\"og:image:type\" content=\"image\/jpeg\" \/>\n<meta name=\"twitter:card\" content=\"summary_large_image\" \/>\n<meta name=\"twitter:label1\" content=\"Est. reading time\" \/>\n\t<meta name=\"twitter:data1\" content=\"1 minute\" \/>\n<script type=\"application\/ld+json\" class=\"yoast-schema-graph\">{\"@context\":\"https:\/\/schema.org\",\"@graph\":[{\"@type\":\"WebPage\",\"@id\":\"https:\/\/www.dolomitiprealpi.it\/de\/event\/agosto-con-centro-astronomico-di-arson-7\/\",\"url\":\"https:\/\/www.dolomitiprealpi.it\/de\/event\/agosto-con-centro-astronomico-di-arson-7\/\",\"name\":\"Agosto con Centro Astronomico di Arson - Dolomiti Prealpi\",\"isPartOf\":{\"@id\":\"https:\/\/www.dolomitiprealpi.it\/de\/#website\"},\"datePublished\":\"2026-02-15T11:11:22+00:00\",\"dateModified\":\"2026-02-21T15:33:22+00:00\",\"breadcrumb\":{\"@id\":\"https:\/\/www.dolomitiprealpi.it\/de\/event\/agosto-con-centro-astronomico-di-arson-7\/#breadcrumb\"},\"inLanguage\":\"de-DE\",\"potentialAction\":[{\"@type\":\"ReadAction\",\"target\":[\"https:\/\/www.dolomitiprealpi.it\/de\/event\/agosto-con-centro-astronomico-di-arson-7\/\"]}]},{\"@type\":\"BreadcrumbList\",\"@id\":\"https:\/\/www.dolomitiprealpi.it\/de\/event\/agosto-con-centro-astronomico-di-arson-7\/#breadcrumb\",\"itemListElement\":[{\"@type\":\"ListItem\",\"position\":1,\"name\":\"Home\",\"item\":\"https:\/\/www.dolomitiprealpi.it\/de\/\"},{\"@type\":\"ListItem\",\"position\":2,\"name\":\"Veranstaltungen\",\"item\":\"https:\/\/www.dolomitiprealpi.it\/de\/events\/\"},{\"@type\":\"ListItem\",\"position\":3,\"name\":\"Agosto con Centro Astronomico di Arson\"}]},{\"@type\":\"WebSite\",\"@id\":\"https:\/\/www.dolomitiprealpi.it\/de\/#website\",\"url\":\"https:\/\/www.dolomitiprealpi.it\/de\/\",\"name\":\"Dolomiti Prealpi\",\"description\":\"\",\"publisher\":{\"@id\":\"https:\/\/www.dolomitiprealpi.it\/de\/#organization\"},\"potentialAction\":[{\"@type\":\"SearchAction\",\"target\":{\"@type\":\"EntryPoint\",\"urlTemplate\":\"https:\/\/www.dolomitiprealpi.it\/de\/?s={search_term_string}\"},\"query-input\":{\"@type\":\"PropertyValueSpecification\",\"valueRequired\":true,\"valueName\":\"search_term_string\"}}],\"inLanguage\":\"de-DE\"},{\"@type\":\"Organization\",\"@id\":\"https:\/\/www.dolomitiprealpi.it\/de\/#organization\",\"name\":\"Consorzio Dolomiti Prealpi\",\"url\":\"https:\/\/www.dolomitiprealpi.it\/de\/\",\"logo\":{\"@type\":\"ImageObject\",\"inLanguage\":\"de-DE\",\"@id\":\"https:\/\/www.dolomitiprealpi.it\/de\/#\/schema\/logo\/image\/\",\"url\":\"https:\/\/www.dolomitiprealpi.it\/wp-content\/uploads\/2023\/03\/dolomitiprealpi-favicon.jpg\",\"contentUrl\":\"https:\/\/www.dolomitiprealpi.it\/wp-content\/uploads\/2023\/03\/dolomitiprealpi-favicon.jpg\",\"width\":512,\"height\":512,\"caption\":\"Consorzio Dolomiti Prealpi\"},\"image\":{\"@id\":\"https:\/\/www.dolomitiprealpi.it\/de\/#\/schema\/logo\/image\/\"},\"sameAs\":[\"https:\/\/www.facebook.com\/dolomitiprealpi.it\/\",\"https:\/\/www.instagram.com\/dolomitiprealpi\/\"]}]}<\/script>\n<!-- \/ Yoast SEO plugin. -->","yoast_head_json":{"title":"Agosto con Centro Astronomico di Arson - Dolomiti Prealpi","robots":{"index":"index","follow":"follow","max-snippet":"max-snippet:-1","max-image-preview":"max-image-preview:large","max-video-preview":"max-video-preview:-1"},"canonical":"https:\/\/www.dolomitiprealpi.it\/de\/event\/agosto-con-centro-astronomico-di-arson-7\/","og_locale":"de_DE","og_type":"article","og_title":"Agosto con Centro Astronomico di Arson - Dolomiti Prealpi","og_description":"Eintritt 5 \u20ac, kostenlos f\u00fcr Mitglieder und Kinder bis 11 Jahre. Wie und warum wird eine Weltraummission organisiert? Wie w\u00e4hlt man das Ziel aus? Welche Kosten m\u00fcssen getragen werden, wie","og_url":"https:\/\/www.dolomitiprealpi.it\/de\/event\/agosto-con-centro-astronomico-di-arson-7\/","og_site_name":"Dolomiti Prealpi","article_publisher":"https:\/\/www.facebook.com\/dolomitiprealpi.it\/","article_modified_time":"2026-02-21T15:33:22+00:00","og_image":[{"width":2048,"height":1888,"url":"https:\/\/www.dolomitiprealpi.it\/wp-content\/uploads\/2022\/11\/C.-Timpone-Foto-archivio-Consorzio-turistico-Dolomiti-Prealpi-Nevegal-Belluno-Bike-18-2.jpg","type":"image\/jpeg"}],"twitter_card":"summary_large_image","twitter_misc":{"Est. reading time":"1 minute"},"schema":{"@context":"https:\/\/schema.org","@graph":[{"@type":"WebPage","@id":"https:\/\/www.dolomitiprealpi.it\/de\/event\/agosto-con-centro-astronomico-di-arson-7\/","url":"https:\/\/www.dolomitiprealpi.it\/de\/event\/agosto-con-centro-astronomico-di-arson-7\/","name":"Agosto con Centro Astronomico di Arson - Dolomiti Prealpi","isPartOf":{"@id":"https:\/\/www.dolomitiprealpi.it\/de\/#website"},"datePublished":"2026-02-15T11:11:22+00:00","dateModified":"2026-02-21T15:33:22+00:00","breadcrumb":{"@id":"https:\/\/www.dolomitiprealpi.it\/de\/event\/agosto-con-centro-astronomico-di-arson-7\/#breadcrumb"},"inLanguage":"de-DE","potentialAction":[{"@type":"ReadAction","target":["https:\/\/www.dolomitiprealpi.it\/de\/event\/agosto-con-centro-astronomico-di-arson-7\/"]}]},{"@type":"BreadcrumbList","@id":"https:\/\/www.dolomitiprealpi.it\/de\/event\/agosto-con-centro-astronomico-di-arson-7\/#breadcrumb","itemListElement":[{"@type":"ListItem","position":1,"name":"Home","item":"https:\/\/www.dolomitiprealpi.it\/de\/"},{"@type":"ListItem","position":2,"name":"Veranstaltungen","item":"https:\/\/www.dolomitiprealpi.it\/de\/events\/"},{"@type":"ListItem","position":3,"name":"Agosto con Centro Astronomico di Arson"}]},{"@type":"WebSite","@id":"https:\/\/www.dolomitiprealpi.it\/de\/#website","url":"https:\/\/www.dolomitiprealpi.it\/de\/","name":"Dolomiti Prealpi","description":"","publisher":{"@id":"https:\/\/www.dolomitiprealpi.it\/de\/#organization"},"potentialAction":[{"@type":"SearchAction","target":{"@type":"EntryPoint","urlTemplate":"https:\/\/www.dolomitiprealpi.it\/de\/?s={search_term_string}"},"query-input":{"@type":"PropertyValueSpecification","valueRequired":true,"valueName":"search_term_string"}}],"inLanguage":"de-DE"},{"@type":"Organization","@id":"https:\/\/www.dolomitiprealpi.it\/de\/#organization","name":"Consorzio Dolomiti Prealpi","url":"https:\/\/www.dolomitiprealpi.it\/de\/","logo":{"@type":"ImageObject","inLanguage":"de-DE","@id":"https:\/\/www.dolomitiprealpi.it\/de\/#\/schema\/logo\/image\/","url":"https:\/\/www.dolomitiprealpi.it\/wp-content\/uploads\/2023\/03\/dolomitiprealpi-favicon.jpg","contentUrl":"https:\/\/www.dolomitiprealpi.it\/wp-content\/uploads\/2023\/03\/dolomitiprealpi-favicon.jpg","width":512,"height":512,"caption":"Consorzio Dolomiti Prealpi"},"image":{"@id":"https:\/\/www.dolomitiprealpi.it\/de\/#\/schema\/logo\/image\/"},"sameAs":["https:\/\/www.facebook.com\/dolomitiprealpi.it\/","https:\/\/www.instagram.com\/dolomitiprealpi\/"]}]}},"_links":{"self":[{"href":"https:\/\/www.dolomitiprealpi.it\/de\/wp-json\/wp\/v2\/tribe_events\/83382","targetHints":{"allow":["GET"]}}],"collection":[{"href":"https:\/\/www.dolomitiprealpi.it\/de\/wp-json\/wp\/v2\/tribe_events"}],"about":[{"href":"https:\/\/www.dolomitiprealpi.it\/de\/wp-json\/wp\/v2\/types\/tribe_events"}],"version-history":[{"count":1,"href":"https:\/\/www.dolomitiprealpi.it\/de\/wp-json\/wp\/v2\/tribe_events\/83382\/revisions"}],"predecessor-version":[{"id":87015,"href":"https:\/\/www.dolomitiprealpi.it\/de\/wp-json\/wp\/v2\/tribe_events\/83382\/revisions\/87015"}],"wp:attachment":[{"href":"https:\/\/www.dolomitiprealpi.it\/de\/wp-json\/wp\/v2\/media?parent=83382"}],"wp:term":[{"taxonomy":"post_tag","embeddable":true,"href":"https:\/\/www.dolomitiprealpi.it\/de\/wp-json\/wp\/v2\/tags?post=83382"},{"taxonomy":"tribe_events_cat","embeddable":true,"href":"https:\/\/www.dolomitiprealpi.it\/de\/wp-json\/wp\/v2\/tribe_events_cat?post=83382"}],"curies":[{"name":"wp","href":"https:\/\/api.w.org\/{rel}","templated":true}]}}

<p>Eintritt 5 €, kostenlos für Mitglieder und Kinder bis 11 Jahre. </p>
<p>Wie und warum wird eine Weltraummission organisiert? Wie wählt man das Ziel aus? Welche Kosten müssen getragen werden, wie und wann wird sie gestartet, wie wird der Antriebstyp ausgewählt, mit welchen Instrumenten wird sie ausgestattet und zu welchen Zwecken?</p>
<p>Auf große Nachfrage wird diese außergewöhnliche und überaus interessante Konferenz wiederholt, begleitet von Bildern und beeindruckenden Filmen.</p>
<p>Bei klarem Himmel kann der tiefe Himmel sowohl direkt mit dem 64 cm Teleskop als auch durch Projektion auf die Leinwand beobachtet werden, einschließlich eines elektronischen Sensors und einer 30 cm Kamera: offene und kugelförmige Sternhaufen, der Ringnebel in der Lyra, diffuse Nebel im Schützen und der Schlange, der Schleiernebel im Schwan.</p>
<p>Wie eine Weltraummission entsteht (Alain Corso)</p>

<p>Eintritt 5 €, kostenlos für Mitglieder und Kinder bis 11 Jahre. Wie und warum wird eine Weltraummission organisiert? Wie wählt man das Ziel aus? Welche Kosten müssen getragen werden, wie</p>

<!-- This site is optimized with the Yoast SEO plugin v25.7 - https://yoast.com/wordpress/plugins/seo/ -->
<title>Agosto con Centro Astronomico di Arson - Dolomiti Prealpi</title>
<meta name="robots" content="index, follow, max-snippet:-1, max-image-preview:large, max-video-preview:-1" />
<link rel="canonical" href="https://www.dolomitiprealpi.it/de/event/agosto-con-centro-astronomico-di-arson-7/" />
<meta property="og:locale" content="de_DE" />
<meta property="og:type" content="article" />
<meta property="og:title" content="Agosto con Centro Astronomico di Arson - Dolomiti Prealpi" />
<meta property="og:description" content="Eintritt 5 €, kostenlos für Mitglieder und Kinder bis 11 Jahre. Wie und warum wird eine Weltraummission organisiert? Wie wählt man das Ziel aus? Welche Kosten müssen getragen werden, wie" />
<meta property="og:url" content="https://www.dolomitiprealpi.it/de/event/agosto-con-centro-astronomico-di-arson-7/" />
<meta property="og:site_name" content="Dolomiti Prealpi" />
<meta property="article:publisher" content="https://www.facebook.com/dolomitiprealpi.it/" />
<meta property="article:modified_time" content="2026-02-21T15:33:22+00:00" />
<meta property="og:image" content="https://www.dolomitiprealpi.it/wp-content/uploads/2022/11/C.-Timpone-Foto-archivio-Consorzio-turistico-Dolomiti-Prealpi-Nevegal-Belluno-Bike-18-2.jpg" />
	<meta property="og:image:width" content="2048" />
	<meta property="og:image:height" content="1888" />
	<meta property="og:image:type" content="image/jpeg" />
<meta name="twitter:card" content="summary_large_image" />
<meta name="twitter:label1" content="Est. reading time" />
	<meta name="twitter:data1" content="1 minute" />
<script type="application/ld+json" class="yoast-schema-graph">{"@context":"https://schema.org","@graph":[{"@type":"WebPage","@id":"https://www.dolomitiprealpi.it/de/event/agosto-con-centro-astronomico-di-arson-7/","url":"https://www.dolomitiprealpi.it/de/event/agosto-con-centro-astronomico-di-arson-7/","name":"Agosto con Centro Astronomico di Arson - Dolomiti Prealpi","isPartOf":{"@id":"https://www.dolomitiprealpi.it/de/#website"},"datePublished":"2026-02-15T11:11:22+00:00","dateModified":"2026-02-21T15:33:22+00:00","breadcrumb":{"@id":"https://www.dolomitiprealpi.it/de/event/agosto-con-centro-astronomico-di-arson-7/#breadcrumb"},"inLanguage":"de-DE","potentialAction":[{"@type":"ReadAction","target":["https://www.dolomitiprealpi.it/de/event/agosto-con-centro-astronomico-di-arson-7/"]}]},{"@type":"BreadcrumbList","@id":"https://www.dolomitiprealpi.it/de/event/agosto-con-centro-astronomico-di-arson-7/#breadcrumb","itemListElement":[{"@type":"ListItem","position":1,"name":"Home","item":"https://www.dolomitiprealpi.it/de/"},{"@type":"ListItem","position":2,"name":"Veranstaltungen","item":"https://www.dolomitiprealpi.it/de/events/"},{"@type":"ListItem","position":3,"name":"Agosto con Centro Astronomico di Arson"}]},{"@type":"WebSite","@id":"https://www.dolomitiprealpi.it/de/#website","url":"https://www.dolomitiprealpi.it/de/","name":"Dolomiti Prealpi","description":"","publisher":{"@id":"https://www.dolomitiprealpi.it/de/#organization"},"potentialAction":[{"@type":"SearchAction","target":{"@type":"EntryPoint","urlTemplate":"https://www.dolomitiprealpi.it/de/?s={search_term_string}"},"query-input":{"@type":"PropertyValueSpecification","valueRequired":true,"valueName":"search_term_string"}}],"inLanguage":"de-DE"},{"@type":"Organization","@id":"https://www.dolomitiprealpi.it/de/#organization","name":"Consorzio Dolomiti Prealpi","url":"https://www.dolomitiprealpi.it/de/","logo":{"@type":"ImageObject","inLanguage":"de-DE","@id":"https://www.dolomitiprealpi.it/de/#/schema/logo/image/","url":"https://www.dolomitiprealpi.it/wp-content/uploads/2023/03/dolomitiprealpi-favicon.jpg","contentUrl":"https://www.dolomitiprealpi.it/wp-content/uploads/2023/03/dolomitiprealpi-favicon.jpg","width":512,"height":512,"caption":"Consorzio Dolomiti Prealpi"},"image":{"@id":"https://www.dolomitiprealpi.it/de/#/schema/logo/image/"},"sameAs":["https://www.facebook.com/dolomitiprealpi.it/","https://www.instagram.com/dolomitiprealpi/"]}]}</script>
<!-- / Yoast SEO plugin. -->

Eintritt 5 €, kostenlos für Mitglieder und Kinder bis 11 Jahre. Wie und warum wird eine Weltraummission organisiert? Wie wählt man das Ziel aus? Welche Kosten müssen getragen werden, wie
