{"id":83378,"date":"2025-08-30T13:49:01","date_gmt":"2025-08-30T11:49:01","guid":{"rendered":"https:\/\/www.dolomitiprealpi.it\/event\/inaugurazione-mostra-masquerade-beatrice-marchi\/"},"modified":"2025-12-24T13:24:47","modified_gmt":"2025-12-24T12:24:47","slug":"inaugurazione-mostra-masquerade-beatrice-marchi","status":"publish","type":"tribe_events","link":"https:\/\/www.dolomitiprealpi.it\/de\/event\/inaugurazione-mostra-masquerade-beatrice-marchi\/","title":{"rendered":"Inaugurazione mostra &#8220;Masquerade. Beatrice Marchi&#8221;"},"content":{"rendered":"<p>Die erste eingeladene K\u00fcnstlerin des Museums f\u00fcr zeitgen\u00f6ssische Kunst Burel ist Beatrice Marchi (1986), die uns in die Tiefen einer Identit\u00e4t auf der Suche nach Alter Egos, Masken und&nbsp;unruhigen Figuren mitnehmen wird. <br \/>Wir erwarten Sie zur Er\u00f6ffnung, es wird die Gelegenheit sein, zusammenzukommen und die Ausstellung unter der F\u00fchrung der Museumsdirektorin zu besuchen. Es wird auch ein kleiner Buffet auf Sie warten.Er\u00f6ffnung der zeitgen\u00f6ssischen Kunstausstellung <i>Masquerade. Beatrice Marchi<\/i><\/p>\n","protected":false},"excerpt":{"rendered":"<p>Die erste eingeladene K\u00fcnstlerin des Museums f\u00fcr zeitgen\u00f6ssische Kunst Burel ist Beatrice Marchi (1986), die uns in die Tiefen einer Identit\u00e4t auf der Suche nach Alter Egos, Masken und&nbsp;unruhigen Figuren<\/p>\n","protected":false},"author":0,"featured_media":0,"template":"","meta":{"_acf_changed":false,"inline_featured_image":false,"_tribe_events_status":"","_tribe_events_status_reason":"","footnotes":""},"tags":[259],"tribe_events_cat":[],"class_list":["post-83378","tribe_events","type-tribe_events","status-publish","hentry","tag-eventi-feratel"],"acf":[],"yoast_head":"<!-- This site is optimized with the Yoast SEO plugin v25.7 - https:\/\/yoast.com\/wordpress\/plugins\/seo\/ -->\n<title>Inaugurazione mostra &quot;Masquerade. Beatrice Marchi&quot; - Dolomiti Prealpi<\/title>\n<meta name=\"robots\" content=\"index, follow, max-snippet:-1, max-image-preview:large, max-video-preview:-1\" \/>\n<link rel=\"canonical\" href=\"https:\/\/www.dolomitiprealpi.it\/de\/event\/inaugurazione-mostra-masquerade-beatrice-marchi\/\" \/>\n<meta property=\"og:locale\" content=\"de_DE\" \/>\n<meta property=\"og:type\" content=\"article\" \/>\n<meta property=\"og:title\" content=\"Inaugurazione mostra &quot;Masquerade. Beatrice Marchi&quot; - Dolomiti Prealpi\" \/>\n<meta property=\"og:description\" content=\"Die erste eingeladene K\u00fcnstlerin des Museums f\u00fcr zeitgen\u00f6ssische Kunst Burel ist Beatrice Marchi (1986), die uns in die Tiefen einer Identit\u00e4t auf der Suche nach Alter Egos, Masken und&nbsp;unruhigen Figuren\" \/>\n<meta property=\"og:url\" content=\"https:\/\/www.dolomitiprealpi.it\/de\/event\/inaugurazione-mostra-masquerade-beatrice-marchi\/\" \/>\n<meta property=\"og:site_name\" content=\"Dolomiti Prealpi\" \/>\n<meta property=\"article:publisher\" content=\"https:\/\/www.facebook.com\/dolomitiprealpi.it\/\" \/>\n<meta property=\"article:modified_time\" content=\"2025-12-24T12:24:47+00:00\" \/>\n<meta property=\"og:image\" content=\"https:\/\/www.dolomitiprealpi.it\/wp-content\/uploads\/2022\/11\/C.-Timpone-Foto-archivio-Consorzio-turistico-Dolomiti-Prealpi-Nevegal-Belluno-Bike-18-2.jpg\" \/>\n\t<meta property=\"og:image:width\" content=\"2048\" \/>\n\t<meta property=\"og:image:height\" content=\"1888\" \/>\n\t<meta property=\"og:image:type\" content=\"image\/jpeg\" \/>\n<meta name=\"twitter:card\" content=\"summary_large_image\" \/>\n<script type=\"application\/ld+json\" class=\"yoast-schema-graph\">{\"@context\":\"https:\/\/schema.org\",\"@graph\":[{\"@type\":\"WebPage\",\"@id\":\"https:\/\/www.dolomitiprealpi.it\/de\/event\/inaugurazione-mostra-masquerade-beatrice-marchi\/\",\"url\":\"https:\/\/www.dolomitiprealpi.it\/de\/event\/inaugurazione-mostra-masquerade-beatrice-marchi\/\",\"name\":\"Inaugurazione mostra \\\"Masquerade. Beatrice Marchi\\\" - Dolomiti Prealpi\",\"isPartOf\":{\"@id\":\"https:\/\/www.dolomitiprealpi.it\/de\/#website\"},\"datePublished\":\"2025-08-30T11:49:01+00:00\",\"dateModified\":\"2025-12-24T12:24:47+00:00\",\"breadcrumb\":{\"@id\":\"https:\/\/www.dolomitiprealpi.it\/de\/event\/inaugurazione-mostra-masquerade-beatrice-marchi\/#breadcrumb\"},\"inLanguage\":\"de-DE\",\"potentialAction\":[{\"@type\":\"ReadAction\",\"target\":[\"https:\/\/www.dolomitiprealpi.it\/de\/event\/inaugurazione-mostra-masquerade-beatrice-marchi\/\"]}]},{\"@type\":\"BreadcrumbList\",\"@id\":\"https:\/\/www.dolomitiprealpi.it\/de\/event\/inaugurazione-mostra-masquerade-beatrice-marchi\/#breadcrumb\",\"itemListElement\":[{\"@type\":\"ListItem\",\"position\":1,\"name\":\"Home\",\"item\":\"https:\/\/www.dolomitiprealpi.it\/de\/\"},{\"@type\":\"ListItem\",\"position\":2,\"name\":\"Veranstaltungen\",\"item\":\"https:\/\/www.dolomitiprealpi.it\/de\/events\/\"},{\"@type\":\"ListItem\",\"position\":3,\"name\":\"Inaugurazione mostra &#8220;Masquerade. Beatrice Marchi&#8221;\"}]},{\"@type\":\"WebSite\",\"@id\":\"https:\/\/www.dolomitiprealpi.it\/de\/#website\",\"url\":\"https:\/\/www.dolomitiprealpi.it\/de\/\",\"name\":\"Dolomiti Prealpi\",\"description\":\"\",\"publisher\":{\"@id\":\"https:\/\/www.dolomitiprealpi.it\/de\/#organization\"},\"potentialAction\":[{\"@type\":\"SearchAction\",\"target\":{\"@type\":\"EntryPoint\",\"urlTemplate\":\"https:\/\/www.dolomitiprealpi.it\/de\/?s={search_term_string}\"},\"query-input\":{\"@type\":\"PropertyValueSpecification\",\"valueRequired\":true,\"valueName\":\"search_term_string\"}}],\"inLanguage\":\"de-DE\"},{\"@type\":\"Organization\",\"@id\":\"https:\/\/www.dolomitiprealpi.it\/de\/#organization\",\"name\":\"Consorzio Dolomiti Prealpi\",\"url\":\"https:\/\/www.dolomitiprealpi.it\/de\/\",\"logo\":{\"@type\":\"ImageObject\",\"inLanguage\":\"de-DE\",\"@id\":\"https:\/\/www.dolomitiprealpi.it\/de\/#\/schema\/logo\/image\/\",\"url\":\"https:\/\/www.dolomitiprealpi.it\/wp-content\/uploads\/2023\/03\/dolomitiprealpi-favicon.jpg\",\"contentUrl\":\"https:\/\/www.dolomitiprealpi.it\/wp-content\/uploads\/2023\/03\/dolomitiprealpi-favicon.jpg\",\"width\":512,\"height\":512,\"caption\":\"Consorzio Dolomiti Prealpi\"},\"image\":{\"@id\":\"https:\/\/www.dolomitiprealpi.it\/de\/#\/schema\/logo\/image\/\"},\"sameAs\":[\"https:\/\/www.facebook.com\/dolomitiprealpi.it\/\",\"https:\/\/www.instagram.com\/dolomitiprealpi\/\"]}]}<\/script>\n<!-- \/ Yoast SEO plugin. -->","yoast_head_json":{"title":"Inaugurazione mostra \"Masquerade. Beatrice Marchi\" - Dolomiti Prealpi","robots":{"index":"index","follow":"follow","max-snippet":"max-snippet:-1","max-image-preview":"max-image-preview:large","max-video-preview":"max-video-preview:-1"},"canonical":"https:\/\/www.dolomitiprealpi.it\/de\/event\/inaugurazione-mostra-masquerade-beatrice-marchi\/","og_locale":"de_DE","og_type":"article","og_title":"Inaugurazione mostra \"Masquerade. Beatrice Marchi\" - Dolomiti Prealpi","og_description":"Die erste eingeladene K\u00fcnstlerin des Museums f\u00fcr zeitgen\u00f6ssische Kunst Burel ist Beatrice Marchi (1986), die uns in die Tiefen einer Identit\u00e4t auf der Suche nach Alter Egos, Masken und&nbsp;unruhigen Figuren","og_url":"https:\/\/www.dolomitiprealpi.it\/de\/event\/inaugurazione-mostra-masquerade-beatrice-marchi\/","og_site_name":"Dolomiti Prealpi","article_publisher":"https:\/\/www.facebook.com\/dolomitiprealpi.it\/","article_modified_time":"2025-12-24T12:24:47+00:00","og_image":[{"width":2048,"height":1888,"url":"https:\/\/www.dolomitiprealpi.it\/wp-content\/uploads\/2022\/11\/C.-Timpone-Foto-archivio-Consorzio-turistico-Dolomiti-Prealpi-Nevegal-Belluno-Bike-18-2.jpg","type":"image\/jpeg"}],"twitter_card":"summary_large_image","schema":{"@context":"https:\/\/schema.org","@graph":[{"@type":"WebPage","@id":"https:\/\/www.dolomitiprealpi.it\/de\/event\/inaugurazione-mostra-masquerade-beatrice-marchi\/","url":"https:\/\/www.dolomitiprealpi.it\/de\/event\/inaugurazione-mostra-masquerade-beatrice-marchi\/","name":"Inaugurazione mostra \"Masquerade. Beatrice Marchi\" - Dolomiti Prealpi","isPartOf":{"@id":"https:\/\/www.dolomitiprealpi.it\/de\/#website"},"datePublished":"2025-08-30T11:49:01+00:00","dateModified":"2025-12-24T12:24:47+00:00","breadcrumb":{"@id":"https:\/\/www.dolomitiprealpi.it\/de\/event\/inaugurazione-mostra-masquerade-beatrice-marchi\/#breadcrumb"},"inLanguage":"de-DE","potentialAction":[{"@type":"ReadAction","target":["https:\/\/www.dolomitiprealpi.it\/de\/event\/inaugurazione-mostra-masquerade-beatrice-marchi\/"]}]},{"@type":"BreadcrumbList","@id":"https:\/\/www.dolomitiprealpi.it\/de\/event\/inaugurazione-mostra-masquerade-beatrice-marchi\/#breadcrumb","itemListElement":[{"@type":"ListItem","position":1,"name":"Home","item":"https:\/\/www.dolomitiprealpi.it\/de\/"},{"@type":"ListItem","position":2,"name":"Veranstaltungen","item":"https:\/\/www.dolomitiprealpi.it\/de\/events\/"},{"@type":"ListItem","position":3,"name":"Inaugurazione mostra &#8220;Masquerade. Beatrice Marchi&#8221;"}]},{"@type":"WebSite","@id":"https:\/\/www.dolomitiprealpi.it\/de\/#website","url":"https:\/\/www.dolomitiprealpi.it\/de\/","name":"Dolomiti Prealpi","description":"","publisher":{"@id":"https:\/\/www.dolomitiprealpi.it\/de\/#organization"},"potentialAction":[{"@type":"SearchAction","target":{"@type":"EntryPoint","urlTemplate":"https:\/\/www.dolomitiprealpi.it\/de\/?s={search_term_string}"},"query-input":{"@type":"PropertyValueSpecification","valueRequired":true,"valueName":"search_term_string"}}],"inLanguage":"de-DE"},{"@type":"Organization","@id":"https:\/\/www.dolomitiprealpi.it\/de\/#organization","name":"Consorzio Dolomiti Prealpi","url":"https:\/\/www.dolomitiprealpi.it\/de\/","logo":{"@type":"ImageObject","inLanguage":"de-DE","@id":"https:\/\/www.dolomitiprealpi.it\/de\/#\/schema\/logo\/image\/","url":"https:\/\/www.dolomitiprealpi.it\/wp-content\/uploads\/2023\/03\/dolomitiprealpi-favicon.jpg","contentUrl":"https:\/\/www.dolomitiprealpi.it\/wp-content\/uploads\/2023\/03\/dolomitiprealpi-favicon.jpg","width":512,"height":512,"caption":"Consorzio Dolomiti Prealpi"},"image":{"@id":"https:\/\/www.dolomitiprealpi.it\/de\/#\/schema\/logo\/image\/"},"sameAs":["https:\/\/www.facebook.com\/dolomitiprealpi.it\/","https:\/\/www.instagram.com\/dolomitiprealpi\/"]}]}},"_links":{"self":[{"href":"https:\/\/www.dolomitiprealpi.it\/de\/wp-json\/wp\/v2\/tribe_events\/83378","targetHints":{"allow":["GET"]}}],"collection":[{"href":"https:\/\/www.dolomitiprealpi.it\/de\/wp-json\/wp\/v2\/tribe_events"}],"about":[{"href":"https:\/\/www.dolomitiprealpi.it\/de\/wp-json\/wp\/v2\/types\/tribe_events"}],"version-history":[{"count":1,"href":"https:\/\/www.dolomitiprealpi.it\/de\/wp-json\/wp\/v2\/tribe_events\/83378\/revisions"}],"predecessor-version":[{"id":87012,"href":"https:\/\/www.dolomitiprealpi.it\/de\/wp-json\/wp\/v2\/tribe_events\/83378\/revisions\/87012"}],"wp:attachment":[{"href":"https:\/\/www.dolomitiprealpi.it\/de\/wp-json\/wp\/v2\/media?parent=83378"}],"wp:term":[{"taxonomy":"post_tag","embeddable":true,"href":"https:\/\/www.dolomitiprealpi.it\/de\/wp-json\/wp\/v2\/tags?post=83378"},{"taxonomy":"tribe_events_cat","embeddable":true,"href":"https:\/\/www.dolomitiprealpi.it\/de\/wp-json\/wp\/v2\/tribe_events_cat?post=83378"}],"curies":[{"name":"wp","href":"https:\/\/api.w.org\/{rel}","templated":true}]}}

<p>Die erste eingeladene Künstlerin des Museums für zeitgenössische Kunst Burel ist Beatrice Marchi (1986), die uns in die Tiefen einer Identität auf der Suche nach Alter Egos, Masken und&nbsp;unruhigen Figuren mitnehmen wird. <br />Wir erwarten Sie zur Eröffnung, es wird die Gelegenheit sein, zusammenzukommen und die Ausstellung unter der Führung der Museumsdirektorin zu besuchen. Es wird auch ein kleiner Buffet auf Sie warten.Eröffnung der zeitgenössischen Kunstausstellung <i>Masquerade. Beatrice Marchi</i></p>

<p>Die erste eingeladene Künstlerin des Museums für zeitgenössische Kunst Burel ist Beatrice Marchi (1986), die uns in die Tiefen einer Identität auf der Suche nach Alter Egos, Masken und&nbsp;unruhigen Figuren</p>

<!-- This site is optimized with the Yoast SEO plugin v25.7 - https://yoast.com/wordpress/plugins/seo/ -->
<title>Inaugurazione mostra &quot;Masquerade. Beatrice Marchi&quot; - Dolomiti Prealpi</title>
<meta name="robots" content="index, follow, max-snippet:-1, max-image-preview:large, max-video-preview:-1" />
<link rel="canonical" href="https://www.dolomitiprealpi.it/de/event/inaugurazione-mostra-masquerade-beatrice-marchi/" />
<meta property="og:locale" content="de_DE" />
<meta property="og:type" content="article" />
<meta property="og:title" content="Inaugurazione mostra &quot;Masquerade. Beatrice Marchi&quot; - Dolomiti Prealpi" />
<meta property="og:description" content="Die erste eingeladene Künstlerin des Museums für zeitgenössische Kunst Burel ist Beatrice Marchi (1986), die uns in die Tiefen einer Identität auf der Suche nach Alter Egos, Masken und&nbsp;unruhigen Figuren" />
<meta property="og:url" content="https://www.dolomitiprealpi.it/de/event/inaugurazione-mostra-masquerade-beatrice-marchi/" />
<meta property="og:site_name" content="Dolomiti Prealpi" />
<meta property="article:publisher" content="https://www.facebook.com/dolomitiprealpi.it/" />
<meta property="article:modified_time" content="2025-12-24T12:24:47+00:00" />
<meta property="og:image" content="https://www.dolomitiprealpi.it/wp-content/uploads/2022/11/C.-Timpone-Foto-archivio-Consorzio-turistico-Dolomiti-Prealpi-Nevegal-Belluno-Bike-18-2.jpg" />
	<meta property="og:image:width" content="2048" />
	<meta property="og:image:height" content="1888" />
	<meta property="og:image:type" content="image/jpeg" />
<meta name="twitter:card" content="summary_large_image" />
<script type="application/ld+json" class="yoast-schema-graph">{"@context":"https://schema.org","@graph":[{"@type":"WebPage","@id":"https://www.dolomitiprealpi.it/de/event/inaugurazione-mostra-masquerade-beatrice-marchi/","url":"https://www.dolomitiprealpi.it/de/event/inaugurazione-mostra-masquerade-beatrice-marchi/","name":"Inaugurazione mostra \"Masquerade. Beatrice Marchi\" - Dolomiti Prealpi","isPartOf":{"@id":"https://www.dolomitiprealpi.it/de/#website"},"datePublished":"2025-08-30T11:49:01+00:00","dateModified":"2025-12-24T12:24:47+00:00","breadcrumb":{"@id":"https://www.dolomitiprealpi.it/de/event/inaugurazione-mostra-masquerade-beatrice-marchi/#breadcrumb"},"inLanguage":"de-DE","potentialAction":[{"@type":"ReadAction","target":["https://www.dolomitiprealpi.it/de/event/inaugurazione-mostra-masquerade-beatrice-marchi/"]}]},{"@type":"BreadcrumbList","@id":"https://www.dolomitiprealpi.it/de/event/inaugurazione-mostra-masquerade-beatrice-marchi/#breadcrumb","itemListElement":[{"@type":"ListItem","position":1,"name":"Home","item":"https://www.dolomitiprealpi.it/de/"},{"@type":"ListItem","position":2,"name":"Veranstaltungen","item":"https://www.dolomitiprealpi.it/de/events/"},{"@type":"ListItem","position":3,"name":"Inaugurazione mostra &#8220;Masquerade. Beatrice Marchi&#8221;"}]},{"@type":"WebSite","@id":"https://www.dolomitiprealpi.it/de/#website","url":"https://www.dolomitiprealpi.it/de/","name":"Dolomiti Prealpi","description":"","publisher":{"@id":"https://www.dolomitiprealpi.it/de/#organization"},"potentialAction":[{"@type":"SearchAction","target":{"@type":"EntryPoint","urlTemplate":"https://www.dolomitiprealpi.it/de/?s={search_term_string}"},"query-input":{"@type":"PropertyValueSpecification","valueRequired":true,"valueName":"search_term_string"}}],"inLanguage":"de-DE"},{"@type":"Organization","@id":"https://www.dolomitiprealpi.it/de/#organization","name":"Consorzio Dolomiti Prealpi","url":"https://www.dolomitiprealpi.it/de/","logo":{"@type":"ImageObject","inLanguage":"de-DE","@id":"https://www.dolomitiprealpi.it/de/#/schema/logo/image/","url":"https://www.dolomitiprealpi.it/wp-content/uploads/2023/03/dolomitiprealpi-favicon.jpg","contentUrl":"https://www.dolomitiprealpi.it/wp-content/uploads/2023/03/dolomitiprealpi-favicon.jpg","width":512,"height":512,"caption":"Consorzio Dolomiti Prealpi"},"image":{"@id":"https://www.dolomitiprealpi.it/de/#/schema/logo/image/"},"sameAs":["https://www.facebook.com/dolomitiprealpi.it/","https://www.instagram.com/dolomitiprealpi/"]}]}</script>
<!-- / Yoast SEO plugin. -->

Die erste eingeladene Künstlerin des Museums für zeitgenössische Kunst Burel ist Beatrice Marchi (1986), die uns in die Tiefen einer Identität auf der Suche nach Alter Egos, Masken und&nbsp;unruhigen Figuren
