{"id":83372,"date":"2025-12-29T10:46:29","date_gmt":"2025-12-29T09:46:29","guid":{"rendered":"https:\/\/www.dolomitiprealpi.it\/event\/vivicansiglio-festa-della-biodiversita\/"},"modified":"2026-01-17T13:26:51","modified_gmt":"2026-01-17T12:26:51","slug":"vivicansiglio-festa-della-biodiversita","status":"publish","type":"tribe_events","link":"https:\/\/www.dolomitiprealpi.it\/de\/event\/vivicansiglio-festa-della-biodiversita\/","title":{"rendered":"Vivicansiglio, festa della biodiversit\u00e0"},"content":{"rendered":"<p>Laboratorien f\u00fcr die ganze Familie, F\u00fchrungen, thematische Vertiefungen, Musik&#8230; Ein ganzer Tag, um gemeinsam zu verbringen, der der Biodiversit\u00e4t gewidmet ist.<\/p>\n<p>Programm:<br \/>10:00 Uhr &#8211; Begr\u00fc\u00dfung der Beh\u00f6rden und Er\u00f6ffnung des \u201eGeologie-Saals\u201c;<br \/>10:30 Uhr &#8211; F\u00fchrungen im Museum und der neuen geologischen Ausstellung (Organisation in mehreren Gruppen je nach Besucherandrang);<br \/>11:30 Uhr &#8211; Prosecco mit Freunden<br \/>14:30 Uhr &#8211; Spaziergang zur Entdeckung des Bus de la Lum, organisiert von den Mitarbeitern der Abteilung und der H\u00f6hlenforschergruppen. Treffpunkt direkt am Parkplatz des Bus de la Lum (ANMELDUNG UND RESERVIERUNG PFLICHT, PL\u00c4TZE BEGRENZT).<\/p>\n<p>Im Museum wird es den ganzen Tag \u00fcber F\u00fchrungen, Spiele und Aktivit\u00e4ten f\u00fcr Gro\u00df und Klein geben.<\/p>\n","protected":false},"excerpt":{"rendered":"<p>Laboratorien f\u00fcr die ganze Familie, F\u00fchrungen, thematische Vertiefungen, Musik&#8230; Ein ganzer Tag, um gemeinsam zu verbringen, der der Biodiversit\u00e4t gewidmet ist. Programm:10:00 Uhr &#8211; Begr\u00fc\u00dfung der Beh\u00f6rden und Er\u00f6ffnung des<\/p>\n","protected":false},"author":0,"featured_media":0,"template":"","meta":{"_acf_changed":false,"inline_featured_image":false,"_tribe_events_status":"","_tribe_events_status_reason":"","footnotes":""},"tags":[259],"tribe_events_cat":[],"class_list":["post-83372","tribe_events","type-tribe_events","status-publish","hentry","tag-eventi-feratel"],"acf":[],"yoast_head":"<!-- This site is optimized with the Yoast SEO plugin v25.7 - https:\/\/yoast.com\/wordpress\/plugins\/seo\/ -->\n<title>Vivicansiglio, festa della biodiversit\u00e0 - Dolomiti Prealpi<\/title>\n<meta name=\"robots\" content=\"index, follow, max-snippet:-1, max-image-preview:large, max-video-preview:-1\" \/>\n<link rel=\"canonical\" href=\"https:\/\/www.dolomitiprealpi.it\/de\/event\/vivicansiglio-festa-della-biodiversita\/\" \/>\n<meta property=\"og:locale\" content=\"de_DE\" \/>\n<meta property=\"og:type\" content=\"article\" \/>\n<meta property=\"og:title\" content=\"Vivicansiglio, festa della biodiversit\u00e0 - Dolomiti Prealpi\" \/>\n<meta property=\"og:description\" content=\"Laboratorien f\u00fcr die ganze Familie, F\u00fchrungen, thematische Vertiefungen, Musik&#8230; Ein ganzer Tag, um gemeinsam zu verbringen, der der Biodiversit\u00e4t gewidmet ist. Programm:10:00 Uhr &#8211; Begr\u00fc\u00dfung der Beh\u00f6rden und Er\u00f6ffnung des\" \/>\n<meta property=\"og:url\" content=\"https:\/\/www.dolomitiprealpi.it\/de\/event\/vivicansiglio-festa-della-biodiversita\/\" \/>\n<meta property=\"og:site_name\" content=\"Dolomiti Prealpi\" \/>\n<meta property=\"article:publisher\" content=\"https:\/\/www.facebook.com\/dolomitiprealpi.it\/\" \/>\n<meta property=\"article:modified_time\" content=\"2026-01-17T12:26:51+00:00\" \/>\n<meta property=\"og:image\" content=\"https:\/\/www.dolomitiprealpi.it\/wp-content\/uploads\/2022\/11\/C.-Timpone-Foto-archivio-Consorzio-turistico-Dolomiti-Prealpi-Nevegal-Belluno-Bike-18-2.jpg\" \/>\n\t<meta property=\"og:image:width\" content=\"2048\" \/>\n\t<meta property=\"og:image:height\" content=\"1888\" \/>\n\t<meta property=\"og:image:type\" content=\"image\/jpeg\" \/>\n<meta name=\"twitter:card\" content=\"summary_large_image\" \/>\n<meta name=\"twitter:label1\" content=\"Est. reading time\" \/>\n\t<meta name=\"twitter:data1\" content=\"1 minute\" \/>\n<script type=\"application\/ld+json\" class=\"yoast-schema-graph\">{\"@context\":\"https:\/\/schema.org\",\"@graph\":[{\"@type\":\"WebPage\",\"@id\":\"https:\/\/www.dolomitiprealpi.it\/de\/event\/vivicansiglio-festa-della-biodiversita\/\",\"url\":\"https:\/\/www.dolomitiprealpi.it\/de\/event\/vivicansiglio-festa-della-biodiversita\/\",\"name\":\"Vivicansiglio, festa della biodiversit\u00e0 - Dolomiti Prealpi\",\"isPartOf\":{\"@id\":\"https:\/\/www.dolomitiprealpi.it\/de\/#website\"},\"datePublished\":\"2025-12-29T09:46:29+00:00\",\"dateModified\":\"2026-01-17T12:26:51+00:00\",\"breadcrumb\":{\"@id\":\"https:\/\/www.dolomitiprealpi.it\/de\/event\/vivicansiglio-festa-della-biodiversita\/#breadcrumb\"},\"inLanguage\":\"de-DE\",\"potentialAction\":[{\"@type\":\"ReadAction\",\"target\":[\"https:\/\/www.dolomitiprealpi.it\/de\/event\/vivicansiglio-festa-della-biodiversita\/\"]}]},{\"@type\":\"BreadcrumbList\",\"@id\":\"https:\/\/www.dolomitiprealpi.it\/de\/event\/vivicansiglio-festa-della-biodiversita\/#breadcrumb\",\"itemListElement\":[{\"@type\":\"ListItem\",\"position\":1,\"name\":\"Home\",\"item\":\"https:\/\/www.dolomitiprealpi.it\/de\/\"},{\"@type\":\"ListItem\",\"position\":2,\"name\":\"Veranstaltungen\",\"item\":\"https:\/\/www.dolomitiprealpi.it\/de\/events\/\"},{\"@type\":\"ListItem\",\"position\":3,\"name\":\"Vivicansiglio, festa della biodiversit\u00e0\"}]},{\"@type\":\"WebSite\",\"@id\":\"https:\/\/www.dolomitiprealpi.it\/de\/#website\",\"url\":\"https:\/\/www.dolomitiprealpi.it\/de\/\",\"name\":\"Dolomiti Prealpi\",\"description\":\"\",\"publisher\":{\"@id\":\"https:\/\/www.dolomitiprealpi.it\/de\/#organization\"},\"potentialAction\":[{\"@type\":\"SearchAction\",\"target\":{\"@type\":\"EntryPoint\",\"urlTemplate\":\"https:\/\/www.dolomitiprealpi.it\/de\/?s={search_term_string}\"},\"query-input\":{\"@type\":\"PropertyValueSpecification\",\"valueRequired\":true,\"valueName\":\"search_term_string\"}}],\"inLanguage\":\"de-DE\"},{\"@type\":\"Organization\",\"@id\":\"https:\/\/www.dolomitiprealpi.it\/de\/#organization\",\"name\":\"Consorzio Dolomiti Prealpi\",\"url\":\"https:\/\/www.dolomitiprealpi.it\/de\/\",\"logo\":{\"@type\":\"ImageObject\",\"inLanguage\":\"de-DE\",\"@id\":\"https:\/\/www.dolomitiprealpi.it\/de\/#\/schema\/logo\/image\/\",\"url\":\"https:\/\/www.dolomitiprealpi.it\/wp-content\/uploads\/2023\/03\/dolomitiprealpi-favicon.jpg\",\"contentUrl\":\"https:\/\/www.dolomitiprealpi.it\/wp-content\/uploads\/2023\/03\/dolomitiprealpi-favicon.jpg\",\"width\":512,\"height\":512,\"caption\":\"Consorzio Dolomiti Prealpi\"},\"image\":{\"@id\":\"https:\/\/www.dolomitiprealpi.it\/de\/#\/schema\/logo\/image\/\"},\"sameAs\":[\"https:\/\/www.facebook.com\/dolomitiprealpi.it\/\",\"https:\/\/www.instagram.com\/dolomitiprealpi\/\"]}]}<\/script>\n<!-- \/ Yoast SEO plugin. -->","yoast_head_json":{"title":"Vivicansiglio, festa della biodiversit\u00e0 - Dolomiti Prealpi","robots":{"index":"index","follow":"follow","max-snippet":"max-snippet:-1","max-image-preview":"max-image-preview:large","max-video-preview":"max-video-preview:-1"},"canonical":"https:\/\/www.dolomitiprealpi.it\/de\/event\/vivicansiglio-festa-della-biodiversita\/","og_locale":"de_DE","og_type":"article","og_title":"Vivicansiglio, festa della biodiversit\u00e0 - Dolomiti Prealpi","og_description":"Laboratorien f\u00fcr die ganze Familie, F\u00fchrungen, thematische Vertiefungen, Musik&#8230; Ein ganzer Tag, um gemeinsam zu verbringen, der der Biodiversit\u00e4t gewidmet ist. Programm:10:00 Uhr &#8211; Begr\u00fc\u00dfung der Beh\u00f6rden und Er\u00f6ffnung des","og_url":"https:\/\/www.dolomitiprealpi.it\/de\/event\/vivicansiglio-festa-della-biodiversita\/","og_site_name":"Dolomiti Prealpi","article_publisher":"https:\/\/www.facebook.com\/dolomitiprealpi.it\/","article_modified_time":"2026-01-17T12:26:51+00:00","og_image":[{"width":2048,"height":1888,"url":"https:\/\/www.dolomitiprealpi.it\/wp-content\/uploads\/2022\/11\/C.-Timpone-Foto-archivio-Consorzio-turistico-Dolomiti-Prealpi-Nevegal-Belluno-Bike-18-2.jpg","type":"image\/jpeg"}],"twitter_card":"summary_large_image","twitter_misc":{"Est. reading time":"1 minute"},"schema":{"@context":"https:\/\/schema.org","@graph":[{"@type":"WebPage","@id":"https:\/\/www.dolomitiprealpi.it\/de\/event\/vivicansiglio-festa-della-biodiversita\/","url":"https:\/\/www.dolomitiprealpi.it\/de\/event\/vivicansiglio-festa-della-biodiversita\/","name":"Vivicansiglio, festa della biodiversit\u00e0 - Dolomiti Prealpi","isPartOf":{"@id":"https:\/\/www.dolomitiprealpi.it\/de\/#website"},"datePublished":"2025-12-29T09:46:29+00:00","dateModified":"2026-01-17T12:26:51+00:00","breadcrumb":{"@id":"https:\/\/www.dolomitiprealpi.it\/de\/event\/vivicansiglio-festa-della-biodiversita\/#breadcrumb"},"inLanguage":"de-DE","potentialAction":[{"@type":"ReadAction","target":["https:\/\/www.dolomitiprealpi.it\/de\/event\/vivicansiglio-festa-della-biodiversita\/"]}]},{"@type":"BreadcrumbList","@id":"https:\/\/www.dolomitiprealpi.it\/de\/event\/vivicansiglio-festa-della-biodiversita\/#breadcrumb","itemListElement":[{"@type":"ListItem","position":1,"name":"Home","item":"https:\/\/www.dolomitiprealpi.it\/de\/"},{"@type":"ListItem","position":2,"name":"Veranstaltungen","item":"https:\/\/www.dolomitiprealpi.it\/de\/events\/"},{"@type":"ListItem","position":3,"name":"Vivicansiglio, festa della biodiversit\u00e0"}]},{"@type":"WebSite","@id":"https:\/\/www.dolomitiprealpi.it\/de\/#website","url":"https:\/\/www.dolomitiprealpi.it\/de\/","name":"Dolomiti Prealpi","description":"","publisher":{"@id":"https:\/\/www.dolomitiprealpi.it\/de\/#organization"},"potentialAction":[{"@type":"SearchAction","target":{"@type":"EntryPoint","urlTemplate":"https:\/\/www.dolomitiprealpi.it\/de\/?s={search_term_string}"},"query-input":{"@type":"PropertyValueSpecification","valueRequired":true,"valueName":"search_term_string"}}],"inLanguage":"de-DE"},{"@type":"Organization","@id":"https:\/\/www.dolomitiprealpi.it\/de\/#organization","name":"Consorzio Dolomiti Prealpi","url":"https:\/\/www.dolomitiprealpi.it\/de\/","logo":{"@type":"ImageObject","inLanguage":"de-DE","@id":"https:\/\/www.dolomitiprealpi.it\/de\/#\/schema\/logo\/image\/","url":"https:\/\/www.dolomitiprealpi.it\/wp-content\/uploads\/2023\/03\/dolomitiprealpi-favicon.jpg","contentUrl":"https:\/\/www.dolomitiprealpi.it\/wp-content\/uploads\/2023\/03\/dolomitiprealpi-favicon.jpg","width":512,"height":512,"caption":"Consorzio Dolomiti Prealpi"},"image":{"@id":"https:\/\/www.dolomitiprealpi.it\/de\/#\/schema\/logo\/image\/"},"sameAs":["https:\/\/www.facebook.com\/dolomitiprealpi.it\/","https:\/\/www.instagram.com\/dolomitiprealpi\/"]}]}},"_links":{"self":[{"href":"https:\/\/www.dolomitiprealpi.it\/de\/wp-json\/wp\/v2\/tribe_events\/83372","targetHints":{"allow":["GET"]}}],"collection":[{"href":"https:\/\/www.dolomitiprealpi.it\/de\/wp-json\/wp\/v2\/tribe_events"}],"about":[{"href":"https:\/\/www.dolomitiprealpi.it\/de\/wp-json\/wp\/v2\/types\/tribe_events"}],"version-history":[{"count":1,"href":"https:\/\/www.dolomitiprealpi.it\/de\/wp-json\/wp\/v2\/tribe_events\/83372\/revisions"}],"predecessor-version":[{"id":87009,"href":"https:\/\/www.dolomitiprealpi.it\/de\/wp-json\/wp\/v2\/tribe_events\/83372\/revisions\/87009"}],"wp:attachment":[{"href":"https:\/\/www.dolomitiprealpi.it\/de\/wp-json\/wp\/v2\/media?parent=83372"}],"wp:term":[{"taxonomy":"post_tag","embeddable":true,"href":"https:\/\/www.dolomitiprealpi.it\/de\/wp-json\/wp\/v2\/tags?post=83372"},{"taxonomy":"tribe_events_cat","embeddable":true,"href":"https:\/\/www.dolomitiprealpi.it\/de\/wp-json\/wp\/v2\/tribe_events_cat?post=83372"}],"curies":[{"name":"wp","href":"https:\/\/api.w.org\/{rel}","templated":true}]}}

Vivicansiglio, festa della biodiversità

<p>Laboratorien für die ganze Familie, Führungen, thematische Vertiefungen, Musik&#8230; Ein ganzer Tag, um gemeinsam zu verbringen, der der Biodiversität gewidmet ist.</p>
<p>Programm:<br />10:00 Uhr &#8211; Begrüßung der Behörden und Eröffnung des „Geologie-Saals“;<br />10:30 Uhr &#8211; Führungen im Museum und der neuen geologischen Ausstellung (Organisation in mehreren Gruppen je nach Besucherandrang);<br />11:30 Uhr &#8211; Prosecco mit Freunden<br />14:30 Uhr &#8211; Spaziergang zur Entdeckung des Bus de la Lum, organisiert von den Mitarbeitern der Abteilung und der Höhlenforschergruppen. Treffpunkt direkt am Parkplatz des Bus de la Lum (ANMELDUNG UND RESERVIERUNG PFLICHT, PLÄTZE BEGRENZT).</p>
<p>Im Museum wird es den ganzen Tag über Führungen, Spiele und Aktivitäten für Groß und Klein geben.</p>

<p>Laboratorien für die ganze Familie, Führungen, thematische Vertiefungen, Musik&#8230; Ein ganzer Tag, um gemeinsam zu verbringen, der der Biodiversität gewidmet ist. Programm:10:00 Uhr &#8211; Begrüßung der Behörden und Eröffnung des</p>

<!-- This site is optimized with the Yoast SEO plugin v25.7 - https://yoast.com/wordpress/plugins/seo/ -->
<title>Vivicansiglio, festa della biodiversità - Dolomiti Prealpi</title>
<meta name="robots" content="index, follow, max-snippet:-1, max-image-preview:large, max-video-preview:-1" />
<link rel="canonical" href="https://www.dolomitiprealpi.it/de/event/vivicansiglio-festa-della-biodiversita/" />
<meta property="og:locale" content="de_DE" />
<meta property="og:type" content="article" />
<meta property="og:title" content="Vivicansiglio, festa della biodiversità - Dolomiti Prealpi" />
<meta property="og:description" content="Laboratorien für die ganze Familie, Führungen, thematische Vertiefungen, Musik&#8230; Ein ganzer Tag, um gemeinsam zu verbringen, der der Biodiversität gewidmet ist. Programm:10:00 Uhr &#8211; Begrüßung der Behörden und Eröffnung des" />
<meta property="og:url" content="https://www.dolomitiprealpi.it/de/event/vivicansiglio-festa-della-biodiversita/" />
<meta property="og:site_name" content="Dolomiti Prealpi" />
<meta property="article:publisher" content="https://www.facebook.com/dolomitiprealpi.it/" />
<meta property="article:modified_time" content="2026-01-17T12:26:51+00:00" />
<meta property="og:image" content="https://www.dolomitiprealpi.it/wp-content/uploads/2022/11/C.-Timpone-Foto-archivio-Consorzio-turistico-Dolomiti-Prealpi-Nevegal-Belluno-Bike-18-2.jpg" />
	<meta property="og:image:width" content="2048" />
	<meta property="og:image:height" content="1888" />
	<meta property="og:image:type" content="image/jpeg" />
<meta name="twitter:card" content="summary_large_image" />
<meta name="twitter:label1" content="Est. reading time" />
	<meta name="twitter:data1" content="1 minute" />
<script type="application/ld+json" class="yoast-schema-graph">{"@context":"https://schema.org","@graph":[{"@type":"WebPage","@id":"https://www.dolomitiprealpi.it/de/event/vivicansiglio-festa-della-biodiversita/","url":"https://www.dolomitiprealpi.it/de/event/vivicansiglio-festa-della-biodiversita/","name":"Vivicansiglio, festa della biodiversità - Dolomiti Prealpi","isPartOf":{"@id":"https://www.dolomitiprealpi.it/de/#website"},"datePublished":"2025-12-29T09:46:29+00:00","dateModified":"2026-01-17T12:26:51+00:00","breadcrumb":{"@id":"https://www.dolomitiprealpi.it/de/event/vivicansiglio-festa-della-biodiversita/#breadcrumb"},"inLanguage":"de-DE","potentialAction":[{"@type":"ReadAction","target":["https://www.dolomitiprealpi.it/de/event/vivicansiglio-festa-della-biodiversita/"]}]},{"@type":"BreadcrumbList","@id":"https://www.dolomitiprealpi.it/de/event/vivicansiglio-festa-della-biodiversita/#breadcrumb","itemListElement":[{"@type":"ListItem","position":1,"name":"Home","item":"https://www.dolomitiprealpi.it/de/"},{"@type":"ListItem","position":2,"name":"Veranstaltungen","item":"https://www.dolomitiprealpi.it/de/events/"},{"@type":"ListItem","position":3,"name":"Vivicansiglio, festa della biodiversità"}]},{"@type":"WebSite","@id":"https://www.dolomitiprealpi.it/de/#website","url":"https://www.dolomitiprealpi.it/de/","name":"Dolomiti Prealpi","description":"","publisher":{"@id":"https://www.dolomitiprealpi.it/de/#organization"},"potentialAction":[{"@type":"SearchAction","target":{"@type":"EntryPoint","urlTemplate":"https://www.dolomitiprealpi.it/de/?s={search_term_string}"},"query-input":{"@type":"PropertyValueSpecification","valueRequired":true,"valueName":"search_term_string"}}],"inLanguage":"de-DE"},{"@type":"Organization","@id":"https://www.dolomitiprealpi.it/de/#organization","name":"Consorzio Dolomiti Prealpi","url":"https://www.dolomitiprealpi.it/de/","logo":{"@type":"ImageObject","inLanguage":"de-DE","@id":"https://www.dolomitiprealpi.it/de/#/schema/logo/image/","url":"https://www.dolomitiprealpi.it/wp-content/uploads/2023/03/dolomitiprealpi-favicon.jpg","contentUrl":"https://www.dolomitiprealpi.it/wp-content/uploads/2023/03/dolomitiprealpi-favicon.jpg","width":512,"height":512,"caption":"Consorzio Dolomiti Prealpi"},"image":{"@id":"https://www.dolomitiprealpi.it/de/#/schema/logo/image/"},"sameAs":["https://www.facebook.com/dolomitiprealpi.it/","https://www.instagram.com/dolomitiprealpi/"]}]}</script>
<!-- / Yoast SEO plugin. -->

Vivicansiglio, festa della biodiversità - Dolomiti Prealpi

Laboratorien für die ganze Familie, Führungen, thematische Vertiefungen, Musik&#8230; Ein ganzer Tag, um gemeinsam zu verbringen, der der Biodiversität gewidmet ist. Programm:10:00 Uhr &#8211; Begrüßung der Behörden und Eröffnung des
