{"id":83169,"date":"2026-02-15T12:08:26","date_gmt":"2026-02-15T11:08:26","guid":{"rendered":"https:\/\/www.dolomitiprealpi.it\/event\/valbelluna-in-bici\/"},"modified":"2026-03-20T12:50:03","modified_gmt":"2026-03-20T11:50:03","slug":"valbelluna-in-bici","status":"publish","type":"tribe_events","link":"https:\/\/www.dolomitiprealpi.it\/de\/event\/valbelluna-in-bici\/","title":{"rendered":"Valbelluna in bici"},"content":{"rendered":"<p>Die Bicistaffetta ist eine Veranstaltung, die vom Consorzio BIM Piave, dem Hauptunterzeichner des mit der Region Venetien unterzeichneten Protokolls, gef\u00f6rdert wird, um die Organisation, die Promotion und die Entwicklung des Projekts mit dem Namen \u201eGreen Tour Gr\u00fcn in Bewegung\u201c zu f\u00f6rdern, zusammen mit den anderen Unterzeichnern des Protokolls: der ULSS1 Dolomiti, den 8 Gemeinden, die von der Strecke betroffen sind (Belluno, Borgo Val Belluna, Cesiomaggiore, Feltre, Limana Santa Giustina, Sedico) und dem Nationalpark der Belluneser Dolomiten, mit dem Ziel, den Anello della Val Belluna zu werten.<\/p>\n<p>Die unterzeichnenden Parteien des genannten Protokolls betrachten die Ziele des strategischen Projekts \u201eGreen Tour Gr\u00fcn in Bewegung\u201c als Beitrag zur F\u00f6rderung und Wertsch\u00e4tzung des Gebiets, das von der Durchfahrt des Anello della Val Belluna betroffen ist, zur Sensibilisierung der lokalen Gemeinschaften sowie zu einem gr\u00f6\u00dferen Umweltschutz und zum Schutz des Gebiets, daneben auch zur F\u00f6rderung der Gesundheit und des psycho-physischen Wohlbefindens der B\u00fcrger und der Gemeinschaft.<\/p>\n<p>Der Ring wird in zwei Modalit\u00e4ten zur\u00fcckgelegt:<\/p>\n<ul>\n<li>Gruppe A &#8211; vollst\u00e4ndige Strecke f\u00fcr Radwanderer und Amateure &#8211; Abfahrt um 8:15 Uhr<\/li>\n<li>Gruppe B &#8211; Bicistaffetta mit den Jungen und M\u00e4dchen der Schulen &#8211; Abfahrt um 8:30 Uhr<\/li>\n<\/ul>\n<p>Treffen um 8:00 Uhr in Belluno am Piazza dei Martiri und in Feltre am Piazza Isola<\/p>\n<p>Fahrradtour zur F\u00f6rderung des Anello della Valbelluna<\/p>\n","protected":false},"excerpt":{"rendered":"<p>Die Bicistaffetta ist eine Veranstaltung, die vom Consorzio BIM Piave, dem Hauptunterzeichner des mit der Region Venetien unterzeichneten Protokolls, gef\u00f6rdert wird, um die Organisation, die Promotion und die Entwicklung des<\/p>\n","protected":false},"author":0,"featured_media":0,"template":"","meta":{"_acf_changed":false,"inline_featured_image":false,"_tribe_events_status":"","_tribe_events_status_reason":"","footnotes":""},"tags":[259],"tribe_events_cat":[],"class_list":["post-83169","tribe_events","type-tribe_events","status-publish","hentry","tag-eventi-feratel"],"acf":[],"yoast_head":"<!-- This site is optimized with the Yoast SEO plugin v25.7 - https:\/\/yoast.com\/wordpress\/plugins\/seo\/ -->\n<title>Valbelluna in bici - Dolomiti Prealpi<\/title>\n<meta name=\"robots\" content=\"index, follow, max-snippet:-1, max-image-preview:large, max-video-preview:-1\" \/>\n<link rel=\"canonical\" href=\"https:\/\/www.dolomitiprealpi.it\/de\/event\/valbelluna-in-bici\/\" \/>\n<meta property=\"og:locale\" content=\"de_DE\" \/>\n<meta property=\"og:type\" content=\"article\" \/>\n<meta property=\"og:title\" content=\"Valbelluna in bici - Dolomiti Prealpi\" \/>\n<meta property=\"og:description\" content=\"Die Bicistaffetta ist eine Veranstaltung, die vom Consorzio BIM Piave, dem Hauptunterzeichner des mit der Region Venetien unterzeichneten Protokolls, gef\u00f6rdert wird, um die Organisation, die Promotion und die Entwicklung des\" \/>\n<meta property=\"og:url\" content=\"https:\/\/www.dolomitiprealpi.it\/de\/event\/valbelluna-in-bici\/\" \/>\n<meta property=\"og:site_name\" content=\"Dolomiti Prealpi\" \/>\n<meta property=\"article:publisher\" content=\"https:\/\/www.facebook.com\/dolomitiprealpi.it\/\" \/>\n<meta property=\"article:modified_time\" content=\"2026-03-20T11:50:03+00:00\" \/>\n<meta property=\"og:image\" content=\"https:\/\/www.dolomitiprealpi.it\/wp-content\/uploads\/2022\/11\/C.-Timpone-Foto-archivio-Consorzio-turistico-Dolomiti-Prealpi-Nevegal-Belluno-Bike-18-2.jpg\" \/>\n\t<meta property=\"og:image:width\" content=\"2048\" \/>\n\t<meta property=\"og:image:height\" content=\"1888\" \/>\n\t<meta property=\"og:image:type\" content=\"image\/jpeg\" \/>\n<meta name=\"twitter:card\" content=\"summary_large_image\" \/>\n<meta name=\"twitter:label1\" content=\"Est. reading time\" \/>\n\t<meta name=\"twitter:data1\" content=\"1 minute\" \/>\n<script type=\"application\/ld+json\" class=\"yoast-schema-graph\">{\"@context\":\"https:\/\/schema.org\",\"@graph\":[{\"@type\":\"WebPage\",\"@id\":\"https:\/\/www.dolomitiprealpi.it\/de\/event\/valbelluna-in-bici\/\",\"url\":\"https:\/\/www.dolomitiprealpi.it\/de\/event\/valbelluna-in-bici\/\",\"name\":\"Valbelluna in bici - Dolomiti Prealpi\",\"isPartOf\":{\"@id\":\"https:\/\/www.dolomitiprealpi.it\/de\/#website\"},\"datePublished\":\"2026-02-15T11:08:26+00:00\",\"dateModified\":\"2026-03-20T11:50:03+00:00\",\"breadcrumb\":{\"@id\":\"https:\/\/www.dolomitiprealpi.it\/de\/event\/valbelluna-in-bici\/#breadcrumb\"},\"inLanguage\":\"de-DE\",\"potentialAction\":[{\"@type\":\"ReadAction\",\"target\":[\"https:\/\/www.dolomitiprealpi.it\/de\/event\/valbelluna-in-bici\/\"]}]},{\"@type\":\"BreadcrumbList\",\"@id\":\"https:\/\/www.dolomitiprealpi.it\/de\/event\/valbelluna-in-bici\/#breadcrumb\",\"itemListElement\":[{\"@type\":\"ListItem\",\"position\":1,\"name\":\"Home\",\"item\":\"https:\/\/www.dolomitiprealpi.it\/de\/\"},{\"@type\":\"ListItem\",\"position\":2,\"name\":\"Veranstaltungen\",\"item\":\"https:\/\/www.dolomitiprealpi.it\/de\/events\/\"},{\"@type\":\"ListItem\",\"position\":3,\"name\":\"Valbelluna in bici\"}]},{\"@type\":\"WebSite\",\"@id\":\"https:\/\/www.dolomitiprealpi.it\/de\/#website\",\"url\":\"https:\/\/www.dolomitiprealpi.it\/de\/\",\"name\":\"Dolomiti Prealpi\",\"description\":\"\",\"publisher\":{\"@id\":\"https:\/\/www.dolomitiprealpi.it\/de\/#organization\"},\"potentialAction\":[{\"@type\":\"SearchAction\",\"target\":{\"@type\":\"EntryPoint\",\"urlTemplate\":\"https:\/\/www.dolomitiprealpi.it\/de\/?s={search_term_string}\"},\"query-input\":{\"@type\":\"PropertyValueSpecification\",\"valueRequired\":true,\"valueName\":\"search_term_string\"}}],\"inLanguage\":\"de-DE\"},{\"@type\":\"Organization\",\"@id\":\"https:\/\/www.dolomitiprealpi.it\/de\/#organization\",\"name\":\"Consorzio Dolomiti Prealpi\",\"url\":\"https:\/\/www.dolomitiprealpi.it\/de\/\",\"logo\":{\"@type\":\"ImageObject\",\"inLanguage\":\"de-DE\",\"@id\":\"https:\/\/www.dolomitiprealpi.it\/de\/#\/schema\/logo\/image\/\",\"url\":\"https:\/\/www.dolomitiprealpi.it\/wp-content\/uploads\/2023\/03\/dolomitiprealpi-favicon.jpg\",\"contentUrl\":\"https:\/\/www.dolomitiprealpi.it\/wp-content\/uploads\/2023\/03\/dolomitiprealpi-favicon.jpg\",\"width\":512,\"height\":512,\"caption\":\"Consorzio Dolomiti Prealpi\"},\"image\":{\"@id\":\"https:\/\/www.dolomitiprealpi.it\/de\/#\/schema\/logo\/image\/\"},\"sameAs\":[\"https:\/\/www.facebook.com\/dolomitiprealpi.it\/\",\"https:\/\/www.instagram.com\/dolomitiprealpi\/\"]}]}<\/script>\n<!-- \/ Yoast SEO plugin. -->","yoast_head_json":{"title":"Valbelluna in bici - Dolomiti Prealpi","robots":{"index":"index","follow":"follow","max-snippet":"max-snippet:-1","max-image-preview":"max-image-preview:large","max-video-preview":"max-video-preview:-1"},"canonical":"https:\/\/www.dolomitiprealpi.it\/de\/event\/valbelluna-in-bici\/","og_locale":"de_DE","og_type":"article","og_title":"Valbelluna in bici - Dolomiti Prealpi","og_description":"Die Bicistaffetta ist eine Veranstaltung, die vom Consorzio BIM Piave, dem Hauptunterzeichner des mit der Region Venetien unterzeichneten Protokolls, gef\u00f6rdert wird, um die Organisation, die Promotion und die Entwicklung des","og_url":"https:\/\/www.dolomitiprealpi.it\/de\/event\/valbelluna-in-bici\/","og_site_name":"Dolomiti Prealpi","article_publisher":"https:\/\/www.facebook.com\/dolomitiprealpi.it\/","article_modified_time":"2026-03-20T11:50:03+00:00","og_image":[{"width":2048,"height":1888,"url":"https:\/\/www.dolomitiprealpi.it\/wp-content\/uploads\/2022\/11\/C.-Timpone-Foto-archivio-Consorzio-turistico-Dolomiti-Prealpi-Nevegal-Belluno-Bike-18-2.jpg","type":"image\/jpeg"}],"twitter_card":"summary_large_image","twitter_misc":{"Est. reading time":"1 minute"},"schema":{"@context":"https:\/\/schema.org","@graph":[{"@type":"WebPage","@id":"https:\/\/www.dolomitiprealpi.it\/de\/event\/valbelluna-in-bici\/","url":"https:\/\/www.dolomitiprealpi.it\/de\/event\/valbelluna-in-bici\/","name":"Valbelluna in bici - Dolomiti Prealpi","isPartOf":{"@id":"https:\/\/www.dolomitiprealpi.it\/de\/#website"},"datePublished":"2026-02-15T11:08:26+00:00","dateModified":"2026-03-20T11:50:03+00:00","breadcrumb":{"@id":"https:\/\/www.dolomitiprealpi.it\/de\/event\/valbelluna-in-bici\/#breadcrumb"},"inLanguage":"de-DE","potentialAction":[{"@type":"ReadAction","target":["https:\/\/www.dolomitiprealpi.it\/de\/event\/valbelluna-in-bici\/"]}]},{"@type":"BreadcrumbList","@id":"https:\/\/www.dolomitiprealpi.it\/de\/event\/valbelluna-in-bici\/#breadcrumb","itemListElement":[{"@type":"ListItem","position":1,"name":"Home","item":"https:\/\/www.dolomitiprealpi.it\/de\/"},{"@type":"ListItem","position":2,"name":"Veranstaltungen","item":"https:\/\/www.dolomitiprealpi.it\/de\/events\/"},{"@type":"ListItem","position":3,"name":"Valbelluna in bici"}]},{"@type":"WebSite","@id":"https:\/\/www.dolomitiprealpi.it\/de\/#website","url":"https:\/\/www.dolomitiprealpi.it\/de\/","name":"Dolomiti Prealpi","description":"","publisher":{"@id":"https:\/\/www.dolomitiprealpi.it\/de\/#organization"},"potentialAction":[{"@type":"SearchAction","target":{"@type":"EntryPoint","urlTemplate":"https:\/\/www.dolomitiprealpi.it\/de\/?s={search_term_string}"},"query-input":{"@type":"PropertyValueSpecification","valueRequired":true,"valueName":"search_term_string"}}],"inLanguage":"de-DE"},{"@type":"Organization","@id":"https:\/\/www.dolomitiprealpi.it\/de\/#organization","name":"Consorzio Dolomiti Prealpi","url":"https:\/\/www.dolomitiprealpi.it\/de\/","logo":{"@type":"ImageObject","inLanguage":"de-DE","@id":"https:\/\/www.dolomitiprealpi.it\/de\/#\/schema\/logo\/image\/","url":"https:\/\/www.dolomitiprealpi.it\/wp-content\/uploads\/2023\/03\/dolomitiprealpi-favicon.jpg","contentUrl":"https:\/\/www.dolomitiprealpi.it\/wp-content\/uploads\/2023\/03\/dolomitiprealpi-favicon.jpg","width":512,"height":512,"caption":"Consorzio Dolomiti Prealpi"},"image":{"@id":"https:\/\/www.dolomitiprealpi.it\/de\/#\/schema\/logo\/image\/"},"sameAs":["https:\/\/www.facebook.com\/dolomitiprealpi.it\/","https:\/\/www.instagram.com\/dolomitiprealpi\/"]}]}},"_links":{"self":[{"href":"https:\/\/www.dolomitiprealpi.it\/de\/wp-json\/wp\/v2\/tribe_events\/83169","targetHints":{"allow":["GET"]}}],"collection":[{"href":"https:\/\/www.dolomitiprealpi.it\/de\/wp-json\/wp\/v2\/tribe_events"}],"about":[{"href":"https:\/\/www.dolomitiprealpi.it\/de\/wp-json\/wp\/v2\/types\/tribe_events"}],"version-history":[{"count":1,"href":"https:\/\/www.dolomitiprealpi.it\/de\/wp-json\/wp\/v2\/tribe_events\/83169\/revisions"}],"predecessor-version":[{"id":86908,"href":"https:\/\/www.dolomitiprealpi.it\/de\/wp-json\/wp\/v2\/tribe_events\/83169\/revisions\/86908"}],"wp:attachment":[{"href":"https:\/\/www.dolomitiprealpi.it\/de\/wp-json\/wp\/v2\/media?parent=83169"}],"wp:term":[{"taxonomy":"post_tag","embeddable":true,"href":"https:\/\/www.dolomitiprealpi.it\/de\/wp-json\/wp\/v2\/tags?post=83169"},{"taxonomy":"tribe_events_cat","embeddable":true,"href":"https:\/\/www.dolomitiprealpi.it\/de\/wp-json\/wp\/v2\/tribe_events_cat?post=83169"}],"curies":[{"name":"wp","href":"https:\/\/api.w.org\/{rel}","templated":true}]}}

<p>Die Bicistaffetta ist eine Veranstaltung, die vom Consorzio BIM Piave, dem Hauptunterzeichner des mit der Region Venetien unterzeichneten Protokolls, gefördert wird, um die Organisation, die Promotion und die Entwicklung des Projekts mit dem Namen „Green Tour Grün in Bewegung“ zu fördern, zusammen mit den anderen Unterzeichnern des Protokolls: der ULSS1 Dolomiti, den 8 Gemeinden, die von der Strecke betroffen sind (Belluno, Borgo Val Belluna, Cesiomaggiore, Feltre, Limana Santa Giustina, Sedico) und dem Nationalpark der Belluneser Dolomiten, mit dem Ziel, den Anello della Val Belluna zu werten.</p>
<p>Die unterzeichnenden Parteien des genannten Protokolls betrachten die Ziele des strategischen Projekts „Green Tour Grün in Bewegung“ als Beitrag zur Förderung und Wertschätzung des Gebiets, das von der Durchfahrt des Anello della Val Belluna betroffen ist, zur Sensibilisierung der lokalen Gemeinschaften sowie zu einem größeren Umweltschutz und zum Schutz des Gebiets, daneben auch zur Förderung der Gesundheit und des psycho-physischen Wohlbefindens der Bürger und der Gemeinschaft.</p>
<p>Der Ring wird in zwei Modalitäten zurückgelegt:</p>
<ul>
<li>Gruppe A &#8211; vollständige Strecke für Radwanderer und Amateure &#8211; Abfahrt um 8:15 Uhr</li>
<li>Gruppe B &#8211; Bicistaffetta mit den Jungen und Mädchen der Schulen &#8211; Abfahrt um 8:30 Uhr</li>
</ul>
<p>Treffen um 8:00 Uhr in Belluno am Piazza dei Martiri und in Feltre am Piazza Isola</p>
<p>Fahrradtour zur Förderung des Anello della Valbelluna</p>

<p>Die Bicistaffetta ist eine Veranstaltung, die vom Consorzio BIM Piave, dem Hauptunterzeichner des mit der Region Venetien unterzeichneten Protokolls, gefördert wird, um die Organisation, die Promotion und die Entwicklung des</p>

<!-- This site is optimized with the Yoast SEO plugin v25.7 - https://yoast.com/wordpress/plugins/seo/ -->
<title>Valbelluna in bici - Dolomiti Prealpi</title>
<meta name="robots" content="index, follow, max-snippet:-1, max-image-preview:large, max-video-preview:-1" />
<link rel="canonical" href="https://www.dolomitiprealpi.it/de/event/valbelluna-in-bici/" />
<meta property="og:locale" content="de_DE" />
<meta property="og:type" content="article" />
<meta property="og:title" content="Valbelluna in bici - Dolomiti Prealpi" />
<meta property="og:description" content="Die Bicistaffetta ist eine Veranstaltung, die vom Consorzio BIM Piave, dem Hauptunterzeichner des mit der Region Venetien unterzeichneten Protokolls, gefördert wird, um die Organisation, die Promotion und die Entwicklung des" />
<meta property="og:url" content="https://www.dolomitiprealpi.it/de/event/valbelluna-in-bici/" />
<meta property="og:site_name" content="Dolomiti Prealpi" />
<meta property="article:publisher" content="https://www.facebook.com/dolomitiprealpi.it/" />
<meta property="article:modified_time" content="2026-03-20T11:50:03+00:00" />
<meta property="og:image" content="https://www.dolomitiprealpi.it/wp-content/uploads/2022/11/C.-Timpone-Foto-archivio-Consorzio-turistico-Dolomiti-Prealpi-Nevegal-Belluno-Bike-18-2.jpg" />
	<meta property="og:image:width" content="2048" />
	<meta property="og:image:height" content="1888" />
	<meta property="og:image:type" content="image/jpeg" />
<meta name="twitter:card" content="summary_large_image" />
<meta name="twitter:label1" content="Est. reading time" />
	<meta name="twitter:data1" content="1 minute" />
<script type="application/ld+json" class="yoast-schema-graph">{"@context":"https://schema.org","@graph":[{"@type":"WebPage","@id":"https://www.dolomitiprealpi.it/de/event/valbelluna-in-bici/","url":"https://www.dolomitiprealpi.it/de/event/valbelluna-in-bici/","name":"Valbelluna in bici - Dolomiti Prealpi","isPartOf":{"@id":"https://www.dolomitiprealpi.it/de/#website"},"datePublished":"2026-02-15T11:08:26+00:00","dateModified":"2026-03-20T11:50:03+00:00","breadcrumb":{"@id":"https://www.dolomitiprealpi.it/de/event/valbelluna-in-bici/#breadcrumb"},"inLanguage":"de-DE","potentialAction":[{"@type":"ReadAction","target":["https://www.dolomitiprealpi.it/de/event/valbelluna-in-bici/"]}]},{"@type":"BreadcrumbList","@id":"https://www.dolomitiprealpi.it/de/event/valbelluna-in-bici/#breadcrumb","itemListElement":[{"@type":"ListItem","position":1,"name":"Home","item":"https://www.dolomitiprealpi.it/de/"},{"@type":"ListItem","position":2,"name":"Veranstaltungen","item":"https://www.dolomitiprealpi.it/de/events/"},{"@type":"ListItem","position":3,"name":"Valbelluna in bici"}]},{"@type":"WebSite","@id":"https://www.dolomitiprealpi.it/de/#website","url":"https://www.dolomitiprealpi.it/de/","name":"Dolomiti Prealpi","description":"","publisher":{"@id":"https://www.dolomitiprealpi.it/de/#organization"},"potentialAction":[{"@type":"SearchAction","target":{"@type":"EntryPoint","urlTemplate":"https://www.dolomitiprealpi.it/de/?s={search_term_string}"},"query-input":{"@type":"PropertyValueSpecification","valueRequired":true,"valueName":"search_term_string"}}],"inLanguage":"de-DE"},{"@type":"Organization","@id":"https://www.dolomitiprealpi.it/de/#organization","name":"Consorzio Dolomiti Prealpi","url":"https://www.dolomitiprealpi.it/de/","logo":{"@type":"ImageObject","inLanguage":"de-DE","@id":"https://www.dolomitiprealpi.it/de/#/schema/logo/image/","url":"https://www.dolomitiprealpi.it/wp-content/uploads/2023/03/dolomitiprealpi-favicon.jpg","contentUrl":"https://www.dolomitiprealpi.it/wp-content/uploads/2023/03/dolomitiprealpi-favicon.jpg","width":512,"height":512,"caption":"Consorzio Dolomiti Prealpi"},"image":{"@id":"https://www.dolomitiprealpi.it/de/#/schema/logo/image/"},"sameAs":["https://www.facebook.com/dolomitiprealpi.it/","https://www.instagram.com/dolomitiprealpi/"]}]}</script>
<!-- / Yoast SEO plugin. -->

Die Bicistaffetta ist eine Veranstaltung, die vom Consorzio BIM Piave, dem Hauptunterzeichner des mit der Region Venetien unterzeichneten Protokolls, gefördert wird, um die Organisation, die Promotion und die Entwicklung des
