{"id":83149,"date":"2026-04-17T13:02:23","date_gmt":"2026-04-17T11:02:23","guid":{"rendered":"https:\/\/www.dolomitiprealpi.it\/event\/bibliotecario-per-un-giorno\/"},"modified":"2026-04-23T17:48:42","modified_gmt":"2026-04-23T15:48:42","slug":"bibliotecario-per-un-giorno-5","status":"publish","type":"tribe_events","link":"https:\/\/www.dolomitiprealpi.it\/de\/event\/bibliotecario-per-un-giorno-5\/","title":{"rendered":"Bibliotecario per un giorno"},"content":{"rendered":"<p>Eintritt<b> frei<\/b><\/p>\n<p>Reservierung PFLICHTIG unter der Adresse:<b> biblioteca@comune.fonzaso.bl.it<\/b><\/p>\n<p>Projekt Bibliothekar f\u00fcr einen Tag.<br \/>Initiative f\u00fcr Kinder und Jugendliche im Alter von 7 bis 14 Jahren.<\/p>\n<p>Was macht ein Bibliothekar? Wie ist eine Bibliothek organisiert? Wie findet man ein Buch, das im Regal steht? Diese und viele weitere Fragen werden dank der Initiative Bibliothekar f\u00fcr einen Tag, die von der Gemeindeverwaltung von Fonzaso in Zusammenarbeit mit der Stadtbibliothek gef\u00f6rdert wird, ausf\u00fchrliche Antworten finden.<\/p>\n<p>Das Projekt, das sich an Kinder und Jugendliche <b>von 7 bis 14 Jahren <\/b>richtet, hat das Ziel, die J\u00fcngeren f\u00fcr die Bedeutung von Bibliotheken f\u00fcr die Entwicklung von Gemeinschaften zu sensibilisieren: ein Ort, der der Kultur, der Sozialisierung und der pers\u00f6nlichen Entwicklung gewidmet ist.<\/p>\n<p>Die Initiative sieht die Durchf\u00fchrung eines Zyklus von vier Treffen mit maximal 3 Teilnehmern pro Zeitfenster vor (erste Runde von <b>10:00 bis 10:30 Uhr <\/b>&#8211; zweite Runde: <b>von 10:30 bis 11:00 Uhr<\/b>), die in der Stadtbibliothek an den folgenden Daten stattfinden werden:<\/p>\n<p><b>Samstag, 27. September <\/b>2025<br \/><b>Samstag, 04. Oktober <\/b>2025<br \/><b>Samstag, 11. Oktober <\/b>2025<br \/><b>Samstag, 25. Oktober <\/b>2025<\/p>\n<p>Die Jugendlichen werden die Protagonisten einer unterhaltsamen und anregenden Reise sein, die es ihnen erm\u00f6glicht, hinter dem Schalter zu stehen, dem Bibliothekar bei der Ausleihe an die Benutzer, der R\u00fcckstellung der B\u00fccher im Regal, der Suche nach den angeforderten B\u00fcchern sowie der Stempelung und Etikettierung der neuen literarischen Werke zu helfen. Am Ende des Kurses wird eine Bescheinigung zur Erinnerung an den angenehmen Tag ausgestellt.<\/p>\n<p>Um die maximale Teilnahme an der Initiative zu erm\u00f6glichen, wird das Projekt am Samstag, den 20. September um 10:30 Uhr in der Stadtbibliothek der \u00d6ffentlichkeit vorgestellt.<\/p>\n<p>Aktivit\u00e4ten f\u00fcr Jungen<\/p>\n","protected":false},"excerpt":{"rendered":"<p>Eintritt frei Reservierung PFLICHTIG unter der Adresse: biblioteca@comune.fonzaso.bl.it Projekt Bibliothekar f\u00fcr einen Tag.Initiative f\u00fcr Kinder und Jugendliche im Alter von 7 bis 14 Jahren. Was macht ein Bibliothekar? Wie ist<\/p>\n","protected":false},"author":0,"featured_media":0,"template":"","meta":{"_acf_changed":false,"inline_featured_image":false,"_tribe_events_status":"","_tribe_events_status_reason":"","footnotes":""},"tags":[259],"tribe_events_cat":[],"class_list":["post-83149","tribe_events","type-tribe_events","status-publish","hentry","tag-eventi-feratel"],"acf":[],"yoast_head":"<!-- This site is optimized with the Yoast SEO plugin v25.7 - https:\/\/yoast.com\/wordpress\/plugins\/seo\/ -->\n<title>Bibliotecario per un giorno - Dolomiti Prealpi<\/title>\n<meta name=\"robots\" content=\"index, follow, max-snippet:-1, max-image-preview:large, max-video-preview:-1\" \/>\n<link rel=\"canonical\" href=\"https:\/\/www.dolomitiprealpi.it\/de\/event\/bibliotecario-per-un-giorno-5\/\" \/>\n<meta property=\"og:locale\" content=\"de_DE\" \/>\n<meta property=\"og:type\" content=\"article\" \/>\n<meta property=\"og:title\" content=\"Bibliotecario per un giorno - Dolomiti Prealpi\" \/>\n<meta property=\"og:description\" content=\"Eintritt frei Reservierung PFLICHTIG unter der Adresse: biblioteca@comune.fonzaso.bl.it Projekt Bibliothekar f\u00fcr einen Tag.Initiative f\u00fcr Kinder und Jugendliche im Alter von 7 bis 14 Jahren. Was macht ein Bibliothekar? Wie ist\" \/>\n<meta property=\"og:url\" content=\"https:\/\/www.dolomitiprealpi.it\/de\/event\/bibliotecario-per-un-giorno-5\/\" \/>\n<meta property=\"og:site_name\" content=\"Dolomiti Prealpi\" \/>\n<meta property=\"article:publisher\" content=\"https:\/\/www.facebook.com\/dolomitiprealpi.it\/\" \/>\n<meta property=\"article:modified_time\" content=\"2026-04-23T15:48:42+00:00\" \/>\n<meta property=\"og:image\" content=\"https:\/\/www.dolomitiprealpi.it\/wp-content\/uploads\/2022\/11\/C.-Timpone-Foto-archivio-Consorzio-turistico-Dolomiti-Prealpi-Nevegal-Belluno-Bike-18-2.jpg\" \/>\n\t<meta property=\"og:image:width\" content=\"2048\" \/>\n\t<meta property=\"og:image:height\" content=\"1888\" \/>\n\t<meta property=\"og:image:type\" content=\"image\/jpeg\" \/>\n<meta name=\"twitter:card\" content=\"summary_large_image\" \/>\n<meta name=\"twitter:label1\" content=\"Est. reading time\" \/>\n\t<meta name=\"twitter:data1\" content=\"1 minute\" \/>\n<script type=\"application\/ld+json\" class=\"yoast-schema-graph\">{\"@context\":\"https:\/\/schema.org\",\"@graph\":[{\"@type\":\"WebPage\",\"@id\":\"https:\/\/www.dolomitiprealpi.it\/de\/event\/bibliotecario-per-un-giorno-5\/\",\"url\":\"https:\/\/www.dolomitiprealpi.it\/de\/event\/bibliotecario-per-un-giorno-5\/\",\"name\":\"Bibliotecario per un giorno - Dolomiti Prealpi\",\"isPartOf\":{\"@id\":\"https:\/\/www.dolomitiprealpi.it\/de\/#website\"},\"datePublished\":\"2026-04-17T11:02:23+00:00\",\"dateModified\":\"2026-04-23T15:48:42+00:00\",\"breadcrumb\":{\"@id\":\"https:\/\/www.dolomitiprealpi.it\/de\/event\/bibliotecario-per-un-giorno-5\/#breadcrumb\"},\"inLanguage\":\"de-DE\",\"potentialAction\":[{\"@type\":\"ReadAction\",\"target\":[\"https:\/\/www.dolomitiprealpi.it\/de\/event\/bibliotecario-per-un-giorno-5\/\"]}]},{\"@type\":\"BreadcrumbList\",\"@id\":\"https:\/\/www.dolomitiprealpi.it\/de\/event\/bibliotecario-per-un-giorno-5\/#breadcrumb\",\"itemListElement\":[{\"@type\":\"ListItem\",\"position\":1,\"name\":\"Home\",\"item\":\"https:\/\/www.dolomitiprealpi.it\/de\/\"},{\"@type\":\"ListItem\",\"position\":2,\"name\":\"Veranstaltungen\",\"item\":\"https:\/\/www.dolomitiprealpi.it\/de\/events\/\"},{\"@type\":\"ListItem\",\"position\":3,\"name\":\"Bibliotecario per un giorno\"}]},{\"@type\":\"WebSite\",\"@id\":\"https:\/\/www.dolomitiprealpi.it\/de\/#website\",\"url\":\"https:\/\/www.dolomitiprealpi.it\/de\/\",\"name\":\"Dolomiti Prealpi\",\"description\":\"\",\"publisher\":{\"@id\":\"https:\/\/www.dolomitiprealpi.it\/de\/#organization\"},\"potentialAction\":[{\"@type\":\"SearchAction\",\"target\":{\"@type\":\"EntryPoint\",\"urlTemplate\":\"https:\/\/www.dolomitiprealpi.it\/de\/?s={search_term_string}\"},\"query-input\":{\"@type\":\"PropertyValueSpecification\",\"valueRequired\":true,\"valueName\":\"search_term_string\"}}],\"inLanguage\":\"de-DE\"},{\"@type\":\"Organization\",\"@id\":\"https:\/\/www.dolomitiprealpi.it\/de\/#organization\",\"name\":\"Consorzio Dolomiti Prealpi\",\"url\":\"https:\/\/www.dolomitiprealpi.it\/de\/\",\"logo\":{\"@type\":\"ImageObject\",\"inLanguage\":\"de-DE\",\"@id\":\"https:\/\/www.dolomitiprealpi.it\/de\/#\/schema\/logo\/image\/\",\"url\":\"https:\/\/www.dolomitiprealpi.it\/wp-content\/uploads\/2023\/03\/dolomitiprealpi-favicon.jpg\",\"contentUrl\":\"https:\/\/www.dolomitiprealpi.it\/wp-content\/uploads\/2023\/03\/dolomitiprealpi-favicon.jpg\",\"width\":512,\"height\":512,\"caption\":\"Consorzio Dolomiti Prealpi\"},\"image\":{\"@id\":\"https:\/\/www.dolomitiprealpi.it\/de\/#\/schema\/logo\/image\/\"},\"sameAs\":[\"https:\/\/www.facebook.com\/dolomitiprealpi.it\/\",\"https:\/\/www.instagram.com\/dolomitiprealpi\/\"]}]}<\/script>\n<!-- \/ Yoast SEO plugin. -->","yoast_head_json":{"title":"Bibliotecario per un giorno - Dolomiti Prealpi","robots":{"index":"index","follow":"follow","max-snippet":"max-snippet:-1","max-image-preview":"max-image-preview:large","max-video-preview":"max-video-preview:-1"},"canonical":"https:\/\/www.dolomitiprealpi.it\/de\/event\/bibliotecario-per-un-giorno-5\/","og_locale":"de_DE","og_type":"article","og_title":"Bibliotecario per un giorno - Dolomiti Prealpi","og_description":"Eintritt frei Reservierung PFLICHTIG unter der Adresse: biblioteca@comune.fonzaso.bl.it Projekt Bibliothekar f\u00fcr einen Tag.Initiative f\u00fcr Kinder und Jugendliche im Alter von 7 bis 14 Jahren. Was macht ein Bibliothekar? Wie ist","og_url":"https:\/\/www.dolomitiprealpi.it\/de\/event\/bibliotecario-per-un-giorno-5\/","og_site_name":"Dolomiti Prealpi","article_publisher":"https:\/\/www.facebook.com\/dolomitiprealpi.it\/","article_modified_time":"2026-04-23T15:48:42+00:00","og_image":[{"width":2048,"height":1888,"url":"https:\/\/www.dolomitiprealpi.it\/wp-content\/uploads\/2022\/11\/C.-Timpone-Foto-archivio-Consorzio-turistico-Dolomiti-Prealpi-Nevegal-Belluno-Bike-18-2.jpg","type":"image\/jpeg"}],"twitter_card":"summary_large_image","twitter_misc":{"Est. reading time":"1 minute"},"schema":{"@context":"https:\/\/schema.org","@graph":[{"@type":"WebPage","@id":"https:\/\/www.dolomitiprealpi.it\/de\/event\/bibliotecario-per-un-giorno-5\/","url":"https:\/\/www.dolomitiprealpi.it\/de\/event\/bibliotecario-per-un-giorno-5\/","name":"Bibliotecario per un giorno - Dolomiti Prealpi","isPartOf":{"@id":"https:\/\/www.dolomitiprealpi.it\/de\/#website"},"datePublished":"2026-04-17T11:02:23+00:00","dateModified":"2026-04-23T15:48:42+00:00","breadcrumb":{"@id":"https:\/\/www.dolomitiprealpi.it\/de\/event\/bibliotecario-per-un-giorno-5\/#breadcrumb"},"inLanguage":"de-DE","potentialAction":[{"@type":"ReadAction","target":["https:\/\/www.dolomitiprealpi.it\/de\/event\/bibliotecario-per-un-giorno-5\/"]}]},{"@type":"BreadcrumbList","@id":"https:\/\/www.dolomitiprealpi.it\/de\/event\/bibliotecario-per-un-giorno-5\/#breadcrumb","itemListElement":[{"@type":"ListItem","position":1,"name":"Home","item":"https:\/\/www.dolomitiprealpi.it\/de\/"},{"@type":"ListItem","position":2,"name":"Veranstaltungen","item":"https:\/\/www.dolomitiprealpi.it\/de\/events\/"},{"@type":"ListItem","position":3,"name":"Bibliotecario per un giorno"}]},{"@type":"WebSite","@id":"https:\/\/www.dolomitiprealpi.it\/de\/#website","url":"https:\/\/www.dolomitiprealpi.it\/de\/","name":"Dolomiti Prealpi","description":"","publisher":{"@id":"https:\/\/www.dolomitiprealpi.it\/de\/#organization"},"potentialAction":[{"@type":"SearchAction","target":{"@type":"EntryPoint","urlTemplate":"https:\/\/www.dolomitiprealpi.it\/de\/?s={search_term_string}"},"query-input":{"@type":"PropertyValueSpecification","valueRequired":true,"valueName":"search_term_string"}}],"inLanguage":"de-DE"},{"@type":"Organization","@id":"https:\/\/www.dolomitiprealpi.it\/de\/#organization","name":"Consorzio Dolomiti Prealpi","url":"https:\/\/www.dolomitiprealpi.it\/de\/","logo":{"@type":"ImageObject","inLanguage":"de-DE","@id":"https:\/\/www.dolomitiprealpi.it\/de\/#\/schema\/logo\/image\/","url":"https:\/\/www.dolomitiprealpi.it\/wp-content\/uploads\/2023\/03\/dolomitiprealpi-favicon.jpg","contentUrl":"https:\/\/www.dolomitiprealpi.it\/wp-content\/uploads\/2023\/03\/dolomitiprealpi-favicon.jpg","width":512,"height":512,"caption":"Consorzio Dolomiti Prealpi"},"image":{"@id":"https:\/\/www.dolomitiprealpi.it\/de\/#\/schema\/logo\/image\/"},"sameAs":["https:\/\/www.facebook.com\/dolomitiprealpi.it\/","https:\/\/www.instagram.com\/dolomitiprealpi\/"]}]}},"_links":{"self":[{"href":"https:\/\/www.dolomitiprealpi.it\/de\/wp-json\/wp\/v2\/tribe_events\/83149","targetHints":{"allow":["GET"]}}],"collection":[{"href":"https:\/\/www.dolomitiprealpi.it\/de\/wp-json\/wp\/v2\/tribe_events"}],"about":[{"href":"https:\/\/www.dolomitiprealpi.it\/de\/wp-json\/wp\/v2\/types\/tribe_events"}],"version-history":[{"count":1,"href":"https:\/\/www.dolomitiprealpi.it\/de\/wp-json\/wp\/v2\/tribe_events\/83149\/revisions"}],"predecessor-version":[{"id":86895,"href":"https:\/\/www.dolomitiprealpi.it\/de\/wp-json\/wp\/v2\/tribe_events\/83149\/revisions\/86895"}],"wp:attachment":[{"href":"https:\/\/www.dolomitiprealpi.it\/de\/wp-json\/wp\/v2\/media?parent=83149"}],"wp:term":[{"taxonomy":"post_tag","embeddable":true,"href":"https:\/\/www.dolomitiprealpi.it\/de\/wp-json\/wp\/v2\/tags?post=83149"},{"taxonomy":"tribe_events_cat","embeddable":true,"href":"https:\/\/www.dolomitiprealpi.it\/de\/wp-json\/wp\/v2\/tribe_events_cat?post=83149"}],"curies":[{"name":"wp","href":"https:\/\/api.w.org\/{rel}","templated":true}]}}

<p>Eintritt<b> frei</b></p>
<p>Reservierung PFLICHTIG unter der Adresse:<b> biblioteca@comune.fonzaso.bl.it</b></p>
<p>Projekt Bibliothekar für einen Tag.<br />Initiative für Kinder und Jugendliche im Alter von 7 bis 14 Jahren.</p>
<p>Was macht ein Bibliothekar? Wie ist eine Bibliothek organisiert? Wie findet man ein Buch, das im Regal steht? Diese und viele weitere Fragen werden dank der Initiative Bibliothekar für einen Tag, die von der Gemeindeverwaltung von Fonzaso in Zusammenarbeit mit der Stadtbibliothek gefördert wird, ausführliche Antworten finden.</p>
<p>Das Projekt, das sich an Kinder und Jugendliche <b>von 7 bis 14 Jahren </b>richtet, hat das Ziel, die Jüngeren für die Bedeutung von Bibliotheken für die Entwicklung von Gemeinschaften zu sensibilisieren: ein Ort, der der Kultur, der Sozialisierung und der persönlichen Entwicklung gewidmet ist.</p>
<p>Die Initiative sieht die Durchführung eines Zyklus von vier Treffen mit maximal 3 Teilnehmern pro Zeitfenster vor (erste Runde von <b>10:00 bis 10:30 Uhr </b>&#8211; zweite Runde: <b>von 10:30 bis 11:00 Uhr</b>), die in der Stadtbibliothek an den folgenden Daten stattfinden werden:</p>
<p><b>Samstag, 27. September </b>2025<br /><b>Samstag, 04. Oktober </b>2025<br /><b>Samstag, 11. Oktober </b>2025<br /><b>Samstag, 25. Oktober </b>2025</p>
<p>Die Jugendlichen werden die Protagonisten einer unterhaltsamen und anregenden Reise sein, die es ihnen ermöglicht, hinter dem Schalter zu stehen, dem Bibliothekar bei der Ausleihe an die Benutzer, der Rückstellung der Bücher im Regal, der Suche nach den angeforderten Büchern sowie der Stempelung und Etikettierung der neuen literarischen Werke zu helfen. Am Ende des Kurses wird eine Bescheinigung zur Erinnerung an den angenehmen Tag ausgestellt.</p>
<p>Um die maximale Teilnahme an der Initiative zu ermöglichen, wird das Projekt am Samstag, den 20. September um 10:30 Uhr in der Stadtbibliothek der Öffentlichkeit vorgestellt.</p>
<p>Aktivitäten für Jungen</p>

<p>Eintritt frei Reservierung PFLICHTIG unter der Adresse: biblioteca@comune.fonzaso.bl.it Projekt Bibliothekar für einen Tag.Initiative für Kinder und Jugendliche im Alter von 7 bis 14 Jahren. Was macht ein Bibliothekar? Wie ist</p>

<!-- This site is optimized with the Yoast SEO plugin v25.7 - https://yoast.com/wordpress/plugins/seo/ -->
<title>Bibliotecario per un giorno - Dolomiti Prealpi</title>
<meta name="robots" content="index, follow, max-snippet:-1, max-image-preview:large, max-video-preview:-1" />
<link rel="canonical" href="https://www.dolomitiprealpi.it/de/event/bibliotecario-per-un-giorno-5/" />
<meta property="og:locale" content="de_DE" />
<meta property="og:type" content="article" />
<meta property="og:title" content="Bibliotecario per un giorno - Dolomiti Prealpi" />
<meta property="og:description" content="Eintritt frei Reservierung PFLICHTIG unter der Adresse: biblioteca@comune.fonzaso.bl.it Projekt Bibliothekar für einen Tag.Initiative für Kinder und Jugendliche im Alter von 7 bis 14 Jahren. Was macht ein Bibliothekar? Wie ist" />
<meta property="og:url" content="https://www.dolomitiprealpi.it/de/event/bibliotecario-per-un-giorno-5/" />
<meta property="og:site_name" content="Dolomiti Prealpi" />
<meta property="article:publisher" content="https://www.facebook.com/dolomitiprealpi.it/" />
<meta property="article:modified_time" content="2026-04-23T15:48:42+00:00" />
<meta property="og:image" content="https://www.dolomitiprealpi.it/wp-content/uploads/2022/11/C.-Timpone-Foto-archivio-Consorzio-turistico-Dolomiti-Prealpi-Nevegal-Belluno-Bike-18-2.jpg" />
	<meta property="og:image:width" content="2048" />
	<meta property="og:image:height" content="1888" />
	<meta property="og:image:type" content="image/jpeg" />
<meta name="twitter:card" content="summary_large_image" />
<meta name="twitter:label1" content="Est. reading time" />
	<meta name="twitter:data1" content="1 minute" />
<script type="application/ld+json" class="yoast-schema-graph">{"@context":"https://schema.org","@graph":[{"@type":"WebPage","@id":"https://www.dolomitiprealpi.it/de/event/bibliotecario-per-un-giorno-5/","url":"https://www.dolomitiprealpi.it/de/event/bibliotecario-per-un-giorno-5/","name":"Bibliotecario per un giorno - Dolomiti Prealpi","isPartOf":{"@id":"https://www.dolomitiprealpi.it/de/#website"},"datePublished":"2026-04-17T11:02:23+00:00","dateModified":"2026-04-23T15:48:42+00:00","breadcrumb":{"@id":"https://www.dolomitiprealpi.it/de/event/bibliotecario-per-un-giorno-5/#breadcrumb"},"inLanguage":"de-DE","potentialAction":[{"@type":"ReadAction","target":["https://www.dolomitiprealpi.it/de/event/bibliotecario-per-un-giorno-5/"]}]},{"@type":"BreadcrumbList","@id":"https://www.dolomitiprealpi.it/de/event/bibliotecario-per-un-giorno-5/#breadcrumb","itemListElement":[{"@type":"ListItem","position":1,"name":"Home","item":"https://www.dolomitiprealpi.it/de/"},{"@type":"ListItem","position":2,"name":"Veranstaltungen","item":"https://www.dolomitiprealpi.it/de/events/"},{"@type":"ListItem","position":3,"name":"Bibliotecario per un giorno"}]},{"@type":"WebSite","@id":"https://www.dolomitiprealpi.it/de/#website","url":"https://www.dolomitiprealpi.it/de/","name":"Dolomiti Prealpi","description":"","publisher":{"@id":"https://www.dolomitiprealpi.it/de/#organization"},"potentialAction":[{"@type":"SearchAction","target":{"@type":"EntryPoint","urlTemplate":"https://www.dolomitiprealpi.it/de/?s={search_term_string}"},"query-input":{"@type":"PropertyValueSpecification","valueRequired":true,"valueName":"search_term_string"}}],"inLanguage":"de-DE"},{"@type":"Organization","@id":"https://www.dolomitiprealpi.it/de/#organization","name":"Consorzio Dolomiti Prealpi","url":"https://www.dolomitiprealpi.it/de/","logo":{"@type":"ImageObject","inLanguage":"de-DE","@id":"https://www.dolomitiprealpi.it/de/#/schema/logo/image/","url":"https://www.dolomitiprealpi.it/wp-content/uploads/2023/03/dolomitiprealpi-favicon.jpg","contentUrl":"https://www.dolomitiprealpi.it/wp-content/uploads/2023/03/dolomitiprealpi-favicon.jpg","width":512,"height":512,"caption":"Consorzio Dolomiti Prealpi"},"image":{"@id":"https://www.dolomitiprealpi.it/de/#/schema/logo/image/"},"sameAs":["https://www.facebook.com/dolomitiprealpi.it/","https://www.instagram.com/dolomitiprealpi/"]}]}</script>
<!-- / Yoast SEO plugin. -->

Eintritt frei Reservierung PFLICHTIG unter der Adresse: biblioteca@comune.fonzaso.bl.it Projekt Bibliothekar für einen Tag.Initiative für Kinder und Jugendliche im Alter von 7 bis 14 Jahren. Was macht ein Bibliothekar? Wie ist
