{"id":82908,"date":"2025-12-29T10:36:01","date_gmt":"2025-12-29T09:36:01","guid":{"rendered":"https:\/\/www.dolomitiprealpi.it\/event\/centro-estivo-e-state-in-liberta\/"},"modified":"2026-01-24T19:40:34","modified_gmt":"2026-01-24T18:40:34","slug":"centro-estivo-e-state-in-liberta","status":"publish","type":"tribe_events","link":"https:\/\/www.dolomitiprealpi.it\/de\/event\/centro-estivo-e-state-in-liberta\/","title":{"rendered":"Centro estivo E-state in Libert\u00e0"},"content":{"rendered":"<p>Die \u00d6ffnungszeiten sind von 9:00 bis 14:30 von Montag bis Donnerstag und von 9:00 bis 16:30 am Freitag.<\/p>\n<p>Die Zeiten k\u00f6nnen an den beiden Ausflugstagen variieren.<\/p>\n<p><\/p>\n<p> Auch in diesem Jahr organisiert die Gemeinde Chies d&#8217;Alpago in Zusammenarbeit mit der Sozialen Genossenschaft CroceBlu das Sommerzentrum &#8220;E-state in Libert\u00e0&#8221;.<\/p>\n<p>Ein intelligentes Urlaubsangebot, das vom 8. bis 19. Juli f\u00fcr Kinder\/Jugendliche des letzten Jahres im Kindergarten, der Grundschule und der Sekundarstufe I im Alter von 5 bis 11 Jahren stattfinden wird.<\/p>\n<p>Das Sommercamp findet in der wundersch\u00f6nen Umgebung von Pian Formosa statt, die \u00fcber gro\u00dfe, gr\u00fcne Fl\u00e4chen verf\u00fcgt, frisch und vollst\u00e4ndig ausgestattet ist, um die kleinen Teilnehmer zu empfangen, sowie \u00fcber einen Mensa-Service im Agriturismo &#8220;Malga Pian Formosa&#8221;.<\/p>\n<p>Unser Angebot umfasst einen vollen Kalender mit Aktivit\u00e4ten, um die Freizeit mit Animationserlebnissen, Spielen, Handarbeiten und Naturausfl\u00fcgen in der Region zu gestalten. An den Freitagen sind zwei Ausfl\u00fcge vorgesehen, die noch festgelegt werden m\u00fcssen.<\/p>\n<p>Das Sommercamp steht allen Jugendlichen, die in der Gemeinde Chies d&#8217;Alpago wohnen, sowie den Jugendlichen, die die Schulen in der Gemeinde Chies d&#8217;Alpago besuchen, offen. Die maximale Teilnehmerzahl betr\u00e4gt 30, nach dem Prinzip &#8220;wer zuerst kommt, mahlt zuerst&#8221;. Es ist auch m\u00f6glich, Jugendliche aus anderen Gemeinden anzumelden.<\/p>\n","protected":false},"excerpt":{"rendered":"<p>Die \u00d6ffnungszeiten sind von 9:00 bis 14:30 von Montag bis Donnerstag und von 9:00 bis 16:30 am Freitag. Die Zeiten k\u00f6nnen an den beiden Ausflugstagen variieren. Auch in diesem Jahr<\/p>\n","protected":false},"author":0,"featured_media":0,"template":"","meta":{"_acf_changed":false,"inline_featured_image":false,"_tribe_events_status":"","_tribe_events_status_reason":"","footnotes":""},"tags":[259],"tribe_events_cat":[],"class_list":["post-82908","tribe_events","type-tribe_events","status-publish","hentry","tag-eventi-feratel"],"acf":[],"yoast_head":"<!-- This site is optimized with the Yoast SEO plugin v25.7 - https:\/\/yoast.com\/wordpress\/plugins\/seo\/ -->\n<title>Centro estivo E-state in Libert\u00e0 - Dolomiti Prealpi<\/title>\n<meta name=\"robots\" content=\"index, follow, max-snippet:-1, max-image-preview:large, max-video-preview:-1\" \/>\n<link rel=\"canonical\" href=\"https:\/\/www.dolomitiprealpi.it\/de\/event\/centro-estivo-e-state-in-liberta\/\" \/>\n<meta property=\"og:locale\" content=\"de_DE\" \/>\n<meta property=\"og:type\" content=\"article\" \/>\n<meta property=\"og:title\" content=\"Centro estivo E-state in Libert\u00e0 - Dolomiti Prealpi\" \/>\n<meta property=\"og:description\" content=\"Die \u00d6ffnungszeiten sind von 9:00 bis 14:30 von Montag bis Donnerstag und von 9:00 bis 16:30 am Freitag. Die Zeiten k\u00f6nnen an den beiden Ausflugstagen variieren. Auch in diesem Jahr\" \/>\n<meta property=\"og:url\" content=\"https:\/\/www.dolomitiprealpi.it\/de\/event\/centro-estivo-e-state-in-liberta\/\" \/>\n<meta property=\"og:site_name\" content=\"Dolomiti Prealpi\" \/>\n<meta property=\"article:publisher\" content=\"https:\/\/www.facebook.com\/dolomitiprealpi.it\/\" \/>\n<meta property=\"article:modified_time\" content=\"2026-01-24T18:40:34+00:00\" \/>\n<meta property=\"og:image\" content=\"https:\/\/www.dolomitiprealpi.it\/wp-content\/uploads\/2022\/11\/C.-Timpone-Foto-archivio-Consorzio-turistico-Dolomiti-Prealpi-Nevegal-Belluno-Bike-18-2.jpg\" \/>\n\t<meta property=\"og:image:width\" content=\"2048\" \/>\n\t<meta property=\"og:image:height\" content=\"1888\" \/>\n\t<meta property=\"og:image:type\" content=\"image\/jpeg\" \/>\n<meta name=\"twitter:card\" content=\"summary_large_image\" \/>\n<meta name=\"twitter:label1\" content=\"Est. reading time\" \/>\n\t<meta name=\"twitter:data1\" content=\"1 minute\" \/>\n<script type=\"application\/ld+json\" class=\"yoast-schema-graph\">{\"@context\":\"https:\/\/schema.org\",\"@graph\":[{\"@type\":\"WebPage\",\"@id\":\"https:\/\/www.dolomitiprealpi.it\/de\/event\/centro-estivo-e-state-in-liberta\/\",\"url\":\"https:\/\/www.dolomitiprealpi.it\/de\/event\/centro-estivo-e-state-in-liberta\/\",\"name\":\"Centro estivo E-state in Libert\u00e0 - Dolomiti Prealpi\",\"isPartOf\":{\"@id\":\"https:\/\/www.dolomitiprealpi.it\/de\/#website\"},\"datePublished\":\"2025-12-29T09:36:01+00:00\",\"dateModified\":\"2026-01-24T18:40:34+00:00\",\"breadcrumb\":{\"@id\":\"https:\/\/www.dolomitiprealpi.it\/de\/event\/centro-estivo-e-state-in-liberta\/#breadcrumb\"},\"inLanguage\":\"de-DE\",\"potentialAction\":[{\"@type\":\"ReadAction\",\"target\":[\"https:\/\/www.dolomitiprealpi.it\/de\/event\/centro-estivo-e-state-in-liberta\/\"]}]},{\"@type\":\"BreadcrumbList\",\"@id\":\"https:\/\/www.dolomitiprealpi.it\/de\/event\/centro-estivo-e-state-in-liberta\/#breadcrumb\",\"itemListElement\":[{\"@type\":\"ListItem\",\"position\":1,\"name\":\"Home\",\"item\":\"https:\/\/www.dolomitiprealpi.it\/de\/\"},{\"@type\":\"ListItem\",\"position\":2,\"name\":\"Veranstaltungen\",\"item\":\"https:\/\/www.dolomitiprealpi.it\/de\/events\/\"},{\"@type\":\"ListItem\",\"position\":3,\"name\":\"Centro estivo E-state in Libert\u00e0\"}]},{\"@type\":\"WebSite\",\"@id\":\"https:\/\/www.dolomitiprealpi.it\/de\/#website\",\"url\":\"https:\/\/www.dolomitiprealpi.it\/de\/\",\"name\":\"Dolomiti Prealpi\",\"description\":\"\",\"publisher\":{\"@id\":\"https:\/\/www.dolomitiprealpi.it\/de\/#organization\"},\"potentialAction\":[{\"@type\":\"SearchAction\",\"target\":{\"@type\":\"EntryPoint\",\"urlTemplate\":\"https:\/\/www.dolomitiprealpi.it\/de\/?s={search_term_string}\"},\"query-input\":{\"@type\":\"PropertyValueSpecification\",\"valueRequired\":true,\"valueName\":\"search_term_string\"}}],\"inLanguage\":\"de-DE\"},{\"@type\":\"Organization\",\"@id\":\"https:\/\/www.dolomitiprealpi.it\/de\/#organization\",\"name\":\"Consorzio Dolomiti Prealpi\",\"url\":\"https:\/\/www.dolomitiprealpi.it\/de\/\",\"logo\":{\"@type\":\"ImageObject\",\"inLanguage\":\"de-DE\",\"@id\":\"https:\/\/www.dolomitiprealpi.it\/de\/#\/schema\/logo\/image\/\",\"url\":\"https:\/\/www.dolomitiprealpi.it\/wp-content\/uploads\/2023\/03\/dolomitiprealpi-favicon.jpg\",\"contentUrl\":\"https:\/\/www.dolomitiprealpi.it\/wp-content\/uploads\/2023\/03\/dolomitiprealpi-favicon.jpg\",\"width\":512,\"height\":512,\"caption\":\"Consorzio Dolomiti Prealpi\"},\"image\":{\"@id\":\"https:\/\/www.dolomitiprealpi.it\/de\/#\/schema\/logo\/image\/\"},\"sameAs\":[\"https:\/\/www.facebook.com\/dolomitiprealpi.it\/\",\"https:\/\/www.instagram.com\/dolomitiprealpi\/\"]}]}<\/script>\n<!-- \/ Yoast SEO plugin. -->","yoast_head_json":{"title":"Centro estivo E-state in Libert\u00e0 - Dolomiti Prealpi","robots":{"index":"index","follow":"follow","max-snippet":"max-snippet:-1","max-image-preview":"max-image-preview:large","max-video-preview":"max-video-preview:-1"},"canonical":"https:\/\/www.dolomitiprealpi.it\/de\/event\/centro-estivo-e-state-in-liberta\/","og_locale":"de_DE","og_type":"article","og_title":"Centro estivo E-state in Libert\u00e0 - Dolomiti Prealpi","og_description":"Die \u00d6ffnungszeiten sind von 9:00 bis 14:30 von Montag bis Donnerstag und von 9:00 bis 16:30 am Freitag. Die Zeiten k\u00f6nnen an den beiden Ausflugstagen variieren. Auch in diesem Jahr","og_url":"https:\/\/www.dolomitiprealpi.it\/de\/event\/centro-estivo-e-state-in-liberta\/","og_site_name":"Dolomiti Prealpi","article_publisher":"https:\/\/www.facebook.com\/dolomitiprealpi.it\/","article_modified_time":"2026-01-24T18:40:34+00:00","og_image":[{"width":2048,"height":1888,"url":"https:\/\/www.dolomitiprealpi.it\/wp-content\/uploads\/2022\/11\/C.-Timpone-Foto-archivio-Consorzio-turistico-Dolomiti-Prealpi-Nevegal-Belluno-Bike-18-2.jpg","type":"image\/jpeg"}],"twitter_card":"summary_large_image","twitter_misc":{"Est. reading time":"1 minute"},"schema":{"@context":"https:\/\/schema.org","@graph":[{"@type":"WebPage","@id":"https:\/\/www.dolomitiprealpi.it\/de\/event\/centro-estivo-e-state-in-liberta\/","url":"https:\/\/www.dolomitiprealpi.it\/de\/event\/centro-estivo-e-state-in-liberta\/","name":"Centro estivo E-state in Libert\u00e0 - Dolomiti Prealpi","isPartOf":{"@id":"https:\/\/www.dolomitiprealpi.it\/de\/#website"},"datePublished":"2025-12-29T09:36:01+00:00","dateModified":"2026-01-24T18:40:34+00:00","breadcrumb":{"@id":"https:\/\/www.dolomitiprealpi.it\/de\/event\/centro-estivo-e-state-in-liberta\/#breadcrumb"},"inLanguage":"de-DE","potentialAction":[{"@type":"ReadAction","target":["https:\/\/www.dolomitiprealpi.it\/de\/event\/centro-estivo-e-state-in-liberta\/"]}]},{"@type":"BreadcrumbList","@id":"https:\/\/www.dolomitiprealpi.it\/de\/event\/centro-estivo-e-state-in-liberta\/#breadcrumb","itemListElement":[{"@type":"ListItem","position":1,"name":"Home","item":"https:\/\/www.dolomitiprealpi.it\/de\/"},{"@type":"ListItem","position":2,"name":"Veranstaltungen","item":"https:\/\/www.dolomitiprealpi.it\/de\/events\/"},{"@type":"ListItem","position":3,"name":"Centro estivo E-state in Libert\u00e0"}]},{"@type":"WebSite","@id":"https:\/\/www.dolomitiprealpi.it\/de\/#website","url":"https:\/\/www.dolomitiprealpi.it\/de\/","name":"Dolomiti Prealpi","description":"","publisher":{"@id":"https:\/\/www.dolomitiprealpi.it\/de\/#organization"},"potentialAction":[{"@type":"SearchAction","target":{"@type":"EntryPoint","urlTemplate":"https:\/\/www.dolomitiprealpi.it\/de\/?s={search_term_string}"},"query-input":{"@type":"PropertyValueSpecification","valueRequired":true,"valueName":"search_term_string"}}],"inLanguage":"de-DE"},{"@type":"Organization","@id":"https:\/\/www.dolomitiprealpi.it\/de\/#organization","name":"Consorzio Dolomiti Prealpi","url":"https:\/\/www.dolomitiprealpi.it\/de\/","logo":{"@type":"ImageObject","inLanguage":"de-DE","@id":"https:\/\/www.dolomitiprealpi.it\/de\/#\/schema\/logo\/image\/","url":"https:\/\/www.dolomitiprealpi.it\/wp-content\/uploads\/2023\/03\/dolomitiprealpi-favicon.jpg","contentUrl":"https:\/\/www.dolomitiprealpi.it\/wp-content\/uploads\/2023\/03\/dolomitiprealpi-favicon.jpg","width":512,"height":512,"caption":"Consorzio Dolomiti Prealpi"},"image":{"@id":"https:\/\/www.dolomitiprealpi.it\/de\/#\/schema\/logo\/image\/"},"sameAs":["https:\/\/www.facebook.com\/dolomitiprealpi.it\/","https:\/\/www.instagram.com\/dolomitiprealpi\/"]}]}},"_links":{"self":[{"href":"https:\/\/www.dolomitiprealpi.it\/de\/wp-json\/wp\/v2\/tribe_events\/82908","targetHints":{"allow":["GET"]}}],"collection":[{"href":"https:\/\/www.dolomitiprealpi.it\/de\/wp-json\/wp\/v2\/tribe_events"}],"about":[{"href":"https:\/\/www.dolomitiprealpi.it\/de\/wp-json\/wp\/v2\/types\/tribe_events"}],"version-history":[{"count":1,"href":"https:\/\/www.dolomitiprealpi.it\/de\/wp-json\/wp\/v2\/tribe_events\/82908\/revisions"}],"predecessor-version":[{"id":86771,"href":"https:\/\/www.dolomitiprealpi.it\/de\/wp-json\/wp\/v2\/tribe_events\/82908\/revisions\/86771"}],"wp:attachment":[{"href":"https:\/\/www.dolomitiprealpi.it\/de\/wp-json\/wp\/v2\/media?parent=82908"}],"wp:term":[{"taxonomy":"post_tag","embeddable":true,"href":"https:\/\/www.dolomitiprealpi.it\/de\/wp-json\/wp\/v2\/tags?post=82908"},{"taxonomy":"tribe_events_cat","embeddable":true,"href":"https:\/\/www.dolomitiprealpi.it\/de\/wp-json\/wp\/v2\/tribe_events_cat?post=82908"}],"curies":[{"name":"wp","href":"https:\/\/api.w.org\/{rel}","templated":true}]}}

Centro estivo E-state in Libertà

<p>Die Öffnungszeiten sind von 9:00 bis 14:30 von Montag bis Donnerstag und von 9:00 bis 16:30 am Freitag.</p>
<p>Die Zeiten können an den beiden Ausflugstagen variieren.</p>
<p></p>
<p> Auch in diesem Jahr organisiert die Gemeinde Chies d&#8217;Alpago in Zusammenarbeit mit der Sozialen Genossenschaft CroceBlu das Sommerzentrum &#8220;E-state in Libertà&#8221;.</p>
<p>Ein intelligentes Urlaubsangebot, das vom 8. bis 19. Juli für Kinder/Jugendliche des letzten Jahres im Kindergarten, der Grundschule und der Sekundarstufe I im Alter von 5 bis 11 Jahren stattfinden wird.</p>
<p>Das Sommercamp findet in der wunderschönen Umgebung von Pian Formosa statt, die über große, grüne Flächen verfügt, frisch und vollständig ausgestattet ist, um die kleinen Teilnehmer zu empfangen, sowie über einen Mensa-Service im Agriturismo &#8220;Malga Pian Formosa&#8221;.</p>
<p>Unser Angebot umfasst einen vollen Kalender mit Aktivitäten, um die Freizeit mit Animationserlebnissen, Spielen, Handarbeiten und Naturausflügen in der Region zu gestalten. An den Freitagen sind zwei Ausflüge vorgesehen, die noch festgelegt werden müssen.</p>
<p>Das Sommercamp steht allen Jugendlichen, die in der Gemeinde Chies d&#8217;Alpago wohnen, sowie den Jugendlichen, die die Schulen in der Gemeinde Chies d&#8217;Alpago besuchen, offen. Die maximale Teilnehmerzahl beträgt 30, nach dem Prinzip &#8220;wer zuerst kommt, mahlt zuerst&#8221;. Es ist auch möglich, Jugendliche aus anderen Gemeinden anzumelden.</p>

<p>Die Öffnungszeiten sind von 9:00 bis 14:30 von Montag bis Donnerstag und von 9:00 bis 16:30 am Freitag. Die Zeiten können an den beiden Ausflugstagen variieren. Auch in diesem Jahr</p>

<!-- This site is optimized with the Yoast SEO plugin v25.7 - https://yoast.com/wordpress/plugins/seo/ -->
<title>Centro estivo E-state in Libertà - Dolomiti Prealpi</title>
<meta name="robots" content="index, follow, max-snippet:-1, max-image-preview:large, max-video-preview:-1" />
<link rel="canonical" href="https://www.dolomitiprealpi.it/de/event/centro-estivo-e-state-in-liberta/" />
<meta property="og:locale" content="de_DE" />
<meta property="og:type" content="article" />
<meta property="og:title" content="Centro estivo E-state in Libertà - Dolomiti Prealpi" />
<meta property="og:description" content="Die Öffnungszeiten sind von 9:00 bis 14:30 von Montag bis Donnerstag und von 9:00 bis 16:30 am Freitag. Die Zeiten können an den beiden Ausflugstagen variieren. Auch in diesem Jahr" />
<meta property="og:url" content="https://www.dolomitiprealpi.it/de/event/centro-estivo-e-state-in-liberta/" />
<meta property="og:site_name" content="Dolomiti Prealpi" />
<meta property="article:publisher" content="https://www.facebook.com/dolomitiprealpi.it/" />
<meta property="article:modified_time" content="2026-01-24T18:40:34+00:00" />
<meta property="og:image" content="https://www.dolomitiprealpi.it/wp-content/uploads/2022/11/C.-Timpone-Foto-archivio-Consorzio-turistico-Dolomiti-Prealpi-Nevegal-Belluno-Bike-18-2.jpg" />
	<meta property="og:image:width" content="2048" />
	<meta property="og:image:height" content="1888" />
	<meta property="og:image:type" content="image/jpeg" />
<meta name="twitter:card" content="summary_large_image" />
<meta name="twitter:label1" content="Est. reading time" />
	<meta name="twitter:data1" content="1 minute" />
<script type="application/ld+json" class="yoast-schema-graph">{"@context":"https://schema.org","@graph":[{"@type":"WebPage","@id":"https://www.dolomitiprealpi.it/de/event/centro-estivo-e-state-in-liberta/","url":"https://www.dolomitiprealpi.it/de/event/centro-estivo-e-state-in-liberta/","name":"Centro estivo E-state in Libertà - Dolomiti Prealpi","isPartOf":{"@id":"https://www.dolomitiprealpi.it/de/#website"},"datePublished":"2025-12-29T09:36:01+00:00","dateModified":"2026-01-24T18:40:34+00:00","breadcrumb":{"@id":"https://www.dolomitiprealpi.it/de/event/centro-estivo-e-state-in-liberta/#breadcrumb"},"inLanguage":"de-DE","potentialAction":[{"@type":"ReadAction","target":["https://www.dolomitiprealpi.it/de/event/centro-estivo-e-state-in-liberta/"]}]},{"@type":"BreadcrumbList","@id":"https://www.dolomitiprealpi.it/de/event/centro-estivo-e-state-in-liberta/#breadcrumb","itemListElement":[{"@type":"ListItem","position":1,"name":"Home","item":"https://www.dolomitiprealpi.it/de/"},{"@type":"ListItem","position":2,"name":"Veranstaltungen","item":"https://www.dolomitiprealpi.it/de/events/"},{"@type":"ListItem","position":3,"name":"Centro estivo E-state in Libertà"}]},{"@type":"WebSite","@id":"https://www.dolomitiprealpi.it/de/#website","url":"https://www.dolomitiprealpi.it/de/","name":"Dolomiti Prealpi","description":"","publisher":{"@id":"https://www.dolomitiprealpi.it/de/#organization"},"potentialAction":[{"@type":"SearchAction","target":{"@type":"EntryPoint","urlTemplate":"https://www.dolomitiprealpi.it/de/?s={search_term_string}"},"query-input":{"@type":"PropertyValueSpecification","valueRequired":true,"valueName":"search_term_string"}}],"inLanguage":"de-DE"},{"@type":"Organization","@id":"https://www.dolomitiprealpi.it/de/#organization","name":"Consorzio Dolomiti Prealpi","url":"https://www.dolomitiprealpi.it/de/","logo":{"@type":"ImageObject","inLanguage":"de-DE","@id":"https://www.dolomitiprealpi.it/de/#/schema/logo/image/","url":"https://www.dolomitiprealpi.it/wp-content/uploads/2023/03/dolomitiprealpi-favicon.jpg","contentUrl":"https://www.dolomitiprealpi.it/wp-content/uploads/2023/03/dolomitiprealpi-favicon.jpg","width":512,"height":512,"caption":"Consorzio Dolomiti Prealpi"},"image":{"@id":"https://www.dolomitiprealpi.it/de/#/schema/logo/image/"},"sameAs":["https://www.facebook.com/dolomitiprealpi.it/","https://www.instagram.com/dolomitiprealpi/"]}]}</script>
<!-- / Yoast SEO plugin. -->

Centro estivo E-state in Libertà - Dolomiti Prealpi

Die Öffnungszeiten sind von 9:00 bis 14:30 von Montag bis Donnerstag und von 9:00 bis 16:30 am Freitag. Die Zeiten können an den beiden Ausflugstagen variieren. Auch in diesem Jahr
