{"id":82892,"date":"2025-08-30T13:43:02","date_gmt":"2025-08-30T11:43:02","guid":{"rendered":"https:\/\/www.dolomitiprealpi.it\/event\/news-talk-vincenzo-schettini\/"},"modified":"2025-09-21T13:20:05","modified_gmt":"2025-09-21T11:20:05","slug":"news-talk-vincenzo-schettini","status":"publish","type":"tribe_events","link":"https:\/\/www.dolomitiprealpi.it\/de\/event\/news-talk-vincenzo-schettini\/","title":{"rendered":"News &#038; Talk &#8211; Vincenzo Schettini"},"content":{"rendered":"<p>AUDITORIUM INSTITUT CANOSSIANO&nbsp; \u2013 Via Monte Grappa, 1<\/p>\n<\/p>\n<p><b>\u2192 15:00 Uhr<\/b><br \/><b>Vincenzo Schettini<\/b><\/p>\n<p><b><i>Die Kraft des Wissens<\/i><\/b><\/p>\n<p>Der wissenschaftliche Ansatz, das Studium und das Wissen werden entscheidend, um die gro\u00dfen aktuellen Herausforderungen anzugehen, wie diejenigen, die mit der Umwelt, Ungleichheiten, Desinformation und sozialer Isolation verbunden sind&#8230; Eine gebildete Person zu werden, bereitet uns darauf vor, die Komplexit\u00e4t der Realit\u00e4t zu erkennen und zu bew\u00e4ltigen, andere zu verstehen und zu respektieren und kritisches Denken zu entwickeln. Prof. Schettini wird uns auf eine besondere immersive Erfahrung mitnehmen und demonstrieren, wie Wissen zu einer treibenden und motivierenden Kraft werden kann, Chancen zum Lernen, Wachsen und Tr\u00e4umen zu schaffen. Wissen ist eine kollektive Handlung, die den Beitrag aller ben\u00f6tigt und von allen Information, Bewusstsein und Verantwortung verlangt. <\/p>\n<p><b>Vincenzo Schettini <\/b>ist Physiker, Musiker, Schriftsteller, aber vor allem ein prof influencer. Er hat Violine und Musikp\u00e4dagogik studiert und anschlie\u00dfend Physik abgeschlossen. Die beiden Seelen, die k\u00fcnstlerische und die wissenschaftliche, haben sich in der Idee vereint, Physik von einem Konzept zu echtem Entertainment zu machen, indem sie den Effekt der Musik auf der B\u00fchne nachahmen. Er leitet die Gospelgruppe &#8220;Wanted Chorus&#8221; und unterrichtet Physik an Schulen, wobei er sie online unter dem Pseudonym &#8220;LA Fisica Che Ci Piace&#8221; verbreitet. Sein erstes Buch, &#8220;Die Physik, die wir m\u00f6gen&#8221;, geh\u00f6rt 2022 zu den Top 10 der meistverkauften Sachb\u00fccher. In dem k\u00fcrzlich erschienenen &#8220;Ci vuole un fisico bestiale&#8221; malt er eine wunderbare Raum-Zeit-Reise und untersucht das Leben und die wissenschaftlichen Entdeckungen der 7 &#8220;pop&#8221; Physiker der Geschichte, und zeigt, wie viel Menschlichkeit, Unvollkommenheit und Verwundbarkeit jeder von ihnen mit der Welt geteilt hat. Ab Dezember 2023 bringt er eine wunderbare Physiklektion in die italienischen Theater und ab April 2024 beginnt er auf Raidue mit der Moderation des Programms &#8220;Die Physik der Liebe&#8221;, das die Komplexit\u00e4t menschlicher Gef\u00fchle durch die Gewissheiten der Wissenschaft erforscht. <\/p>\n<p>Eine Reihe von unvergesslichen Terminen, um aktuelle Themen mit Experten und Protagonisten zu entdecken, zu vertiefen und zu diskutieren.<\/p>\n","protected":false},"excerpt":{"rendered":"<p>AUDITORIUM INSTITUT CANOSSIANO&nbsp; \u2013 Via Monte Grappa, 1 \u2192 15:00 UhrVincenzo Schettini Die Kraft des Wissens Der wissenschaftliche Ansatz, das Studium und das Wissen werden entscheidend, um die gro\u00dfen aktuellen<\/p>\n","protected":false},"author":0,"featured_media":0,"template":"","meta":{"_acf_changed":false,"inline_featured_image":false,"_tribe_events_status":"","_tribe_events_status_reason":"","footnotes":""},"tags":[259],"tribe_events_cat":[],"class_list":["post-82892","tribe_events","type-tribe_events","status-publish","hentry","tag-eventi-feratel"],"acf":[],"yoast_head":"<!-- This site is optimized with the Yoast SEO plugin v25.7 - https:\/\/yoast.com\/wordpress\/plugins\/seo\/ -->\n<title>News &amp; Talk - Vincenzo Schettini - Dolomiti Prealpi<\/title>\n<meta name=\"robots\" content=\"index, follow, max-snippet:-1, max-image-preview:large, max-video-preview:-1\" \/>\n<link rel=\"canonical\" href=\"https:\/\/www.dolomitiprealpi.it\/de\/event\/news-talk-vincenzo-schettini\/\" \/>\n<meta property=\"og:locale\" content=\"de_DE\" \/>\n<meta property=\"og:type\" content=\"article\" \/>\n<meta property=\"og:title\" content=\"News &amp; Talk - Vincenzo Schettini - Dolomiti Prealpi\" \/>\n<meta property=\"og:description\" content=\"AUDITORIUM INSTITUT CANOSSIANO&nbsp; \u2013 Via Monte Grappa, 1 \u2192 15:00 UhrVincenzo Schettini Die Kraft des Wissens Der wissenschaftliche Ansatz, das Studium und das Wissen werden entscheidend, um die gro\u00dfen aktuellen\" \/>\n<meta property=\"og:url\" content=\"https:\/\/www.dolomitiprealpi.it\/de\/event\/news-talk-vincenzo-schettini\/\" \/>\n<meta property=\"og:site_name\" content=\"Dolomiti Prealpi\" \/>\n<meta property=\"article:publisher\" content=\"https:\/\/www.facebook.com\/dolomitiprealpi.it\/\" \/>\n<meta property=\"article:modified_time\" content=\"2025-09-21T11:20:05+00:00\" \/>\n<meta property=\"og:image\" content=\"https:\/\/www.dolomitiprealpi.it\/wp-content\/uploads\/2022\/11\/C.-Timpone-Foto-archivio-Consorzio-turistico-Dolomiti-Prealpi-Nevegal-Belluno-Bike-18-2.jpg\" \/>\n\t<meta property=\"og:image:width\" content=\"2048\" \/>\n\t<meta property=\"og:image:height\" content=\"1888\" \/>\n\t<meta property=\"og:image:type\" content=\"image\/jpeg\" \/>\n<meta name=\"twitter:card\" content=\"summary_large_image\" \/>\n<meta name=\"twitter:label1\" content=\"Est. reading time\" \/>\n\t<meta name=\"twitter:data1\" content=\"2 minutes\" \/>\n<script type=\"application\/ld+json\" class=\"yoast-schema-graph\">{\"@context\":\"https:\/\/schema.org\",\"@graph\":[{\"@type\":\"WebPage\",\"@id\":\"https:\/\/www.dolomitiprealpi.it\/de\/event\/news-talk-vincenzo-schettini\/\",\"url\":\"https:\/\/www.dolomitiprealpi.it\/de\/event\/news-talk-vincenzo-schettini\/\",\"name\":\"News & Talk - Vincenzo Schettini - Dolomiti Prealpi\",\"isPartOf\":{\"@id\":\"https:\/\/www.dolomitiprealpi.it\/de\/#website\"},\"datePublished\":\"2025-08-30T11:43:02+00:00\",\"dateModified\":\"2025-09-21T11:20:05+00:00\",\"breadcrumb\":{\"@id\":\"https:\/\/www.dolomitiprealpi.it\/de\/event\/news-talk-vincenzo-schettini\/#breadcrumb\"},\"inLanguage\":\"de-DE\",\"potentialAction\":[{\"@type\":\"ReadAction\",\"target\":[\"https:\/\/www.dolomitiprealpi.it\/de\/event\/news-talk-vincenzo-schettini\/\"]}]},{\"@type\":\"BreadcrumbList\",\"@id\":\"https:\/\/www.dolomitiprealpi.it\/de\/event\/news-talk-vincenzo-schettini\/#breadcrumb\",\"itemListElement\":[{\"@type\":\"ListItem\",\"position\":1,\"name\":\"Home\",\"item\":\"https:\/\/www.dolomitiprealpi.it\/de\/\"},{\"@type\":\"ListItem\",\"position\":2,\"name\":\"Veranstaltungen\",\"item\":\"https:\/\/www.dolomitiprealpi.it\/de\/events\/\"},{\"@type\":\"ListItem\",\"position\":3,\"name\":\"News &#038; Talk &#8211; Vincenzo Schettini\"}]},{\"@type\":\"WebSite\",\"@id\":\"https:\/\/www.dolomitiprealpi.it\/de\/#website\",\"url\":\"https:\/\/www.dolomitiprealpi.it\/de\/\",\"name\":\"Dolomiti Prealpi\",\"description\":\"\",\"publisher\":{\"@id\":\"https:\/\/www.dolomitiprealpi.it\/de\/#organization\"},\"potentialAction\":[{\"@type\":\"SearchAction\",\"target\":{\"@type\":\"EntryPoint\",\"urlTemplate\":\"https:\/\/www.dolomitiprealpi.it\/de\/?s={search_term_string}\"},\"query-input\":{\"@type\":\"PropertyValueSpecification\",\"valueRequired\":true,\"valueName\":\"search_term_string\"}}],\"inLanguage\":\"de-DE\"},{\"@type\":\"Organization\",\"@id\":\"https:\/\/www.dolomitiprealpi.it\/de\/#organization\",\"name\":\"Consorzio Dolomiti Prealpi\",\"url\":\"https:\/\/www.dolomitiprealpi.it\/de\/\",\"logo\":{\"@type\":\"ImageObject\",\"inLanguage\":\"de-DE\",\"@id\":\"https:\/\/www.dolomitiprealpi.it\/de\/#\/schema\/logo\/image\/\",\"url\":\"https:\/\/www.dolomitiprealpi.it\/wp-content\/uploads\/2023\/03\/dolomitiprealpi-favicon.jpg\",\"contentUrl\":\"https:\/\/www.dolomitiprealpi.it\/wp-content\/uploads\/2023\/03\/dolomitiprealpi-favicon.jpg\",\"width\":512,\"height\":512,\"caption\":\"Consorzio Dolomiti Prealpi\"},\"image\":{\"@id\":\"https:\/\/www.dolomitiprealpi.it\/de\/#\/schema\/logo\/image\/\"},\"sameAs\":[\"https:\/\/www.facebook.com\/dolomitiprealpi.it\/\",\"https:\/\/www.instagram.com\/dolomitiprealpi\/\"]}]}<\/script>\n<!-- \/ Yoast SEO plugin. -->","yoast_head_json":{"title":"News & Talk - Vincenzo Schettini - Dolomiti Prealpi","robots":{"index":"index","follow":"follow","max-snippet":"max-snippet:-1","max-image-preview":"max-image-preview:large","max-video-preview":"max-video-preview:-1"},"canonical":"https:\/\/www.dolomitiprealpi.it\/de\/event\/news-talk-vincenzo-schettini\/","og_locale":"de_DE","og_type":"article","og_title":"News & Talk - Vincenzo Schettini - Dolomiti Prealpi","og_description":"AUDITORIUM INSTITUT CANOSSIANO&nbsp; \u2013 Via Monte Grappa, 1 \u2192 15:00 UhrVincenzo Schettini Die Kraft des Wissens Der wissenschaftliche Ansatz, das Studium und das Wissen werden entscheidend, um die gro\u00dfen aktuellen","og_url":"https:\/\/www.dolomitiprealpi.it\/de\/event\/news-talk-vincenzo-schettini\/","og_site_name":"Dolomiti Prealpi","article_publisher":"https:\/\/www.facebook.com\/dolomitiprealpi.it\/","article_modified_time":"2025-09-21T11:20:05+00:00","og_image":[{"width":2048,"height":1888,"url":"https:\/\/www.dolomitiprealpi.it\/wp-content\/uploads\/2022\/11\/C.-Timpone-Foto-archivio-Consorzio-turistico-Dolomiti-Prealpi-Nevegal-Belluno-Bike-18-2.jpg","type":"image\/jpeg"}],"twitter_card":"summary_large_image","twitter_misc":{"Est. reading time":"2 minutes"},"schema":{"@context":"https:\/\/schema.org","@graph":[{"@type":"WebPage","@id":"https:\/\/www.dolomitiprealpi.it\/de\/event\/news-talk-vincenzo-schettini\/","url":"https:\/\/www.dolomitiprealpi.it\/de\/event\/news-talk-vincenzo-schettini\/","name":"News & Talk - Vincenzo Schettini - Dolomiti Prealpi","isPartOf":{"@id":"https:\/\/www.dolomitiprealpi.it\/de\/#website"},"datePublished":"2025-08-30T11:43:02+00:00","dateModified":"2025-09-21T11:20:05+00:00","breadcrumb":{"@id":"https:\/\/www.dolomitiprealpi.it\/de\/event\/news-talk-vincenzo-schettini\/#breadcrumb"},"inLanguage":"de-DE","potentialAction":[{"@type":"ReadAction","target":["https:\/\/www.dolomitiprealpi.it\/de\/event\/news-talk-vincenzo-schettini\/"]}]},{"@type":"BreadcrumbList","@id":"https:\/\/www.dolomitiprealpi.it\/de\/event\/news-talk-vincenzo-schettini\/#breadcrumb","itemListElement":[{"@type":"ListItem","position":1,"name":"Home","item":"https:\/\/www.dolomitiprealpi.it\/de\/"},{"@type":"ListItem","position":2,"name":"Veranstaltungen","item":"https:\/\/www.dolomitiprealpi.it\/de\/events\/"},{"@type":"ListItem","position":3,"name":"News &#038; Talk &#8211; Vincenzo Schettini"}]},{"@type":"WebSite","@id":"https:\/\/www.dolomitiprealpi.it\/de\/#website","url":"https:\/\/www.dolomitiprealpi.it\/de\/","name":"Dolomiti Prealpi","description":"","publisher":{"@id":"https:\/\/www.dolomitiprealpi.it\/de\/#organization"},"potentialAction":[{"@type":"SearchAction","target":{"@type":"EntryPoint","urlTemplate":"https:\/\/www.dolomitiprealpi.it\/de\/?s={search_term_string}"},"query-input":{"@type":"PropertyValueSpecification","valueRequired":true,"valueName":"search_term_string"}}],"inLanguage":"de-DE"},{"@type":"Organization","@id":"https:\/\/www.dolomitiprealpi.it\/de\/#organization","name":"Consorzio Dolomiti Prealpi","url":"https:\/\/www.dolomitiprealpi.it\/de\/","logo":{"@type":"ImageObject","inLanguage":"de-DE","@id":"https:\/\/www.dolomitiprealpi.it\/de\/#\/schema\/logo\/image\/","url":"https:\/\/www.dolomitiprealpi.it\/wp-content\/uploads\/2023\/03\/dolomitiprealpi-favicon.jpg","contentUrl":"https:\/\/www.dolomitiprealpi.it\/wp-content\/uploads\/2023\/03\/dolomitiprealpi-favicon.jpg","width":512,"height":512,"caption":"Consorzio Dolomiti Prealpi"},"image":{"@id":"https:\/\/www.dolomitiprealpi.it\/de\/#\/schema\/logo\/image\/"},"sameAs":["https:\/\/www.facebook.com\/dolomitiprealpi.it\/","https:\/\/www.instagram.com\/dolomitiprealpi\/"]}]}},"_links":{"self":[{"href":"https:\/\/www.dolomitiprealpi.it\/de\/wp-json\/wp\/v2\/tribe_events\/82892","targetHints":{"allow":["GET"]}}],"collection":[{"href":"https:\/\/www.dolomitiprealpi.it\/de\/wp-json\/wp\/v2\/tribe_events"}],"about":[{"href":"https:\/\/www.dolomitiprealpi.it\/de\/wp-json\/wp\/v2\/types\/tribe_events"}],"version-history":[{"count":1,"href":"https:\/\/www.dolomitiprealpi.it\/de\/wp-json\/wp\/v2\/tribe_events\/82892\/revisions"}],"predecessor-version":[{"id":86762,"href":"https:\/\/www.dolomitiprealpi.it\/de\/wp-json\/wp\/v2\/tribe_events\/82892\/revisions\/86762"}],"wp:attachment":[{"href":"https:\/\/www.dolomitiprealpi.it\/de\/wp-json\/wp\/v2\/media?parent=82892"}],"wp:term":[{"taxonomy":"post_tag","embeddable":true,"href":"https:\/\/www.dolomitiprealpi.it\/de\/wp-json\/wp\/v2\/tags?post=82892"},{"taxonomy":"tribe_events_cat","embeddable":true,"href":"https:\/\/www.dolomitiprealpi.it\/de\/wp-json\/wp\/v2\/tribe_events_cat?post=82892"}],"curies":[{"name":"wp","href":"https:\/\/api.w.org\/{rel}","templated":true}]}}

<p>AUDITORIUM INSTITUT CANOSSIANO&nbsp; – Via Monte Grappa, 1</p>
</p>
<p><b>→ 15:00 Uhr</b><br /><b>Vincenzo Schettini</b></p>
<p><b><i>Die Kraft des Wissens</i></b></p>
<p>Der wissenschaftliche Ansatz, das Studium und das Wissen werden entscheidend, um die großen aktuellen Herausforderungen anzugehen, wie diejenigen, die mit der Umwelt, Ungleichheiten, Desinformation und sozialer Isolation verbunden sind&#8230; Eine gebildete Person zu werden, bereitet uns darauf vor, die Komplexität der Realität zu erkennen und zu bewältigen, andere zu verstehen und zu respektieren und kritisches Denken zu entwickeln. Prof. Schettini wird uns auf eine besondere immersive Erfahrung mitnehmen und demonstrieren, wie Wissen zu einer treibenden und motivierenden Kraft werden kann, Chancen zum Lernen, Wachsen und Träumen zu schaffen. Wissen ist eine kollektive Handlung, die den Beitrag aller benötigt und von allen Information, Bewusstsein und Verantwortung verlangt. </p>
<p><b>Vincenzo Schettini </b>ist Physiker, Musiker, Schriftsteller, aber vor allem ein prof influencer. Er hat Violine und Musikpädagogik studiert und anschließend Physik abgeschlossen. Die beiden Seelen, die künstlerische und die wissenschaftliche, haben sich in der Idee vereint, Physik von einem Konzept zu echtem Entertainment zu machen, indem sie den Effekt der Musik auf der Bühne nachahmen. Er leitet die Gospelgruppe &#8220;Wanted Chorus&#8221; und unterrichtet Physik an Schulen, wobei er sie online unter dem Pseudonym &#8220;LA Fisica Che Ci Piace&#8221; verbreitet. Sein erstes Buch, &#8220;Die Physik, die wir mögen&#8221;, gehört 2022 zu den Top 10 der meistverkauften Sachbücher. In dem kürzlich erschienenen &#8220;Ci vuole un fisico bestiale&#8221; malt er eine wunderbare Raum-Zeit-Reise und untersucht das Leben und die wissenschaftlichen Entdeckungen der 7 &#8220;pop&#8221; Physiker der Geschichte, und zeigt, wie viel Menschlichkeit, Unvollkommenheit und Verwundbarkeit jeder von ihnen mit der Welt geteilt hat. Ab Dezember 2023 bringt er eine wunderbare Physiklektion in die italienischen Theater und ab April 2024 beginnt er auf Raidue mit der Moderation des Programms &#8220;Die Physik der Liebe&#8221;, das die Komplexität menschlicher Gefühle durch die Gewissheiten der Wissenschaft erforscht. </p>
<p>Eine Reihe von unvergesslichen Terminen, um aktuelle Themen mit Experten und Protagonisten zu entdecken, zu vertiefen und zu diskutieren.</p>

<p>AUDITORIUM INSTITUT CANOSSIANO&nbsp; – Via Monte Grappa, 1 → 15:00 UhrVincenzo Schettini Die Kraft des Wissens Der wissenschaftliche Ansatz, das Studium und das Wissen werden entscheidend, um die großen aktuellen</p>

<!-- This site is optimized with the Yoast SEO plugin v25.7 - https://yoast.com/wordpress/plugins/seo/ -->
<title>News &amp; Talk - Vincenzo Schettini - Dolomiti Prealpi</title>
<meta name="robots" content="index, follow, max-snippet:-1, max-image-preview:large, max-video-preview:-1" />
<link rel="canonical" href="https://www.dolomitiprealpi.it/de/event/news-talk-vincenzo-schettini/" />
<meta property="og:locale" content="de_DE" />
<meta property="og:type" content="article" />
<meta property="og:title" content="News &amp; Talk - Vincenzo Schettini - Dolomiti Prealpi" />
<meta property="og:description" content="AUDITORIUM INSTITUT CANOSSIANO&nbsp; – Via Monte Grappa, 1 → 15:00 UhrVincenzo Schettini Die Kraft des Wissens Der wissenschaftliche Ansatz, das Studium und das Wissen werden entscheidend, um die großen aktuellen" />
<meta property="og:url" content="https://www.dolomitiprealpi.it/de/event/news-talk-vincenzo-schettini/" />
<meta property="og:site_name" content="Dolomiti Prealpi" />
<meta property="article:publisher" content="https://www.facebook.com/dolomitiprealpi.it/" />
<meta property="article:modified_time" content="2025-09-21T11:20:05+00:00" />
<meta property="og:image" content="https://www.dolomitiprealpi.it/wp-content/uploads/2022/11/C.-Timpone-Foto-archivio-Consorzio-turistico-Dolomiti-Prealpi-Nevegal-Belluno-Bike-18-2.jpg" />
	<meta property="og:image:width" content="2048" />
	<meta property="og:image:height" content="1888" />
	<meta property="og:image:type" content="image/jpeg" />
<meta name="twitter:card" content="summary_large_image" />
<meta name="twitter:label1" content="Est. reading time" />
	<meta name="twitter:data1" content="2 minutes" />
<script type="application/ld+json" class="yoast-schema-graph">{"@context":"https://schema.org","@graph":[{"@type":"WebPage","@id":"https://www.dolomitiprealpi.it/de/event/news-talk-vincenzo-schettini/","url":"https://www.dolomitiprealpi.it/de/event/news-talk-vincenzo-schettini/","name":"News & Talk - Vincenzo Schettini - Dolomiti Prealpi","isPartOf":{"@id":"https://www.dolomitiprealpi.it/de/#website"},"datePublished":"2025-08-30T11:43:02+00:00","dateModified":"2025-09-21T11:20:05+00:00","breadcrumb":{"@id":"https://www.dolomitiprealpi.it/de/event/news-talk-vincenzo-schettini/#breadcrumb"},"inLanguage":"de-DE","potentialAction":[{"@type":"ReadAction","target":["https://www.dolomitiprealpi.it/de/event/news-talk-vincenzo-schettini/"]}]},{"@type":"BreadcrumbList","@id":"https://www.dolomitiprealpi.it/de/event/news-talk-vincenzo-schettini/#breadcrumb","itemListElement":[{"@type":"ListItem","position":1,"name":"Home","item":"https://www.dolomitiprealpi.it/de/"},{"@type":"ListItem","position":2,"name":"Veranstaltungen","item":"https://www.dolomitiprealpi.it/de/events/"},{"@type":"ListItem","position":3,"name":"News &#038; Talk &#8211; Vincenzo Schettini"}]},{"@type":"WebSite","@id":"https://www.dolomitiprealpi.it/de/#website","url":"https://www.dolomitiprealpi.it/de/","name":"Dolomiti Prealpi","description":"","publisher":{"@id":"https://www.dolomitiprealpi.it/de/#organization"},"potentialAction":[{"@type":"SearchAction","target":{"@type":"EntryPoint","urlTemplate":"https://www.dolomitiprealpi.it/de/?s={search_term_string}"},"query-input":{"@type":"PropertyValueSpecification","valueRequired":true,"valueName":"search_term_string"}}],"inLanguage":"de-DE"},{"@type":"Organization","@id":"https://www.dolomitiprealpi.it/de/#organization","name":"Consorzio Dolomiti Prealpi","url":"https://www.dolomitiprealpi.it/de/","logo":{"@type":"ImageObject","inLanguage":"de-DE","@id":"https://www.dolomitiprealpi.it/de/#/schema/logo/image/","url":"https://www.dolomitiprealpi.it/wp-content/uploads/2023/03/dolomitiprealpi-favicon.jpg","contentUrl":"https://www.dolomitiprealpi.it/wp-content/uploads/2023/03/dolomitiprealpi-favicon.jpg","width":512,"height":512,"caption":"Consorzio Dolomiti Prealpi"},"image":{"@id":"https://www.dolomitiprealpi.it/de/#/schema/logo/image/"},"sameAs":["https://www.facebook.com/dolomitiprealpi.it/","https://www.instagram.com/dolomitiprealpi/"]}]}</script>
<!-- / Yoast SEO plugin. -->

AUDITORIUM INSTITUT CANOSSIANO&nbsp; – Via Monte Grappa, 1 → 15:00 UhrVincenzo Schettini Die Kraft des Wissens Der wissenschaftliche Ansatz, das Studium und das Wissen werden entscheidend, um die großen aktuellen
