{"id":82680,"date":"2026-02-15T12:01:11","date_gmt":"2026-02-15T11:01:11","guid":{"rendered":"https:\/\/www.dolomitiprealpi.it\/event\/i-danni-del-tabacco\/"},"modified":"2026-03-20T12:41:40","modified_gmt":"2026-03-20T11:41:40","slug":"i-danni-del-tabacco","status":"publish","type":"tribe_events","link":"https:\/\/www.dolomitiprealpi.it\/de\/event\/i-danni-del-tabacco\/","title":{"rendered":"I danni del tabacco"},"content":{"rendered":"<p>EINGANG: 10 Euro<\/p>\n<p>F\u00dcR INFOS UND RESERVIERUNGEN: &nbsp;<b>www.dolomitihub.it<\/b><\/p>\n<p>Die SCH\u00c4DEN DES TABAKS. SICH ZU BEGN\u00dcGEN SCHADEN DER GESUNDHEIT ERHEBLICH<\/p>\n<p>Theaterst\u00fcck von und mit Sebastiano Boschiero und Sara Cognigni. Text frei adaptiert von Anton Tschechow.<\/p>\n<p>Gewinner des Zapping Teatrale 2025<\/p>\n<p>Ein humoristisches und scharfsinniges Monolog gibt einer Professor Stimme, der eingeladen wird, eine Konferenz \u00fcber die Sch\u00e4den des Tabaks zu halten, und dabei etwas von sich und vielleicht von uns offenbart: das Verlangen nach wahrer Freiheit.<\/p>\n<p>Theaterauff\u00fchrung<\/p>\n","protected":false},"excerpt":{"rendered":"<p>EINGANG: 10 Euro F\u00dcR INFOS UND RESERVIERUNGEN: &nbsp;www.dolomitihub.it Die SCH\u00c4DEN DES TABAKS. SICH ZU BEGN\u00dcGEN SCHADEN DER GESUNDHEIT ERHEBLICH Theaterst\u00fcck von und mit Sebastiano Boschiero und Sara Cognigni. Text frei<\/p>\n","protected":false},"author":0,"featured_media":0,"template":"","meta":{"_acf_changed":false,"inline_featured_image":false,"_tribe_events_status":"","_tribe_events_status_reason":"","footnotes":""},"tags":[259],"tribe_events_cat":[],"class_list":["post-82680","tribe_events","type-tribe_events","status-publish","hentry","tag-eventi-feratel"],"acf":[],"yoast_head":"<!-- This site is optimized with the Yoast SEO plugin v25.7 - https:\/\/yoast.com\/wordpress\/plugins\/seo\/ -->\n<title>I danni del tabacco - Dolomiti Prealpi<\/title>\n<meta name=\"robots\" content=\"index, follow, max-snippet:-1, max-image-preview:large, max-video-preview:-1\" \/>\n<link rel=\"canonical\" href=\"https:\/\/www.dolomitiprealpi.it\/de\/event\/i-danni-del-tabacco\/\" \/>\n<meta property=\"og:locale\" content=\"de_DE\" \/>\n<meta property=\"og:type\" content=\"article\" \/>\n<meta property=\"og:title\" content=\"I danni del tabacco - Dolomiti Prealpi\" \/>\n<meta property=\"og:description\" content=\"EINGANG: 10 Euro F\u00dcR INFOS UND RESERVIERUNGEN: &nbsp;www.dolomitihub.it Die SCH\u00c4DEN DES TABAKS. SICH ZU BEGN\u00dcGEN SCHADEN DER GESUNDHEIT ERHEBLICH Theaterst\u00fcck von und mit Sebastiano Boschiero und Sara Cognigni. Text frei\" \/>\n<meta property=\"og:url\" content=\"https:\/\/www.dolomitiprealpi.it\/de\/event\/i-danni-del-tabacco\/\" \/>\n<meta property=\"og:site_name\" content=\"Dolomiti Prealpi\" \/>\n<meta property=\"article:publisher\" content=\"https:\/\/www.facebook.com\/dolomitiprealpi.it\/\" \/>\n<meta property=\"article:modified_time\" content=\"2026-03-20T11:41:40+00:00\" \/>\n<meta property=\"og:image\" content=\"https:\/\/www.dolomitiprealpi.it\/wp-content\/uploads\/2022\/11\/C.-Timpone-Foto-archivio-Consorzio-turistico-Dolomiti-Prealpi-Nevegal-Belluno-Bike-18-2.jpg\" \/>\n\t<meta property=\"og:image:width\" content=\"2048\" \/>\n\t<meta property=\"og:image:height\" content=\"1888\" \/>\n\t<meta property=\"og:image:type\" content=\"image\/jpeg\" \/>\n<meta name=\"twitter:card\" content=\"summary_large_image\" \/>\n<script type=\"application\/ld+json\" class=\"yoast-schema-graph\">{\"@context\":\"https:\/\/schema.org\",\"@graph\":[{\"@type\":\"WebPage\",\"@id\":\"https:\/\/www.dolomitiprealpi.it\/de\/event\/i-danni-del-tabacco\/\",\"url\":\"https:\/\/www.dolomitiprealpi.it\/de\/event\/i-danni-del-tabacco\/\",\"name\":\"I danni del tabacco - Dolomiti Prealpi\",\"isPartOf\":{\"@id\":\"https:\/\/www.dolomitiprealpi.it\/de\/#website\"},\"datePublished\":\"2026-02-15T11:01:11+00:00\",\"dateModified\":\"2026-03-20T11:41:40+00:00\",\"breadcrumb\":{\"@id\":\"https:\/\/www.dolomitiprealpi.it\/de\/event\/i-danni-del-tabacco\/#breadcrumb\"},\"inLanguage\":\"de-DE\",\"potentialAction\":[{\"@type\":\"ReadAction\",\"target\":[\"https:\/\/www.dolomitiprealpi.it\/de\/event\/i-danni-del-tabacco\/\"]}]},{\"@type\":\"BreadcrumbList\",\"@id\":\"https:\/\/www.dolomitiprealpi.it\/de\/event\/i-danni-del-tabacco\/#breadcrumb\",\"itemListElement\":[{\"@type\":\"ListItem\",\"position\":1,\"name\":\"Home\",\"item\":\"https:\/\/www.dolomitiprealpi.it\/de\/\"},{\"@type\":\"ListItem\",\"position\":2,\"name\":\"Veranstaltungen\",\"item\":\"https:\/\/www.dolomitiprealpi.it\/de\/events\/\"},{\"@type\":\"ListItem\",\"position\":3,\"name\":\"I danni del tabacco\"}]},{\"@type\":\"WebSite\",\"@id\":\"https:\/\/www.dolomitiprealpi.it\/de\/#website\",\"url\":\"https:\/\/www.dolomitiprealpi.it\/de\/\",\"name\":\"Dolomiti Prealpi\",\"description\":\"\",\"publisher\":{\"@id\":\"https:\/\/www.dolomitiprealpi.it\/de\/#organization\"},\"potentialAction\":[{\"@type\":\"SearchAction\",\"target\":{\"@type\":\"EntryPoint\",\"urlTemplate\":\"https:\/\/www.dolomitiprealpi.it\/de\/?s={search_term_string}\"},\"query-input\":{\"@type\":\"PropertyValueSpecification\",\"valueRequired\":true,\"valueName\":\"search_term_string\"}}],\"inLanguage\":\"de-DE\"},{\"@type\":\"Organization\",\"@id\":\"https:\/\/www.dolomitiprealpi.it\/de\/#organization\",\"name\":\"Consorzio Dolomiti Prealpi\",\"url\":\"https:\/\/www.dolomitiprealpi.it\/de\/\",\"logo\":{\"@type\":\"ImageObject\",\"inLanguage\":\"de-DE\",\"@id\":\"https:\/\/www.dolomitiprealpi.it\/de\/#\/schema\/logo\/image\/\",\"url\":\"https:\/\/www.dolomitiprealpi.it\/wp-content\/uploads\/2023\/03\/dolomitiprealpi-favicon.jpg\",\"contentUrl\":\"https:\/\/www.dolomitiprealpi.it\/wp-content\/uploads\/2023\/03\/dolomitiprealpi-favicon.jpg\",\"width\":512,\"height\":512,\"caption\":\"Consorzio Dolomiti Prealpi\"},\"image\":{\"@id\":\"https:\/\/www.dolomitiprealpi.it\/de\/#\/schema\/logo\/image\/\"},\"sameAs\":[\"https:\/\/www.facebook.com\/dolomitiprealpi.it\/\",\"https:\/\/www.instagram.com\/dolomitiprealpi\/\"]}]}<\/script>\n<!-- \/ Yoast SEO plugin. -->","yoast_head_json":{"title":"I danni del tabacco - Dolomiti Prealpi","robots":{"index":"index","follow":"follow","max-snippet":"max-snippet:-1","max-image-preview":"max-image-preview:large","max-video-preview":"max-video-preview:-1"},"canonical":"https:\/\/www.dolomitiprealpi.it\/de\/event\/i-danni-del-tabacco\/","og_locale":"de_DE","og_type":"article","og_title":"I danni del tabacco - Dolomiti Prealpi","og_description":"EINGANG: 10 Euro F\u00dcR INFOS UND RESERVIERUNGEN: &nbsp;www.dolomitihub.it Die SCH\u00c4DEN DES TABAKS. SICH ZU BEGN\u00dcGEN SCHADEN DER GESUNDHEIT ERHEBLICH Theaterst\u00fcck von und mit Sebastiano Boschiero und Sara Cognigni. Text frei","og_url":"https:\/\/www.dolomitiprealpi.it\/de\/event\/i-danni-del-tabacco\/","og_site_name":"Dolomiti Prealpi","article_publisher":"https:\/\/www.facebook.com\/dolomitiprealpi.it\/","article_modified_time":"2026-03-20T11:41:40+00:00","og_image":[{"width":2048,"height":1888,"url":"https:\/\/www.dolomitiprealpi.it\/wp-content\/uploads\/2022\/11\/C.-Timpone-Foto-archivio-Consorzio-turistico-Dolomiti-Prealpi-Nevegal-Belluno-Bike-18-2.jpg","type":"image\/jpeg"}],"twitter_card":"summary_large_image","schema":{"@context":"https:\/\/schema.org","@graph":[{"@type":"WebPage","@id":"https:\/\/www.dolomitiprealpi.it\/de\/event\/i-danni-del-tabacco\/","url":"https:\/\/www.dolomitiprealpi.it\/de\/event\/i-danni-del-tabacco\/","name":"I danni del tabacco - Dolomiti Prealpi","isPartOf":{"@id":"https:\/\/www.dolomitiprealpi.it\/de\/#website"},"datePublished":"2026-02-15T11:01:11+00:00","dateModified":"2026-03-20T11:41:40+00:00","breadcrumb":{"@id":"https:\/\/www.dolomitiprealpi.it\/de\/event\/i-danni-del-tabacco\/#breadcrumb"},"inLanguage":"de-DE","potentialAction":[{"@type":"ReadAction","target":["https:\/\/www.dolomitiprealpi.it\/de\/event\/i-danni-del-tabacco\/"]}]},{"@type":"BreadcrumbList","@id":"https:\/\/www.dolomitiprealpi.it\/de\/event\/i-danni-del-tabacco\/#breadcrumb","itemListElement":[{"@type":"ListItem","position":1,"name":"Home","item":"https:\/\/www.dolomitiprealpi.it\/de\/"},{"@type":"ListItem","position":2,"name":"Veranstaltungen","item":"https:\/\/www.dolomitiprealpi.it\/de\/events\/"},{"@type":"ListItem","position":3,"name":"I danni del tabacco"}]},{"@type":"WebSite","@id":"https:\/\/www.dolomitiprealpi.it\/de\/#website","url":"https:\/\/www.dolomitiprealpi.it\/de\/","name":"Dolomiti Prealpi","description":"","publisher":{"@id":"https:\/\/www.dolomitiprealpi.it\/de\/#organization"},"potentialAction":[{"@type":"SearchAction","target":{"@type":"EntryPoint","urlTemplate":"https:\/\/www.dolomitiprealpi.it\/de\/?s={search_term_string}"},"query-input":{"@type":"PropertyValueSpecification","valueRequired":true,"valueName":"search_term_string"}}],"inLanguage":"de-DE"},{"@type":"Organization","@id":"https:\/\/www.dolomitiprealpi.it\/de\/#organization","name":"Consorzio Dolomiti Prealpi","url":"https:\/\/www.dolomitiprealpi.it\/de\/","logo":{"@type":"ImageObject","inLanguage":"de-DE","@id":"https:\/\/www.dolomitiprealpi.it\/de\/#\/schema\/logo\/image\/","url":"https:\/\/www.dolomitiprealpi.it\/wp-content\/uploads\/2023\/03\/dolomitiprealpi-favicon.jpg","contentUrl":"https:\/\/www.dolomitiprealpi.it\/wp-content\/uploads\/2023\/03\/dolomitiprealpi-favicon.jpg","width":512,"height":512,"caption":"Consorzio Dolomiti Prealpi"},"image":{"@id":"https:\/\/www.dolomitiprealpi.it\/de\/#\/schema\/logo\/image\/"},"sameAs":["https:\/\/www.facebook.com\/dolomitiprealpi.it\/","https:\/\/www.instagram.com\/dolomitiprealpi\/"]}]}},"_links":{"self":[{"href":"https:\/\/www.dolomitiprealpi.it\/de\/wp-json\/wp\/v2\/tribe_events\/82680","targetHints":{"allow":["GET"]}}],"collection":[{"href":"https:\/\/www.dolomitiprealpi.it\/de\/wp-json\/wp\/v2\/tribe_events"}],"about":[{"href":"https:\/\/www.dolomitiprealpi.it\/de\/wp-json\/wp\/v2\/types\/tribe_events"}],"version-history":[{"count":1,"href":"https:\/\/www.dolomitiprealpi.it\/de\/wp-json\/wp\/v2\/tribe_events\/82680\/revisions"}],"predecessor-version":[{"id":86656,"href":"https:\/\/www.dolomitiprealpi.it\/de\/wp-json\/wp\/v2\/tribe_events\/82680\/revisions\/86656"}],"wp:attachment":[{"href":"https:\/\/www.dolomitiprealpi.it\/de\/wp-json\/wp\/v2\/media?parent=82680"}],"wp:term":[{"taxonomy":"post_tag","embeddable":true,"href":"https:\/\/www.dolomitiprealpi.it\/de\/wp-json\/wp\/v2\/tags?post=82680"},{"taxonomy":"tribe_events_cat","embeddable":true,"href":"https:\/\/www.dolomitiprealpi.it\/de\/wp-json\/wp\/v2\/tribe_events_cat?post=82680"}],"curies":[{"name":"wp","href":"https:\/\/api.w.org\/{rel}","templated":true}]}}

<p>EINGANG: 10 Euro</p>
<p>FÜR INFOS UND RESERVIERUNGEN: &nbsp;<b>www.dolomitihub.it</b></p>
<p>Die SCHÄDEN DES TABAKS. SICH ZU BEGNÜGEN SCHADEN DER GESUNDHEIT ERHEBLICH</p>
<p>Theaterstück von und mit Sebastiano Boschiero und Sara Cognigni. Text frei adaptiert von Anton Tschechow.</p>
<p>Gewinner des Zapping Teatrale 2025</p>
<p>Ein humoristisches und scharfsinniges Monolog gibt einer Professor Stimme, der eingeladen wird, eine Konferenz über die Schäden des Tabaks zu halten, und dabei etwas von sich und vielleicht von uns offenbart: das Verlangen nach wahrer Freiheit.</p>
<p>Theateraufführung</p>

<p>EINGANG: 10 Euro FÜR INFOS UND RESERVIERUNGEN: &nbsp;www.dolomitihub.it Die SCHÄDEN DES TABAKS. SICH ZU BEGNÜGEN SCHADEN DER GESUNDHEIT ERHEBLICH Theaterstück von und mit Sebastiano Boschiero und Sara Cognigni. Text frei</p>

<!-- This site is optimized with the Yoast SEO plugin v25.7 - https://yoast.com/wordpress/plugins/seo/ -->
<title>I danni del tabacco - Dolomiti Prealpi</title>
<meta name="robots" content="index, follow, max-snippet:-1, max-image-preview:large, max-video-preview:-1" />
<link rel="canonical" href="https://www.dolomitiprealpi.it/de/event/i-danni-del-tabacco/" />
<meta property="og:locale" content="de_DE" />
<meta property="og:type" content="article" />
<meta property="og:title" content="I danni del tabacco - Dolomiti Prealpi" />
<meta property="og:description" content="EINGANG: 10 Euro FÜR INFOS UND RESERVIERUNGEN: &nbsp;www.dolomitihub.it Die SCHÄDEN DES TABAKS. SICH ZU BEGNÜGEN SCHADEN DER GESUNDHEIT ERHEBLICH Theaterstück von und mit Sebastiano Boschiero und Sara Cognigni. Text frei" />
<meta property="og:url" content="https://www.dolomitiprealpi.it/de/event/i-danni-del-tabacco/" />
<meta property="og:site_name" content="Dolomiti Prealpi" />
<meta property="article:publisher" content="https://www.facebook.com/dolomitiprealpi.it/" />
<meta property="article:modified_time" content="2026-03-20T11:41:40+00:00" />
<meta property="og:image" content="https://www.dolomitiprealpi.it/wp-content/uploads/2022/11/C.-Timpone-Foto-archivio-Consorzio-turistico-Dolomiti-Prealpi-Nevegal-Belluno-Bike-18-2.jpg" />
	<meta property="og:image:width" content="2048" />
	<meta property="og:image:height" content="1888" />
	<meta property="og:image:type" content="image/jpeg" />
<meta name="twitter:card" content="summary_large_image" />
<script type="application/ld+json" class="yoast-schema-graph">{"@context":"https://schema.org","@graph":[{"@type":"WebPage","@id":"https://www.dolomitiprealpi.it/de/event/i-danni-del-tabacco/","url":"https://www.dolomitiprealpi.it/de/event/i-danni-del-tabacco/","name":"I danni del tabacco - Dolomiti Prealpi","isPartOf":{"@id":"https://www.dolomitiprealpi.it/de/#website"},"datePublished":"2026-02-15T11:01:11+00:00","dateModified":"2026-03-20T11:41:40+00:00","breadcrumb":{"@id":"https://www.dolomitiprealpi.it/de/event/i-danni-del-tabacco/#breadcrumb"},"inLanguage":"de-DE","potentialAction":[{"@type":"ReadAction","target":["https://www.dolomitiprealpi.it/de/event/i-danni-del-tabacco/"]}]},{"@type":"BreadcrumbList","@id":"https://www.dolomitiprealpi.it/de/event/i-danni-del-tabacco/#breadcrumb","itemListElement":[{"@type":"ListItem","position":1,"name":"Home","item":"https://www.dolomitiprealpi.it/de/"},{"@type":"ListItem","position":2,"name":"Veranstaltungen","item":"https://www.dolomitiprealpi.it/de/events/"},{"@type":"ListItem","position":3,"name":"I danni del tabacco"}]},{"@type":"WebSite","@id":"https://www.dolomitiprealpi.it/de/#website","url":"https://www.dolomitiprealpi.it/de/","name":"Dolomiti Prealpi","description":"","publisher":{"@id":"https://www.dolomitiprealpi.it/de/#organization"},"potentialAction":[{"@type":"SearchAction","target":{"@type":"EntryPoint","urlTemplate":"https://www.dolomitiprealpi.it/de/?s={search_term_string}"},"query-input":{"@type":"PropertyValueSpecification","valueRequired":true,"valueName":"search_term_string"}}],"inLanguage":"de-DE"},{"@type":"Organization","@id":"https://www.dolomitiprealpi.it/de/#organization","name":"Consorzio Dolomiti Prealpi","url":"https://www.dolomitiprealpi.it/de/","logo":{"@type":"ImageObject","inLanguage":"de-DE","@id":"https://www.dolomitiprealpi.it/de/#/schema/logo/image/","url":"https://www.dolomitiprealpi.it/wp-content/uploads/2023/03/dolomitiprealpi-favicon.jpg","contentUrl":"https://www.dolomitiprealpi.it/wp-content/uploads/2023/03/dolomitiprealpi-favicon.jpg","width":512,"height":512,"caption":"Consorzio Dolomiti Prealpi"},"image":{"@id":"https://www.dolomitiprealpi.it/de/#/schema/logo/image/"},"sameAs":["https://www.facebook.com/dolomitiprealpi.it/","https://www.instagram.com/dolomitiprealpi/"]}]}</script>
<!-- / Yoast SEO plugin. -->

EINGANG: 10 Euro FÜR INFOS UND RESERVIERUNGEN: &nbsp;www.dolomitihub.it Die SCHÄDEN DES TABAKS. SICH ZU BEGNÜGEN SCHADEN DER GESUNDHEIT ERHEBLICH Theaterstück von und mit Sebastiano Boschiero und Sara Cognigni. Text frei
