{"id":82664,"date":"2025-12-29T10:30:58","date_gmt":"2025-12-29T09:30:58","guid":{"rendered":"https:\/\/www.dolomitiprealpi.it\/event\/giornata-della-tosatura\/"},"modified":"2026-01-17T13:11:43","modified_gmt":"2026-01-17T12:11:43","slug":"giornata-della-tosatura","status":"publish","type":"tribe_events","link":"https:\/\/www.dolomitiprealpi.it\/de\/event\/giornata-della-tosatura\/","title":{"rendered":"Giornata della tosatura"},"content":{"rendered":"<p>Tag in der Alm zur Entdeckung der Wolle aus dem Alpago.<\/p>\n<p>Wie werden Schafe geschoren? <br \/>Die<b> Malga Illari <\/b>erwartet Sie in der Ortschaft Cate in Chies d\u2019Alpago, um Neugier und Fragen zu beantworten:&nbsp;kommen Sie und entdecken Sie die alte Tradition des Scherens von Schafen in einer authentischen, von der Natur umgebenen Atmosph\u00e4re. Ab 15:00 Uhr Live-Musik mit Western. Typische Produkte, Tiere, Natur und Musik&#8230;ein perfekter Tag f\u00fcr die ganze Familie.&nbsp;<\/p>\n<p>  Das Alpago ist ein strenges, aber wundersch\u00f6nes Land, das, die Berge streifend, sanft in ein Tal abf\u00e4llt, um sich in den ruhigen Wassern seines Sees zu spiegeln.   Das Becken ist seit jeher ein idealer Ort f\u00fcr die Viehzucht, die Hauptbesch\u00e4ftigung in den Gemeinden Alpago, Chies und Tambre bis zum Ende des Zweiten Weltkriegs. <br \/>Und das Alpago hat einer <b>einheimischen Schafrasse<\/b> ihren Namen gegeben, die klein bis mittelgro\u00df ist, mit einer auff\u00e4lligen dunklen Fleckung auf dem Kopf und an den unteren Gliedma\u00dfen, einem dichten, feinen und gewellten Fell, das es vollst\u00e4ndig bedeckt, vom Knie und Sprunggelenk bis zur Stirnregion. Ohne H\u00f6rner, mit kurzen Ohren und einem leicht ramshornf\u00f6rmigen Profil, ist es eine robuste Rasse, die f\u00fcr alpine Umgebungen geeignet ist, aber ebenso gut im Stall gehalten werden kann. <\/p>\n<p><\/p>\n","protected":false},"excerpt":{"rendered":"<p>Tag in der Alm zur Entdeckung der Wolle aus dem Alpago. Wie werden Schafe geschoren? Die Malga Illari erwartet Sie in der Ortschaft Cate in Chies d\u2019Alpago, um Neugier und<\/p>\n","protected":false},"author":0,"featured_media":0,"template":"","meta":{"_acf_changed":false,"inline_featured_image":false,"_tribe_events_status":"","_tribe_events_status_reason":"","footnotes":""},"tags":[259],"tribe_events_cat":[],"class_list":["post-82664","tribe_events","type-tribe_events","status-publish","hentry","tag-eventi-feratel"],"acf":[],"yoast_head":"<!-- This site is optimized with the Yoast SEO plugin v25.7 - https:\/\/yoast.com\/wordpress\/plugins\/seo\/ -->\n<title>Giornata della tosatura - Dolomiti Prealpi<\/title>\n<meta name=\"robots\" content=\"index, follow, max-snippet:-1, max-image-preview:large, max-video-preview:-1\" \/>\n<link rel=\"canonical\" href=\"https:\/\/www.dolomitiprealpi.it\/de\/event\/giornata-della-tosatura\/\" \/>\n<meta property=\"og:locale\" content=\"de_DE\" \/>\n<meta property=\"og:type\" content=\"article\" \/>\n<meta property=\"og:title\" content=\"Giornata della tosatura - Dolomiti Prealpi\" \/>\n<meta property=\"og:description\" content=\"Tag in der Alm zur Entdeckung der Wolle aus dem Alpago. Wie werden Schafe geschoren? Die Malga Illari erwartet Sie in der Ortschaft Cate in Chies d\u2019Alpago, um Neugier und\" \/>\n<meta property=\"og:url\" content=\"https:\/\/www.dolomitiprealpi.it\/de\/event\/giornata-della-tosatura\/\" \/>\n<meta property=\"og:site_name\" content=\"Dolomiti Prealpi\" \/>\n<meta property=\"article:publisher\" content=\"https:\/\/www.facebook.com\/dolomitiprealpi.it\/\" \/>\n<meta property=\"article:modified_time\" content=\"2026-01-17T12:11:43+00:00\" \/>\n<meta property=\"og:image\" content=\"https:\/\/www.dolomitiprealpi.it\/wp-content\/uploads\/2022\/11\/C.-Timpone-Foto-archivio-Consorzio-turistico-Dolomiti-Prealpi-Nevegal-Belluno-Bike-18-2.jpg\" \/>\n\t<meta property=\"og:image:width\" content=\"2048\" \/>\n\t<meta property=\"og:image:height\" content=\"1888\" \/>\n\t<meta property=\"og:image:type\" content=\"image\/jpeg\" \/>\n<meta name=\"twitter:card\" content=\"summary_large_image\" \/>\n<meta name=\"twitter:label1\" content=\"Est. reading time\" \/>\n\t<meta name=\"twitter:data1\" content=\"1 minute\" \/>\n<script type=\"application\/ld+json\" class=\"yoast-schema-graph\">{\"@context\":\"https:\/\/schema.org\",\"@graph\":[{\"@type\":\"WebPage\",\"@id\":\"https:\/\/www.dolomitiprealpi.it\/de\/event\/giornata-della-tosatura\/\",\"url\":\"https:\/\/www.dolomitiprealpi.it\/de\/event\/giornata-della-tosatura\/\",\"name\":\"Giornata della tosatura - Dolomiti Prealpi\",\"isPartOf\":{\"@id\":\"https:\/\/www.dolomitiprealpi.it\/de\/#website\"},\"datePublished\":\"2025-12-29T09:30:58+00:00\",\"dateModified\":\"2026-01-17T12:11:43+00:00\",\"breadcrumb\":{\"@id\":\"https:\/\/www.dolomitiprealpi.it\/de\/event\/giornata-della-tosatura\/#breadcrumb\"},\"inLanguage\":\"de-DE\",\"potentialAction\":[{\"@type\":\"ReadAction\",\"target\":[\"https:\/\/www.dolomitiprealpi.it\/de\/event\/giornata-della-tosatura\/\"]}]},{\"@type\":\"BreadcrumbList\",\"@id\":\"https:\/\/www.dolomitiprealpi.it\/de\/event\/giornata-della-tosatura\/#breadcrumb\",\"itemListElement\":[{\"@type\":\"ListItem\",\"position\":1,\"name\":\"Home\",\"item\":\"https:\/\/www.dolomitiprealpi.it\/de\/\"},{\"@type\":\"ListItem\",\"position\":2,\"name\":\"Veranstaltungen\",\"item\":\"https:\/\/www.dolomitiprealpi.it\/de\/events\/\"},{\"@type\":\"ListItem\",\"position\":3,\"name\":\"Giornata della tosatura\"}]},{\"@type\":\"WebSite\",\"@id\":\"https:\/\/www.dolomitiprealpi.it\/de\/#website\",\"url\":\"https:\/\/www.dolomitiprealpi.it\/de\/\",\"name\":\"Dolomiti Prealpi\",\"description\":\"\",\"publisher\":{\"@id\":\"https:\/\/www.dolomitiprealpi.it\/de\/#organization\"},\"potentialAction\":[{\"@type\":\"SearchAction\",\"target\":{\"@type\":\"EntryPoint\",\"urlTemplate\":\"https:\/\/www.dolomitiprealpi.it\/de\/?s={search_term_string}\"},\"query-input\":{\"@type\":\"PropertyValueSpecification\",\"valueRequired\":true,\"valueName\":\"search_term_string\"}}],\"inLanguage\":\"de-DE\"},{\"@type\":\"Organization\",\"@id\":\"https:\/\/www.dolomitiprealpi.it\/de\/#organization\",\"name\":\"Consorzio Dolomiti Prealpi\",\"url\":\"https:\/\/www.dolomitiprealpi.it\/de\/\",\"logo\":{\"@type\":\"ImageObject\",\"inLanguage\":\"de-DE\",\"@id\":\"https:\/\/www.dolomitiprealpi.it\/de\/#\/schema\/logo\/image\/\",\"url\":\"https:\/\/www.dolomitiprealpi.it\/wp-content\/uploads\/2023\/03\/dolomitiprealpi-favicon.jpg\",\"contentUrl\":\"https:\/\/www.dolomitiprealpi.it\/wp-content\/uploads\/2023\/03\/dolomitiprealpi-favicon.jpg\",\"width\":512,\"height\":512,\"caption\":\"Consorzio Dolomiti Prealpi\"},\"image\":{\"@id\":\"https:\/\/www.dolomitiprealpi.it\/de\/#\/schema\/logo\/image\/\"},\"sameAs\":[\"https:\/\/www.facebook.com\/dolomitiprealpi.it\/\",\"https:\/\/www.instagram.com\/dolomitiprealpi\/\"]}]}<\/script>\n<!-- \/ Yoast SEO plugin. -->","yoast_head_json":{"title":"Giornata della tosatura - Dolomiti Prealpi","robots":{"index":"index","follow":"follow","max-snippet":"max-snippet:-1","max-image-preview":"max-image-preview:large","max-video-preview":"max-video-preview:-1"},"canonical":"https:\/\/www.dolomitiprealpi.it\/de\/event\/giornata-della-tosatura\/","og_locale":"de_DE","og_type":"article","og_title":"Giornata della tosatura - Dolomiti Prealpi","og_description":"Tag in der Alm zur Entdeckung der Wolle aus dem Alpago. Wie werden Schafe geschoren? Die Malga Illari erwartet Sie in der Ortschaft Cate in Chies d\u2019Alpago, um Neugier und","og_url":"https:\/\/www.dolomitiprealpi.it\/de\/event\/giornata-della-tosatura\/","og_site_name":"Dolomiti Prealpi","article_publisher":"https:\/\/www.facebook.com\/dolomitiprealpi.it\/","article_modified_time":"2026-01-17T12:11:43+00:00","og_image":[{"width":2048,"height":1888,"url":"https:\/\/www.dolomitiprealpi.it\/wp-content\/uploads\/2022\/11\/C.-Timpone-Foto-archivio-Consorzio-turistico-Dolomiti-Prealpi-Nevegal-Belluno-Bike-18-2.jpg","type":"image\/jpeg"}],"twitter_card":"summary_large_image","twitter_misc":{"Est. reading time":"1 minute"},"schema":{"@context":"https:\/\/schema.org","@graph":[{"@type":"WebPage","@id":"https:\/\/www.dolomitiprealpi.it\/de\/event\/giornata-della-tosatura\/","url":"https:\/\/www.dolomitiprealpi.it\/de\/event\/giornata-della-tosatura\/","name":"Giornata della tosatura - Dolomiti Prealpi","isPartOf":{"@id":"https:\/\/www.dolomitiprealpi.it\/de\/#website"},"datePublished":"2025-12-29T09:30:58+00:00","dateModified":"2026-01-17T12:11:43+00:00","breadcrumb":{"@id":"https:\/\/www.dolomitiprealpi.it\/de\/event\/giornata-della-tosatura\/#breadcrumb"},"inLanguage":"de-DE","potentialAction":[{"@type":"ReadAction","target":["https:\/\/www.dolomitiprealpi.it\/de\/event\/giornata-della-tosatura\/"]}]},{"@type":"BreadcrumbList","@id":"https:\/\/www.dolomitiprealpi.it\/de\/event\/giornata-della-tosatura\/#breadcrumb","itemListElement":[{"@type":"ListItem","position":1,"name":"Home","item":"https:\/\/www.dolomitiprealpi.it\/de\/"},{"@type":"ListItem","position":2,"name":"Veranstaltungen","item":"https:\/\/www.dolomitiprealpi.it\/de\/events\/"},{"@type":"ListItem","position":3,"name":"Giornata della tosatura"}]},{"@type":"WebSite","@id":"https:\/\/www.dolomitiprealpi.it\/de\/#website","url":"https:\/\/www.dolomitiprealpi.it\/de\/","name":"Dolomiti Prealpi","description":"","publisher":{"@id":"https:\/\/www.dolomitiprealpi.it\/de\/#organization"},"potentialAction":[{"@type":"SearchAction","target":{"@type":"EntryPoint","urlTemplate":"https:\/\/www.dolomitiprealpi.it\/de\/?s={search_term_string}"},"query-input":{"@type":"PropertyValueSpecification","valueRequired":true,"valueName":"search_term_string"}}],"inLanguage":"de-DE"},{"@type":"Organization","@id":"https:\/\/www.dolomitiprealpi.it\/de\/#organization","name":"Consorzio Dolomiti Prealpi","url":"https:\/\/www.dolomitiprealpi.it\/de\/","logo":{"@type":"ImageObject","inLanguage":"de-DE","@id":"https:\/\/www.dolomitiprealpi.it\/de\/#\/schema\/logo\/image\/","url":"https:\/\/www.dolomitiprealpi.it\/wp-content\/uploads\/2023\/03\/dolomitiprealpi-favicon.jpg","contentUrl":"https:\/\/www.dolomitiprealpi.it\/wp-content\/uploads\/2023\/03\/dolomitiprealpi-favicon.jpg","width":512,"height":512,"caption":"Consorzio Dolomiti Prealpi"},"image":{"@id":"https:\/\/www.dolomitiprealpi.it\/de\/#\/schema\/logo\/image\/"},"sameAs":["https:\/\/www.facebook.com\/dolomitiprealpi.it\/","https:\/\/www.instagram.com\/dolomitiprealpi\/"]}]}},"_links":{"self":[{"href":"https:\/\/www.dolomitiprealpi.it\/de\/wp-json\/wp\/v2\/tribe_events\/82664","targetHints":{"allow":["GET"]}}],"collection":[{"href":"https:\/\/www.dolomitiprealpi.it\/de\/wp-json\/wp\/v2\/tribe_events"}],"about":[{"href":"https:\/\/www.dolomitiprealpi.it\/de\/wp-json\/wp\/v2\/types\/tribe_events"}],"version-history":[{"count":1,"href":"https:\/\/www.dolomitiprealpi.it\/de\/wp-json\/wp\/v2\/tribe_events\/82664\/revisions"}],"predecessor-version":[{"id":86648,"href":"https:\/\/www.dolomitiprealpi.it\/de\/wp-json\/wp\/v2\/tribe_events\/82664\/revisions\/86648"}],"wp:attachment":[{"href":"https:\/\/www.dolomitiprealpi.it\/de\/wp-json\/wp\/v2\/media?parent=82664"}],"wp:term":[{"taxonomy":"post_tag","embeddable":true,"href":"https:\/\/www.dolomitiprealpi.it\/de\/wp-json\/wp\/v2\/tags?post=82664"},{"taxonomy":"tribe_events_cat","embeddable":true,"href":"https:\/\/www.dolomitiprealpi.it\/de\/wp-json\/wp\/v2\/tribe_events_cat?post=82664"}],"curies":[{"name":"wp","href":"https:\/\/api.w.org\/{rel}","templated":true}]}}

<p>Tag in der Alm zur Entdeckung der Wolle aus dem Alpago.</p>
<p>Wie werden Schafe geschoren? <br />Die<b> Malga Illari </b>erwartet Sie in der Ortschaft Cate in Chies d’Alpago, um Neugier und Fragen zu beantworten:&nbsp;kommen Sie und entdecken Sie die alte Tradition des Scherens von Schafen in einer authentischen, von der Natur umgebenen Atmosphäre. Ab 15:00 Uhr Live-Musik mit Western. Typische Produkte, Tiere, Natur und Musik&#8230;ein perfekter Tag für die ganze Familie.&nbsp;</p>
<p>  Das Alpago ist ein strenges, aber wunderschönes Land, das, die Berge streifend, sanft in ein Tal abfällt, um sich in den ruhigen Wassern seines Sees zu spiegeln.   Das Becken ist seit jeher ein idealer Ort für die Viehzucht, die Hauptbeschäftigung in den Gemeinden Alpago, Chies und Tambre bis zum Ende des Zweiten Weltkriegs. <br />Und das Alpago hat einer <b>einheimischen Schafrasse</b> ihren Namen gegeben, die klein bis mittelgroß ist, mit einer auffälligen dunklen Fleckung auf dem Kopf und an den unteren Gliedmaßen, einem dichten, feinen und gewellten Fell, das es vollständig bedeckt, vom Knie und Sprunggelenk bis zur Stirnregion. Ohne Hörner, mit kurzen Ohren und einem leicht ramshornförmigen Profil, ist es eine robuste Rasse, die für alpine Umgebungen geeignet ist, aber ebenso gut im Stall gehalten werden kann. </p>
<p></p>
