{"id":82541,"date":"2026-02-15T11:58:33","date_gmt":"2026-02-15T10:58:33","guid":{"rendered":"https:\/\/www.dolomitiprealpi.it\/event\/agosto-con-centro-astronomico-di-arson\/"},"modified":"2026-02-21T16:23:39","modified_gmt":"2026-02-21T15:23:39","slug":"agosto-con-centro-astronomico-di-arson-5","status":"publish","type":"tribe_events","link":"https:\/\/www.dolomitiprealpi.it\/de\/event\/agosto-con-centro-astronomico-di-arson-5\/","title":{"rendered":"Agosto con Centro Astronomico di Arson"},"content":{"rendered":"<p>Eintritt 5 \u20ac, kostenlos f\u00fcr Mitglieder und Kinder bis 11 Jahren. Astro\u00adphile-Abend<\/p>\n<p>Am Ende des Monats findet der \u00fcbliche kostenlose Abend statt, der allen gewidmet ist, die sich mit der Nutzung der Instrumente des Zentrums vertraut machen m\u00f6chten, oder auch ihr eigenes Teleskop mitbringen und erkl\u00e4rt bekommen wollen, wie man es benutzt.<\/p>\n<p>Bei schlechtem Wetter k\u00f6nnen die Besucher dennoch, unter Dach, Informationen zur Funktionsweise ihrer eigenen Instrumente einholen.<\/p>\n<p>Wenn das Wetter sch\u00f6n ist, kann auch ein herrlicher Viertelmond sowohl direkt durch das Teleskop als auch \u00fcber eine Planetenkamera in hoher Aufl\u00f6sung und auf einer riesigen Leinwand gezeigt werden.<\/p>\n<p>Es wird ein sehr besonderer Abend sein, denn die Sonne wird genau in der Mitte des Alpenbogens aufgehen, und es wird interessant sein zu sehen, wie sich die gro\u00dfe tektonische Bruchlinie pr\u00e4sentiert. Die Kaukasus-Kette, die Krater Rheticus, Hipparchus, Albategnius, Werner, Aliacensis, Stoeffler, Heraclitus, Licetus sowie die Rimae Ariadaeus und Higynus werden gut sichtbar sein.<\/p>\n","protected":false},"excerpt":{"rendered":"<p>Eintritt 5 \u20ac, kostenlos f\u00fcr Mitglieder und Kinder bis 11 Jahren. Astro\u00adphile-Abend Am Ende des Monats findet der \u00fcbliche kostenlose Abend statt, der allen gewidmet ist, die sich mit der<\/p>\n","protected":false},"author":0,"featured_media":0,"template":"","meta":{"_acf_changed":false,"inline_featured_image":false,"_tribe_events_status":"","_tribe_events_status_reason":"","footnotes":""},"tags":[259],"tribe_events_cat":[],"class_list":["post-82541","tribe_events","type-tribe_events","status-publish","hentry","tag-eventi-feratel"],"acf":[],"yoast_head":"<!-- This site is optimized with the Yoast SEO plugin v25.7 - https:\/\/yoast.com\/wordpress\/plugins\/seo\/ -->\n<title>Agosto con Centro Astronomico di Arson - Dolomiti Prealpi<\/title>\n<meta name=\"robots\" content=\"index, follow, max-snippet:-1, max-image-preview:large, max-video-preview:-1\" \/>\n<link rel=\"canonical\" href=\"https:\/\/www.dolomitiprealpi.it\/de\/event\/agosto-con-centro-astronomico-di-arson-5\/\" \/>\n<meta property=\"og:locale\" content=\"de_DE\" \/>\n<meta property=\"og:type\" content=\"article\" \/>\n<meta property=\"og:title\" content=\"Agosto con Centro Astronomico di Arson - Dolomiti Prealpi\" \/>\n<meta property=\"og:description\" content=\"Eintritt 5 \u20ac, kostenlos f\u00fcr Mitglieder und Kinder bis 11 Jahren. Astro\u00adphile-Abend Am Ende des Monats findet der \u00fcbliche kostenlose Abend statt, der allen gewidmet ist, die sich mit der\" \/>\n<meta property=\"og:url\" content=\"https:\/\/www.dolomitiprealpi.it\/de\/event\/agosto-con-centro-astronomico-di-arson-5\/\" \/>\n<meta property=\"og:site_name\" content=\"Dolomiti Prealpi\" \/>\n<meta property=\"article:publisher\" content=\"https:\/\/www.facebook.com\/dolomitiprealpi.it\/\" \/>\n<meta property=\"article:modified_time\" content=\"2026-02-21T15:23:39+00:00\" \/>\n<meta property=\"og:image\" content=\"https:\/\/www.dolomitiprealpi.it\/wp-content\/uploads\/2022\/11\/C.-Timpone-Foto-archivio-Consorzio-turistico-Dolomiti-Prealpi-Nevegal-Belluno-Bike-18-2.jpg\" \/>\n\t<meta property=\"og:image:width\" content=\"2048\" \/>\n\t<meta property=\"og:image:height\" content=\"1888\" \/>\n\t<meta property=\"og:image:type\" content=\"image\/jpeg\" \/>\n<meta name=\"twitter:card\" content=\"summary_large_image\" \/>\n<meta name=\"twitter:label1\" content=\"Est. reading time\" \/>\n\t<meta name=\"twitter:data1\" content=\"1 minute\" \/>\n<script type=\"application\/ld+json\" class=\"yoast-schema-graph\">{\"@context\":\"https:\/\/schema.org\",\"@graph\":[{\"@type\":\"WebPage\",\"@id\":\"https:\/\/www.dolomitiprealpi.it\/de\/event\/agosto-con-centro-astronomico-di-arson-5\/\",\"url\":\"https:\/\/www.dolomitiprealpi.it\/de\/event\/agosto-con-centro-astronomico-di-arson-5\/\",\"name\":\"Agosto con Centro Astronomico di Arson - Dolomiti Prealpi\",\"isPartOf\":{\"@id\":\"https:\/\/www.dolomitiprealpi.it\/de\/#website\"},\"datePublished\":\"2026-02-15T10:58:33+00:00\",\"dateModified\":\"2026-02-21T15:23:39+00:00\",\"breadcrumb\":{\"@id\":\"https:\/\/www.dolomitiprealpi.it\/de\/event\/agosto-con-centro-astronomico-di-arson-5\/#breadcrumb\"},\"inLanguage\":\"de-DE\",\"potentialAction\":[{\"@type\":\"ReadAction\",\"target\":[\"https:\/\/www.dolomitiprealpi.it\/de\/event\/agosto-con-centro-astronomico-di-arson-5\/\"]}]},{\"@type\":\"BreadcrumbList\",\"@id\":\"https:\/\/www.dolomitiprealpi.it\/de\/event\/agosto-con-centro-astronomico-di-arson-5\/#breadcrumb\",\"itemListElement\":[{\"@type\":\"ListItem\",\"position\":1,\"name\":\"Home\",\"item\":\"https:\/\/www.dolomitiprealpi.it\/de\/\"},{\"@type\":\"ListItem\",\"position\":2,\"name\":\"Veranstaltungen\",\"item\":\"https:\/\/www.dolomitiprealpi.it\/de\/events\/\"},{\"@type\":\"ListItem\",\"position\":3,\"name\":\"Agosto con Centro Astronomico di Arson\"}]},{\"@type\":\"WebSite\",\"@id\":\"https:\/\/www.dolomitiprealpi.it\/de\/#website\",\"url\":\"https:\/\/www.dolomitiprealpi.it\/de\/\",\"name\":\"Dolomiti Prealpi\",\"description\":\"\",\"publisher\":{\"@id\":\"https:\/\/www.dolomitiprealpi.it\/de\/#organization\"},\"potentialAction\":[{\"@type\":\"SearchAction\",\"target\":{\"@type\":\"EntryPoint\",\"urlTemplate\":\"https:\/\/www.dolomitiprealpi.it\/de\/?s={search_term_string}\"},\"query-input\":{\"@type\":\"PropertyValueSpecification\",\"valueRequired\":true,\"valueName\":\"search_term_string\"}}],\"inLanguage\":\"de-DE\"},{\"@type\":\"Organization\",\"@id\":\"https:\/\/www.dolomitiprealpi.it\/de\/#organization\",\"name\":\"Consorzio Dolomiti Prealpi\",\"url\":\"https:\/\/www.dolomitiprealpi.it\/de\/\",\"logo\":{\"@type\":\"ImageObject\",\"inLanguage\":\"de-DE\",\"@id\":\"https:\/\/www.dolomitiprealpi.it\/de\/#\/schema\/logo\/image\/\",\"url\":\"https:\/\/www.dolomitiprealpi.it\/wp-content\/uploads\/2023\/03\/dolomitiprealpi-favicon.jpg\",\"contentUrl\":\"https:\/\/www.dolomitiprealpi.it\/wp-content\/uploads\/2023\/03\/dolomitiprealpi-favicon.jpg\",\"width\":512,\"height\":512,\"caption\":\"Consorzio Dolomiti Prealpi\"},\"image\":{\"@id\":\"https:\/\/www.dolomitiprealpi.it\/de\/#\/schema\/logo\/image\/\"},\"sameAs\":[\"https:\/\/www.facebook.com\/dolomitiprealpi.it\/\",\"https:\/\/www.instagram.com\/dolomitiprealpi\/\"]}]}<\/script>\n<!-- \/ Yoast SEO plugin. -->","yoast_head_json":{"title":"Agosto con Centro Astronomico di Arson - Dolomiti Prealpi","robots":{"index":"index","follow":"follow","max-snippet":"max-snippet:-1","max-image-preview":"max-image-preview:large","max-video-preview":"max-video-preview:-1"},"canonical":"https:\/\/www.dolomitiprealpi.it\/de\/event\/agosto-con-centro-astronomico-di-arson-5\/","og_locale":"de_DE","og_type":"article","og_title":"Agosto con Centro Astronomico di Arson - Dolomiti Prealpi","og_description":"Eintritt 5 \u20ac, kostenlos f\u00fcr Mitglieder und Kinder bis 11 Jahren. Astro\u00adphile-Abend Am Ende des Monats findet der \u00fcbliche kostenlose Abend statt, der allen gewidmet ist, die sich mit der","og_url":"https:\/\/www.dolomitiprealpi.it\/de\/event\/agosto-con-centro-astronomico-di-arson-5\/","og_site_name":"Dolomiti Prealpi","article_publisher":"https:\/\/www.facebook.com\/dolomitiprealpi.it\/","article_modified_time":"2026-02-21T15:23:39+00:00","og_image":[{"width":2048,"height":1888,"url":"https:\/\/www.dolomitiprealpi.it\/wp-content\/uploads\/2022\/11\/C.-Timpone-Foto-archivio-Consorzio-turistico-Dolomiti-Prealpi-Nevegal-Belluno-Bike-18-2.jpg","type":"image\/jpeg"}],"twitter_card":"summary_large_image","twitter_misc":{"Est. reading time":"1 minute"},"schema":{"@context":"https:\/\/schema.org","@graph":[{"@type":"WebPage","@id":"https:\/\/www.dolomitiprealpi.it\/de\/event\/agosto-con-centro-astronomico-di-arson-5\/","url":"https:\/\/www.dolomitiprealpi.it\/de\/event\/agosto-con-centro-astronomico-di-arson-5\/","name":"Agosto con Centro Astronomico di Arson - Dolomiti Prealpi","isPartOf":{"@id":"https:\/\/www.dolomitiprealpi.it\/de\/#website"},"datePublished":"2026-02-15T10:58:33+00:00","dateModified":"2026-02-21T15:23:39+00:00","breadcrumb":{"@id":"https:\/\/www.dolomitiprealpi.it\/de\/event\/agosto-con-centro-astronomico-di-arson-5\/#breadcrumb"},"inLanguage":"de-DE","potentialAction":[{"@type":"ReadAction","target":["https:\/\/www.dolomitiprealpi.it\/de\/event\/agosto-con-centro-astronomico-di-arson-5\/"]}]},{"@type":"BreadcrumbList","@id":"https:\/\/www.dolomitiprealpi.it\/de\/event\/agosto-con-centro-astronomico-di-arson-5\/#breadcrumb","itemListElement":[{"@type":"ListItem","position":1,"name":"Home","item":"https:\/\/www.dolomitiprealpi.it\/de\/"},{"@type":"ListItem","position":2,"name":"Veranstaltungen","item":"https:\/\/www.dolomitiprealpi.it\/de\/events\/"},{"@type":"ListItem","position":3,"name":"Agosto con Centro Astronomico di Arson"}]},{"@type":"WebSite","@id":"https:\/\/www.dolomitiprealpi.it\/de\/#website","url":"https:\/\/www.dolomitiprealpi.it\/de\/","name":"Dolomiti Prealpi","description":"","publisher":{"@id":"https:\/\/www.dolomitiprealpi.it\/de\/#organization"},"potentialAction":[{"@type":"SearchAction","target":{"@type":"EntryPoint","urlTemplate":"https:\/\/www.dolomitiprealpi.it\/de\/?s={search_term_string}"},"query-input":{"@type":"PropertyValueSpecification","valueRequired":true,"valueName":"search_term_string"}}],"inLanguage":"de-DE"},{"@type":"Organization","@id":"https:\/\/www.dolomitiprealpi.it\/de\/#organization","name":"Consorzio Dolomiti Prealpi","url":"https:\/\/www.dolomitiprealpi.it\/de\/","logo":{"@type":"ImageObject","inLanguage":"de-DE","@id":"https:\/\/www.dolomitiprealpi.it\/de\/#\/schema\/logo\/image\/","url":"https:\/\/www.dolomitiprealpi.it\/wp-content\/uploads\/2023\/03\/dolomitiprealpi-favicon.jpg","contentUrl":"https:\/\/www.dolomitiprealpi.it\/wp-content\/uploads\/2023\/03\/dolomitiprealpi-favicon.jpg","width":512,"height":512,"caption":"Consorzio Dolomiti Prealpi"},"image":{"@id":"https:\/\/www.dolomitiprealpi.it\/de\/#\/schema\/logo\/image\/"},"sameAs":["https:\/\/www.facebook.com\/dolomitiprealpi.it\/","https:\/\/www.instagram.com\/dolomitiprealpi\/"]}]}},"_links":{"self":[{"href":"https:\/\/www.dolomitiprealpi.it\/de\/wp-json\/wp\/v2\/tribe_events\/82541","targetHints":{"allow":["GET"]}}],"collection":[{"href":"https:\/\/www.dolomitiprealpi.it\/de\/wp-json\/wp\/v2\/tribe_events"}],"about":[{"href":"https:\/\/www.dolomitiprealpi.it\/de\/wp-json\/wp\/v2\/types\/tribe_events"}],"version-history":[{"count":1,"href":"https:\/\/www.dolomitiprealpi.it\/de\/wp-json\/wp\/v2\/tribe_events\/82541\/revisions"}],"predecessor-version":[{"id":86584,"href":"https:\/\/www.dolomitiprealpi.it\/de\/wp-json\/wp\/v2\/tribe_events\/82541\/revisions\/86584"}],"wp:attachment":[{"href":"https:\/\/www.dolomitiprealpi.it\/de\/wp-json\/wp\/v2\/media?parent=82541"}],"wp:term":[{"taxonomy":"post_tag","embeddable":true,"href":"https:\/\/www.dolomitiprealpi.it\/de\/wp-json\/wp\/v2\/tags?post=82541"},{"taxonomy":"tribe_events_cat","embeddable":true,"href":"https:\/\/www.dolomitiprealpi.it\/de\/wp-json\/wp\/v2\/tribe_events_cat?post=82541"}],"curies":[{"name":"wp","href":"https:\/\/api.w.org\/{rel}","templated":true}]}}

<p>Eintritt 5 €, kostenlos für Mitglieder und Kinder bis 11 Jahren. Astro­phile-Abend</p>
<p>Am Ende des Monats findet der übliche kostenlose Abend statt, der allen gewidmet ist, die sich mit der Nutzung der Instrumente des Zentrums vertraut machen möchten, oder auch ihr eigenes Teleskop mitbringen und erklärt bekommen wollen, wie man es benutzt.</p>
<p>Bei schlechtem Wetter können die Besucher dennoch, unter Dach, Informationen zur Funktionsweise ihrer eigenen Instrumente einholen.</p>
<p>Wenn das Wetter schön ist, kann auch ein herrlicher Viertelmond sowohl direkt durch das Teleskop als auch über eine Planetenkamera in hoher Auflösung und auf einer riesigen Leinwand gezeigt werden.</p>
<p>Es wird ein sehr besonderer Abend sein, denn die Sonne wird genau in der Mitte des Alpenbogens aufgehen, und es wird interessant sein zu sehen, wie sich die große tektonische Bruchlinie präsentiert. Die Kaukasus-Kette, die Krater Rheticus, Hipparchus, Albategnius, Werner, Aliacensis, Stoeffler, Heraclitus, Licetus sowie die Rimae Ariadaeus und Higynus werden gut sichtbar sein.</p>

<p>Eintritt 5 €, kostenlos für Mitglieder und Kinder bis 11 Jahren. Astro­phile-Abend Am Ende des Monats findet der übliche kostenlose Abend statt, der allen gewidmet ist, die sich mit der</p>

<!-- This site is optimized with the Yoast SEO plugin v25.7 - https://yoast.com/wordpress/plugins/seo/ -->
<title>Agosto con Centro Astronomico di Arson - Dolomiti Prealpi</title>
<meta name="robots" content="index, follow, max-snippet:-1, max-image-preview:large, max-video-preview:-1" />
<link rel="canonical" href="https://www.dolomitiprealpi.it/de/event/agosto-con-centro-astronomico-di-arson-5/" />
<meta property="og:locale" content="de_DE" />
<meta property="og:type" content="article" />
<meta property="og:title" content="Agosto con Centro Astronomico di Arson - Dolomiti Prealpi" />
<meta property="og:description" content="Eintritt 5 €, kostenlos für Mitglieder und Kinder bis 11 Jahren. Astro­phile-Abend Am Ende des Monats findet der übliche kostenlose Abend statt, der allen gewidmet ist, die sich mit der" />
<meta property="og:url" content="https://www.dolomitiprealpi.it/de/event/agosto-con-centro-astronomico-di-arson-5/" />
<meta property="og:site_name" content="Dolomiti Prealpi" />
<meta property="article:publisher" content="https://www.facebook.com/dolomitiprealpi.it/" />
<meta property="article:modified_time" content="2026-02-21T15:23:39+00:00" />
<meta property="og:image" content="https://www.dolomitiprealpi.it/wp-content/uploads/2022/11/C.-Timpone-Foto-archivio-Consorzio-turistico-Dolomiti-Prealpi-Nevegal-Belluno-Bike-18-2.jpg" />
	<meta property="og:image:width" content="2048" />
	<meta property="og:image:height" content="1888" />
	<meta property="og:image:type" content="image/jpeg" />
<meta name="twitter:card" content="summary_large_image" />
<meta name="twitter:label1" content="Est. reading time" />
	<meta name="twitter:data1" content="1 minute" />
<script type="application/ld+json" class="yoast-schema-graph">{"@context":"https://schema.org","@graph":[{"@type":"WebPage","@id":"https://www.dolomitiprealpi.it/de/event/agosto-con-centro-astronomico-di-arson-5/","url":"https://www.dolomitiprealpi.it/de/event/agosto-con-centro-astronomico-di-arson-5/","name":"Agosto con Centro Astronomico di Arson - Dolomiti Prealpi","isPartOf":{"@id":"https://www.dolomitiprealpi.it/de/#website"},"datePublished":"2026-02-15T10:58:33+00:00","dateModified":"2026-02-21T15:23:39+00:00","breadcrumb":{"@id":"https://www.dolomitiprealpi.it/de/event/agosto-con-centro-astronomico-di-arson-5/#breadcrumb"},"inLanguage":"de-DE","potentialAction":[{"@type":"ReadAction","target":["https://www.dolomitiprealpi.it/de/event/agosto-con-centro-astronomico-di-arson-5/"]}]},{"@type":"BreadcrumbList","@id":"https://www.dolomitiprealpi.it/de/event/agosto-con-centro-astronomico-di-arson-5/#breadcrumb","itemListElement":[{"@type":"ListItem","position":1,"name":"Home","item":"https://www.dolomitiprealpi.it/de/"},{"@type":"ListItem","position":2,"name":"Veranstaltungen","item":"https://www.dolomitiprealpi.it/de/events/"},{"@type":"ListItem","position":3,"name":"Agosto con Centro Astronomico di Arson"}]},{"@type":"WebSite","@id":"https://www.dolomitiprealpi.it/de/#website","url":"https://www.dolomitiprealpi.it/de/","name":"Dolomiti Prealpi","description":"","publisher":{"@id":"https://www.dolomitiprealpi.it/de/#organization"},"potentialAction":[{"@type":"SearchAction","target":{"@type":"EntryPoint","urlTemplate":"https://www.dolomitiprealpi.it/de/?s={search_term_string}"},"query-input":{"@type":"PropertyValueSpecification","valueRequired":true,"valueName":"search_term_string"}}],"inLanguage":"de-DE"},{"@type":"Organization","@id":"https://www.dolomitiprealpi.it/de/#organization","name":"Consorzio Dolomiti Prealpi","url":"https://www.dolomitiprealpi.it/de/","logo":{"@type":"ImageObject","inLanguage":"de-DE","@id":"https://www.dolomitiprealpi.it/de/#/schema/logo/image/","url":"https://www.dolomitiprealpi.it/wp-content/uploads/2023/03/dolomitiprealpi-favicon.jpg","contentUrl":"https://www.dolomitiprealpi.it/wp-content/uploads/2023/03/dolomitiprealpi-favicon.jpg","width":512,"height":512,"caption":"Consorzio Dolomiti Prealpi"},"image":{"@id":"https://www.dolomitiprealpi.it/de/#/schema/logo/image/"},"sameAs":["https://www.facebook.com/dolomitiprealpi.it/","https://www.instagram.com/dolomitiprealpi/"]}]}</script>
<!-- / Yoast SEO plugin. -->

Eintritt 5 €, kostenlos für Mitglieder und Kinder bis 11 Jahren. Astro­phile-Abend Am Ende des Monats findet der übliche kostenlose Abend statt, der allen gewidmet ist, die sich mit der
