{"id":81948,"date":"2025-12-29T10:15:31","date_gmt":"2025-12-29T09:15:31","guid":{"rendered":"https:\/\/www.dolomitiprealpi.it\/event\/i-racconti-della-valigia-di-maura\/"},"modified":"2026-02-09T18:11:23","modified_gmt":"2026-02-09T17:11:23","slug":"i-racconti-della-valigia-di-maura-2","status":"publish","type":"tribe_events","link":"https:\/\/www.dolomitiprealpi.it\/de\/event\/i-racconti-della-valigia-di-maura-2\/","title":{"rendered":"I racconti della valigia di Maura"},"content":{"rendered":"<p>Donnerstag, den 7. und Donnerstag, den 14. August ab 17:00 Uhr, kommt und entdeckt die magischen Geschichten, die im Koffer von Maura verborgen sind. Ein fesselndes Erlebnis f\u00fcr die Kleinsten, die durch die mit Leidenschaft und Kreativit\u00e4t erz\u00e4hlten Geschichten in fantastische Welten und aufregende Abenteuer entf\u00fchrt werden.<br \/>Wir erwarten euch zahlreich in der Edicola Cartolibreria Vania Pizzol in Tambre zu einem unvergesslichen Ereignis, das die Fantasie und Neugier eurer Kinder anregen wird. Eine einmalige Gelegenheit, um Zeit miteinander zu verbringen und gemeinsam Momente voller Magie und Spa\u00df zu erleben!Verpassen Sie es nicht! Und denken Sie daran, der Koffer von Maura hat immer neue Geschichten zu erz\u00e4hlen, die bereit sind, die Kleinen und Gro\u00dfen zu faszinieren und zu bezaubern. Ein Termin, den Sie sich f\u00fcr einen unvergesslichen Sommer merken sollten!<\/p>\n","protected":false},"excerpt":{"rendered":"<p>Donnerstag, den 7. und Donnerstag, den 14. August ab 17:00 Uhr, kommt und entdeckt die magischen Geschichten, die im Koffer von Maura verborgen sind. Ein fesselndes Erlebnis f\u00fcr die Kleinsten,<\/p>\n","protected":false},"author":0,"featured_media":0,"template":"","meta":{"_acf_changed":false,"inline_featured_image":false,"_tribe_events_status":"","_tribe_events_status_reason":"","footnotes":""},"tags":[259],"tribe_events_cat":[],"class_list":["post-81948","tribe_events","type-tribe_events","status-publish","hentry","tag-eventi-feratel"],"acf":[],"yoast_head":"<!-- This site is optimized with the Yoast SEO plugin v25.7 - https:\/\/yoast.com\/wordpress\/plugins\/seo\/ -->\n<title>I racconti della valigia di Maura - Dolomiti Prealpi<\/title>\n<meta name=\"robots\" content=\"index, follow, max-snippet:-1, max-image-preview:large, max-video-preview:-1\" \/>\n<link rel=\"canonical\" href=\"https:\/\/www.dolomitiprealpi.it\/de\/event\/i-racconti-della-valigia-di-maura-2\/\" \/>\n<meta property=\"og:locale\" content=\"de_DE\" \/>\n<meta property=\"og:type\" content=\"article\" \/>\n<meta property=\"og:title\" content=\"I racconti della valigia di Maura - Dolomiti Prealpi\" \/>\n<meta property=\"og:description\" content=\"Donnerstag, den 7. und Donnerstag, den 14. August ab 17:00 Uhr, kommt und entdeckt die magischen Geschichten, die im Koffer von Maura verborgen sind. Ein fesselndes Erlebnis f\u00fcr die Kleinsten,\" \/>\n<meta property=\"og:url\" content=\"https:\/\/www.dolomitiprealpi.it\/de\/event\/i-racconti-della-valigia-di-maura-2\/\" \/>\n<meta property=\"og:site_name\" content=\"Dolomiti Prealpi\" \/>\n<meta property=\"article:publisher\" content=\"https:\/\/www.facebook.com\/dolomitiprealpi.it\/\" \/>\n<meta property=\"article:modified_time\" content=\"2026-02-09T17:11:23+00:00\" \/>\n<meta property=\"og:image\" content=\"https:\/\/www.dolomitiprealpi.it\/wp-content\/uploads\/2022\/11\/C.-Timpone-Foto-archivio-Consorzio-turistico-Dolomiti-Prealpi-Nevegal-Belluno-Bike-18-2.jpg\" \/>\n\t<meta property=\"og:image:width\" content=\"2048\" \/>\n\t<meta property=\"og:image:height\" content=\"1888\" \/>\n\t<meta property=\"og:image:type\" content=\"image\/jpeg\" \/>\n<meta name=\"twitter:card\" content=\"summary_large_image\" \/>\n<meta name=\"twitter:label1\" content=\"Est. reading time\" \/>\n\t<meta name=\"twitter:data1\" content=\"1 minute\" \/>\n<script type=\"application\/ld+json\" class=\"yoast-schema-graph\">{\"@context\":\"https:\/\/schema.org\",\"@graph\":[{\"@type\":\"WebPage\",\"@id\":\"https:\/\/www.dolomitiprealpi.it\/de\/event\/i-racconti-della-valigia-di-maura-2\/\",\"url\":\"https:\/\/www.dolomitiprealpi.it\/de\/event\/i-racconti-della-valigia-di-maura-2\/\",\"name\":\"I racconti della valigia di Maura - Dolomiti Prealpi\",\"isPartOf\":{\"@id\":\"https:\/\/www.dolomitiprealpi.it\/de\/#website\"},\"datePublished\":\"2025-12-29T09:15:31+00:00\",\"dateModified\":\"2026-02-09T17:11:23+00:00\",\"breadcrumb\":{\"@id\":\"https:\/\/www.dolomitiprealpi.it\/de\/event\/i-racconti-della-valigia-di-maura-2\/#breadcrumb\"},\"inLanguage\":\"de-DE\",\"potentialAction\":[{\"@type\":\"ReadAction\",\"target\":[\"https:\/\/www.dolomitiprealpi.it\/de\/event\/i-racconti-della-valigia-di-maura-2\/\"]}]},{\"@type\":\"BreadcrumbList\",\"@id\":\"https:\/\/www.dolomitiprealpi.it\/de\/event\/i-racconti-della-valigia-di-maura-2\/#breadcrumb\",\"itemListElement\":[{\"@type\":\"ListItem\",\"position\":1,\"name\":\"Home\",\"item\":\"https:\/\/www.dolomitiprealpi.it\/de\/\"},{\"@type\":\"ListItem\",\"position\":2,\"name\":\"Veranstaltungen\",\"item\":\"https:\/\/www.dolomitiprealpi.it\/de\/events\/\"},{\"@type\":\"ListItem\",\"position\":3,\"name\":\"I racconti della valigia di Maura\"}]},{\"@type\":\"WebSite\",\"@id\":\"https:\/\/www.dolomitiprealpi.it\/de\/#website\",\"url\":\"https:\/\/www.dolomitiprealpi.it\/de\/\",\"name\":\"Dolomiti Prealpi\",\"description\":\"\",\"publisher\":{\"@id\":\"https:\/\/www.dolomitiprealpi.it\/de\/#organization\"},\"potentialAction\":[{\"@type\":\"SearchAction\",\"target\":{\"@type\":\"EntryPoint\",\"urlTemplate\":\"https:\/\/www.dolomitiprealpi.it\/de\/?s={search_term_string}\"},\"query-input\":{\"@type\":\"PropertyValueSpecification\",\"valueRequired\":true,\"valueName\":\"search_term_string\"}}],\"inLanguage\":\"de-DE\"},{\"@type\":\"Organization\",\"@id\":\"https:\/\/www.dolomitiprealpi.it\/de\/#organization\",\"name\":\"Consorzio Dolomiti Prealpi\",\"url\":\"https:\/\/www.dolomitiprealpi.it\/de\/\",\"logo\":{\"@type\":\"ImageObject\",\"inLanguage\":\"de-DE\",\"@id\":\"https:\/\/www.dolomitiprealpi.it\/de\/#\/schema\/logo\/image\/\",\"url\":\"https:\/\/www.dolomitiprealpi.it\/wp-content\/uploads\/2023\/03\/dolomitiprealpi-favicon.jpg\",\"contentUrl\":\"https:\/\/www.dolomitiprealpi.it\/wp-content\/uploads\/2023\/03\/dolomitiprealpi-favicon.jpg\",\"width\":512,\"height\":512,\"caption\":\"Consorzio Dolomiti Prealpi\"},\"image\":{\"@id\":\"https:\/\/www.dolomitiprealpi.it\/de\/#\/schema\/logo\/image\/\"},\"sameAs\":[\"https:\/\/www.facebook.com\/dolomitiprealpi.it\/\",\"https:\/\/www.instagram.com\/dolomitiprealpi\/\"]}]}<\/script>\n<!-- \/ Yoast SEO plugin. -->","yoast_head_json":{"title":"I racconti della valigia di Maura - Dolomiti Prealpi","robots":{"index":"index","follow":"follow","max-snippet":"max-snippet:-1","max-image-preview":"max-image-preview:large","max-video-preview":"max-video-preview:-1"},"canonical":"https:\/\/www.dolomitiprealpi.it\/de\/event\/i-racconti-della-valigia-di-maura-2\/","og_locale":"de_DE","og_type":"article","og_title":"I racconti della valigia di Maura - Dolomiti Prealpi","og_description":"Donnerstag, den 7. und Donnerstag, den 14. August ab 17:00 Uhr, kommt und entdeckt die magischen Geschichten, die im Koffer von Maura verborgen sind. Ein fesselndes Erlebnis f\u00fcr die Kleinsten,","og_url":"https:\/\/www.dolomitiprealpi.it\/de\/event\/i-racconti-della-valigia-di-maura-2\/","og_site_name":"Dolomiti Prealpi","article_publisher":"https:\/\/www.facebook.com\/dolomitiprealpi.it\/","article_modified_time":"2026-02-09T17:11:23+00:00","og_image":[{"width":2048,"height":1888,"url":"https:\/\/www.dolomitiprealpi.it\/wp-content\/uploads\/2022\/11\/C.-Timpone-Foto-archivio-Consorzio-turistico-Dolomiti-Prealpi-Nevegal-Belluno-Bike-18-2.jpg","type":"image\/jpeg"}],"twitter_card":"summary_large_image","twitter_misc":{"Est. reading time":"1 minute"},"schema":{"@context":"https:\/\/schema.org","@graph":[{"@type":"WebPage","@id":"https:\/\/www.dolomitiprealpi.it\/de\/event\/i-racconti-della-valigia-di-maura-2\/","url":"https:\/\/www.dolomitiprealpi.it\/de\/event\/i-racconti-della-valigia-di-maura-2\/","name":"I racconti della valigia di Maura - Dolomiti Prealpi","isPartOf":{"@id":"https:\/\/www.dolomitiprealpi.it\/de\/#website"},"datePublished":"2025-12-29T09:15:31+00:00","dateModified":"2026-02-09T17:11:23+00:00","breadcrumb":{"@id":"https:\/\/www.dolomitiprealpi.it\/de\/event\/i-racconti-della-valigia-di-maura-2\/#breadcrumb"},"inLanguage":"de-DE","potentialAction":[{"@type":"ReadAction","target":["https:\/\/www.dolomitiprealpi.it\/de\/event\/i-racconti-della-valigia-di-maura-2\/"]}]},{"@type":"BreadcrumbList","@id":"https:\/\/www.dolomitiprealpi.it\/de\/event\/i-racconti-della-valigia-di-maura-2\/#breadcrumb","itemListElement":[{"@type":"ListItem","position":1,"name":"Home","item":"https:\/\/www.dolomitiprealpi.it\/de\/"},{"@type":"ListItem","position":2,"name":"Veranstaltungen","item":"https:\/\/www.dolomitiprealpi.it\/de\/events\/"},{"@type":"ListItem","position":3,"name":"I racconti della valigia di Maura"}]},{"@type":"WebSite","@id":"https:\/\/www.dolomitiprealpi.it\/de\/#website","url":"https:\/\/www.dolomitiprealpi.it\/de\/","name":"Dolomiti Prealpi","description":"","publisher":{"@id":"https:\/\/www.dolomitiprealpi.it\/de\/#organization"},"potentialAction":[{"@type":"SearchAction","target":{"@type":"EntryPoint","urlTemplate":"https:\/\/www.dolomitiprealpi.it\/de\/?s={search_term_string}"},"query-input":{"@type":"PropertyValueSpecification","valueRequired":true,"valueName":"search_term_string"}}],"inLanguage":"de-DE"},{"@type":"Organization","@id":"https:\/\/www.dolomitiprealpi.it\/de\/#organization","name":"Consorzio Dolomiti Prealpi","url":"https:\/\/www.dolomitiprealpi.it\/de\/","logo":{"@type":"ImageObject","inLanguage":"de-DE","@id":"https:\/\/www.dolomitiprealpi.it\/de\/#\/schema\/logo\/image\/","url":"https:\/\/www.dolomitiprealpi.it\/wp-content\/uploads\/2023\/03\/dolomitiprealpi-favicon.jpg","contentUrl":"https:\/\/www.dolomitiprealpi.it\/wp-content\/uploads\/2023\/03\/dolomitiprealpi-favicon.jpg","width":512,"height":512,"caption":"Consorzio Dolomiti Prealpi"},"image":{"@id":"https:\/\/www.dolomitiprealpi.it\/de\/#\/schema\/logo\/image\/"},"sameAs":["https:\/\/www.facebook.com\/dolomitiprealpi.it\/","https:\/\/www.instagram.com\/dolomitiprealpi\/"]}]}},"_links":{"self":[{"href":"https:\/\/www.dolomitiprealpi.it\/de\/wp-json\/wp\/v2\/tribe_events\/81948","targetHints":{"allow":["GET"]}}],"collection":[{"href":"https:\/\/www.dolomitiprealpi.it\/de\/wp-json\/wp\/v2\/tribe_events"}],"about":[{"href":"https:\/\/www.dolomitiprealpi.it\/de\/wp-json\/wp\/v2\/types\/tribe_events"}],"version-history":[{"count":1,"href":"https:\/\/www.dolomitiprealpi.it\/de\/wp-json\/wp\/v2\/tribe_events\/81948\/revisions"}],"predecessor-version":[{"id":86297,"href":"https:\/\/www.dolomitiprealpi.it\/de\/wp-json\/wp\/v2\/tribe_events\/81948\/revisions\/86297"}],"wp:attachment":[{"href":"https:\/\/www.dolomitiprealpi.it\/de\/wp-json\/wp\/v2\/media?parent=81948"}],"wp:term":[{"taxonomy":"post_tag","embeddable":true,"href":"https:\/\/www.dolomitiprealpi.it\/de\/wp-json\/wp\/v2\/tags?post=81948"},{"taxonomy":"tribe_events_cat","embeddable":true,"href":"https:\/\/www.dolomitiprealpi.it\/de\/wp-json\/wp\/v2\/tribe_events_cat?post=81948"}],"curies":[{"name":"wp","href":"https:\/\/api.w.org\/{rel}","templated":true}]}}

<p>Donnerstag, den 7. und Donnerstag, den 14. August ab 17:00 Uhr, kommt und entdeckt die magischen Geschichten, die im Koffer von Maura verborgen sind. Ein fesselndes Erlebnis für die Kleinsten, die durch die mit Leidenschaft und Kreativität erzählten Geschichten in fantastische Welten und aufregende Abenteuer entführt werden.<br />Wir erwarten euch zahlreich in der Edicola Cartolibreria Vania Pizzol in Tambre zu einem unvergesslichen Ereignis, das die Fantasie und Neugier eurer Kinder anregen wird. Eine einmalige Gelegenheit, um Zeit miteinander zu verbringen und gemeinsam Momente voller Magie und Spaß zu erleben!Verpassen Sie es nicht! Und denken Sie daran, der Koffer von Maura hat immer neue Geschichten zu erzählen, die bereit sind, die Kleinen und Großen zu faszinieren und zu bezaubern. Ein Termin, den Sie sich für einen unvergesslichen Sommer merken sollten!</p>

<p>Donnerstag, den 7. und Donnerstag, den 14. August ab 17:00 Uhr, kommt und entdeckt die magischen Geschichten, die im Koffer von Maura verborgen sind. Ein fesselndes Erlebnis für die Kleinsten,</p>

<!-- This site is optimized with the Yoast SEO plugin v25.7 - https://yoast.com/wordpress/plugins/seo/ -->
<title>I racconti della valigia di Maura - Dolomiti Prealpi</title>
<meta name="robots" content="index, follow, max-snippet:-1, max-image-preview:large, max-video-preview:-1" />
<link rel="canonical" href="https://www.dolomitiprealpi.it/de/event/i-racconti-della-valigia-di-maura-2/" />
<meta property="og:locale" content="de_DE" />
<meta property="og:type" content="article" />
<meta property="og:title" content="I racconti della valigia di Maura - Dolomiti Prealpi" />
<meta property="og:description" content="Donnerstag, den 7. und Donnerstag, den 14. August ab 17:00 Uhr, kommt und entdeckt die magischen Geschichten, die im Koffer von Maura verborgen sind. Ein fesselndes Erlebnis für die Kleinsten," />
<meta property="og:url" content="https://www.dolomitiprealpi.it/de/event/i-racconti-della-valigia-di-maura-2/" />
<meta property="og:site_name" content="Dolomiti Prealpi" />
<meta property="article:publisher" content="https://www.facebook.com/dolomitiprealpi.it/" />
<meta property="article:modified_time" content="2026-02-09T17:11:23+00:00" />
<meta property="og:image" content="https://www.dolomitiprealpi.it/wp-content/uploads/2022/11/C.-Timpone-Foto-archivio-Consorzio-turistico-Dolomiti-Prealpi-Nevegal-Belluno-Bike-18-2.jpg" />
	<meta property="og:image:width" content="2048" />
	<meta property="og:image:height" content="1888" />
	<meta property="og:image:type" content="image/jpeg" />
<meta name="twitter:card" content="summary_large_image" />
<meta name="twitter:label1" content="Est. reading time" />
	<meta name="twitter:data1" content="1 minute" />
<script type="application/ld+json" class="yoast-schema-graph">{"@context":"https://schema.org","@graph":[{"@type":"WebPage","@id":"https://www.dolomitiprealpi.it/de/event/i-racconti-della-valigia-di-maura-2/","url":"https://www.dolomitiprealpi.it/de/event/i-racconti-della-valigia-di-maura-2/","name":"I racconti della valigia di Maura - Dolomiti Prealpi","isPartOf":{"@id":"https://www.dolomitiprealpi.it/de/#website"},"datePublished":"2025-12-29T09:15:31+00:00","dateModified":"2026-02-09T17:11:23+00:00","breadcrumb":{"@id":"https://www.dolomitiprealpi.it/de/event/i-racconti-della-valigia-di-maura-2/#breadcrumb"},"inLanguage":"de-DE","potentialAction":[{"@type":"ReadAction","target":["https://www.dolomitiprealpi.it/de/event/i-racconti-della-valigia-di-maura-2/"]}]},{"@type":"BreadcrumbList","@id":"https://www.dolomitiprealpi.it/de/event/i-racconti-della-valigia-di-maura-2/#breadcrumb","itemListElement":[{"@type":"ListItem","position":1,"name":"Home","item":"https://www.dolomitiprealpi.it/de/"},{"@type":"ListItem","position":2,"name":"Veranstaltungen","item":"https://www.dolomitiprealpi.it/de/events/"},{"@type":"ListItem","position":3,"name":"I racconti della valigia di Maura"}]},{"@type":"WebSite","@id":"https://www.dolomitiprealpi.it/de/#website","url":"https://www.dolomitiprealpi.it/de/","name":"Dolomiti Prealpi","description":"","publisher":{"@id":"https://www.dolomitiprealpi.it/de/#organization"},"potentialAction":[{"@type":"SearchAction","target":{"@type":"EntryPoint","urlTemplate":"https://www.dolomitiprealpi.it/de/?s={search_term_string}"},"query-input":{"@type":"PropertyValueSpecification","valueRequired":true,"valueName":"search_term_string"}}],"inLanguage":"de-DE"},{"@type":"Organization","@id":"https://www.dolomitiprealpi.it/de/#organization","name":"Consorzio Dolomiti Prealpi","url":"https://www.dolomitiprealpi.it/de/","logo":{"@type":"ImageObject","inLanguage":"de-DE","@id":"https://www.dolomitiprealpi.it/de/#/schema/logo/image/","url":"https://www.dolomitiprealpi.it/wp-content/uploads/2023/03/dolomitiprealpi-favicon.jpg","contentUrl":"https://www.dolomitiprealpi.it/wp-content/uploads/2023/03/dolomitiprealpi-favicon.jpg","width":512,"height":512,"caption":"Consorzio Dolomiti Prealpi"},"image":{"@id":"https://www.dolomitiprealpi.it/de/#/schema/logo/image/"},"sameAs":["https://www.facebook.com/dolomitiprealpi.it/","https://www.instagram.com/dolomitiprealpi/"]}]}</script>
<!-- / Yoast SEO plugin. -->

Donnerstag, den 7. und Donnerstag, den 14. August ab 17:00 Uhr, kommt und entdeckt die magischen Geschichten, die im Koffer von Maura verborgen sind. Ein fesselndes Erlebnis für die Kleinsten,
