{"id":81914,"date":"2025-12-29T10:14:43","date_gmt":"2025-12-29T09:14:43","guid":{"rendered":"https:\/\/www.dolomitiprealpi.it\/event\/campeggi-estivi-per-bambini-e-ragazzi\/"},"modified":"2025-12-31T10:17:27","modified_gmt":"2025-12-31T09:17:27","slug":"campeggi-estivi-per-bambini-e-ragazzi","status":"publish","type":"tribe_events","link":"https:\/\/www.dolomitiprealpi.it\/de\/event\/campeggi-estivi-per-bambini-e-ragazzi\/","title":{"rendered":"Campeggi estivi per bambini e ragazzi"},"content":{"rendered":"<p>Bei der Best\u00e4tigung der Anmeldung wird gebeten, eine Anzahlung von 50,00 \u20ac zu leisten, die am Ende des Camps an diejenigen zur\u00fcckerstattet wird, die am gesamten Camp teilgenommen haben. Einwohner der Gemeinde Feltre werden priorisiert. Die nat\u00fcrliche Umgebung erleben, aktiv am Alltag des Camps teilnehmen, wandern, spielen, erkunden. Das sind nur einige der Dinge, die in der Woche des Entdeckercamps passieren k\u00f6nnen. In einer Lebensphase, in der das Bed\u00fcrfnis stark ist, seine Rolle innerhalb einer Gruppe zu finden und sich selbst zu testen, um kleine R\u00e4ume der Autonomie zu erobern, bietet das Camp ein gesch\u00fctztes Terrain zum Experimentieren, unterst\u00fctzt von Umweltf\u00fchrern und P\u00e4dagogen.7-t\u00e4gige und 6-n\u00e4chtige Wohn Erfahrung<\/p>\n","protected":false},"excerpt":{"rendered":"<p>Bei der Best\u00e4tigung der Anmeldung wird gebeten, eine Anzahlung von 50,00 \u20ac zu leisten, die am Ende des Camps an diejenigen zur\u00fcckerstattet wird, die am gesamten Camp teilgenommen haben. Einwohner<\/p>\n","protected":false},"author":0,"featured_media":0,"template":"","meta":{"_acf_changed":false,"inline_featured_image":false,"_tribe_events_status":"","_tribe_events_status_reason":"","footnotes":""},"tags":[259],"tribe_events_cat":[],"class_list":["post-81914","tribe_events","type-tribe_events","status-publish","hentry","tag-eventi-feratel"],"acf":[],"yoast_head":"<!-- This site is optimized with the Yoast SEO plugin v25.7 - https:\/\/yoast.com\/wordpress\/plugins\/seo\/ -->\n<title>Campeggi estivi per bambini e ragazzi - Dolomiti Prealpi<\/title>\n<meta name=\"robots\" content=\"index, follow, max-snippet:-1, max-image-preview:large, max-video-preview:-1\" \/>\n<link rel=\"canonical\" href=\"https:\/\/www.dolomitiprealpi.it\/de\/event\/campeggi-estivi-per-bambini-e-ragazzi\/\" \/>\n<meta property=\"og:locale\" content=\"de_DE\" \/>\n<meta property=\"og:type\" content=\"article\" \/>\n<meta property=\"og:title\" content=\"Campeggi estivi per bambini e ragazzi - Dolomiti Prealpi\" \/>\n<meta property=\"og:description\" content=\"Bei der Best\u00e4tigung der Anmeldung wird gebeten, eine Anzahlung von 50,00 \u20ac zu leisten, die am Ende des Camps an diejenigen zur\u00fcckerstattet wird, die am gesamten Camp teilgenommen haben. Einwohner\" \/>\n<meta property=\"og:url\" content=\"https:\/\/www.dolomitiprealpi.it\/de\/event\/campeggi-estivi-per-bambini-e-ragazzi\/\" \/>\n<meta property=\"og:site_name\" content=\"Dolomiti Prealpi\" \/>\n<meta property=\"article:publisher\" content=\"https:\/\/www.facebook.com\/dolomitiprealpi.it\/\" \/>\n<meta property=\"article:modified_time\" content=\"2025-12-31T09:17:27+00:00\" \/>\n<meta property=\"og:image\" content=\"https:\/\/www.dolomitiprealpi.it\/wp-content\/uploads\/2022\/11\/C.-Timpone-Foto-archivio-Consorzio-turistico-Dolomiti-Prealpi-Nevegal-Belluno-Bike-18-2.jpg\" \/>\n\t<meta property=\"og:image:width\" content=\"2048\" \/>\n\t<meta property=\"og:image:height\" content=\"1888\" \/>\n\t<meta property=\"og:image:type\" content=\"image\/jpeg\" \/>\n<meta name=\"twitter:card\" content=\"summary_large_image\" \/>\n<meta name=\"twitter:label1\" content=\"Est. reading time\" \/>\n\t<meta name=\"twitter:data1\" content=\"1 minute\" \/>\n<script type=\"application\/ld+json\" class=\"yoast-schema-graph\">{\"@context\":\"https:\/\/schema.org\",\"@graph\":[{\"@type\":\"WebPage\",\"@id\":\"https:\/\/www.dolomitiprealpi.it\/de\/event\/campeggi-estivi-per-bambini-e-ragazzi\/\",\"url\":\"https:\/\/www.dolomitiprealpi.it\/de\/event\/campeggi-estivi-per-bambini-e-ragazzi\/\",\"name\":\"Campeggi estivi per bambini e ragazzi - Dolomiti Prealpi\",\"isPartOf\":{\"@id\":\"https:\/\/www.dolomitiprealpi.it\/de\/#website\"},\"datePublished\":\"2025-12-29T09:14:43+00:00\",\"dateModified\":\"2025-12-31T09:17:27+00:00\",\"breadcrumb\":{\"@id\":\"https:\/\/www.dolomitiprealpi.it\/de\/event\/campeggi-estivi-per-bambini-e-ragazzi\/#breadcrumb\"},\"inLanguage\":\"de-DE\",\"potentialAction\":[{\"@type\":\"ReadAction\",\"target\":[\"https:\/\/www.dolomitiprealpi.it\/de\/event\/campeggi-estivi-per-bambini-e-ragazzi\/\"]}]},{\"@type\":\"BreadcrumbList\",\"@id\":\"https:\/\/www.dolomitiprealpi.it\/de\/event\/campeggi-estivi-per-bambini-e-ragazzi\/#breadcrumb\",\"itemListElement\":[{\"@type\":\"ListItem\",\"position\":1,\"name\":\"Home\",\"item\":\"https:\/\/www.dolomitiprealpi.it\/de\/\"},{\"@type\":\"ListItem\",\"position\":2,\"name\":\"Veranstaltungen\",\"item\":\"https:\/\/www.dolomitiprealpi.it\/de\/events\/\"},{\"@type\":\"ListItem\",\"position\":3,\"name\":\"Campeggi estivi per bambini e ragazzi\"}]},{\"@type\":\"WebSite\",\"@id\":\"https:\/\/www.dolomitiprealpi.it\/de\/#website\",\"url\":\"https:\/\/www.dolomitiprealpi.it\/de\/\",\"name\":\"Dolomiti Prealpi\",\"description\":\"\",\"publisher\":{\"@id\":\"https:\/\/www.dolomitiprealpi.it\/de\/#organization\"},\"potentialAction\":[{\"@type\":\"SearchAction\",\"target\":{\"@type\":\"EntryPoint\",\"urlTemplate\":\"https:\/\/www.dolomitiprealpi.it\/de\/?s={search_term_string}\"},\"query-input\":{\"@type\":\"PropertyValueSpecification\",\"valueRequired\":true,\"valueName\":\"search_term_string\"}}],\"inLanguage\":\"de-DE\"},{\"@type\":\"Organization\",\"@id\":\"https:\/\/www.dolomitiprealpi.it\/de\/#organization\",\"name\":\"Consorzio Dolomiti Prealpi\",\"url\":\"https:\/\/www.dolomitiprealpi.it\/de\/\",\"logo\":{\"@type\":\"ImageObject\",\"inLanguage\":\"de-DE\",\"@id\":\"https:\/\/www.dolomitiprealpi.it\/de\/#\/schema\/logo\/image\/\",\"url\":\"https:\/\/www.dolomitiprealpi.it\/wp-content\/uploads\/2023\/03\/dolomitiprealpi-favicon.jpg\",\"contentUrl\":\"https:\/\/www.dolomitiprealpi.it\/wp-content\/uploads\/2023\/03\/dolomitiprealpi-favicon.jpg\",\"width\":512,\"height\":512,\"caption\":\"Consorzio Dolomiti Prealpi\"},\"image\":{\"@id\":\"https:\/\/www.dolomitiprealpi.it\/de\/#\/schema\/logo\/image\/\"},\"sameAs\":[\"https:\/\/www.facebook.com\/dolomitiprealpi.it\/\",\"https:\/\/www.instagram.com\/dolomitiprealpi\/\"]}]}<\/script>\n<!-- \/ Yoast SEO plugin. -->","yoast_head_json":{"title":"Campeggi estivi per bambini e ragazzi - Dolomiti Prealpi","robots":{"index":"index","follow":"follow","max-snippet":"max-snippet:-1","max-image-preview":"max-image-preview:large","max-video-preview":"max-video-preview:-1"},"canonical":"https:\/\/www.dolomitiprealpi.it\/de\/event\/campeggi-estivi-per-bambini-e-ragazzi\/","og_locale":"de_DE","og_type":"article","og_title":"Campeggi estivi per bambini e ragazzi - Dolomiti Prealpi","og_description":"Bei der Best\u00e4tigung der Anmeldung wird gebeten, eine Anzahlung von 50,00 \u20ac zu leisten, die am Ende des Camps an diejenigen zur\u00fcckerstattet wird, die am gesamten Camp teilgenommen haben. Einwohner","og_url":"https:\/\/www.dolomitiprealpi.it\/de\/event\/campeggi-estivi-per-bambini-e-ragazzi\/","og_site_name":"Dolomiti Prealpi","article_publisher":"https:\/\/www.facebook.com\/dolomitiprealpi.it\/","article_modified_time":"2025-12-31T09:17:27+00:00","og_image":[{"width":2048,"height":1888,"url":"https:\/\/www.dolomitiprealpi.it\/wp-content\/uploads\/2022\/11\/C.-Timpone-Foto-archivio-Consorzio-turistico-Dolomiti-Prealpi-Nevegal-Belluno-Bike-18-2.jpg","type":"image\/jpeg"}],"twitter_card":"summary_large_image","twitter_misc":{"Est. reading time":"1 minute"},"schema":{"@context":"https:\/\/schema.org","@graph":[{"@type":"WebPage","@id":"https:\/\/www.dolomitiprealpi.it\/de\/event\/campeggi-estivi-per-bambini-e-ragazzi\/","url":"https:\/\/www.dolomitiprealpi.it\/de\/event\/campeggi-estivi-per-bambini-e-ragazzi\/","name":"Campeggi estivi per bambini e ragazzi - Dolomiti Prealpi","isPartOf":{"@id":"https:\/\/www.dolomitiprealpi.it\/de\/#website"},"datePublished":"2025-12-29T09:14:43+00:00","dateModified":"2025-12-31T09:17:27+00:00","breadcrumb":{"@id":"https:\/\/www.dolomitiprealpi.it\/de\/event\/campeggi-estivi-per-bambini-e-ragazzi\/#breadcrumb"},"inLanguage":"de-DE","potentialAction":[{"@type":"ReadAction","target":["https:\/\/www.dolomitiprealpi.it\/de\/event\/campeggi-estivi-per-bambini-e-ragazzi\/"]}]},{"@type":"BreadcrumbList","@id":"https:\/\/www.dolomitiprealpi.it\/de\/event\/campeggi-estivi-per-bambini-e-ragazzi\/#breadcrumb","itemListElement":[{"@type":"ListItem","position":1,"name":"Home","item":"https:\/\/www.dolomitiprealpi.it\/de\/"},{"@type":"ListItem","position":2,"name":"Veranstaltungen","item":"https:\/\/www.dolomitiprealpi.it\/de\/events\/"},{"@type":"ListItem","position":3,"name":"Campeggi estivi per bambini e ragazzi"}]},{"@type":"WebSite","@id":"https:\/\/www.dolomitiprealpi.it\/de\/#website","url":"https:\/\/www.dolomitiprealpi.it\/de\/","name":"Dolomiti Prealpi","description":"","publisher":{"@id":"https:\/\/www.dolomitiprealpi.it\/de\/#organization"},"potentialAction":[{"@type":"SearchAction","target":{"@type":"EntryPoint","urlTemplate":"https:\/\/www.dolomitiprealpi.it\/de\/?s={search_term_string}"},"query-input":{"@type":"PropertyValueSpecification","valueRequired":true,"valueName":"search_term_string"}}],"inLanguage":"de-DE"},{"@type":"Organization","@id":"https:\/\/www.dolomitiprealpi.it\/de\/#organization","name":"Consorzio Dolomiti Prealpi","url":"https:\/\/www.dolomitiprealpi.it\/de\/","logo":{"@type":"ImageObject","inLanguage":"de-DE","@id":"https:\/\/www.dolomitiprealpi.it\/de\/#\/schema\/logo\/image\/","url":"https:\/\/www.dolomitiprealpi.it\/wp-content\/uploads\/2023\/03\/dolomitiprealpi-favicon.jpg","contentUrl":"https:\/\/www.dolomitiprealpi.it\/wp-content\/uploads\/2023\/03\/dolomitiprealpi-favicon.jpg","width":512,"height":512,"caption":"Consorzio Dolomiti Prealpi"},"image":{"@id":"https:\/\/www.dolomitiprealpi.it\/de\/#\/schema\/logo\/image\/"},"sameAs":["https:\/\/www.facebook.com\/dolomitiprealpi.it\/","https:\/\/www.instagram.com\/dolomitiprealpi\/"]}]}},"_links":{"self":[{"href":"https:\/\/www.dolomitiprealpi.it\/de\/wp-json\/wp\/v2\/tribe_events\/81914","targetHints":{"allow":["GET"]}}],"collection":[{"href":"https:\/\/www.dolomitiprealpi.it\/de\/wp-json\/wp\/v2\/tribe_events"}],"about":[{"href":"https:\/\/www.dolomitiprealpi.it\/de\/wp-json\/wp\/v2\/types\/tribe_events"}],"version-history":[{"count":1,"href":"https:\/\/www.dolomitiprealpi.it\/de\/wp-json\/wp\/v2\/tribe_events\/81914\/revisions"}],"predecessor-version":[{"id":86274,"href":"https:\/\/www.dolomitiprealpi.it\/de\/wp-json\/wp\/v2\/tribe_events\/81914\/revisions\/86274"}],"wp:attachment":[{"href":"https:\/\/www.dolomitiprealpi.it\/de\/wp-json\/wp\/v2\/media?parent=81914"}],"wp:term":[{"taxonomy":"post_tag","embeddable":true,"href":"https:\/\/www.dolomitiprealpi.it\/de\/wp-json\/wp\/v2\/tags?post=81914"},{"taxonomy":"tribe_events_cat","embeddable":true,"href":"https:\/\/www.dolomitiprealpi.it\/de\/wp-json\/wp\/v2\/tribe_events_cat?post=81914"}],"curies":[{"name":"wp","href":"https:\/\/api.w.org\/{rel}","templated":true}]}}

<p>Bei der Bestätigung der Anmeldung wird gebeten, eine Anzahlung von 50,00 € zu leisten, die am Ende des Camps an diejenigen zurückerstattet wird, die am gesamten Camp teilgenommen haben. Einwohner der Gemeinde Feltre werden priorisiert. Die natürliche Umgebung erleben, aktiv am Alltag des Camps teilnehmen, wandern, spielen, erkunden. Das sind nur einige der Dinge, die in der Woche des Entdeckercamps passieren können. In einer Lebensphase, in der das Bedürfnis stark ist, seine Rolle innerhalb einer Gruppe zu finden und sich selbst zu testen, um kleine Räume der Autonomie zu erobern, bietet das Camp ein geschütztes Terrain zum Experimentieren, unterstützt von Umweltführern und Pädagogen.7-tägige und 6-nächtige Wohn Erfahrung</p>

<p>Bei der Bestätigung der Anmeldung wird gebeten, eine Anzahlung von 50,00 € zu leisten, die am Ende des Camps an diejenigen zurückerstattet wird, die am gesamten Camp teilgenommen haben. Einwohner</p>

<!-- This site is optimized with the Yoast SEO plugin v25.7 - https://yoast.com/wordpress/plugins/seo/ -->
<title>Campeggi estivi per bambini e ragazzi - Dolomiti Prealpi</title>
<meta name="robots" content="index, follow, max-snippet:-1, max-image-preview:large, max-video-preview:-1" />
<link rel="canonical" href="https://www.dolomitiprealpi.it/de/event/campeggi-estivi-per-bambini-e-ragazzi/" />
<meta property="og:locale" content="de_DE" />
<meta property="og:type" content="article" />
<meta property="og:title" content="Campeggi estivi per bambini e ragazzi - Dolomiti Prealpi" />
<meta property="og:description" content="Bei der Bestätigung der Anmeldung wird gebeten, eine Anzahlung von 50,00 € zu leisten, die am Ende des Camps an diejenigen zurückerstattet wird, die am gesamten Camp teilgenommen haben. Einwohner" />
<meta property="og:url" content="https://www.dolomitiprealpi.it/de/event/campeggi-estivi-per-bambini-e-ragazzi/" />
<meta property="og:site_name" content="Dolomiti Prealpi" />
<meta property="article:publisher" content="https://www.facebook.com/dolomitiprealpi.it/" />
<meta property="article:modified_time" content="2025-12-31T09:17:27+00:00" />
<meta property="og:image" content="https://www.dolomitiprealpi.it/wp-content/uploads/2022/11/C.-Timpone-Foto-archivio-Consorzio-turistico-Dolomiti-Prealpi-Nevegal-Belluno-Bike-18-2.jpg" />
	<meta property="og:image:width" content="2048" />
	<meta property="og:image:height" content="1888" />
	<meta property="og:image:type" content="image/jpeg" />
<meta name="twitter:card" content="summary_large_image" />
<meta name="twitter:label1" content="Est. reading time" />
	<meta name="twitter:data1" content="1 minute" />
<script type="application/ld+json" class="yoast-schema-graph">{"@context":"https://schema.org","@graph":[{"@type":"WebPage","@id":"https://www.dolomitiprealpi.it/de/event/campeggi-estivi-per-bambini-e-ragazzi/","url":"https://www.dolomitiprealpi.it/de/event/campeggi-estivi-per-bambini-e-ragazzi/","name":"Campeggi estivi per bambini e ragazzi - Dolomiti Prealpi","isPartOf":{"@id":"https://www.dolomitiprealpi.it/de/#website"},"datePublished":"2025-12-29T09:14:43+00:00","dateModified":"2025-12-31T09:17:27+00:00","breadcrumb":{"@id":"https://www.dolomitiprealpi.it/de/event/campeggi-estivi-per-bambini-e-ragazzi/#breadcrumb"},"inLanguage":"de-DE","potentialAction":[{"@type":"ReadAction","target":["https://www.dolomitiprealpi.it/de/event/campeggi-estivi-per-bambini-e-ragazzi/"]}]},{"@type":"BreadcrumbList","@id":"https://www.dolomitiprealpi.it/de/event/campeggi-estivi-per-bambini-e-ragazzi/#breadcrumb","itemListElement":[{"@type":"ListItem","position":1,"name":"Home","item":"https://www.dolomitiprealpi.it/de/"},{"@type":"ListItem","position":2,"name":"Veranstaltungen","item":"https://www.dolomitiprealpi.it/de/events/"},{"@type":"ListItem","position":3,"name":"Campeggi estivi per bambini e ragazzi"}]},{"@type":"WebSite","@id":"https://www.dolomitiprealpi.it/de/#website","url":"https://www.dolomitiprealpi.it/de/","name":"Dolomiti Prealpi","description":"","publisher":{"@id":"https://www.dolomitiprealpi.it/de/#organization"},"potentialAction":[{"@type":"SearchAction","target":{"@type":"EntryPoint","urlTemplate":"https://www.dolomitiprealpi.it/de/?s={search_term_string}"},"query-input":{"@type":"PropertyValueSpecification","valueRequired":true,"valueName":"search_term_string"}}],"inLanguage":"de-DE"},{"@type":"Organization","@id":"https://www.dolomitiprealpi.it/de/#organization","name":"Consorzio Dolomiti Prealpi","url":"https://www.dolomitiprealpi.it/de/","logo":{"@type":"ImageObject","inLanguage":"de-DE","@id":"https://www.dolomitiprealpi.it/de/#/schema/logo/image/","url":"https://www.dolomitiprealpi.it/wp-content/uploads/2023/03/dolomitiprealpi-favicon.jpg","contentUrl":"https://www.dolomitiprealpi.it/wp-content/uploads/2023/03/dolomitiprealpi-favicon.jpg","width":512,"height":512,"caption":"Consorzio Dolomiti Prealpi"},"image":{"@id":"https://www.dolomitiprealpi.it/de/#/schema/logo/image/"},"sameAs":["https://www.facebook.com/dolomitiprealpi.it/","https://www.instagram.com/dolomitiprealpi/"]}]}</script>
<!-- / Yoast SEO plugin. -->

Bei der Bestätigung der Anmeldung wird gebeten, eine Anzahlung von 50,00 € zu leisten, die am Ende des Camps an diejenigen zurückerstattet wird, die am gesamten Camp teilgenommen haben. Einwohner
