{"id":81900,"date":"2025-12-29T10:14:28","date_gmt":"2025-12-29T09:14:28","guid":{"rendered":"https:\/\/www.dolomitiprealpi.it\/event\/patriarchi-del-bosco\/"},"modified":"2026-02-09T18:10:44","modified_gmt":"2026-02-09T17:10:44","slug":"patriarchi-del-bosco","status":"publish","type":"tribe_events","link":"https:\/\/www.dolomitiprealpi.it\/de\/event\/patriarchi-del-bosco\/","title":{"rendered":"Patriarchi del bosco"},"content":{"rendered":"<p>Die Jahrhunderte alten B\u00e4ume sind wahre Naturdenkm\u00e4ler.   Zeugen der Zeit haben sie einen einzigartigen historischen, kulturellen und   nat\u00fcrlichen Wert. Die Abteilung Carabinieri Biodiversit\u00e4t Vittorio   Veneto organisiert eine Exkursion im Cansiglio-Wald    um ihre Bedeutung zu entdecken.<\/p>\n<p>ANMELDUNG und VORANMELDUNG UNBEDINGT NOTWENDIG   <br \/>Kostenlose Teilnahme bis zur Platzverf\u00fcgbarkeit   Es wird eine angemessene Bekleidung f\u00fcr die Bergumgebung empfohlen   Wanderung mittlerer Schwierigkeit aufgrund von L\u00e4nge und H\u00f6henunterschied   Bei starkem schlechten Wetter wird der Ausflug abgesagt.   Es wird jede Verantwortung f\u00fcr Sch\u00e4den an Sachen oder Personen abgelehnt.<\/p>\n<p>Infos und Reservierungen unter 0438 57033 oder   043715.001@carabinieri.it.<\/p>\n","protected":false},"excerpt":{"rendered":"<p>Die Jahrhunderte alten B\u00e4ume sind wahre Naturdenkm\u00e4ler. Zeugen der Zeit haben sie einen einzigartigen historischen, kulturellen und nat\u00fcrlichen Wert. Die Abteilung Carabinieri Biodiversit\u00e4t Vittorio Veneto organisiert eine Exkursion im Cansiglio-Wald<\/p>\n","protected":false},"author":0,"featured_media":0,"template":"","meta":{"_acf_changed":false,"inline_featured_image":false,"_tribe_events_status":"","_tribe_events_status_reason":"","footnotes":""},"tags":[259],"tribe_events_cat":[],"class_list":["post-81900","tribe_events","type-tribe_events","status-publish","hentry","tag-eventi-feratel"],"acf":[],"yoast_head":"<!-- This site is optimized with the Yoast SEO plugin v25.7 - https:\/\/yoast.com\/wordpress\/plugins\/seo\/ -->\n<title>Patriarchi del bosco - Dolomiti Prealpi<\/title>\n<meta name=\"robots\" content=\"index, follow, max-snippet:-1, max-image-preview:large, max-video-preview:-1\" \/>\n<link rel=\"canonical\" href=\"https:\/\/www.dolomitiprealpi.it\/de\/event\/patriarchi-del-bosco\/\" \/>\n<meta property=\"og:locale\" content=\"de_DE\" \/>\n<meta property=\"og:type\" content=\"article\" \/>\n<meta property=\"og:title\" content=\"Patriarchi del bosco - Dolomiti Prealpi\" \/>\n<meta property=\"og:description\" content=\"Die Jahrhunderte alten B\u00e4ume sind wahre Naturdenkm\u00e4ler. Zeugen der Zeit haben sie einen einzigartigen historischen, kulturellen und nat\u00fcrlichen Wert. Die Abteilung Carabinieri Biodiversit\u00e4t Vittorio Veneto organisiert eine Exkursion im Cansiglio-Wald\" \/>\n<meta property=\"og:url\" content=\"https:\/\/www.dolomitiprealpi.it\/de\/event\/patriarchi-del-bosco\/\" \/>\n<meta property=\"og:site_name\" content=\"Dolomiti Prealpi\" \/>\n<meta property=\"article:publisher\" content=\"https:\/\/www.facebook.com\/dolomitiprealpi.it\/\" \/>\n<meta property=\"article:modified_time\" content=\"2026-02-09T17:10:44+00:00\" \/>\n<meta property=\"og:image\" content=\"https:\/\/www.dolomitiprealpi.it\/wp-content\/uploads\/2022\/11\/C.-Timpone-Foto-archivio-Consorzio-turistico-Dolomiti-Prealpi-Nevegal-Belluno-Bike-18-2.jpg\" \/>\n\t<meta property=\"og:image:width\" content=\"2048\" \/>\n\t<meta property=\"og:image:height\" content=\"1888\" \/>\n\t<meta property=\"og:image:type\" content=\"image\/jpeg\" \/>\n<meta name=\"twitter:card\" content=\"summary_large_image\" \/>\n<script type=\"application\/ld+json\" class=\"yoast-schema-graph\">{\"@context\":\"https:\/\/schema.org\",\"@graph\":[{\"@type\":\"WebPage\",\"@id\":\"https:\/\/www.dolomitiprealpi.it\/de\/event\/patriarchi-del-bosco\/\",\"url\":\"https:\/\/www.dolomitiprealpi.it\/de\/event\/patriarchi-del-bosco\/\",\"name\":\"Patriarchi del bosco - Dolomiti Prealpi\",\"isPartOf\":{\"@id\":\"https:\/\/www.dolomitiprealpi.it\/de\/#website\"},\"datePublished\":\"2025-12-29T09:14:28+00:00\",\"dateModified\":\"2026-02-09T17:10:44+00:00\",\"breadcrumb\":{\"@id\":\"https:\/\/www.dolomitiprealpi.it\/de\/event\/patriarchi-del-bosco\/#breadcrumb\"},\"inLanguage\":\"de-DE\",\"potentialAction\":[{\"@type\":\"ReadAction\",\"target\":[\"https:\/\/www.dolomitiprealpi.it\/de\/event\/patriarchi-del-bosco\/\"]}]},{\"@type\":\"BreadcrumbList\",\"@id\":\"https:\/\/www.dolomitiprealpi.it\/de\/event\/patriarchi-del-bosco\/#breadcrumb\",\"itemListElement\":[{\"@type\":\"ListItem\",\"position\":1,\"name\":\"Home\",\"item\":\"https:\/\/www.dolomitiprealpi.it\/de\/\"},{\"@type\":\"ListItem\",\"position\":2,\"name\":\"Veranstaltungen\",\"item\":\"https:\/\/www.dolomitiprealpi.it\/de\/events\/\"},{\"@type\":\"ListItem\",\"position\":3,\"name\":\"Patriarchi del bosco\"}]},{\"@type\":\"WebSite\",\"@id\":\"https:\/\/www.dolomitiprealpi.it\/de\/#website\",\"url\":\"https:\/\/www.dolomitiprealpi.it\/de\/\",\"name\":\"Dolomiti Prealpi\",\"description\":\"\",\"publisher\":{\"@id\":\"https:\/\/www.dolomitiprealpi.it\/de\/#organization\"},\"potentialAction\":[{\"@type\":\"SearchAction\",\"target\":{\"@type\":\"EntryPoint\",\"urlTemplate\":\"https:\/\/www.dolomitiprealpi.it\/de\/?s={search_term_string}\"},\"query-input\":{\"@type\":\"PropertyValueSpecification\",\"valueRequired\":true,\"valueName\":\"search_term_string\"}}],\"inLanguage\":\"de-DE\"},{\"@type\":\"Organization\",\"@id\":\"https:\/\/www.dolomitiprealpi.it\/de\/#organization\",\"name\":\"Consorzio Dolomiti Prealpi\",\"url\":\"https:\/\/www.dolomitiprealpi.it\/de\/\",\"logo\":{\"@type\":\"ImageObject\",\"inLanguage\":\"de-DE\",\"@id\":\"https:\/\/www.dolomitiprealpi.it\/de\/#\/schema\/logo\/image\/\",\"url\":\"https:\/\/www.dolomitiprealpi.it\/wp-content\/uploads\/2023\/03\/dolomitiprealpi-favicon.jpg\",\"contentUrl\":\"https:\/\/www.dolomitiprealpi.it\/wp-content\/uploads\/2023\/03\/dolomitiprealpi-favicon.jpg\",\"width\":512,\"height\":512,\"caption\":\"Consorzio Dolomiti Prealpi\"},\"image\":{\"@id\":\"https:\/\/www.dolomitiprealpi.it\/de\/#\/schema\/logo\/image\/\"},\"sameAs\":[\"https:\/\/www.facebook.com\/dolomitiprealpi.it\/\",\"https:\/\/www.instagram.com\/dolomitiprealpi\/\"]}]}<\/script>\n<!-- \/ Yoast SEO plugin. -->","yoast_head_json":{"title":"Patriarchi del bosco - Dolomiti Prealpi","robots":{"index":"index","follow":"follow","max-snippet":"max-snippet:-1","max-image-preview":"max-image-preview:large","max-video-preview":"max-video-preview:-1"},"canonical":"https:\/\/www.dolomitiprealpi.it\/de\/event\/patriarchi-del-bosco\/","og_locale":"de_DE","og_type":"article","og_title":"Patriarchi del bosco - Dolomiti Prealpi","og_description":"Die Jahrhunderte alten B\u00e4ume sind wahre Naturdenkm\u00e4ler. Zeugen der Zeit haben sie einen einzigartigen historischen, kulturellen und nat\u00fcrlichen Wert. Die Abteilung Carabinieri Biodiversit\u00e4t Vittorio Veneto organisiert eine Exkursion im Cansiglio-Wald","og_url":"https:\/\/www.dolomitiprealpi.it\/de\/event\/patriarchi-del-bosco\/","og_site_name":"Dolomiti Prealpi","article_publisher":"https:\/\/www.facebook.com\/dolomitiprealpi.it\/","article_modified_time":"2026-02-09T17:10:44+00:00","og_image":[{"width":2048,"height":1888,"url":"https:\/\/www.dolomitiprealpi.it\/wp-content\/uploads\/2022\/11\/C.-Timpone-Foto-archivio-Consorzio-turistico-Dolomiti-Prealpi-Nevegal-Belluno-Bike-18-2.jpg","type":"image\/jpeg"}],"twitter_card":"summary_large_image","schema":{"@context":"https:\/\/schema.org","@graph":[{"@type":"WebPage","@id":"https:\/\/www.dolomitiprealpi.it\/de\/event\/patriarchi-del-bosco\/","url":"https:\/\/www.dolomitiprealpi.it\/de\/event\/patriarchi-del-bosco\/","name":"Patriarchi del bosco - Dolomiti Prealpi","isPartOf":{"@id":"https:\/\/www.dolomitiprealpi.it\/de\/#website"},"datePublished":"2025-12-29T09:14:28+00:00","dateModified":"2026-02-09T17:10:44+00:00","breadcrumb":{"@id":"https:\/\/www.dolomitiprealpi.it\/de\/event\/patriarchi-del-bosco\/#breadcrumb"},"inLanguage":"de-DE","potentialAction":[{"@type":"ReadAction","target":["https:\/\/www.dolomitiprealpi.it\/de\/event\/patriarchi-del-bosco\/"]}]},{"@type":"BreadcrumbList","@id":"https:\/\/www.dolomitiprealpi.it\/de\/event\/patriarchi-del-bosco\/#breadcrumb","itemListElement":[{"@type":"ListItem","position":1,"name":"Home","item":"https:\/\/www.dolomitiprealpi.it\/de\/"},{"@type":"ListItem","position":2,"name":"Veranstaltungen","item":"https:\/\/www.dolomitiprealpi.it\/de\/events\/"},{"@type":"ListItem","position":3,"name":"Patriarchi del bosco"}]},{"@type":"WebSite","@id":"https:\/\/www.dolomitiprealpi.it\/de\/#website","url":"https:\/\/www.dolomitiprealpi.it\/de\/","name":"Dolomiti Prealpi","description":"","publisher":{"@id":"https:\/\/www.dolomitiprealpi.it\/de\/#organization"},"potentialAction":[{"@type":"SearchAction","target":{"@type":"EntryPoint","urlTemplate":"https:\/\/www.dolomitiprealpi.it\/de\/?s={search_term_string}"},"query-input":{"@type":"PropertyValueSpecification","valueRequired":true,"valueName":"search_term_string"}}],"inLanguage":"de-DE"},{"@type":"Organization","@id":"https:\/\/www.dolomitiprealpi.it\/de\/#organization","name":"Consorzio Dolomiti Prealpi","url":"https:\/\/www.dolomitiprealpi.it\/de\/","logo":{"@type":"ImageObject","inLanguage":"de-DE","@id":"https:\/\/www.dolomitiprealpi.it\/de\/#\/schema\/logo\/image\/","url":"https:\/\/www.dolomitiprealpi.it\/wp-content\/uploads\/2023\/03\/dolomitiprealpi-favicon.jpg","contentUrl":"https:\/\/www.dolomitiprealpi.it\/wp-content\/uploads\/2023\/03\/dolomitiprealpi-favicon.jpg","width":512,"height":512,"caption":"Consorzio Dolomiti Prealpi"},"image":{"@id":"https:\/\/www.dolomitiprealpi.it\/de\/#\/schema\/logo\/image\/"},"sameAs":["https:\/\/www.facebook.com\/dolomitiprealpi.it\/","https:\/\/www.instagram.com\/dolomitiprealpi\/"]}]}},"_links":{"self":[{"href":"https:\/\/www.dolomitiprealpi.it\/de\/wp-json\/wp\/v2\/tribe_events\/81900","targetHints":{"allow":["GET"]}}],"collection":[{"href":"https:\/\/www.dolomitiprealpi.it\/de\/wp-json\/wp\/v2\/tribe_events"}],"about":[{"href":"https:\/\/www.dolomitiprealpi.it\/de\/wp-json\/wp\/v2\/types\/tribe_events"}],"version-history":[{"count":1,"href":"https:\/\/www.dolomitiprealpi.it\/de\/wp-json\/wp\/v2\/tribe_events\/81900\/revisions"}],"predecessor-version":[{"id":86265,"href":"https:\/\/www.dolomitiprealpi.it\/de\/wp-json\/wp\/v2\/tribe_events\/81900\/revisions\/86265"}],"wp:attachment":[{"href":"https:\/\/www.dolomitiprealpi.it\/de\/wp-json\/wp\/v2\/media?parent=81900"}],"wp:term":[{"taxonomy":"post_tag","embeddable":true,"href":"https:\/\/www.dolomitiprealpi.it\/de\/wp-json\/wp\/v2\/tags?post=81900"},{"taxonomy":"tribe_events_cat","embeddable":true,"href":"https:\/\/www.dolomitiprealpi.it\/de\/wp-json\/wp\/v2\/tribe_events_cat?post=81900"}],"curies":[{"name":"wp","href":"https:\/\/api.w.org\/{rel}","templated":true}]}}

<p>Die Jahrhunderte alten Bäume sind wahre Naturdenkmäler.   Zeugen der Zeit haben sie einen einzigartigen historischen, kulturellen und   natürlichen Wert. Die Abteilung Carabinieri Biodiversität Vittorio   Veneto organisiert eine Exkursion im Cansiglio-Wald    um ihre Bedeutung zu entdecken.</p>
<p>ANMELDUNG und VORANMELDUNG UNBEDINGT NOTWENDIG   <br />Kostenlose Teilnahme bis zur Platzverfügbarkeit   Es wird eine angemessene Bekleidung für die Bergumgebung empfohlen   Wanderung mittlerer Schwierigkeit aufgrund von Länge und Höhenunterschied   Bei starkem schlechten Wetter wird der Ausflug abgesagt.   Es wird jede Verantwortung für Schäden an Sachen oder Personen abgelehnt.</p>
<p>Infos und Reservierungen unter 0438 57033 oder   043715.001@carabinieri.it.</p>

<p>Die Jahrhunderte alten Bäume sind wahre Naturdenkmäler. Zeugen der Zeit haben sie einen einzigartigen historischen, kulturellen und natürlichen Wert. Die Abteilung Carabinieri Biodiversität Vittorio Veneto organisiert eine Exkursion im Cansiglio-Wald</p>

<!-- This site is optimized with the Yoast SEO plugin v25.7 - https://yoast.com/wordpress/plugins/seo/ -->
<title>Patriarchi del bosco - Dolomiti Prealpi</title>
<meta name="robots" content="index, follow, max-snippet:-1, max-image-preview:large, max-video-preview:-1" />
<link rel="canonical" href="https://www.dolomitiprealpi.it/de/event/patriarchi-del-bosco/" />
<meta property="og:locale" content="de_DE" />
<meta property="og:type" content="article" />
<meta property="og:title" content="Patriarchi del bosco - Dolomiti Prealpi" />
<meta property="og:description" content="Die Jahrhunderte alten Bäume sind wahre Naturdenkmäler. Zeugen der Zeit haben sie einen einzigartigen historischen, kulturellen und natürlichen Wert. Die Abteilung Carabinieri Biodiversität Vittorio Veneto organisiert eine Exkursion im Cansiglio-Wald" />
<meta property="og:url" content="https://www.dolomitiprealpi.it/de/event/patriarchi-del-bosco/" />
<meta property="og:site_name" content="Dolomiti Prealpi" />
<meta property="article:publisher" content="https://www.facebook.com/dolomitiprealpi.it/" />
<meta property="article:modified_time" content="2026-02-09T17:10:44+00:00" />
<meta property="og:image" content="https://www.dolomitiprealpi.it/wp-content/uploads/2022/11/C.-Timpone-Foto-archivio-Consorzio-turistico-Dolomiti-Prealpi-Nevegal-Belluno-Bike-18-2.jpg" />
	<meta property="og:image:width" content="2048" />
	<meta property="og:image:height" content="1888" />
	<meta property="og:image:type" content="image/jpeg" />
<meta name="twitter:card" content="summary_large_image" />
<script type="application/ld+json" class="yoast-schema-graph">{"@context":"https://schema.org","@graph":[{"@type":"WebPage","@id":"https://www.dolomitiprealpi.it/de/event/patriarchi-del-bosco/","url":"https://www.dolomitiprealpi.it/de/event/patriarchi-del-bosco/","name":"Patriarchi del bosco - Dolomiti Prealpi","isPartOf":{"@id":"https://www.dolomitiprealpi.it/de/#website"},"datePublished":"2025-12-29T09:14:28+00:00","dateModified":"2026-02-09T17:10:44+00:00","breadcrumb":{"@id":"https://www.dolomitiprealpi.it/de/event/patriarchi-del-bosco/#breadcrumb"},"inLanguage":"de-DE","potentialAction":[{"@type":"ReadAction","target":["https://www.dolomitiprealpi.it/de/event/patriarchi-del-bosco/"]}]},{"@type":"BreadcrumbList","@id":"https://www.dolomitiprealpi.it/de/event/patriarchi-del-bosco/#breadcrumb","itemListElement":[{"@type":"ListItem","position":1,"name":"Home","item":"https://www.dolomitiprealpi.it/de/"},{"@type":"ListItem","position":2,"name":"Veranstaltungen","item":"https://www.dolomitiprealpi.it/de/events/"},{"@type":"ListItem","position":3,"name":"Patriarchi del bosco"}]},{"@type":"WebSite","@id":"https://www.dolomitiprealpi.it/de/#website","url":"https://www.dolomitiprealpi.it/de/","name":"Dolomiti Prealpi","description":"","publisher":{"@id":"https://www.dolomitiprealpi.it/de/#organization"},"potentialAction":[{"@type":"SearchAction","target":{"@type":"EntryPoint","urlTemplate":"https://www.dolomitiprealpi.it/de/?s={search_term_string}"},"query-input":{"@type":"PropertyValueSpecification","valueRequired":true,"valueName":"search_term_string"}}],"inLanguage":"de-DE"},{"@type":"Organization","@id":"https://www.dolomitiprealpi.it/de/#organization","name":"Consorzio Dolomiti Prealpi","url":"https://www.dolomitiprealpi.it/de/","logo":{"@type":"ImageObject","inLanguage":"de-DE","@id":"https://www.dolomitiprealpi.it/de/#/schema/logo/image/","url":"https://www.dolomitiprealpi.it/wp-content/uploads/2023/03/dolomitiprealpi-favicon.jpg","contentUrl":"https://www.dolomitiprealpi.it/wp-content/uploads/2023/03/dolomitiprealpi-favicon.jpg","width":512,"height":512,"caption":"Consorzio Dolomiti Prealpi"},"image":{"@id":"https://www.dolomitiprealpi.it/de/#/schema/logo/image/"},"sameAs":["https://www.facebook.com/dolomitiprealpi.it/","https://www.instagram.com/dolomitiprealpi/"]}]}</script>
<!-- / Yoast SEO plugin. -->

Die Jahrhunderte alten Bäume sind wahre Naturdenkmäler. Zeugen der Zeit haben sie einen einzigartigen historischen, kulturellen und natürlichen Wert. Die Abteilung Carabinieri Biodiversität Vittorio Veneto organisiert eine Exkursion im Cansiglio-Wald
