{"id":81895,"date":"2025-12-29T10:14:13","date_gmt":"2025-12-29T09:14:13","guid":{"rendered":"https:\/\/www.dolomitiprealpi.it\/event\/paesaggi-che-risuonano\/"},"modified":"2025-12-31T10:17:05","modified_gmt":"2025-12-31T09:17:05","slug":"paesaggi-che-risuonano","status":"publish","type":"tribe_events","link":"https:\/\/www.dolomitiprealpi.it\/de\/event\/paesaggi-che-risuonano\/","title":{"rendered":"Paesaggi che risuonano"},"content":{"rendered":"<p>F\u00fcr Informationen und Anmeldungen: <\/p>\n<p>3512835047 <\/p>\n<p>rebymarta@yahoo.com<\/p>\n<p> Praktiken des Zuh\u00f6rens, Atmens, Bewegens und der Vorstellungskraft<\/p>\n<p><b>Sonntag, 6. Juli <\/b>von 15:00 bis 18:00 Uhr wird ein interdisziplin\u00e4res Erlebnis mit Rebecca Marta D&#8217;andrea angeboten, das die Beziehung zwischen K\u00f6rper und Umwelt durch einen kreativen und sensorischen Ansatz erkundet, im Theater des Labors, dem Anello della Cartiera.<\/p>\n<p>Verlangsame, H\u00f6re zu,   g\u00f6nne dir Zeit, um   zu f\u00fchlen. Entdecke dich als Teil der   Welt   <\/p>\n<p>Resonierende Landschaften   ein interdisziplin\u00e4res   Labor, das f\u00fcr alle ge\u00f6ffnet ist und die   Wechselseitigkeit zwischen K\u00f6rper und   Umwelt durch einen   kreativen,   sensorischen und imaginalen Ansatz erkundet.<\/p>\n<p>Das Projekt m\u00f6chte   eine geopoetische Resonanz erschaffen und die   Teilnehmenden in einen   syn\u00e4sthetischen und kreativen Dialog   einbeziehen, um die   intuitiven Qualit\u00e4ten   des K\u00f6rpers durch   einen erfahrungsbasierten   Beziehungsprozess zwischen Mensch und   mehr als Mensch zu reaktivieren.<\/p>\n<p><b>Rebecca Marta D&#8217;Andrea &#8211;<\/b><\/p>\n<p>Ich bin eine BewegungsK\u00fcnstlerin,   mein k\u00fcnstlerischer Werdegang beginnt   mit dem H\u00f6ren des K\u00f6rpers, um   die Schnittstellen zwischen   innerer und   \u00e4u\u00dfere Wahrnehmung zu untersuchen, einen liminalen Raum   der Kontemplation neu zu bewohnen,   zwischen Stillstand und Bewegung,   Schweigen und   Klang, um die Aufmerksamkeit   auf eine subtile Sprache zwischen   menschlich und mehr als menschlich zur\u00fcckzubringen.   <\/p>\n<p>Absolventin der Choreografie am   Dartington College of Arts (UK)   im Jahr 2006, habe ich mein Studium   an der SNDO Amsterdam, dem Milon   Mela Theaterhaus in Indien   (2009) und Ponderosa, Deutschland   (2012) fortgesetzt.   Im Jahr 2016 habe ich einen   Master in Creative Practice   an der Independent Dance und   Trinity Laban Conservatory of   Music and Dance in London (UK) erworben.<\/p>\n","protected":false},"excerpt":{"rendered":"<p>F\u00fcr Informationen und Anmeldungen: 3512835047 rebymarta@yahoo.com Praktiken des Zuh\u00f6rens, Atmens, Bewegens und der Vorstellungskraft Sonntag, 6. Juli von 15:00 bis 18:00 Uhr wird ein interdisziplin\u00e4res Erlebnis mit Rebecca Marta D&#8217;andrea<\/p>\n","protected":false},"author":0,"featured_media":0,"template":"","meta":{"_acf_changed":false,"inline_featured_image":false,"_tribe_events_status":"","_tribe_events_status_reason":"","footnotes":""},"tags":[259],"tribe_events_cat":[],"class_list":["post-81895","tribe_events","type-tribe_events","status-publish","hentry","tag-eventi-feratel"],"acf":[],"yoast_head":"<!-- This site is optimized with the Yoast SEO plugin v25.7 - https:\/\/yoast.com\/wordpress\/plugins\/seo\/ -->\n<title>Paesaggi che risuonano - Dolomiti Prealpi<\/title>\n<meta name=\"robots\" content=\"index, follow, max-snippet:-1, max-image-preview:large, max-video-preview:-1\" \/>\n<link rel=\"canonical\" href=\"https:\/\/www.dolomitiprealpi.it\/de\/event\/paesaggi-che-risuonano\/\" \/>\n<meta property=\"og:locale\" content=\"de_DE\" \/>\n<meta property=\"og:type\" content=\"article\" \/>\n<meta property=\"og:title\" content=\"Paesaggi che risuonano - Dolomiti Prealpi\" \/>\n<meta property=\"og:description\" content=\"F\u00fcr Informationen und Anmeldungen: 3512835047 rebymarta@yahoo.com Praktiken des Zuh\u00f6rens, Atmens, Bewegens und der Vorstellungskraft Sonntag, 6. Juli von 15:00 bis 18:00 Uhr wird ein interdisziplin\u00e4res Erlebnis mit Rebecca Marta D&#8217;andrea\" \/>\n<meta property=\"og:url\" content=\"https:\/\/www.dolomitiprealpi.it\/de\/event\/paesaggi-che-risuonano\/\" \/>\n<meta property=\"og:site_name\" content=\"Dolomiti Prealpi\" \/>\n<meta property=\"article:publisher\" content=\"https:\/\/www.facebook.com\/dolomitiprealpi.it\/\" \/>\n<meta property=\"article:modified_time\" content=\"2025-12-31T09:17:05+00:00\" \/>\n<meta property=\"og:image\" content=\"https:\/\/www.dolomitiprealpi.it\/wp-content\/uploads\/2022\/11\/C.-Timpone-Foto-archivio-Consorzio-turistico-Dolomiti-Prealpi-Nevegal-Belluno-Bike-18-2.jpg\" \/>\n\t<meta property=\"og:image:width\" content=\"2048\" \/>\n\t<meta property=\"og:image:height\" content=\"1888\" \/>\n\t<meta property=\"og:image:type\" content=\"image\/jpeg\" \/>\n<meta name=\"twitter:card\" content=\"summary_large_image\" \/>\n<meta name=\"twitter:label1\" content=\"Est. reading time\" \/>\n\t<meta name=\"twitter:data1\" content=\"1 minute\" \/>\n<script type=\"application\/ld+json\" class=\"yoast-schema-graph\">{\"@context\":\"https:\/\/schema.org\",\"@graph\":[{\"@type\":\"WebPage\",\"@id\":\"https:\/\/www.dolomitiprealpi.it\/de\/event\/paesaggi-che-risuonano\/\",\"url\":\"https:\/\/www.dolomitiprealpi.it\/de\/event\/paesaggi-che-risuonano\/\",\"name\":\"Paesaggi che risuonano - Dolomiti Prealpi\",\"isPartOf\":{\"@id\":\"https:\/\/www.dolomitiprealpi.it\/de\/#website\"},\"datePublished\":\"2025-12-29T09:14:13+00:00\",\"dateModified\":\"2025-12-31T09:17:05+00:00\",\"breadcrumb\":{\"@id\":\"https:\/\/www.dolomitiprealpi.it\/de\/event\/paesaggi-che-risuonano\/#breadcrumb\"},\"inLanguage\":\"de-DE\",\"potentialAction\":[{\"@type\":\"ReadAction\",\"target\":[\"https:\/\/www.dolomitiprealpi.it\/de\/event\/paesaggi-che-risuonano\/\"]}]},{\"@type\":\"BreadcrumbList\",\"@id\":\"https:\/\/www.dolomitiprealpi.it\/de\/event\/paesaggi-che-risuonano\/#breadcrumb\",\"itemListElement\":[{\"@type\":\"ListItem\",\"position\":1,\"name\":\"Home\",\"item\":\"https:\/\/www.dolomitiprealpi.it\/de\/\"},{\"@type\":\"ListItem\",\"position\":2,\"name\":\"Veranstaltungen\",\"item\":\"https:\/\/www.dolomitiprealpi.it\/de\/events\/\"},{\"@type\":\"ListItem\",\"position\":3,\"name\":\"Paesaggi che risuonano\"}]},{\"@type\":\"WebSite\",\"@id\":\"https:\/\/www.dolomitiprealpi.it\/de\/#website\",\"url\":\"https:\/\/www.dolomitiprealpi.it\/de\/\",\"name\":\"Dolomiti Prealpi\",\"description\":\"\",\"publisher\":{\"@id\":\"https:\/\/www.dolomitiprealpi.it\/de\/#organization\"},\"potentialAction\":[{\"@type\":\"SearchAction\",\"target\":{\"@type\":\"EntryPoint\",\"urlTemplate\":\"https:\/\/www.dolomitiprealpi.it\/de\/?s={search_term_string}\"},\"query-input\":{\"@type\":\"PropertyValueSpecification\",\"valueRequired\":true,\"valueName\":\"search_term_string\"}}],\"inLanguage\":\"de-DE\"},{\"@type\":\"Organization\",\"@id\":\"https:\/\/www.dolomitiprealpi.it\/de\/#organization\",\"name\":\"Consorzio Dolomiti Prealpi\",\"url\":\"https:\/\/www.dolomitiprealpi.it\/de\/\",\"logo\":{\"@type\":\"ImageObject\",\"inLanguage\":\"de-DE\",\"@id\":\"https:\/\/www.dolomitiprealpi.it\/de\/#\/schema\/logo\/image\/\",\"url\":\"https:\/\/www.dolomitiprealpi.it\/wp-content\/uploads\/2023\/03\/dolomitiprealpi-favicon.jpg\",\"contentUrl\":\"https:\/\/www.dolomitiprealpi.it\/wp-content\/uploads\/2023\/03\/dolomitiprealpi-favicon.jpg\",\"width\":512,\"height\":512,\"caption\":\"Consorzio Dolomiti Prealpi\"},\"image\":{\"@id\":\"https:\/\/www.dolomitiprealpi.it\/de\/#\/schema\/logo\/image\/\"},\"sameAs\":[\"https:\/\/www.facebook.com\/dolomitiprealpi.it\/\",\"https:\/\/www.instagram.com\/dolomitiprealpi\/\"]}]}<\/script>\n<!-- \/ Yoast SEO plugin. -->","yoast_head_json":{"title":"Paesaggi che risuonano - Dolomiti Prealpi","robots":{"index":"index","follow":"follow","max-snippet":"max-snippet:-1","max-image-preview":"max-image-preview:large","max-video-preview":"max-video-preview:-1"},"canonical":"https:\/\/www.dolomitiprealpi.it\/de\/event\/paesaggi-che-risuonano\/","og_locale":"de_DE","og_type":"article","og_title":"Paesaggi che risuonano - Dolomiti Prealpi","og_description":"F\u00fcr Informationen und Anmeldungen: 3512835047 rebymarta@yahoo.com Praktiken des Zuh\u00f6rens, Atmens, Bewegens und der Vorstellungskraft Sonntag, 6. Juli von 15:00 bis 18:00 Uhr wird ein interdisziplin\u00e4res Erlebnis mit Rebecca Marta D&#8217;andrea","og_url":"https:\/\/www.dolomitiprealpi.it\/de\/event\/paesaggi-che-risuonano\/","og_site_name":"Dolomiti Prealpi","article_publisher":"https:\/\/www.facebook.com\/dolomitiprealpi.it\/","article_modified_time":"2025-12-31T09:17:05+00:00","og_image":[{"width":2048,"height":1888,"url":"https:\/\/www.dolomitiprealpi.it\/wp-content\/uploads\/2022\/11\/C.-Timpone-Foto-archivio-Consorzio-turistico-Dolomiti-Prealpi-Nevegal-Belluno-Bike-18-2.jpg","type":"image\/jpeg"}],"twitter_card":"summary_large_image","twitter_misc":{"Est. reading time":"1 minute"},"schema":{"@context":"https:\/\/schema.org","@graph":[{"@type":"WebPage","@id":"https:\/\/www.dolomitiprealpi.it\/de\/event\/paesaggi-che-risuonano\/","url":"https:\/\/www.dolomitiprealpi.it\/de\/event\/paesaggi-che-risuonano\/","name":"Paesaggi che risuonano - Dolomiti Prealpi","isPartOf":{"@id":"https:\/\/www.dolomitiprealpi.it\/de\/#website"},"datePublished":"2025-12-29T09:14:13+00:00","dateModified":"2025-12-31T09:17:05+00:00","breadcrumb":{"@id":"https:\/\/www.dolomitiprealpi.it\/de\/event\/paesaggi-che-risuonano\/#breadcrumb"},"inLanguage":"de-DE","potentialAction":[{"@type":"ReadAction","target":["https:\/\/www.dolomitiprealpi.it\/de\/event\/paesaggi-che-risuonano\/"]}]},{"@type":"BreadcrumbList","@id":"https:\/\/www.dolomitiprealpi.it\/de\/event\/paesaggi-che-risuonano\/#breadcrumb","itemListElement":[{"@type":"ListItem","position":1,"name":"Home","item":"https:\/\/www.dolomitiprealpi.it\/de\/"},{"@type":"ListItem","position":2,"name":"Veranstaltungen","item":"https:\/\/www.dolomitiprealpi.it\/de\/events\/"},{"@type":"ListItem","position":3,"name":"Paesaggi che risuonano"}]},{"@type":"WebSite","@id":"https:\/\/www.dolomitiprealpi.it\/de\/#website","url":"https:\/\/www.dolomitiprealpi.it\/de\/","name":"Dolomiti Prealpi","description":"","publisher":{"@id":"https:\/\/www.dolomitiprealpi.it\/de\/#organization"},"potentialAction":[{"@type":"SearchAction","target":{"@type":"EntryPoint","urlTemplate":"https:\/\/www.dolomitiprealpi.it\/de\/?s={search_term_string}"},"query-input":{"@type":"PropertyValueSpecification","valueRequired":true,"valueName":"search_term_string"}}],"inLanguage":"de-DE"},{"@type":"Organization","@id":"https:\/\/www.dolomitiprealpi.it\/de\/#organization","name":"Consorzio Dolomiti Prealpi","url":"https:\/\/www.dolomitiprealpi.it\/de\/","logo":{"@type":"ImageObject","inLanguage":"de-DE","@id":"https:\/\/www.dolomitiprealpi.it\/de\/#\/schema\/logo\/image\/","url":"https:\/\/www.dolomitiprealpi.it\/wp-content\/uploads\/2023\/03\/dolomitiprealpi-favicon.jpg","contentUrl":"https:\/\/www.dolomitiprealpi.it\/wp-content\/uploads\/2023\/03\/dolomitiprealpi-favicon.jpg","width":512,"height":512,"caption":"Consorzio Dolomiti Prealpi"},"image":{"@id":"https:\/\/www.dolomitiprealpi.it\/de\/#\/schema\/logo\/image\/"},"sameAs":["https:\/\/www.facebook.com\/dolomitiprealpi.it\/","https:\/\/www.instagram.com\/dolomitiprealpi\/"]}]}},"_links":{"self":[{"href":"https:\/\/www.dolomitiprealpi.it\/de\/wp-json\/wp\/v2\/tribe_events\/81895","targetHints":{"allow":["GET"]}}],"collection":[{"href":"https:\/\/www.dolomitiprealpi.it\/de\/wp-json\/wp\/v2\/tribe_events"}],"about":[{"href":"https:\/\/www.dolomitiprealpi.it\/de\/wp-json\/wp\/v2\/types\/tribe_events"}],"version-history":[{"count":1,"href":"https:\/\/www.dolomitiprealpi.it\/de\/wp-json\/wp\/v2\/tribe_events\/81895\/revisions"}],"predecessor-version":[{"id":86255,"href":"https:\/\/www.dolomitiprealpi.it\/de\/wp-json\/wp\/v2\/tribe_events\/81895\/revisions\/86255"}],"wp:attachment":[{"href":"https:\/\/www.dolomitiprealpi.it\/de\/wp-json\/wp\/v2\/media?parent=81895"}],"wp:term":[{"taxonomy":"post_tag","embeddable":true,"href":"https:\/\/www.dolomitiprealpi.it\/de\/wp-json\/wp\/v2\/tags?post=81895"},{"taxonomy":"tribe_events_cat","embeddable":true,"href":"https:\/\/www.dolomitiprealpi.it\/de\/wp-json\/wp\/v2\/tribe_events_cat?post=81895"}],"curies":[{"name":"wp","href":"https:\/\/api.w.org\/{rel}","templated":true}]}}

<p>Für Informationen und Anmeldungen: </p>
<p>3512835047 </p>
<p>rebymarta@yahoo.com</p>
<p> Praktiken des Zuhörens, Atmens, Bewegens und der Vorstellungskraft</p>
<p><b>Sonntag, 6. Juli </b>von 15:00 bis 18:00 Uhr wird ein interdisziplinäres Erlebnis mit Rebecca Marta D&#8217;andrea angeboten, das die Beziehung zwischen Körper und Umwelt durch einen kreativen und sensorischen Ansatz erkundet, im Theater des Labors, dem Anello della Cartiera.</p>
<p>Verlangsame, Höre zu,   gönne dir Zeit, um   zu fühlen. Entdecke dich als Teil der   Welt   </p>
<p>Resonierende Landschaften   ein interdisziplinäres   Labor, das für alle geöffnet ist und die   Wechselseitigkeit zwischen Körper und   Umwelt durch einen   kreativen,   sensorischen und imaginalen Ansatz erkundet.</p>
<p>Das Projekt möchte   eine geopoetische Resonanz erschaffen und die   Teilnehmenden in einen   synästhetischen und kreativen Dialog   einbeziehen, um die   intuitiven Qualitäten   des Körpers durch   einen erfahrungsbasierten   Beziehungsprozess zwischen Mensch und   mehr als Mensch zu reaktivieren.</p>
<p><b>Rebecca Marta D&#8217;Andrea &#8211;</b></p>
<p>Ich bin eine BewegungsKünstlerin,   mein künstlerischer Werdegang beginnt   mit dem Hören des Körpers, um   die Schnittstellen zwischen   innerer und   äußere Wahrnehmung zu untersuchen, einen liminalen Raum   der Kontemplation neu zu bewohnen,   zwischen Stillstand und Bewegung,   Schweigen und   Klang, um die Aufmerksamkeit   auf eine subtile Sprache zwischen   menschlich und mehr als menschlich zurückzubringen.   </p>
<p>Absolventin der Choreografie am   Dartington College of Arts (UK)   im Jahr 2006, habe ich mein Studium   an der SNDO Amsterdam, dem Milon   Mela Theaterhaus in Indien   (2009) und Ponderosa, Deutschland   (2012) fortgesetzt.   Im Jahr 2016 habe ich einen   Master in Creative Practice   an der Independent Dance und   Trinity Laban Conservatory of   Music and Dance in London (UK) erworben.</p>

<p>Für Informationen und Anmeldungen: 3512835047 rebymarta@yahoo.com Praktiken des Zuhörens, Atmens, Bewegens und der Vorstellungskraft Sonntag, 6. Juli von 15:00 bis 18:00 Uhr wird ein interdisziplinäres Erlebnis mit Rebecca Marta D&#8217;andrea</p>

<!-- This site is optimized with the Yoast SEO plugin v25.7 - https://yoast.com/wordpress/plugins/seo/ -->
<title>Paesaggi che risuonano - Dolomiti Prealpi</title>
<meta name="robots" content="index, follow, max-snippet:-1, max-image-preview:large, max-video-preview:-1" />
<link rel="canonical" href="https://www.dolomitiprealpi.it/de/event/paesaggi-che-risuonano/" />
<meta property="og:locale" content="de_DE" />
<meta property="og:type" content="article" />
<meta property="og:title" content="Paesaggi che risuonano - Dolomiti Prealpi" />
<meta property="og:description" content="Für Informationen und Anmeldungen: 3512835047 rebymarta@yahoo.com Praktiken des Zuhörens, Atmens, Bewegens und der Vorstellungskraft Sonntag, 6. Juli von 15:00 bis 18:00 Uhr wird ein interdisziplinäres Erlebnis mit Rebecca Marta D&#8217;andrea" />
<meta property="og:url" content="https://www.dolomitiprealpi.it/de/event/paesaggi-che-risuonano/" />
<meta property="og:site_name" content="Dolomiti Prealpi" />
<meta property="article:publisher" content="https://www.facebook.com/dolomitiprealpi.it/" />
<meta property="article:modified_time" content="2025-12-31T09:17:05+00:00" />
<meta property="og:image" content="https://www.dolomitiprealpi.it/wp-content/uploads/2022/11/C.-Timpone-Foto-archivio-Consorzio-turistico-Dolomiti-Prealpi-Nevegal-Belluno-Bike-18-2.jpg" />
	<meta property="og:image:width" content="2048" />
	<meta property="og:image:height" content="1888" />
	<meta property="og:image:type" content="image/jpeg" />
<meta name="twitter:card" content="summary_large_image" />
<meta name="twitter:label1" content="Est. reading time" />
	<meta name="twitter:data1" content="1 minute" />
<script type="application/ld+json" class="yoast-schema-graph">{"@context":"https://schema.org","@graph":[{"@type":"WebPage","@id":"https://www.dolomitiprealpi.it/de/event/paesaggi-che-risuonano/","url":"https://www.dolomitiprealpi.it/de/event/paesaggi-che-risuonano/","name":"Paesaggi che risuonano - Dolomiti Prealpi","isPartOf":{"@id":"https://www.dolomitiprealpi.it/de/#website"},"datePublished":"2025-12-29T09:14:13+00:00","dateModified":"2025-12-31T09:17:05+00:00","breadcrumb":{"@id":"https://www.dolomitiprealpi.it/de/event/paesaggi-che-risuonano/#breadcrumb"},"inLanguage":"de-DE","potentialAction":[{"@type":"ReadAction","target":["https://www.dolomitiprealpi.it/de/event/paesaggi-che-risuonano/"]}]},{"@type":"BreadcrumbList","@id":"https://www.dolomitiprealpi.it/de/event/paesaggi-che-risuonano/#breadcrumb","itemListElement":[{"@type":"ListItem","position":1,"name":"Home","item":"https://www.dolomitiprealpi.it/de/"},{"@type":"ListItem","position":2,"name":"Veranstaltungen","item":"https://www.dolomitiprealpi.it/de/events/"},{"@type":"ListItem","position":3,"name":"Paesaggi che risuonano"}]},{"@type":"WebSite","@id":"https://www.dolomitiprealpi.it/de/#website","url":"https://www.dolomitiprealpi.it/de/","name":"Dolomiti Prealpi","description":"","publisher":{"@id":"https://www.dolomitiprealpi.it/de/#organization"},"potentialAction":[{"@type":"SearchAction","target":{"@type":"EntryPoint","urlTemplate":"https://www.dolomitiprealpi.it/de/?s={search_term_string}"},"query-input":{"@type":"PropertyValueSpecification","valueRequired":true,"valueName":"search_term_string"}}],"inLanguage":"de-DE"},{"@type":"Organization","@id":"https://www.dolomitiprealpi.it/de/#organization","name":"Consorzio Dolomiti Prealpi","url":"https://www.dolomitiprealpi.it/de/","logo":{"@type":"ImageObject","inLanguage":"de-DE","@id":"https://www.dolomitiprealpi.it/de/#/schema/logo/image/","url":"https://www.dolomitiprealpi.it/wp-content/uploads/2023/03/dolomitiprealpi-favicon.jpg","contentUrl":"https://www.dolomitiprealpi.it/wp-content/uploads/2023/03/dolomitiprealpi-favicon.jpg","width":512,"height":512,"caption":"Consorzio Dolomiti Prealpi"},"image":{"@id":"https://www.dolomitiprealpi.it/de/#/schema/logo/image/"},"sameAs":["https://www.facebook.com/dolomitiprealpi.it/","https://www.instagram.com/dolomitiprealpi/"]}]}</script>
<!-- / Yoast SEO plugin. -->

Für Informationen und Anmeldungen: 3512835047 rebymarta@yahoo.com Praktiken des Zuhörens, Atmens, Bewegens und der Vorstellungskraft Sonntag, 6. Juli von 15:00 bis 18:00 Uhr wird ein interdisziplinäres Erlebnis mit Rebecca Marta D&#8217;andrea
