{"id":81842,"date":"2025-12-29T10:13:22","date_gmt":"2025-12-29T09:13:22","guid":{"rendered":"https:\/\/www.dolomitiprealpi.it\/event\/i-cuccioli-e-il-dinosauro-di-maga-cornacchia\/"},"modified":"2026-01-17T12:56:31","modified_gmt":"2026-01-17T11:56:31","slug":"i-cuccioli-e-il-dinosauro-di-maga-cornacchia","status":"publish","type":"tribe_events","link":"https:\/\/www.dolomitiprealpi.it\/de\/event\/i-cuccioli-e-il-dinosauro-di-maga-cornacchia\/","title":{"rendered":"I cuccioli e il dinosauro di Maga Cornacchia"},"content":{"rendered":"<p>Theaterauff\u00fchrung f\u00fcr Kinder und Familien<\/p>\n<p>Ein fantastisches Sommertheaterst\u00fcck, um das 25-j\u00e4hrige Jubil\u00e4um des beliebtesten Cartoons unter italienischen M\u00e4dchen und Jungen zu feiern! <\/p>\n<p>Die Cuccioli sind t\u00e4glich auf Rai Yoyo und Rai Play zu sehen.<\/p>\n<p>Der Capi und der Assistent m\u00fcssen zusammen mit den Cuccioli den Plan von Maga Coracchia stoppt, die entschlossen ist, sich den &#8220;Park der sprechenden B\u00e4ume&#8221; mit Hilfe eines schrecklichen Dinosauriers anzueignen. Vorf\u00fchrungen auf zwei riesigen Leinw\u00e4nden machen die Auff\u00fchrung spannend und fesselnd.<\/p>\n<p>Das Event ist Teil der Veranstaltungsreihe \u201eL\u00e4nder, Geschichten und Kinder\u201c, die die Gemeinden der Provinz Treviso, Belluno, Padua und Venedig einbezieht. <\/p>\n<p>Je mehr Auff\u00fchrungen Sie besuchen, desto mehr Preise k\u00f6nnen Sie gewinnen! Besuchen Sie den Info-Point, den Sie an den Veranstaltungsorten finden, holen Sie sich Ihr Sticker und sammeln Sie Ihren Preis. <\/p>\n<p>Eintritt ohne Reservierung<\/p>\n<p>Im Falle schlechten Wetters wird die Auff\u00fchrung auf einen noch zu bestimmenden Termin verschoben. <\/p>\n<p>Folgen Sie all den neuesten Updates auf unseren Webseiten und in den sozialen Medien. <\/p>\n<p>https:\/\/live.alcuni.it\/rassegna-paesi-storie-e-bambini\/ <\/p>\n<p>https:\/\/www.facebook.com\/AlcuniTeatro\/ <\/p>\n<p>https:\/\/www.instagram.com\/glialcuniteatro\/<\/p>\n","protected":false},"excerpt":{"rendered":"<p>Theaterauff\u00fchrung f\u00fcr Kinder und Familien Ein fantastisches Sommertheaterst\u00fcck, um das 25-j\u00e4hrige Jubil\u00e4um des beliebtesten Cartoons unter italienischen M\u00e4dchen und Jungen zu feiern! Die Cuccioli sind t\u00e4glich auf Rai Yoyo und<\/p>\n","protected":false},"author":0,"featured_media":0,"template":"","meta":{"_acf_changed":false,"inline_featured_image":false,"_tribe_events_status":"","_tribe_events_status_reason":"","footnotes":""},"tags":[259],"tribe_events_cat":[],"class_list":["post-81842","tribe_events","type-tribe_events","status-publish","hentry","tag-eventi-feratel"],"acf":[],"yoast_head":"<!-- This site is optimized with the Yoast SEO plugin v25.7 - https:\/\/yoast.com\/wordpress\/plugins\/seo\/ -->\n<title>I cuccioli e il dinosauro di Maga Cornacchia - Dolomiti Prealpi<\/title>\n<meta name=\"robots\" content=\"index, follow, max-snippet:-1, max-image-preview:large, max-video-preview:-1\" \/>\n<link rel=\"canonical\" href=\"https:\/\/www.dolomitiprealpi.it\/de\/event\/i-cuccioli-e-il-dinosauro-di-maga-cornacchia\/\" \/>\n<meta property=\"og:locale\" content=\"de_DE\" \/>\n<meta property=\"og:type\" content=\"article\" \/>\n<meta property=\"og:title\" content=\"I cuccioli e il dinosauro di Maga Cornacchia - Dolomiti Prealpi\" \/>\n<meta property=\"og:description\" content=\"Theaterauff\u00fchrung f\u00fcr Kinder und Familien Ein fantastisches Sommertheaterst\u00fcck, um das 25-j\u00e4hrige Jubil\u00e4um des beliebtesten Cartoons unter italienischen M\u00e4dchen und Jungen zu feiern! Die Cuccioli sind t\u00e4glich auf Rai Yoyo und\" \/>\n<meta property=\"og:url\" content=\"https:\/\/www.dolomitiprealpi.it\/de\/event\/i-cuccioli-e-il-dinosauro-di-maga-cornacchia\/\" \/>\n<meta property=\"og:site_name\" content=\"Dolomiti Prealpi\" \/>\n<meta property=\"article:publisher\" content=\"https:\/\/www.facebook.com\/dolomitiprealpi.it\/\" \/>\n<meta property=\"article:modified_time\" content=\"2026-01-17T11:56:31+00:00\" \/>\n<meta property=\"og:image\" content=\"https:\/\/www.dolomitiprealpi.it\/wp-content\/uploads\/2022\/11\/C.-Timpone-Foto-archivio-Consorzio-turistico-Dolomiti-Prealpi-Nevegal-Belluno-Bike-18-2.jpg\" \/>\n\t<meta property=\"og:image:width\" content=\"2048\" \/>\n\t<meta property=\"og:image:height\" content=\"1888\" \/>\n\t<meta property=\"og:image:type\" content=\"image\/jpeg\" \/>\n<meta name=\"twitter:card\" content=\"summary_large_image\" \/>\n<meta name=\"twitter:label1\" content=\"Est. reading time\" \/>\n\t<meta name=\"twitter:data1\" content=\"1 minute\" \/>\n<script type=\"application\/ld+json\" class=\"yoast-schema-graph\">{\"@context\":\"https:\/\/schema.org\",\"@graph\":[{\"@type\":\"WebPage\",\"@id\":\"https:\/\/www.dolomitiprealpi.it\/de\/event\/i-cuccioli-e-il-dinosauro-di-maga-cornacchia\/\",\"url\":\"https:\/\/www.dolomitiprealpi.it\/de\/event\/i-cuccioli-e-il-dinosauro-di-maga-cornacchia\/\",\"name\":\"I cuccioli e il dinosauro di Maga Cornacchia - Dolomiti Prealpi\",\"isPartOf\":{\"@id\":\"https:\/\/www.dolomitiprealpi.it\/de\/#website\"},\"datePublished\":\"2025-12-29T09:13:22+00:00\",\"dateModified\":\"2026-01-17T11:56:31+00:00\",\"breadcrumb\":{\"@id\":\"https:\/\/www.dolomitiprealpi.it\/de\/event\/i-cuccioli-e-il-dinosauro-di-maga-cornacchia\/#breadcrumb\"},\"inLanguage\":\"de-DE\",\"potentialAction\":[{\"@type\":\"ReadAction\",\"target\":[\"https:\/\/www.dolomitiprealpi.it\/de\/event\/i-cuccioli-e-il-dinosauro-di-maga-cornacchia\/\"]}]},{\"@type\":\"BreadcrumbList\",\"@id\":\"https:\/\/www.dolomitiprealpi.it\/de\/event\/i-cuccioli-e-il-dinosauro-di-maga-cornacchia\/#breadcrumb\",\"itemListElement\":[{\"@type\":\"ListItem\",\"position\":1,\"name\":\"Home\",\"item\":\"https:\/\/www.dolomitiprealpi.it\/de\/\"},{\"@type\":\"ListItem\",\"position\":2,\"name\":\"Veranstaltungen\",\"item\":\"https:\/\/www.dolomitiprealpi.it\/de\/events\/\"},{\"@type\":\"ListItem\",\"position\":3,\"name\":\"I cuccioli e il dinosauro di Maga Cornacchia\"}]},{\"@type\":\"WebSite\",\"@id\":\"https:\/\/www.dolomitiprealpi.it\/de\/#website\",\"url\":\"https:\/\/www.dolomitiprealpi.it\/de\/\",\"name\":\"Dolomiti Prealpi\",\"description\":\"\",\"publisher\":{\"@id\":\"https:\/\/www.dolomitiprealpi.it\/de\/#organization\"},\"potentialAction\":[{\"@type\":\"SearchAction\",\"target\":{\"@type\":\"EntryPoint\",\"urlTemplate\":\"https:\/\/www.dolomitiprealpi.it\/de\/?s={search_term_string}\"},\"query-input\":{\"@type\":\"PropertyValueSpecification\",\"valueRequired\":true,\"valueName\":\"search_term_string\"}}],\"inLanguage\":\"de-DE\"},{\"@type\":\"Organization\",\"@id\":\"https:\/\/www.dolomitiprealpi.it\/de\/#organization\",\"name\":\"Consorzio Dolomiti Prealpi\",\"url\":\"https:\/\/www.dolomitiprealpi.it\/de\/\",\"logo\":{\"@type\":\"ImageObject\",\"inLanguage\":\"de-DE\",\"@id\":\"https:\/\/www.dolomitiprealpi.it\/de\/#\/schema\/logo\/image\/\",\"url\":\"https:\/\/www.dolomitiprealpi.it\/wp-content\/uploads\/2023\/03\/dolomitiprealpi-favicon.jpg\",\"contentUrl\":\"https:\/\/www.dolomitiprealpi.it\/wp-content\/uploads\/2023\/03\/dolomitiprealpi-favicon.jpg\",\"width\":512,\"height\":512,\"caption\":\"Consorzio Dolomiti Prealpi\"},\"image\":{\"@id\":\"https:\/\/www.dolomitiprealpi.it\/de\/#\/schema\/logo\/image\/\"},\"sameAs\":[\"https:\/\/www.facebook.com\/dolomitiprealpi.it\/\",\"https:\/\/www.instagram.com\/dolomitiprealpi\/\"]}]}<\/script>\n<!-- \/ Yoast SEO plugin. -->","yoast_head_json":{"title":"I cuccioli e il dinosauro di Maga Cornacchia - Dolomiti Prealpi","robots":{"index":"index","follow":"follow","max-snippet":"max-snippet:-1","max-image-preview":"max-image-preview:large","max-video-preview":"max-video-preview:-1"},"canonical":"https:\/\/www.dolomitiprealpi.it\/de\/event\/i-cuccioli-e-il-dinosauro-di-maga-cornacchia\/","og_locale":"de_DE","og_type":"article","og_title":"I cuccioli e il dinosauro di Maga Cornacchia - Dolomiti Prealpi","og_description":"Theaterauff\u00fchrung f\u00fcr Kinder und Familien Ein fantastisches Sommertheaterst\u00fcck, um das 25-j\u00e4hrige Jubil\u00e4um des beliebtesten Cartoons unter italienischen M\u00e4dchen und Jungen zu feiern! Die Cuccioli sind t\u00e4glich auf Rai Yoyo und","og_url":"https:\/\/www.dolomitiprealpi.it\/de\/event\/i-cuccioli-e-il-dinosauro-di-maga-cornacchia\/","og_site_name":"Dolomiti Prealpi","article_publisher":"https:\/\/www.facebook.com\/dolomitiprealpi.it\/","article_modified_time":"2026-01-17T11:56:31+00:00","og_image":[{"width":2048,"height":1888,"url":"https:\/\/www.dolomitiprealpi.it\/wp-content\/uploads\/2022\/11\/C.-Timpone-Foto-archivio-Consorzio-turistico-Dolomiti-Prealpi-Nevegal-Belluno-Bike-18-2.jpg","type":"image\/jpeg"}],"twitter_card":"summary_large_image","twitter_misc":{"Est. reading time":"1 minute"},"schema":{"@context":"https:\/\/schema.org","@graph":[{"@type":"WebPage","@id":"https:\/\/www.dolomitiprealpi.it\/de\/event\/i-cuccioli-e-il-dinosauro-di-maga-cornacchia\/","url":"https:\/\/www.dolomitiprealpi.it\/de\/event\/i-cuccioli-e-il-dinosauro-di-maga-cornacchia\/","name":"I cuccioli e il dinosauro di Maga Cornacchia - Dolomiti Prealpi","isPartOf":{"@id":"https:\/\/www.dolomitiprealpi.it\/de\/#website"},"datePublished":"2025-12-29T09:13:22+00:00","dateModified":"2026-01-17T11:56:31+00:00","breadcrumb":{"@id":"https:\/\/www.dolomitiprealpi.it\/de\/event\/i-cuccioli-e-il-dinosauro-di-maga-cornacchia\/#breadcrumb"},"inLanguage":"de-DE","potentialAction":[{"@type":"ReadAction","target":["https:\/\/www.dolomitiprealpi.it\/de\/event\/i-cuccioli-e-il-dinosauro-di-maga-cornacchia\/"]}]},{"@type":"BreadcrumbList","@id":"https:\/\/www.dolomitiprealpi.it\/de\/event\/i-cuccioli-e-il-dinosauro-di-maga-cornacchia\/#breadcrumb","itemListElement":[{"@type":"ListItem","position":1,"name":"Home","item":"https:\/\/www.dolomitiprealpi.it\/de\/"},{"@type":"ListItem","position":2,"name":"Veranstaltungen","item":"https:\/\/www.dolomitiprealpi.it\/de\/events\/"},{"@type":"ListItem","position":3,"name":"I cuccioli e il dinosauro di Maga Cornacchia"}]},{"@type":"WebSite","@id":"https:\/\/www.dolomitiprealpi.it\/de\/#website","url":"https:\/\/www.dolomitiprealpi.it\/de\/","name":"Dolomiti Prealpi","description":"","publisher":{"@id":"https:\/\/www.dolomitiprealpi.it\/de\/#organization"},"potentialAction":[{"@type":"SearchAction","target":{"@type":"EntryPoint","urlTemplate":"https:\/\/www.dolomitiprealpi.it\/de\/?s={search_term_string}"},"query-input":{"@type":"PropertyValueSpecification","valueRequired":true,"valueName":"search_term_string"}}],"inLanguage":"de-DE"},{"@type":"Organization","@id":"https:\/\/www.dolomitiprealpi.it\/de\/#organization","name":"Consorzio Dolomiti Prealpi","url":"https:\/\/www.dolomitiprealpi.it\/de\/","logo":{"@type":"ImageObject","inLanguage":"de-DE","@id":"https:\/\/www.dolomitiprealpi.it\/de\/#\/schema\/logo\/image\/","url":"https:\/\/www.dolomitiprealpi.it\/wp-content\/uploads\/2023\/03\/dolomitiprealpi-favicon.jpg","contentUrl":"https:\/\/www.dolomitiprealpi.it\/wp-content\/uploads\/2023\/03\/dolomitiprealpi-favicon.jpg","width":512,"height":512,"caption":"Consorzio Dolomiti Prealpi"},"image":{"@id":"https:\/\/www.dolomitiprealpi.it\/de\/#\/schema\/logo\/image\/"},"sameAs":["https:\/\/www.facebook.com\/dolomitiprealpi.it\/","https:\/\/www.instagram.com\/dolomitiprealpi\/"]}]}},"_links":{"self":[{"href":"https:\/\/www.dolomitiprealpi.it\/de\/wp-json\/wp\/v2\/tribe_events\/81842","targetHints":{"allow":["GET"]}}],"collection":[{"href":"https:\/\/www.dolomitiprealpi.it\/de\/wp-json\/wp\/v2\/tribe_events"}],"about":[{"href":"https:\/\/www.dolomitiprealpi.it\/de\/wp-json\/wp\/v2\/types\/tribe_events"}],"version-history":[{"count":1,"href":"https:\/\/www.dolomitiprealpi.it\/de\/wp-json\/wp\/v2\/tribe_events\/81842\/revisions"}],"predecessor-version":[{"id":86234,"href":"https:\/\/www.dolomitiprealpi.it\/de\/wp-json\/wp\/v2\/tribe_events\/81842\/revisions\/86234"}],"wp:attachment":[{"href":"https:\/\/www.dolomitiprealpi.it\/de\/wp-json\/wp\/v2\/media?parent=81842"}],"wp:term":[{"taxonomy":"post_tag","embeddable":true,"href":"https:\/\/www.dolomitiprealpi.it\/de\/wp-json\/wp\/v2\/tags?post=81842"},{"taxonomy":"tribe_events_cat","embeddable":true,"href":"https:\/\/www.dolomitiprealpi.it\/de\/wp-json\/wp\/v2\/tribe_events_cat?post=81842"}],"curies":[{"name":"wp","href":"https:\/\/api.w.org\/{rel}","templated":true}]}}

<p>Theateraufführung für Kinder und Familien</p>
<p>Ein fantastisches Sommertheaterstück, um das 25-jährige Jubiläum des beliebtesten Cartoons unter italienischen Mädchen und Jungen zu feiern! </p>
<p>Die Cuccioli sind täglich auf Rai Yoyo und Rai Play zu sehen.</p>
<p>Der Capi und der Assistent müssen zusammen mit den Cuccioli den Plan von Maga Coracchia stoppt, die entschlossen ist, sich den &#8220;Park der sprechenden Bäume&#8221; mit Hilfe eines schrecklichen Dinosauriers anzueignen. Vorführungen auf zwei riesigen Leinwänden machen die Aufführung spannend und fesselnd.</p>
<p>Das Event ist Teil der Veranstaltungsreihe „Länder, Geschichten und Kinder“, die die Gemeinden der Provinz Treviso, Belluno, Padua und Venedig einbezieht. </p>
<p>Je mehr Aufführungen Sie besuchen, desto mehr Preise können Sie gewinnen! Besuchen Sie den Info-Point, den Sie an den Veranstaltungsorten finden, holen Sie sich Ihr Sticker und sammeln Sie Ihren Preis. </p>
<p>Eintritt ohne Reservierung</p>
<p>Im Falle schlechten Wetters wird die Aufführung auf einen noch zu bestimmenden Termin verschoben. </p>
<p>Folgen Sie all den neuesten Updates auf unseren Webseiten und in den sozialen Medien. </p>
<p>https://live.alcuni.it/rassegna-paesi-storie-e-bambini/ </p>
<p>https://www.facebook.com/AlcuniTeatro/ </p>
<p>https://www.instagram.com/glialcuniteatro/</p>

<p>Theateraufführung für Kinder und Familien Ein fantastisches Sommertheaterstück, um das 25-jährige Jubiläum des beliebtesten Cartoons unter italienischen Mädchen und Jungen zu feiern! Die Cuccioli sind täglich auf Rai Yoyo und</p>

<!-- This site is optimized with the Yoast SEO plugin v25.7 - https://yoast.com/wordpress/plugins/seo/ -->
<title>I cuccioli e il dinosauro di Maga Cornacchia - Dolomiti Prealpi</title>
<meta name="robots" content="index, follow, max-snippet:-1, max-image-preview:large, max-video-preview:-1" />
<link rel="canonical" href="https://www.dolomitiprealpi.it/de/event/i-cuccioli-e-il-dinosauro-di-maga-cornacchia/" />
<meta property="og:locale" content="de_DE" />
<meta property="og:type" content="article" />
<meta property="og:title" content="I cuccioli e il dinosauro di Maga Cornacchia - Dolomiti Prealpi" />
<meta property="og:description" content="Theateraufführung für Kinder und Familien Ein fantastisches Sommertheaterstück, um das 25-jährige Jubiläum des beliebtesten Cartoons unter italienischen Mädchen und Jungen zu feiern! Die Cuccioli sind täglich auf Rai Yoyo und" />
<meta property="og:url" content="https://www.dolomitiprealpi.it/de/event/i-cuccioli-e-il-dinosauro-di-maga-cornacchia/" />
<meta property="og:site_name" content="Dolomiti Prealpi" />
<meta property="article:publisher" content="https://www.facebook.com/dolomitiprealpi.it/" />
<meta property="article:modified_time" content="2026-01-17T11:56:31+00:00" />
<meta property="og:image" content="https://www.dolomitiprealpi.it/wp-content/uploads/2022/11/C.-Timpone-Foto-archivio-Consorzio-turistico-Dolomiti-Prealpi-Nevegal-Belluno-Bike-18-2.jpg" />
	<meta property="og:image:width" content="2048" />
	<meta property="og:image:height" content="1888" />
	<meta property="og:image:type" content="image/jpeg" />
<meta name="twitter:card" content="summary_large_image" />
<meta name="twitter:label1" content="Est. reading time" />
	<meta name="twitter:data1" content="1 minute" />
<script type="application/ld+json" class="yoast-schema-graph">{"@context":"https://schema.org","@graph":[{"@type":"WebPage","@id":"https://www.dolomitiprealpi.it/de/event/i-cuccioli-e-il-dinosauro-di-maga-cornacchia/","url":"https://www.dolomitiprealpi.it/de/event/i-cuccioli-e-il-dinosauro-di-maga-cornacchia/","name":"I cuccioli e il dinosauro di Maga Cornacchia - Dolomiti Prealpi","isPartOf":{"@id":"https://www.dolomitiprealpi.it/de/#website"},"datePublished":"2025-12-29T09:13:22+00:00","dateModified":"2026-01-17T11:56:31+00:00","breadcrumb":{"@id":"https://www.dolomitiprealpi.it/de/event/i-cuccioli-e-il-dinosauro-di-maga-cornacchia/#breadcrumb"},"inLanguage":"de-DE","potentialAction":[{"@type":"ReadAction","target":["https://www.dolomitiprealpi.it/de/event/i-cuccioli-e-il-dinosauro-di-maga-cornacchia/"]}]},{"@type":"BreadcrumbList","@id":"https://www.dolomitiprealpi.it/de/event/i-cuccioli-e-il-dinosauro-di-maga-cornacchia/#breadcrumb","itemListElement":[{"@type":"ListItem","position":1,"name":"Home","item":"https://www.dolomitiprealpi.it/de/"},{"@type":"ListItem","position":2,"name":"Veranstaltungen","item":"https://www.dolomitiprealpi.it/de/events/"},{"@type":"ListItem","position":3,"name":"I cuccioli e il dinosauro di Maga Cornacchia"}]},{"@type":"WebSite","@id":"https://www.dolomitiprealpi.it/de/#website","url":"https://www.dolomitiprealpi.it/de/","name":"Dolomiti Prealpi","description":"","publisher":{"@id":"https://www.dolomitiprealpi.it/de/#organization"},"potentialAction":[{"@type":"SearchAction","target":{"@type":"EntryPoint","urlTemplate":"https://www.dolomitiprealpi.it/de/?s={search_term_string}"},"query-input":{"@type":"PropertyValueSpecification","valueRequired":true,"valueName":"search_term_string"}}],"inLanguage":"de-DE"},{"@type":"Organization","@id":"https://www.dolomitiprealpi.it/de/#organization","name":"Consorzio Dolomiti Prealpi","url":"https://www.dolomitiprealpi.it/de/","logo":{"@type":"ImageObject","inLanguage":"de-DE","@id":"https://www.dolomitiprealpi.it/de/#/schema/logo/image/","url":"https://www.dolomitiprealpi.it/wp-content/uploads/2023/03/dolomitiprealpi-favicon.jpg","contentUrl":"https://www.dolomitiprealpi.it/wp-content/uploads/2023/03/dolomitiprealpi-favicon.jpg","width":512,"height":512,"caption":"Consorzio Dolomiti Prealpi"},"image":{"@id":"https://www.dolomitiprealpi.it/de/#/schema/logo/image/"},"sameAs":["https://www.facebook.com/dolomitiprealpi.it/","https://www.instagram.com/dolomitiprealpi/"]}]}</script>
<!-- / Yoast SEO plugin. -->

Theateraufführung für Kinder und Familien Ein fantastisches Sommertheaterstück, um das 25-jährige Jubiläum des beliebtesten Cartoons unter italienischen Mädchen und Jungen zu feiern! Die Cuccioli sind täglich auf Rai Yoyo und
