{"id":81828,"date":"2026-02-15T11:50:52","date_gmt":"2026-02-15T10:50:52","guid":{"rendered":"https:\/\/www.dolomitiprealpi.it\/event\/trekking-ai-piedi-del-gigante-teverone\/"},"modified":"2026-02-21T16:17:30","modified_gmt":"2026-02-21T15:17:30","slug":"trekking-ai-piedi-del-gigante-teverone","status":"publish","type":"tribe_events","link":"https:\/\/www.dolomitiprealpi.it\/de\/event\/trekking-ai-piedi-del-gigante-teverone\/","title":{"rendered":"Trekking ai piedi del gigante Teverone"},"content":{"rendered":"<p>Durch atemberaubende Landschaften, Musik, Kunst und Gastronomie.<\/p>\n<p>ABFAHRT von San Martino,   Multifunktionales Geb\u00e4ude um 10:00 Uhr   <\/p>\n<p>ORT PIAZZE &#8211; PANORAMABANK bis 11:00 Uhr:   Regola di Irrighe fruchtiger Cocktail &#8211; auch alkoholfrei   zus\u00e4tzliche Getr\u00e4nke gegen Aufpreis; <\/p>\n<p>ORT SCALET BASSO bis 12:30 Uhr:   Regola di Plois und Curago,   Panzanella alla alpagota &#8211; auch glutenfrei   zus\u00e4tzliche Getr\u00e4nke gegen Aufpreis;<\/p>\n<p>MALGA DEGNONA bis 14:00 Uhr:   Regola di Montan\u00e8s   Vorspeise zu F\u00fc\u00dfen des Teverone   Pasta all&#8217;amatriciana   glutenfreie Alternative   zus\u00e4tzliche Getr\u00e4nke gegen Aufpreis;<\/p>\n<p>ORT RONCAD\u0130N bis 15:00 Uhr:   Regola di Fun\u00e8s, P\u00e8dol und Familien Munaro aus Molini   Hauptgericht &#8211; Pastin und Polenta   zus\u00e4tzliche Getr\u00e4nke gegen Aufpreis;<\/p>\n<p>ORT MODA bis 16:00 Uhr:   Blutspender Sektion Chies d&#8217;Alpago mit Kuchen und Kaffee   auch glutenfrei;<\/p>\n<p>AnKUNFT in San Martino Multifunktionales Geb\u00e4ude   Kiosk mit Fassbier organisiert von Pro Loco Chies d&#8217;Alpago   Musik mit Sacco DJ.   <\/p>\n<p>Jede Rastst\u00e4tte hat Wasser zum Trinken zur Verf\u00fcgung.   M\u00f6glichkeit f\u00fcr vegetarische Alternativen.   Entlang des Weges Musik mit dem Akkordeonquartett &#8220;fise-folk&#8221;<\/p>\n<p>INFO UND ANMELDUNGEN &#8211; Beatrice \u202a+39 331 322 5077\u202c oder am Tag der Abreise von 9:00 bis 10:00 Uhr (maximal 150 Anmeldungen)   \u20ac 20,00 inklusive Teilnahmegeschenk (Getr\u00e4nke nicht im Preis enthalten).   Der Weg verl\u00e4uft entlang von Bergpfaden, angemessene Kleidung wird empfohlen.   <\/p>\n<p>Bei schlechtem Wetter wird die Veranstaltung auf Sonntag, den 31. August verschoben.<\/p>\n<p>Trekking am Fu\u00df des Riesen Teverone, zwischen Regeln, Almh\u00fctten und Bauernh\u00e4usern.<\/p>\n","protected":false},"excerpt":{"rendered":"<p>Durch atemberaubende Landschaften, Musik, Kunst und Gastronomie. ABFAHRT von San Martino, Multifunktionales Geb\u00e4ude um 10:00 Uhr ORT PIAZZE &#8211; PANORAMABANK bis 11:00 Uhr: Regola di Irrighe fruchtiger Cocktail &#8211; auch<\/p>\n","protected":false},"author":0,"featured_media":0,"template":"","meta":{"_acf_changed":false,"inline_featured_image":false,"_tribe_events_status":"","_tribe_events_status_reason":"","footnotes":""},"tags":[259],"tribe_events_cat":[],"class_list":["post-81828","tribe_events","type-tribe_events","status-publish","hentry","tag-eventi-feratel"],"acf":[],"yoast_head":"<!-- This site is optimized with the Yoast SEO plugin v25.7 - https:\/\/yoast.com\/wordpress\/plugins\/seo\/ -->\n<title>Trekking ai piedi del gigante Teverone - Dolomiti Prealpi<\/title>\n<meta name=\"robots\" content=\"index, follow, max-snippet:-1, max-image-preview:large, max-video-preview:-1\" \/>\n<link rel=\"canonical\" href=\"https:\/\/www.dolomitiprealpi.it\/de\/event\/trekking-ai-piedi-del-gigante-teverone\/\" \/>\n<meta property=\"og:locale\" content=\"de_DE\" \/>\n<meta property=\"og:type\" content=\"article\" \/>\n<meta property=\"og:title\" content=\"Trekking ai piedi del gigante Teverone - Dolomiti Prealpi\" \/>\n<meta property=\"og:description\" content=\"Durch atemberaubende Landschaften, Musik, Kunst und Gastronomie. ABFAHRT von San Martino, Multifunktionales Geb\u00e4ude um 10:00 Uhr ORT PIAZZE &#8211; PANORAMABANK bis 11:00 Uhr: Regola di Irrighe fruchtiger Cocktail &#8211; auch\" \/>\n<meta property=\"og:url\" content=\"https:\/\/www.dolomitiprealpi.it\/de\/event\/trekking-ai-piedi-del-gigante-teverone\/\" \/>\n<meta property=\"og:site_name\" content=\"Dolomiti Prealpi\" \/>\n<meta property=\"article:publisher\" content=\"https:\/\/www.facebook.com\/dolomitiprealpi.it\/\" \/>\n<meta property=\"article:modified_time\" content=\"2026-02-21T15:17:30+00:00\" \/>\n<meta property=\"og:image\" content=\"https:\/\/www.dolomitiprealpi.it\/wp-content\/uploads\/2022\/11\/C.-Timpone-Foto-archivio-Consorzio-turistico-Dolomiti-Prealpi-Nevegal-Belluno-Bike-18-2.jpg\" \/>\n\t<meta property=\"og:image:width\" content=\"2048\" \/>\n\t<meta property=\"og:image:height\" content=\"1888\" \/>\n\t<meta property=\"og:image:type\" content=\"image\/jpeg\" \/>\n<meta name=\"twitter:card\" content=\"summary_large_image\" \/>\n<meta name=\"twitter:label1\" content=\"Est. reading time\" \/>\n\t<meta name=\"twitter:data1\" content=\"1 minute\" \/>\n<script type=\"application\/ld+json\" class=\"yoast-schema-graph\">{\"@context\":\"https:\/\/schema.org\",\"@graph\":[{\"@type\":\"WebPage\",\"@id\":\"https:\/\/www.dolomitiprealpi.it\/de\/event\/trekking-ai-piedi-del-gigante-teverone\/\",\"url\":\"https:\/\/www.dolomitiprealpi.it\/de\/event\/trekking-ai-piedi-del-gigante-teverone\/\",\"name\":\"Trekking ai piedi del gigante Teverone - Dolomiti Prealpi\",\"isPartOf\":{\"@id\":\"https:\/\/www.dolomitiprealpi.it\/de\/#website\"},\"datePublished\":\"2026-02-15T10:50:52+00:00\",\"dateModified\":\"2026-02-21T15:17:30+00:00\",\"breadcrumb\":{\"@id\":\"https:\/\/www.dolomitiprealpi.it\/de\/event\/trekking-ai-piedi-del-gigante-teverone\/#breadcrumb\"},\"inLanguage\":\"de-DE\",\"potentialAction\":[{\"@type\":\"ReadAction\",\"target\":[\"https:\/\/www.dolomitiprealpi.it\/de\/event\/trekking-ai-piedi-del-gigante-teverone\/\"]}]},{\"@type\":\"BreadcrumbList\",\"@id\":\"https:\/\/www.dolomitiprealpi.it\/de\/event\/trekking-ai-piedi-del-gigante-teverone\/#breadcrumb\",\"itemListElement\":[{\"@type\":\"ListItem\",\"position\":1,\"name\":\"Home\",\"item\":\"https:\/\/www.dolomitiprealpi.it\/de\/\"},{\"@type\":\"ListItem\",\"position\":2,\"name\":\"Veranstaltungen\",\"item\":\"https:\/\/www.dolomitiprealpi.it\/de\/events\/\"},{\"@type\":\"ListItem\",\"position\":3,\"name\":\"Trekking ai piedi del gigante Teverone\"}]},{\"@type\":\"WebSite\",\"@id\":\"https:\/\/www.dolomitiprealpi.it\/de\/#website\",\"url\":\"https:\/\/www.dolomitiprealpi.it\/de\/\",\"name\":\"Dolomiti Prealpi\",\"description\":\"\",\"publisher\":{\"@id\":\"https:\/\/www.dolomitiprealpi.it\/de\/#organization\"},\"potentialAction\":[{\"@type\":\"SearchAction\",\"target\":{\"@type\":\"EntryPoint\",\"urlTemplate\":\"https:\/\/www.dolomitiprealpi.it\/de\/?s={search_term_string}\"},\"query-input\":{\"@type\":\"PropertyValueSpecification\",\"valueRequired\":true,\"valueName\":\"search_term_string\"}}],\"inLanguage\":\"de-DE\"},{\"@type\":\"Organization\",\"@id\":\"https:\/\/www.dolomitiprealpi.it\/de\/#organization\",\"name\":\"Consorzio Dolomiti Prealpi\",\"url\":\"https:\/\/www.dolomitiprealpi.it\/de\/\",\"logo\":{\"@type\":\"ImageObject\",\"inLanguage\":\"de-DE\",\"@id\":\"https:\/\/www.dolomitiprealpi.it\/de\/#\/schema\/logo\/image\/\",\"url\":\"https:\/\/www.dolomitiprealpi.it\/wp-content\/uploads\/2023\/03\/dolomitiprealpi-favicon.jpg\",\"contentUrl\":\"https:\/\/www.dolomitiprealpi.it\/wp-content\/uploads\/2023\/03\/dolomitiprealpi-favicon.jpg\",\"width\":512,\"height\":512,\"caption\":\"Consorzio Dolomiti Prealpi\"},\"image\":{\"@id\":\"https:\/\/www.dolomitiprealpi.it\/de\/#\/schema\/logo\/image\/\"},\"sameAs\":[\"https:\/\/www.facebook.com\/dolomitiprealpi.it\/\",\"https:\/\/www.instagram.com\/dolomitiprealpi\/\"]}]}<\/script>\n<!-- \/ Yoast SEO plugin. -->","yoast_head_json":{"title":"Trekking ai piedi del gigante Teverone - Dolomiti Prealpi","robots":{"index":"index","follow":"follow","max-snippet":"max-snippet:-1","max-image-preview":"max-image-preview:large","max-video-preview":"max-video-preview:-1"},"canonical":"https:\/\/www.dolomitiprealpi.it\/de\/event\/trekking-ai-piedi-del-gigante-teverone\/","og_locale":"de_DE","og_type":"article","og_title":"Trekking ai piedi del gigante Teverone - Dolomiti Prealpi","og_description":"Durch atemberaubende Landschaften, Musik, Kunst und Gastronomie. ABFAHRT von San Martino, Multifunktionales Geb\u00e4ude um 10:00 Uhr ORT PIAZZE &#8211; PANORAMABANK bis 11:00 Uhr: Regola di Irrighe fruchtiger Cocktail &#8211; auch","og_url":"https:\/\/www.dolomitiprealpi.it\/de\/event\/trekking-ai-piedi-del-gigante-teverone\/","og_site_name":"Dolomiti Prealpi","article_publisher":"https:\/\/www.facebook.com\/dolomitiprealpi.it\/","article_modified_time":"2026-02-21T15:17:30+00:00","og_image":[{"width":2048,"height":1888,"url":"https:\/\/www.dolomitiprealpi.it\/wp-content\/uploads\/2022\/11\/C.-Timpone-Foto-archivio-Consorzio-turistico-Dolomiti-Prealpi-Nevegal-Belluno-Bike-18-2.jpg","type":"image\/jpeg"}],"twitter_card":"summary_large_image","twitter_misc":{"Est. reading time":"1 minute"},"schema":{"@context":"https:\/\/schema.org","@graph":[{"@type":"WebPage","@id":"https:\/\/www.dolomitiprealpi.it\/de\/event\/trekking-ai-piedi-del-gigante-teverone\/","url":"https:\/\/www.dolomitiprealpi.it\/de\/event\/trekking-ai-piedi-del-gigante-teverone\/","name":"Trekking ai piedi del gigante Teverone - Dolomiti Prealpi","isPartOf":{"@id":"https:\/\/www.dolomitiprealpi.it\/de\/#website"},"datePublished":"2026-02-15T10:50:52+00:00","dateModified":"2026-02-21T15:17:30+00:00","breadcrumb":{"@id":"https:\/\/www.dolomitiprealpi.it\/de\/event\/trekking-ai-piedi-del-gigante-teverone\/#breadcrumb"},"inLanguage":"de-DE","potentialAction":[{"@type":"ReadAction","target":["https:\/\/www.dolomitiprealpi.it\/de\/event\/trekking-ai-piedi-del-gigante-teverone\/"]}]},{"@type":"BreadcrumbList","@id":"https:\/\/www.dolomitiprealpi.it\/de\/event\/trekking-ai-piedi-del-gigante-teverone\/#breadcrumb","itemListElement":[{"@type":"ListItem","position":1,"name":"Home","item":"https:\/\/www.dolomitiprealpi.it\/de\/"},{"@type":"ListItem","position":2,"name":"Veranstaltungen","item":"https:\/\/www.dolomitiprealpi.it\/de\/events\/"},{"@type":"ListItem","position":3,"name":"Trekking ai piedi del gigante Teverone"}]},{"@type":"WebSite","@id":"https:\/\/www.dolomitiprealpi.it\/de\/#website","url":"https:\/\/www.dolomitiprealpi.it\/de\/","name":"Dolomiti Prealpi","description":"","publisher":{"@id":"https:\/\/www.dolomitiprealpi.it\/de\/#organization"},"potentialAction":[{"@type":"SearchAction","target":{"@type":"EntryPoint","urlTemplate":"https:\/\/www.dolomitiprealpi.it\/de\/?s={search_term_string}"},"query-input":{"@type":"PropertyValueSpecification","valueRequired":true,"valueName":"search_term_string"}}],"inLanguage":"de-DE"},{"@type":"Organization","@id":"https:\/\/www.dolomitiprealpi.it\/de\/#organization","name":"Consorzio Dolomiti Prealpi","url":"https:\/\/www.dolomitiprealpi.it\/de\/","logo":{"@type":"ImageObject","inLanguage":"de-DE","@id":"https:\/\/www.dolomitiprealpi.it\/de\/#\/schema\/logo\/image\/","url":"https:\/\/www.dolomitiprealpi.it\/wp-content\/uploads\/2023\/03\/dolomitiprealpi-favicon.jpg","contentUrl":"https:\/\/www.dolomitiprealpi.it\/wp-content\/uploads\/2023\/03\/dolomitiprealpi-favicon.jpg","width":512,"height":512,"caption":"Consorzio Dolomiti Prealpi"},"image":{"@id":"https:\/\/www.dolomitiprealpi.it\/de\/#\/schema\/logo\/image\/"},"sameAs":["https:\/\/www.facebook.com\/dolomitiprealpi.it\/","https:\/\/www.instagram.com\/dolomitiprealpi\/"]}]}},"_links":{"self":[{"href":"https:\/\/www.dolomitiprealpi.it\/de\/wp-json\/wp\/v2\/tribe_events\/81828","targetHints":{"allow":["GET"]}}],"collection":[{"href":"https:\/\/www.dolomitiprealpi.it\/de\/wp-json\/wp\/v2\/tribe_events"}],"about":[{"href":"https:\/\/www.dolomitiprealpi.it\/de\/wp-json\/wp\/v2\/types\/tribe_events"}],"version-history":[{"count":1,"href":"https:\/\/www.dolomitiprealpi.it\/de\/wp-json\/wp\/v2\/tribe_events\/81828\/revisions"}],"predecessor-version":[{"id":86224,"href":"https:\/\/www.dolomitiprealpi.it\/de\/wp-json\/wp\/v2\/tribe_events\/81828\/revisions\/86224"}],"wp:attachment":[{"href":"https:\/\/www.dolomitiprealpi.it\/de\/wp-json\/wp\/v2\/media?parent=81828"}],"wp:term":[{"taxonomy":"post_tag","embeddable":true,"href":"https:\/\/www.dolomitiprealpi.it\/de\/wp-json\/wp\/v2\/tags?post=81828"},{"taxonomy":"tribe_events_cat","embeddable":true,"href":"https:\/\/www.dolomitiprealpi.it\/de\/wp-json\/wp\/v2\/tribe_events_cat?post=81828"}],"curies":[{"name":"wp","href":"https:\/\/api.w.org\/{rel}","templated":true}]}}

<p>Durch atemberaubende Landschaften, Musik, Kunst und Gastronomie.</p>
<p>ABFAHRT von San Martino,   Multifunktionales Gebäude um 10:00 Uhr   </p>
<p>ORT PIAZZE &#8211; PANORAMABANK bis 11:00 Uhr:   Regola di Irrighe fruchtiger Cocktail &#8211; auch alkoholfrei   zusätzliche Getränke gegen Aufpreis; </p>
<p>ORT SCALET BASSO bis 12:30 Uhr:   Regola di Plois und Curago,   Panzanella alla alpagota &#8211; auch glutenfrei   zusätzliche Getränke gegen Aufpreis;</p>
<p>MALGA DEGNONA bis 14:00 Uhr:   Regola di Montanès   Vorspeise zu Füßen des Teverone   Pasta all&#8217;amatriciana   glutenfreie Alternative   zusätzliche Getränke gegen Aufpreis;</p>
<p>ORT RONCADİN bis 15:00 Uhr:   Regola di Funès, Pèdol und Familien Munaro aus Molini   Hauptgericht &#8211; Pastin und Polenta   zusätzliche Getränke gegen Aufpreis;</p>
<p>ORT MODA bis 16:00 Uhr:   Blutspender Sektion Chies d&#8217;Alpago mit Kuchen und Kaffee   auch glutenfrei;</p>
<p>AnKUNFT in San Martino Multifunktionales Gebäude   Kiosk mit Fassbier organisiert von Pro Loco Chies d&#8217;Alpago   Musik mit Sacco DJ.   </p>
<p>Jede Raststätte hat Wasser zum Trinken zur Verfügung.   Möglichkeit für vegetarische Alternativen.   Entlang des Weges Musik mit dem Akkordeonquartett &#8220;fise-folk&#8221;</p>
<p>INFO UND ANMELDUNGEN &#8211; Beatrice ‪+39 331 322 5077‬ oder am Tag der Abreise von 9:00 bis 10:00 Uhr (maximal 150 Anmeldungen)   € 20,00 inklusive Teilnahmegeschenk (Getränke nicht im Preis enthalten).   Der Weg verläuft entlang von Bergpfaden, angemessene Kleidung wird empfohlen.   </p>
<p>Bei schlechtem Wetter wird die Veranstaltung auf Sonntag, den 31. August verschoben.</p>
<p>Trekking am Fuß des Riesen Teverone, zwischen Regeln, Almhütten und Bauernhäusern.</p>

<p>Durch atemberaubende Landschaften, Musik, Kunst und Gastronomie. ABFAHRT von San Martino, Multifunktionales Gebäude um 10:00 Uhr ORT PIAZZE &#8211; PANORAMABANK bis 11:00 Uhr: Regola di Irrighe fruchtiger Cocktail &#8211; auch</p>

<!-- This site is optimized with the Yoast SEO plugin v25.7 - https://yoast.com/wordpress/plugins/seo/ -->
<title>Trekking ai piedi del gigante Teverone - Dolomiti Prealpi</title>
<meta name="robots" content="index, follow, max-snippet:-1, max-image-preview:large, max-video-preview:-1" />
<link rel="canonical" href="https://www.dolomitiprealpi.it/de/event/trekking-ai-piedi-del-gigante-teverone/" />
<meta property="og:locale" content="de_DE" />
<meta property="og:type" content="article" />
<meta property="og:title" content="Trekking ai piedi del gigante Teverone - Dolomiti Prealpi" />
<meta property="og:description" content="Durch atemberaubende Landschaften, Musik, Kunst und Gastronomie. ABFAHRT von San Martino, Multifunktionales Gebäude um 10:00 Uhr ORT PIAZZE &#8211; PANORAMABANK bis 11:00 Uhr: Regola di Irrighe fruchtiger Cocktail &#8211; auch" />
<meta property="og:url" content="https://www.dolomitiprealpi.it/de/event/trekking-ai-piedi-del-gigante-teverone/" />
<meta property="og:site_name" content="Dolomiti Prealpi" />
<meta property="article:publisher" content="https://www.facebook.com/dolomitiprealpi.it/" />
<meta property="article:modified_time" content="2026-02-21T15:17:30+00:00" />
<meta property="og:image" content="https://www.dolomitiprealpi.it/wp-content/uploads/2022/11/C.-Timpone-Foto-archivio-Consorzio-turistico-Dolomiti-Prealpi-Nevegal-Belluno-Bike-18-2.jpg" />
	<meta property="og:image:width" content="2048" />
	<meta property="og:image:height" content="1888" />
	<meta property="og:image:type" content="image/jpeg" />
<meta name="twitter:card" content="summary_large_image" />
<meta name="twitter:label1" content="Est. reading time" />
	<meta name="twitter:data1" content="1 minute" />
<script type="application/ld+json" class="yoast-schema-graph">{"@context":"https://schema.org","@graph":[{"@type":"WebPage","@id":"https://www.dolomitiprealpi.it/de/event/trekking-ai-piedi-del-gigante-teverone/","url":"https://www.dolomitiprealpi.it/de/event/trekking-ai-piedi-del-gigante-teverone/","name":"Trekking ai piedi del gigante Teverone - Dolomiti Prealpi","isPartOf":{"@id":"https://www.dolomitiprealpi.it/de/#website"},"datePublished":"2026-02-15T10:50:52+00:00","dateModified":"2026-02-21T15:17:30+00:00","breadcrumb":{"@id":"https://www.dolomitiprealpi.it/de/event/trekking-ai-piedi-del-gigante-teverone/#breadcrumb"},"inLanguage":"de-DE","potentialAction":[{"@type":"ReadAction","target":["https://www.dolomitiprealpi.it/de/event/trekking-ai-piedi-del-gigante-teverone/"]}]},{"@type":"BreadcrumbList","@id":"https://www.dolomitiprealpi.it/de/event/trekking-ai-piedi-del-gigante-teverone/#breadcrumb","itemListElement":[{"@type":"ListItem","position":1,"name":"Home","item":"https://www.dolomitiprealpi.it/de/"},{"@type":"ListItem","position":2,"name":"Veranstaltungen","item":"https://www.dolomitiprealpi.it/de/events/"},{"@type":"ListItem","position":3,"name":"Trekking ai piedi del gigante Teverone"}]},{"@type":"WebSite","@id":"https://www.dolomitiprealpi.it/de/#website","url":"https://www.dolomitiprealpi.it/de/","name":"Dolomiti Prealpi","description":"","publisher":{"@id":"https://www.dolomitiprealpi.it/de/#organization"},"potentialAction":[{"@type":"SearchAction","target":{"@type":"EntryPoint","urlTemplate":"https://www.dolomitiprealpi.it/de/?s={search_term_string}"},"query-input":{"@type":"PropertyValueSpecification","valueRequired":true,"valueName":"search_term_string"}}],"inLanguage":"de-DE"},{"@type":"Organization","@id":"https://www.dolomitiprealpi.it/de/#organization","name":"Consorzio Dolomiti Prealpi","url":"https://www.dolomitiprealpi.it/de/","logo":{"@type":"ImageObject","inLanguage":"de-DE","@id":"https://www.dolomitiprealpi.it/de/#/schema/logo/image/","url":"https://www.dolomitiprealpi.it/wp-content/uploads/2023/03/dolomitiprealpi-favicon.jpg","contentUrl":"https://www.dolomitiprealpi.it/wp-content/uploads/2023/03/dolomitiprealpi-favicon.jpg","width":512,"height":512,"caption":"Consorzio Dolomiti Prealpi"},"image":{"@id":"https://www.dolomitiprealpi.it/de/#/schema/logo/image/"},"sameAs":["https://www.facebook.com/dolomitiprealpi.it/","https://www.instagram.com/dolomitiprealpi/"]}]}</script>
<!-- / Yoast SEO plugin. -->

Durch atemberaubende Landschaften, Musik, Kunst und Gastronomie. ABFAHRT von San Martino, Multifunktionales Gebäude um 10:00 Uhr ORT PIAZZE &#8211; PANORAMABANK bis 11:00 Uhr: Regola di Irrighe fruchtiger Cocktail &#8211; auch
