{"id":81796,"date":"2025-08-30T13:29:53","date_gmt":"2025-08-30T11:29:53","guid":{"rendered":"https:\/\/www.dolomitiprealpi.it\/event\/le-prenom-cena-tra-amici\/"},"modified":"2025-10-09T12:45:04","modified_gmt":"2025-10-09T10:45:04","slug":"le-prenom-cena-tra-amici","status":"publish","type":"tribe_events","link":"https:\/\/www.dolomitiprealpi.it\/de\/event\/le-prenom-cena-tra-amici\/","title":{"rendered":"Le pr\u00e8nom \u2013 cena tra amici"},"content":{"rendered":"<p>Vierzigj\u00e4hrige im Vergleich zwischen \u00dcberraschungen, komischen Bemerkungen, Freundschaft,  Groll und tiefen Bindungen.<\/p>\n<p>Gem\u00fctlicher Abend bei zwei Professoren (Die Frau am Gymnasium, der Mann an der Universit\u00e4t), die sich klar zur Linken bekennen. Zwischen Verwandten und Freunden beginnt ein Spiel der Provokation und der Wahrheit, das sich ausweitet und schlie\u00dflich das Portr\u00e4t einer Generation wird: zwischen kleinen Meschheiten und gro\u00dfen Gef\u00fchlen.<\/p>\n<p>Ein Abend wie viele andere zwischen f\u00fcnf vierzigj\u00e4hrigen Freunden. Alle geh\u00f6ren zur Mittelklasse. Neben den Gastgebern sind der Bruder von ihr, der Immobilienmakler ist, und seine versp\u00e4tete Partnerin wegen eines  Berufstermins mit Japanern anwesend, w\u00e4hrend der alleinstehende Freund  (verd\u00e4chtigt, homosexuell zu sein) Posaunist in einem Sinfonieorchester ist.<\/p>\n<p>An diesem Abend teilt der Bruder der Gruppe mit, dass er Vater wird. Gl\u00fcckw\u00fcnsche, K\u00fcsse und Umarmungen. Dann die \u00fcblichen Fragen: Wird es ein Junge oder ein M\u00e4dchen, welchen Namen werdet ihr ihm geben?<\/p>\n<p>Der werdende Vater hat keinen Zweifel, dass es ein Junge sein wird; aber das Erstaunen w\u00e4chst,  als er den Namen bekannt gibt, den sie f\u00fcr den Sohn ausgew\u00e4hlt haben.<\/p>\n<p>Von Matthieu und Alexandre de la Pat\u00e8lliere, italienische Version Fausto  Paravidino  mit Lisa Galantini, Alberto Giusta, Davide Lorino, Elisabetta Mazzullo  und Aldo Ottobrino.<\/p>\n<p>Regie von Antonio Zavatteri  Co-Produktion CMC\/Nidodiragno, Stiftung Atlantide Teatro Stabile  di Verona.<\/p>\n<p>F\u00fcr Informationen und Reservierungen Circolo Cultura e Stampa Bellunese Tel. 0437 948911, E-Mail: <a href=\"mailto:info@ccsb.it\">info@ccsb.it<\/a>.<\/p>\n<p><\/p>\n<p><\/p>\n<p><\/p>\n<p>Vierziger im Vergleich zwischen Wendungen, komischen Szenen, Freundschaft,   Groll und tiefen Bindungen.<\/p>\n","protected":false},"excerpt":{"rendered":"<p>Vierzigj\u00e4hrige im Vergleich zwischen \u00dcberraschungen, komischen Bemerkungen, Freundschaft, Groll und tiefen Bindungen. Gem\u00fctlicher Abend bei zwei Professoren (Die Frau am Gymnasium, der Mann an der Universit\u00e4t), die sich klar zur<\/p>\n","protected":false},"author":0,"featured_media":0,"template":"","meta":{"_acf_changed":false,"inline_featured_image":false,"_tribe_events_status":"","_tribe_events_status_reason":"","footnotes":""},"tags":[259],"tribe_events_cat":[],"class_list":["post-81796","tribe_events","type-tribe_events","status-publish","hentry","tag-eventi-feratel"],"acf":[],"yoast_head":"<!-- This site is optimized with the Yoast SEO plugin v25.7 - https:\/\/yoast.com\/wordpress\/plugins\/seo\/ -->\n<title>Le pr\u00e8nom \u2013 cena tra amici - Dolomiti Prealpi<\/title>\n<meta name=\"robots\" content=\"index, follow, max-snippet:-1, max-image-preview:large, max-video-preview:-1\" \/>\n<link rel=\"canonical\" href=\"https:\/\/www.dolomitiprealpi.it\/de\/event\/le-prenom-cena-tra-amici\/\" \/>\n<meta property=\"og:locale\" content=\"de_DE\" \/>\n<meta property=\"og:type\" content=\"article\" \/>\n<meta property=\"og:title\" content=\"Le pr\u00e8nom \u2013 cena tra amici - Dolomiti Prealpi\" \/>\n<meta property=\"og:description\" content=\"Vierzigj\u00e4hrige im Vergleich zwischen \u00dcberraschungen, komischen Bemerkungen, Freundschaft, Groll und tiefen Bindungen. Gem\u00fctlicher Abend bei zwei Professoren (Die Frau am Gymnasium, der Mann an der Universit\u00e4t), die sich klar zur\" \/>\n<meta property=\"og:url\" content=\"https:\/\/www.dolomitiprealpi.it\/de\/event\/le-prenom-cena-tra-amici\/\" \/>\n<meta property=\"og:site_name\" content=\"Dolomiti Prealpi\" \/>\n<meta property=\"article:publisher\" content=\"https:\/\/www.facebook.com\/dolomitiprealpi.it\/\" \/>\n<meta property=\"article:modified_time\" content=\"2025-10-09T10:45:04+00:00\" \/>\n<meta property=\"og:image\" content=\"https:\/\/www.dolomitiprealpi.it\/wp-content\/uploads\/2022\/11\/C.-Timpone-Foto-archivio-Consorzio-turistico-Dolomiti-Prealpi-Nevegal-Belluno-Bike-18-2.jpg\" \/>\n\t<meta property=\"og:image:width\" content=\"2048\" \/>\n\t<meta property=\"og:image:height\" content=\"1888\" \/>\n\t<meta property=\"og:image:type\" content=\"image\/jpeg\" \/>\n<meta name=\"twitter:card\" content=\"summary_large_image\" \/>\n<meta name=\"twitter:label1\" content=\"Est. reading time\" \/>\n\t<meta name=\"twitter:data1\" content=\"1 minute\" \/>\n<script type=\"application\/ld+json\" class=\"yoast-schema-graph\">{\"@context\":\"https:\/\/schema.org\",\"@graph\":[{\"@type\":\"WebPage\",\"@id\":\"https:\/\/www.dolomitiprealpi.it\/de\/event\/le-prenom-cena-tra-amici\/\",\"url\":\"https:\/\/www.dolomitiprealpi.it\/de\/event\/le-prenom-cena-tra-amici\/\",\"name\":\"Le pr\u00e8nom \u2013 cena tra amici - Dolomiti Prealpi\",\"isPartOf\":{\"@id\":\"https:\/\/www.dolomitiprealpi.it\/de\/#website\"},\"datePublished\":\"2025-08-30T11:29:53+00:00\",\"dateModified\":\"2025-10-09T10:45:04+00:00\",\"breadcrumb\":{\"@id\":\"https:\/\/www.dolomitiprealpi.it\/de\/event\/le-prenom-cena-tra-amici\/#breadcrumb\"},\"inLanguage\":\"de-DE\",\"potentialAction\":[{\"@type\":\"ReadAction\",\"target\":[\"https:\/\/www.dolomitiprealpi.it\/de\/event\/le-prenom-cena-tra-amici\/\"]}]},{\"@type\":\"BreadcrumbList\",\"@id\":\"https:\/\/www.dolomitiprealpi.it\/de\/event\/le-prenom-cena-tra-amici\/#breadcrumb\",\"itemListElement\":[{\"@type\":\"ListItem\",\"position\":1,\"name\":\"Home\",\"item\":\"https:\/\/www.dolomitiprealpi.it\/de\/\"},{\"@type\":\"ListItem\",\"position\":2,\"name\":\"Veranstaltungen\",\"item\":\"https:\/\/www.dolomitiprealpi.it\/de\/events\/\"},{\"@type\":\"ListItem\",\"position\":3,\"name\":\"Le pr\u00e8nom \u2013 cena tra amici\"}]},{\"@type\":\"WebSite\",\"@id\":\"https:\/\/www.dolomitiprealpi.it\/de\/#website\",\"url\":\"https:\/\/www.dolomitiprealpi.it\/de\/\",\"name\":\"Dolomiti Prealpi\",\"description\":\"\",\"publisher\":{\"@id\":\"https:\/\/www.dolomitiprealpi.it\/de\/#organization\"},\"potentialAction\":[{\"@type\":\"SearchAction\",\"target\":{\"@type\":\"EntryPoint\",\"urlTemplate\":\"https:\/\/www.dolomitiprealpi.it\/de\/?s={search_term_string}\"},\"query-input\":{\"@type\":\"PropertyValueSpecification\",\"valueRequired\":true,\"valueName\":\"search_term_string\"}}],\"inLanguage\":\"de-DE\"},{\"@type\":\"Organization\",\"@id\":\"https:\/\/www.dolomitiprealpi.it\/de\/#organization\",\"name\":\"Consorzio Dolomiti Prealpi\",\"url\":\"https:\/\/www.dolomitiprealpi.it\/de\/\",\"logo\":{\"@type\":\"ImageObject\",\"inLanguage\":\"de-DE\",\"@id\":\"https:\/\/www.dolomitiprealpi.it\/de\/#\/schema\/logo\/image\/\",\"url\":\"https:\/\/www.dolomitiprealpi.it\/wp-content\/uploads\/2023\/03\/dolomitiprealpi-favicon.jpg\",\"contentUrl\":\"https:\/\/www.dolomitiprealpi.it\/wp-content\/uploads\/2023\/03\/dolomitiprealpi-favicon.jpg\",\"width\":512,\"height\":512,\"caption\":\"Consorzio Dolomiti Prealpi\"},\"image\":{\"@id\":\"https:\/\/www.dolomitiprealpi.it\/de\/#\/schema\/logo\/image\/\"},\"sameAs\":[\"https:\/\/www.facebook.com\/dolomitiprealpi.it\/\",\"https:\/\/www.instagram.com\/dolomitiprealpi\/\"]}]}<\/script>\n<!-- \/ Yoast SEO plugin. -->","yoast_head_json":{"title":"Le pr\u00e8nom \u2013 cena tra amici - Dolomiti Prealpi","robots":{"index":"index","follow":"follow","max-snippet":"max-snippet:-1","max-image-preview":"max-image-preview:large","max-video-preview":"max-video-preview:-1"},"canonical":"https:\/\/www.dolomitiprealpi.it\/de\/event\/le-prenom-cena-tra-amici\/","og_locale":"de_DE","og_type":"article","og_title":"Le pr\u00e8nom \u2013 cena tra amici - Dolomiti Prealpi","og_description":"Vierzigj\u00e4hrige im Vergleich zwischen \u00dcberraschungen, komischen Bemerkungen, Freundschaft, Groll und tiefen Bindungen. Gem\u00fctlicher Abend bei zwei Professoren (Die Frau am Gymnasium, der Mann an der Universit\u00e4t), die sich klar zur","og_url":"https:\/\/www.dolomitiprealpi.it\/de\/event\/le-prenom-cena-tra-amici\/","og_site_name":"Dolomiti Prealpi","article_publisher":"https:\/\/www.facebook.com\/dolomitiprealpi.it\/","article_modified_time":"2025-10-09T10:45:04+00:00","og_image":[{"width":2048,"height":1888,"url":"https:\/\/www.dolomitiprealpi.it\/wp-content\/uploads\/2022\/11\/C.-Timpone-Foto-archivio-Consorzio-turistico-Dolomiti-Prealpi-Nevegal-Belluno-Bike-18-2.jpg","type":"image\/jpeg"}],"twitter_card":"summary_large_image","twitter_misc":{"Est. reading time":"1 minute"},"schema":{"@context":"https:\/\/schema.org","@graph":[{"@type":"WebPage","@id":"https:\/\/www.dolomitiprealpi.it\/de\/event\/le-prenom-cena-tra-amici\/","url":"https:\/\/www.dolomitiprealpi.it\/de\/event\/le-prenom-cena-tra-amici\/","name":"Le pr\u00e8nom \u2013 cena tra amici - Dolomiti Prealpi","isPartOf":{"@id":"https:\/\/www.dolomitiprealpi.it\/de\/#website"},"datePublished":"2025-08-30T11:29:53+00:00","dateModified":"2025-10-09T10:45:04+00:00","breadcrumb":{"@id":"https:\/\/www.dolomitiprealpi.it\/de\/event\/le-prenom-cena-tra-amici\/#breadcrumb"},"inLanguage":"de-DE","potentialAction":[{"@type":"ReadAction","target":["https:\/\/www.dolomitiprealpi.it\/de\/event\/le-prenom-cena-tra-amici\/"]}]},{"@type":"BreadcrumbList","@id":"https:\/\/www.dolomitiprealpi.it\/de\/event\/le-prenom-cena-tra-amici\/#breadcrumb","itemListElement":[{"@type":"ListItem","position":1,"name":"Home","item":"https:\/\/www.dolomitiprealpi.it\/de\/"},{"@type":"ListItem","position":2,"name":"Veranstaltungen","item":"https:\/\/www.dolomitiprealpi.it\/de\/events\/"},{"@type":"ListItem","position":3,"name":"Le pr\u00e8nom \u2013 cena tra amici"}]},{"@type":"WebSite","@id":"https:\/\/www.dolomitiprealpi.it\/de\/#website","url":"https:\/\/www.dolomitiprealpi.it\/de\/","name":"Dolomiti Prealpi","description":"","publisher":{"@id":"https:\/\/www.dolomitiprealpi.it\/de\/#organization"},"potentialAction":[{"@type":"SearchAction","target":{"@type":"EntryPoint","urlTemplate":"https:\/\/www.dolomitiprealpi.it\/de\/?s={search_term_string}"},"query-input":{"@type":"PropertyValueSpecification","valueRequired":true,"valueName":"search_term_string"}}],"inLanguage":"de-DE"},{"@type":"Organization","@id":"https:\/\/www.dolomitiprealpi.it\/de\/#organization","name":"Consorzio Dolomiti Prealpi","url":"https:\/\/www.dolomitiprealpi.it\/de\/","logo":{"@type":"ImageObject","inLanguage":"de-DE","@id":"https:\/\/www.dolomitiprealpi.it\/de\/#\/schema\/logo\/image\/","url":"https:\/\/www.dolomitiprealpi.it\/wp-content\/uploads\/2023\/03\/dolomitiprealpi-favicon.jpg","contentUrl":"https:\/\/www.dolomitiprealpi.it\/wp-content\/uploads\/2023\/03\/dolomitiprealpi-favicon.jpg","width":512,"height":512,"caption":"Consorzio Dolomiti Prealpi"},"image":{"@id":"https:\/\/www.dolomitiprealpi.it\/de\/#\/schema\/logo\/image\/"},"sameAs":["https:\/\/www.facebook.com\/dolomitiprealpi.it\/","https:\/\/www.instagram.com\/dolomitiprealpi\/"]}]}},"_links":{"self":[{"href":"https:\/\/www.dolomitiprealpi.it\/de\/wp-json\/wp\/v2\/tribe_events\/81796","targetHints":{"allow":["GET"]}}],"collection":[{"href":"https:\/\/www.dolomitiprealpi.it\/de\/wp-json\/wp\/v2\/tribe_events"}],"about":[{"href":"https:\/\/www.dolomitiprealpi.it\/de\/wp-json\/wp\/v2\/types\/tribe_events"}],"version-history":[{"count":1,"href":"https:\/\/www.dolomitiprealpi.it\/de\/wp-json\/wp\/v2\/tribe_events\/81796\/revisions"}],"predecessor-version":[{"id":86206,"href":"https:\/\/www.dolomitiprealpi.it\/de\/wp-json\/wp\/v2\/tribe_events\/81796\/revisions\/86206"}],"wp:attachment":[{"href":"https:\/\/www.dolomitiprealpi.it\/de\/wp-json\/wp\/v2\/media?parent=81796"}],"wp:term":[{"taxonomy":"post_tag","embeddable":true,"href":"https:\/\/www.dolomitiprealpi.it\/de\/wp-json\/wp\/v2\/tags?post=81796"},{"taxonomy":"tribe_events_cat","embeddable":true,"href":"https:\/\/www.dolomitiprealpi.it\/de\/wp-json\/wp\/v2\/tribe_events_cat?post=81796"}],"curies":[{"name":"wp","href":"https:\/\/api.w.org\/{rel}","templated":true}]}}

Le prènom – cena tra amici

<p>Vierzigjährige im Vergleich zwischen Überraschungen, komischen Bemerkungen, Freundschaft,  Groll und tiefen Bindungen.</p>
<p>Gemütlicher Abend bei zwei Professoren (Die Frau am Gymnasium, der Mann an der Universität), die sich klar zur Linken bekennen. Zwischen Verwandten und Freunden beginnt ein Spiel der Provokation und der Wahrheit, das sich ausweitet und schließlich das Porträt einer Generation wird: zwischen kleinen Meschheiten und großen Gefühlen.</p>
<p>Ein Abend wie viele andere zwischen fünf vierzigjährigen Freunden. Alle gehören zur Mittelklasse. Neben den Gastgebern sind der Bruder von ihr, der Immobilienmakler ist, und seine verspätete Partnerin wegen eines  Berufstermins mit Japanern anwesend, während der alleinstehende Freund  (verdächtigt, homosexuell zu sein) Posaunist in einem Sinfonieorchester ist.</p>
<p>An diesem Abend teilt der Bruder der Gruppe mit, dass er Vater wird. Glückwünsche, Küsse und Umarmungen. Dann die üblichen Fragen: Wird es ein Junge oder ein Mädchen, welchen Namen werdet ihr ihm geben?</p>
<p>Der werdende Vater hat keinen Zweifel, dass es ein Junge sein wird; aber das Erstaunen wächst,  als er den Namen bekannt gibt, den sie für den Sohn ausgewählt haben.</p>
<p>Von Matthieu und Alexandre de la Patèlliere, italienische Version Fausto  Paravidino  mit Lisa Galantini, Alberto Giusta, Davide Lorino, Elisabetta Mazzullo  und Aldo Ottobrino.</p>
<p>Regie von Antonio Zavatteri  Co-Produktion CMC/Nidodiragno, Stiftung Atlantide Teatro Stabile  di Verona.</p>
<p>Für Informationen und Reservierungen Circolo Cultura e Stampa Bellunese Tel. 0437 948911, E-Mail: <a href="mailto:info@ccsb.it">info@ccsb.it</a>.</p>
<p></p>
<p></p>
<p></p>
<p>Vierziger im Vergleich zwischen Wendungen, komischen Szenen, Freundschaft,   Groll und tiefen Bindungen.</p>

<p>Vierzigjährige im Vergleich zwischen Überraschungen, komischen Bemerkungen, Freundschaft, Groll und tiefen Bindungen. Gemütlicher Abend bei zwei Professoren (Die Frau am Gymnasium, der Mann an der Universität), die sich klar zur</p>

<!-- This site is optimized with the Yoast SEO plugin v25.7 - https://yoast.com/wordpress/plugins/seo/ -->
<title>Le prènom – cena tra amici - Dolomiti Prealpi</title>
<meta name="robots" content="index, follow, max-snippet:-1, max-image-preview:large, max-video-preview:-1" />
<link rel="canonical" href="https://www.dolomitiprealpi.it/de/event/le-prenom-cena-tra-amici/" />
<meta property="og:locale" content="de_DE" />
<meta property="og:type" content="article" />
<meta property="og:title" content="Le prènom – cena tra amici - Dolomiti Prealpi" />
<meta property="og:description" content="Vierzigjährige im Vergleich zwischen Überraschungen, komischen Bemerkungen, Freundschaft, Groll und tiefen Bindungen. Gemütlicher Abend bei zwei Professoren (Die Frau am Gymnasium, der Mann an der Universität), die sich klar zur" />
<meta property="og:url" content="https://www.dolomitiprealpi.it/de/event/le-prenom-cena-tra-amici/" />
<meta property="og:site_name" content="Dolomiti Prealpi" />
<meta property="article:publisher" content="https://www.facebook.com/dolomitiprealpi.it/" />
<meta property="article:modified_time" content="2025-10-09T10:45:04+00:00" />
<meta property="og:image" content="https://www.dolomitiprealpi.it/wp-content/uploads/2022/11/C.-Timpone-Foto-archivio-Consorzio-turistico-Dolomiti-Prealpi-Nevegal-Belluno-Bike-18-2.jpg" />
	<meta property="og:image:width" content="2048" />
	<meta property="og:image:height" content="1888" />
	<meta property="og:image:type" content="image/jpeg" />
<meta name="twitter:card" content="summary_large_image" />
<meta name="twitter:label1" content="Est. reading time" />
	<meta name="twitter:data1" content="1 minute" />
<script type="application/ld+json" class="yoast-schema-graph">{"@context":"https://schema.org","@graph":[{"@type":"WebPage","@id":"https://www.dolomitiprealpi.it/de/event/le-prenom-cena-tra-amici/","url":"https://www.dolomitiprealpi.it/de/event/le-prenom-cena-tra-amici/","name":"Le prènom – cena tra amici - Dolomiti Prealpi","isPartOf":{"@id":"https://www.dolomitiprealpi.it/de/#website"},"datePublished":"2025-08-30T11:29:53+00:00","dateModified":"2025-10-09T10:45:04+00:00","breadcrumb":{"@id":"https://www.dolomitiprealpi.it/de/event/le-prenom-cena-tra-amici/#breadcrumb"},"inLanguage":"de-DE","potentialAction":[{"@type":"ReadAction","target":["https://www.dolomitiprealpi.it/de/event/le-prenom-cena-tra-amici/"]}]},{"@type":"BreadcrumbList","@id":"https://www.dolomitiprealpi.it/de/event/le-prenom-cena-tra-amici/#breadcrumb","itemListElement":[{"@type":"ListItem","position":1,"name":"Home","item":"https://www.dolomitiprealpi.it/de/"},{"@type":"ListItem","position":2,"name":"Veranstaltungen","item":"https://www.dolomitiprealpi.it/de/events/"},{"@type":"ListItem","position":3,"name":"Le prènom – cena tra amici"}]},{"@type":"WebSite","@id":"https://www.dolomitiprealpi.it/de/#website","url":"https://www.dolomitiprealpi.it/de/","name":"Dolomiti Prealpi","description":"","publisher":{"@id":"https://www.dolomitiprealpi.it/de/#organization"},"potentialAction":[{"@type":"SearchAction","target":{"@type":"EntryPoint","urlTemplate":"https://www.dolomitiprealpi.it/de/?s={search_term_string}"},"query-input":{"@type":"PropertyValueSpecification","valueRequired":true,"valueName":"search_term_string"}}],"inLanguage":"de-DE"},{"@type":"Organization","@id":"https://www.dolomitiprealpi.it/de/#organization","name":"Consorzio Dolomiti Prealpi","url":"https://www.dolomitiprealpi.it/de/","logo":{"@type":"ImageObject","inLanguage":"de-DE","@id":"https://www.dolomitiprealpi.it/de/#/schema/logo/image/","url":"https://www.dolomitiprealpi.it/wp-content/uploads/2023/03/dolomitiprealpi-favicon.jpg","contentUrl":"https://www.dolomitiprealpi.it/wp-content/uploads/2023/03/dolomitiprealpi-favicon.jpg","width":512,"height":512,"caption":"Consorzio Dolomiti Prealpi"},"image":{"@id":"https://www.dolomitiprealpi.it/de/#/schema/logo/image/"},"sameAs":["https://www.facebook.com/dolomitiprealpi.it/","https://www.instagram.com/dolomitiprealpi/"]}]}</script>
<!-- / Yoast SEO plugin. -->

Le prènom – cena tra amici - Dolomiti Prealpi

Vierzigjährige im Vergleich zwischen Überraschungen, komischen Bemerkungen, Freundschaft, Groll und tiefen Bindungen. Gemütlicher Abend bei zwei Professoren (Die Frau am Gymnasium, der Mann an der Universität), die sich klar zur
