{"id":81701,"date":"2025-08-30T13:28:14","date_gmt":"2025-08-30T11:28:14","guid":{"rendered":"https:\/\/www.dolomitiprealpi.it\/event\/giornate-fai-di-primavera-visite-speciali-extra\/"},"modified":"2025-09-21T13:00:42","modified_gmt":"2025-09-21T11:00:42","slug":"giornate-fai-di-primavera-visite-speciali-extra","status":"publish","type":"tribe_events","link":"https:\/\/www.dolomitiprealpi.it\/de\/event\/giornate-fai-di-primavera-visite-speciali-extra\/","title":{"rendered":"Giornate Fai di Primavera -visite speciali extra"},"content":{"rendered":"<p>Beitrag ab 5 Euro f\u00fcr FAI-Mitglieder und 7 Euro f\u00fcr Nicht-Mitglieder <\/p>\n<p>Besondere Privatbesichtigung Der Weg der Pestkranken<\/p>\n<p>Zus\u00e4tzlich zum TRIS der Er\u00f6ffnungen in Sovramonte werden auch spezielle F\u00fchrungen nicht fehlen \u200d\u2640\ufe0f\u200d\u27a1\ufe0f!<\/p>\n<p>&nbsp;Wann? Am Samstag, 22. und Sonntag, 23. M\u00e4rz um 17:00 Uhr.<\/p>\n<p>Die spezielle F\u00fchrung beginnt in San Giorgio di Sorriva und erstreckt sich bis nach Ponterra, entlang des &#8220;Pfades der Pestkranken&#8221;, einem d\u00fcsteren, aber faszinierenden Weg, der Sie zur Entdeckung eines Freskos f\u00fchrt, das den Transport der Pestkranken w\u00e4hrend der Epidemie von 1631 darstellt, einer Kapelle, die Santa Maria delle Grazie gewidmet ist, und dem Friedhof der Pestkranken, auf einer Reise, die Geschichte, Heiliges und Profanes verbindet!<\/p>\n<p>Reservierung erforderlich.<\/p>\n","protected":false},"excerpt":{"rendered":"<p>Beitrag ab 5 Euro f\u00fcr FAI-Mitglieder und 7 Euro f\u00fcr Nicht-Mitglieder Besondere Privatbesichtigung Der Weg der Pestkranken Zus\u00e4tzlich zum TRIS der Er\u00f6ffnungen in Sovramonte werden auch spezielle F\u00fchrungen nicht fehlen<\/p>\n","protected":false},"author":0,"featured_media":0,"template":"","meta":{"_acf_changed":false,"inline_featured_image":false,"_tribe_events_status":"","_tribe_events_status_reason":"","footnotes":""},"tags":[259],"tribe_events_cat":[],"class_list":["post-81701","tribe_events","type-tribe_events","status-publish","hentry","tag-eventi-feratel"],"acf":[],"yoast_head":"<!-- This site is optimized with the Yoast SEO plugin v25.7 - https:\/\/yoast.com\/wordpress\/plugins\/seo\/ -->\n<title>Giornate Fai di Primavera -visite speciali extra - Dolomiti Prealpi<\/title>\n<meta name=\"robots\" content=\"index, follow, max-snippet:-1, max-image-preview:large, max-video-preview:-1\" \/>\n<link rel=\"canonical\" href=\"https:\/\/www.dolomitiprealpi.it\/de\/event\/giornate-fai-di-primavera-visite-speciali-extra\/\" \/>\n<meta property=\"og:locale\" content=\"de_DE\" \/>\n<meta property=\"og:type\" content=\"article\" \/>\n<meta property=\"og:title\" content=\"Giornate Fai di Primavera -visite speciali extra - Dolomiti Prealpi\" \/>\n<meta property=\"og:description\" content=\"Beitrag ab 5 Euro f\u00fcr FAI-Mitglieder und 7 Euro f\u00fcr Nicht-Mitglieder Besondere Privatbesichtigung Der Weg der Pestkranken Zus\u00e4tzlich zum TRIS der Er\u00f6ffnungen in Sovramonte werden auch spezielle F\u00fchrungen nicht fehlen\" \/>\n<meta property=\"og:url\" content=\"https:\/\/www.dolomitiprealpi.it\/de\/event\/giornate-fai-di-primavera-visite-speciali-extra\/\" \/>\n<meta property=\"og:site_name\" content=\"Dolomiti Prealpi\" \/>\n<meta property=\"article:publisher\" content=\"https:\/\/www.facebook.com\/dolomitiprealpi.it\/\" \/>\n<meta property=\"article:modified_time\" content=\"2025-09-21T11:00:42+00:00\" \/>\n<meta property=\"og:image\" content=\"https:\/\/www.dolomitiprealpi.it\/wp-content\/uploads\/2022\/11\/C.-Timpone-Foto-archivio-Consorzio-turistico-Dolomiti-Prealpi-Nevegal-Belluno-Bike-18-2.jpg\" \/>\n\t<meta property=\"og:image:width\" content=\"2048\" \/>\n\t<meta property=\"og:image:height\" content=\"1888\" \/>\n\t<meta property=\"og:image:type\" content=\"image\/jpeg\" \/>\n<meta name=\"twitter:card\" content=\"summary_large_image\" \/>\n<meta name=\"twitter:label1\" content=\"Est. reading time\" \/>\n\t<meta name=\"twitter:data1\" content=\"1 minute\" \/>\n<script type=\"application\/ld+json\" class=\"yoast-schema-graph\">{\"@context\":\"https:\/\/schema.org\",\"@graph\":[{\"@type\":\"WebPage\",\"@id\":\"https:\/\/www.dolomitiprealpi.it\/de\/event\/giornate-fai-di-primavera-visite-speciali-extra\/\",\"url\":\"https:\/\/www.dolomitiprealpi.it\/de\/event\/giornate-fai-di-primavera-visite-speciali-extra\/\",\"name\":\"Giornate Fai di Primavera -visite speciali extra - Dolomiti Prealpi\",\"isPartOf\":{\"@id\":\"https:\/\/www.dolomitiprealpi.it\/de\/#website\"},\"datePublished\":\"2025-08-30T11:28:14+00:00\",\"dateModified\":\"2025-09-21T11:00:42+00:00\",\"breadcrumb\":{\"@id\":\"https:\/\/www.dolomitiprealpi.it\/de\/event\/giornate-fai-di-primavera-visite-speciali-extra\/#breadcrumb\"},\"inLanguage\":\"de-DE\",\"potentialAction\":[{\"@type\":\"ReadAction\",\"target\":[\"https:\/\/www.dolomitiprealpi.it\/de\/event\/giornate-fai-di-primavera-visite-speciali-extra\/\"]}]},{\"@type\":\"BreadcrumbList\",\"@id\":\"https:\/\/www.dolomitiprealpi.it\/de\/event\/giornate-fai-di-primavera-visite-speciali-extra\/#breadcrumb\",\"itemListElement\":[{\"@type\":\"ListItem\",\"position\":1,\"name\":\"Home\",\"item\":\"https:\/\/www.dolomitiprealpi.it\/de\/\"},{\"@type\":\"ListItem\",\"position\":2,\"name\":\"Veranstaltungen\",\"item\":\"https:\/\/www.dolomitiprealpi.it\/de\/events\/\"},{\"@type\":\"ListItem\",\"position\":3,\"name\":\"Giornate Fai di Primavera -visite speciali extra\"}]},{\"@type\":\"WebSite\",\"@id\":\"https:\/\/www.dolomitiprealpi.it\/de\/#website\",\"url\":\"https:\/\/www.dolomitiprealpi.it\/de\/\",\"name\":\"Dolomiti Prealpi\",\"description\":\"\",\"publisher\":{\"@id\":\"https:\/\/www.dolomitiprealpi.it\/de\/#organization\"},\"potentialAction\":[{\"@type\":\"SearchAction\",\"target\":{\"@type\":\"EntryPoint\",\"urlTemplate\":\"https:\/\/www.dolomitiprealpi.it\/de\/?s={search_term_string}\"},\"query-input\":{\"@type\":\"PropertyValueSpecification\",\"valueRequired\":true,\"valueName\":\"search_term_string\"}}],\"inLanguage\":\"de-DE\"},{\"@type\":\"Organization\",\"@id\":\"https:\/\/www.dolomitiprealpi.it\/de\/#organization\",\"name\":\"Consorzio Dolomiti Prealpi\",\"url\":\"https:\/\/www.dolomitiprealpi.it\/de\/\",\"logo\":{\"@type\":\"ImageObject\",\"inLanguage\":\"de-DE\",\"@id\":\"https:\/\/www.dolomitiprealpi.it\/de\/#\/schema\/logo\/image\/\",\"url\":\"https:\/\/www.dolomitiprealpi.it\/wp-content\/uploads\/2023\/03\/dolomitiprealpi-favicon.jpg\",\"contentUrl\":\"https:\/\/www.dolomitiprealpi.it\/wp-content\/uploads\/2023\/03\/dolomitiprealpi-favicon.jpg\",\"width\":512,\"height\":512,\"caption\":\"Consorzio Dolomiti Prealpi\"},\"image\":{\"@id\":\"https:\/\/www.dolomitiprealpi.it\/de\/#\/schema\/logo\/image\/\"},\"sameAs\":[\"https:\/\/www.facebook.com\/dolomitiprealpi.it\/\",\"https:\/\/www.instagram.com\/dolomitiprealpi\/\"]}]}<\/script>\n<!-- \/ Yoast SEO plugin. -->","yoast_head_json":{"title":"Giornate Fai di Primavera -visite speciali extra - Dolomiti Prealpi","robots":{"index":"index","follow":"follow","max-snippet":"max-snippet:-1","max-image-preview":"max-image-preview:large","max-video-preview":"max-video-preview:-1"},"canonical":"https:\/\/www.dolomitiprealpi.it\/de\/event\/giornate-fai-di-primavera-visite-speciali-extra\/","og_locale":"de_DE","og_type":"article","og_title":"Giornate Fai di Primavera -visite speciali extra - Dolomiti Prealpi","og_description":"Beitrag ab 5 Euro f\u00fcr FAI-Mitglieder und 7 Euro f\u00fcr Nicht-Mitglieder Besondere Privatbesichtigung Der Weg der Pestkranken Zus\u00e4tzlich zum TRIS der Er\u00f6ffnungen in Sovramonte werden auch spezielle F\u00fchrungen nicht fehlen","og_url":"https:\/\/www.dolomitiprealpi.it\/de\/event\/giornate-fai-di-primavera-visite-speciali-extra\/","og_site_name":"Dolomiti Prealpi","article_publisher":"https:\/\/www.facebook.com\/dolomitiprealpi.it\/","article_modified_time":"2025-09-21T11:00:42+00:00","og_image":[{"width":2048,"height":1888,"url":"https:\/\/www.dolomitiprealpi.it\/wp-content\/uploads\/2022\/11\/C.-Timpone-Foto-archivio-Consorzio-turistico-Dolomiti-Prealpi-Nevegal-Belluno-Bike-18-2.jpg","type":"image\/jpeg"}],"twitter_card":"summary_large_image","twitter_misc":{"Est. reading time":"1 minute"},"schema":{"@context":"https:\/\/schema.org","@graph":[{"@type":"WebPage","@id":"https:\/\/www.dolomitiprealpi.it\/de\/event\/giornate-fai-di-primavera-visite-speciali-extra\/","url":"https:\/\/www.dolomitiprealpi.it\/de\/event\/giornate-fai-di-primavera-visite-speciali-extra\/","name":"Giornate Fai di Primavera -visite speciali extra - Dolomiti Prealpi","isPartOf":{"@id":"https:\/\/www.dolomitiprealpi.it\/de\/#website"},"datePublished":"2025-08-30T11:28:14+00:00","dateModified":"2025-09-21T11:00:42+00:00","breadcrumb":{"@id":"https:\/\/www.dolomitiprealpi.it\/de\/event\/giornate-fai-di-primavera-visite-speciali-extra\/#breadcrumb"},"inLanguage":"de-DE","potentialAction":[{"@type":"ReadAction","target":["https:\/\/www.dolomitiprealpi.it\/de\/event\/giornate-fai-di-primavera-visite-speciali-extra\/"]}]},{"@type":"BreadcrumbList","@id":"https:\/\/www.dolomitiprealpi.it\/de\/event\/giornate-fai-di-primavera-visite-speciali-extra\/#breadcrumb","itemListElement":[{"@type":"ListItem","position":1,"name":"Home","item":"https:\/\/www.dolomitiprealpi.it\/de\/"},{"@type":"ListItem","position":2,"name":"Veranstaltungen","item":"https:\/\/www.dolomitiprealpi.it\/de\/events\/"},{"@type":"ListItem","position":3,"name":"Giornate Fai di Primavera -visite speciali extra"}]},{"@type":"WebSite","@id":"https:\/\/www.dolomitiprealpi.it\/de\/#website","url":"https:\/\/www.dolomitiprealpi.it\/de\/","name":"Dolomiti Prealpi","description":"","publisher":{"@id":"https:\/\/www.dolomitiprealpi.it\/de\/#organization"},"potentialAction":[{"@type":"SearchAction","target":{"@type":"EntryPoint","urlTemplate":"https:\/\/www.dolomitiprealpi.it\/de\/?s={search_term_string}"},"query-input":{"@type":"PropertyValueSpecification","valueRequired":true,"valueName":"search_term_string"}}],"inLanguage":"de-DE"},{"@type":"Organization","@id":"https:\/\/www.dolomitiprealpi.it\/de\/#organization","name":"Consorzio Dolomiti Prealpi","url":"https:\/\/www.dolomitiprealpi.it\/de\/","logo":{"@type":"ImageObject","inLanguage":"de-DE","@id":"https:\/\/www.dolomitiprealpi.it\/de\/#\/schema\/logo\/image\/","url":"https:\/\/www.dolomitiprealpi.it\/wp-content\/uploads\/2023\/03\/dolomitiprealpi-favicon.jpg","contentUrl":"https:\/\/www.dolomitiprealpi.it\/wp-content\/uploads\/2023\/03\/dolomitiprealpi-favicon.jpg","width":512,"height":512,"caption":"Consorzio Dolomiti Prealpi"},"image":{"@id":"https:\/\/www.dolomitiprealpi.it\/de\/#\/schema\/logo\/image\/"},"sameAs":["https:\/\/www.facebook.com\/dolomitiprealpi.it\/","https:\/\/www.instagram.com\/dolomitiprealpi\/"]}]}},"_links":{"self":[{"href":"https:\/\/www.dolomitiprealpi.it\/de\/wp-json\/wp\/v2\/tribe_events\/81701","targetHints":{"allow":["GET"]}}],"collection":[{"href":"https:\/\/www.dolomitiprealpi.it\/de\/wp-json\/wp\/v2\/tribe_events"}],"about":[{"href":"https:\/\/www.dolomitiprealpi.it\/de\/wp-json\/wp\/v2\/types\/tribe_events"}],"version-history":[{"count":1,"href":"https:\/\/www.dolomitiprealpi.it\/de\/wp-json\/wp\/v2\/tribe_events\/81701\/revisions"}],"predecessor-version":[{"id":86154,"href":"https:\/\/www.dolomitiprealpi.it\/de\/wp-json\/wp\/v2\/tribe_events\/81701\/revisions\/86154"}],"wp:attachment":[{"href":"https:\/\/www.dolomitiprealpi.it\/de\/wp-json\/wp\/v2\/media?parent=81701"}],"wp:term":[{"taxonomy":"post_tag","embeddable":true,"href":"https:\/\/www.dolomitiprealpi.it\/de\/wp-json\/wp\/v2\/tags?post=81701"},{"taxonomy":"tribe_events_cat","embeddable":true,"href":"https:\/\/www.dolomitiprealpi.it\/de\/wp-json\/wp\/v2\/tribe_events_cat?post=81701"}],"curies":[{"name":"wp","href":"https:\/\/api.w.org\/{rel}","templated":true}]}}

<p>Beitrag ab 5 Euro für FAI-Mitglieder und 7 Euro für Nicht-Mitglieder </p>
<p>Besondere Privatbesichtigung Der Weg der Pestkranken</p>
<p>Zusätzlich zum TRIS der Eröffnungen in Sovramonte werden auch spezielle Führungen nicht fehlen ‍♀️‍➡️!</p>
<p>&nbsp;Wann? Am Samstag, 22. und Sonntag, 23. März um 17:00 Uhr.</p>
<p>Die spezielle Führung beginnt in San Giorgio di Sorriva und erstreckt sich bis nach Ponterra, entlang des &#8220;Pfades der Pestkranken&#8221;, einem düsteren, aber faszinierenden Weg, der Sie zur Entdeckung eines Freskos führt, das den Transport der Pestkranken während der Epidemie von 1631 darstellt, einer Kapelle, die Santa Maria delle Grazie gewidmet ist, und dem Friedhof der Pestkranken, auf einer Reise, die Geschichte, Heiliges und Profanes verbindet!</p>
<p>Reservierung erforderlich.</p>

<p>Beitrag ab 5 Euro für FAI-Mitglieder und 7 Euro für Nicht-Mitglieder Besondere Privatbesichtigung Der Weg der Pestkranken Zusätzlich zum TRIS der Eröffnungen in Sovramonte werden auch spezielle Führungen nicht fehlen</p>

<!-- This site is optimized with the Yoast SEO plugin v25.7 - https://yoast.com/wordpress/plugins/seo/ -->
<title>Giornate Fai di Primavera -visite speciali extra - Dolomiti Prealpi</title>
<meta name="robots" content="index, follow, max-snippet:-1, max-image-preview:large, max-video-preview:-1" />
<link rel="canonical" href="https://www.dolomitiprealpi.it/de/event/giornate-fai-di-primavera-visite-speciali-extra/" />
<meta property="og:locale" content="de_DE" />
<meta property="og:type" content="article" />
<meta property="og:title" content="Giornate Fai di Primavera -visite speciali extra - Dolomiti Prealpi" />
<meta property="og:description" content="Beitrag ab 5 Euro für FAI-Mitglieder und 7 Euro für Nicht-Mitglieder Besondere Privatbesichtigung Der Weg der Pestkranken Zusätzlich zum TRIS der Eröffnungen in Sovramonte werden auch spezielle Führungen nicht fehlen" />
<meta property="og:url" content="https://www.dolomitiprealpi.it/de/event/giornate-fai-di-primavera-visite-speciali-extra/" />
<meta property="og:site_name" content="Dolomiti Prealpi" />
<meta property="article:publisher" content="https://www.facebook.com/dolomitiprealpi.it/" />
<meta property="article:modified_time" content="2025-09-21T11:00:42+00:00" />
<meta property="og:image" content="https://www.dolomitiprealpi.it/wp-content/uploads/2022/11/C.-Timpone-Foto-archivio-Consorzio-turistico-Dolomiti-Prealpi-Nevegal-Belluno-Bike-18-2.jpg" />
	<meta property="og:image:width" content="2048" />
	<meta property="og:image:height" content="1888" />
	<meta property="og:image:type" content="image/jpeg" />
<meta name="twitter:card" content="summary_large_image" />
<meta name="twitter:label1" content="Est. reading time" />
	<meta name="twitter:data1" content="1 minute" />
<script type="application/ld+json" class="yoast-schema-graph">{"@context":"https://schema.org","@graph":[{"@type":"WebPage","@id":"https://www.dolomitiprealpi.it/de/event/giornate-fai-di-primavera-visite-speciali-extra/","url":"https://www.dolomitiprealpi.it/de/event/giornate-fai-di-primavera-visite-speciali-extra/","name":"Giornate Fai di Primavera -visite speciali extra - Dolomiti Prealpi","isPartOf":{"@id":"https://www.dolomitiprealpi.it/de/#website"},"datePublished":"2025-08-30T11:28:14+00:00","dateModified":"2025-09-21T11:00:42+00:00","breadcrumb":{"@id":"https://www.dolomitiprealpi.it/de/event/giornate-fai-di-primavera-visite-speciali-extra/#breadcrumb"},"inLanguage":"de-DE","potentialAction":[{"@type":"ReadAction","target":["https://www.dolomitiprealpi.it/de/event/giornate-fai-di-primavera-visite-speciali-extra/"]}]},{"@type":"BreadcrumbList","@id":"https://www.dolomitiprealpi.it/de/event/giornate-fai-di-primavera-visite-speciali-extra/#breadcrumb","itemListElement":[{"@type":"ListItem","position":1,"name":"Home","item":"https://www.dolomitiprealpi.it/de/"},{"@type":"ListItem","position":2,"name":"Veranstaltungen","item":"https://www.dolomitiprealpi.it/de/events/"},{"@type":"ListItem","position":3,"name":"Giornate Fai di Primavera -visite speciali extra"}]},{"@type":"WebSite","@id":"https://www.dolomitiprealpi.it/de/#website","url":"https://www.dolomitiprealpi.it/de/","name":"Dolomiti Prealpi","description":"","publisher":{"@id":"https://www.dolomitiprealpi.it/de/#organization"},"potentialAction":[{"@type":"SearchAction","target":{"@type":"EntryPoint","urlTemplate":"https://www.dolomitiprealpi.it/de/?s={search_term_string}"},"query-input":{"@type":"PropertyValueSpecification","valueRequired":true,"valueName":"search_term_string"}}],"inLanguage":"de-DE"},{"@type":"Organization","@id":"https://www.dolomitiprealpi.it/de/#organization","name":"Consorzio Dolomiti Prealpi","url":"https://www.dolomitiprealpi.it/de/","logo":{"@type":"ImageObject","inLanguage":"de-DE","@id":"https://www.dolomitiprealpi.it/de/#/schema/logo/image/","url":"https://www.dolomitiprealpi.it/wp-content/uploads/2023/03/dolomitiprealpi-favicon.jpg","contentUrl":"https://www.dolomitiprealpi.it/wp-content/uploads/2023/03/dolomitiprealpi-favicon.jpg","width":512,"height":512,"caption":"Consorzio Dolomiti Prealpi"},"image":{"@id":"https://www.dolomitiprealpi.it/de/#/schema/logo/image/"},"sameAs":["https://www.facebook.com/dolomitiprealpi.it/","https://www.instagram.com/dolomitiprealpi/"]}]}</script>
<!-- / Yoast SEO plugin. -->

Beitrag ab 5 Euro für FAI-Mitglieder und 7 Euro für Nicht-Mitglieder Besondere Privatbesichtigung Der Weg der Pestkranken Zusätzlich zum TRIS der Eröffnungen in Sovramonte werden auch spezielle Führungen nicht fehlen
