{"id":81452,"date":"2025-12-29T10:04:15","date_gmt":"2025-12-29T09:04:15","guid":{"rendered":"https:\/\/www.dolomitiprealpi.it\/event\/10-vespa-giro-dellalpago\/"},"modified":"2026-01-24T19:13:42","modified_gmt":"2026-01-24T18:13:42","slug":"10-vespa-giro-dellalpago","status":"publish","type":"tribe_events","link":"https:\/\/www.dolomitiprealpi.it\/de\/event\/10-vespa-giro-dellalpago\/","title":{"rendered":"10\u00b0 Vespa Giro dell&#8217;Alpago"},"content":{"rendered":"<p>Am Samstag, den 26. und Sonntag, den 27. Juli 2025 findet das inzwischen unverzichtbare Vespa-Event im Tal statt. <\/p>\n<p>F\u00fcr die Liebhaber der ber\u00fchmten&nbsp;Zwei-R\u00e4der&nbsp;wird es ein Ereignis sein, das man nicht verpassen sollte. Startet die Motoren und bereitet euch auf zwei Tage voller Spa\u00df vor, denn das Programm sieht vor:<\/p>\n<p><b>Vespa-Fahrt am Samstag, 26. Juli<\/b><br \/>&#8211; <b>15:00 Uhr<\/b> Treffen bei der Sagra di Sant&#8217;Anna in Pieve und Vespa-Spiele, ein geselliger Geschicklichkeitswettbewerb auf einem langsamen Parcours;<br \/>&#8211; <b>18:00 Uhr<\/b> Eleganz-Wettbewerb mit Vespa, die Jury bewertet die Teilnehmer nach Fahrzeug, Kleidung und Zubeh\u00f6r, das Motto: Eleganz! Reserviert f\u00fcr die ersten 50 Anmeldungen mit Fahrzeugen vor 1976;<br \/>&#8211; <b>19:30 Uhr<\/b> Preisverleihung;<br \/>&#8211; <b>20:30 Uhr<\/b> Abendessen in der Frasca;<br \/><b>&#8211; 22:00 Uhr<\/b> Livemusik von einer Tribute-Band f\u00fcr Vasco Rossi + DJ.<\/p>\n<p><b>Treffen am Sonntag, den 27. Juli&nbsp;<\/b><br \/>&#8211; <b>08:30 Uhr<\/b>: Anmeldung im Snack Bar La Vela, Poiatte;<br \/>&#8211; <b>10:00 Uhr<\/b>: Abfahrt Vespa-Fahrt &#8211; <b>ca. 50 km;<\/b><br \/>&#8211; <b>11:00 Uhr<\/b>: Ankunft in Pian Cansiglio;<br \/>&#8211; <b>13:00 Uhr<\/b>: Ankunft und Mittagessen im Restaurant La Cascina;<br \/>&#8211; <b>16:00 Uhr<\/b>: Afterparty mit DJ.<\/p>\n<p>F\u00fcr Informationen:<br \/>vespaclubalpago@gmail.com<br \/>Alberto unter 380 191 2542<br \/>Michele unter 340 340 5282<\/p>\n<p>10. Auflage&nbsp;der Vespa Giro dell&#8217;Alpago.<\/p>\n","protected":false},"excerpt":{"rendered":"<p>Am Samstag, den 26. und Sonntag, den 27. Juli 2025 findet das inzwischen unverzichtbare Vespa-Event im Tal statt. F\u00fcr die Liebhaber der ber\u00fchmten&nbsp;Zwei-R\u00e4der&nbsp;wird es ein Ereignis sein, das man nicht<\/p>\n","protected":false},"author":0,"featured_media":0,"template":"","meta":{"_acf_changed":false,"inline_featured_image":false,"_tribe_events_status":"","_tribe_events_status_reason":"","footnotes":""},"tags":[259],"tribe_events_cat":[],"class_list":["post-81452","tribe_events","type-tribe_events","status-publish","hentry","tag-eventi-feratel"],"acf":[],"yoast_head":"<!-- This site is optimized with the Yoast SEO plugin v25.7 - https:\/\/yoast.com\/wordpress\/plugins\/seo\/ -->\n<title>10\u00b0 Vespa Giro dell&#039;Alpago - Dolomiti Prealpi<\/title>\n<meta name=\"robots\" content=\"index, follow, max-snippet:-1, max-image-preview:large, max-video-preview:-1\" \/>\n<link rel=\"canonical\" href=\"https:\/\/www.dolomitiprealpi.it\/de\/event\/10-vespa-giro-dellalpago\/\" \/>\n<meta property=\"og:locale\" content=\"de_DE\" \/>\n<meta property=\"og:type\" content=\"article\" \/>\n<meta property=\"og:title\" content=\"10\u00b0 Vespa Giro dell&#039;Alpago - Dolomiti Prealpi\" \/>\n<meta property=\"og:description\" content=\"Am Samstag, den 26. und Sonntag, den 27. Juli 2025 findet das inzwischen unverzichtbare Vespa-Event im Tal statt. F\u00fcr die Liebhaber der ber\u00fchmten&nbsp;Zwei-R\u00e4der&nbsp;wird es ein Ereignis sein, das man nicht\" \/>\n<meta property=\"og:url\" content=\"https:\/\/www.dolomitiprealpi.it\/de\/event\/10-vespa-giro-dellalpago\/\" \/>\n<meta property=\"og:site_name\" content=\"Dolomiti Prealpi\" \/>\n<meta property=\"article:publisher\" content=\"https:\/\/www.facebook.com\/dolomitiprealpi.it\/\" \/>\n<meta property=\"article:modified_time\" content=\"2026-01-24T18:13:42+00:00\" \/>\n<meta property=\"og:image\" content=\"https:\/\/www.dolomitiprealpi.it\/wp-content\/uploads\/2022\/11\/C.-Timpone-Foto-archivio-Consorzio-turistico-Dolomiti-Prealpi-Nevegal-Belluno-Bike-18-2.jpg\" \/>\n\t<meta property=\"og:image:width\" content=\"2048\" \/>\n\t<meta property=\"og:image:height\" content=\"1888\" \/>\n\t<meta property=\"og:image:type\" content=\"image\/jpeg\" \/>\n<meta name=\"twitter:card\" content=\"summary_large_image\" \/>\n<meta name=\"twitter:label1\" content=\"Est. reading time\" \/>\n\t<meta name=\"twitter:data1\" content=\"1 minute\" \/>\n<script type=\"application\/ld+json\" class=\"yoast-schema-graph\">{\"@context\":\"https:\/\/schema.org\",\"@graph\":[{\"@type\":\"WebPage\",\"@id\":\"https:\/\/www.dolomitiprealpi.it\/de\/event\/10-vespa-giro-dellalpago\/\",\"url\":\"https:\/\/www.dolomitiprealpi.it\/de\/event\/10-vespa-giro-dellalpago\/\",\"name\":\"10\u00b0 Vespa Giro dell'Alpago - Dolomiti Prealpi\",\"isPartOf\":{\"@id\":\"https:\/\/www.dolomitiprealpi.it\/de\/#website\"},\"datePublished\":\"2025-12-29T09:04:15+00:00\",\"dateModified\":\"2026-01-24T18:13:42+00:00\",\"breadcrumb\":{\"@id\":\"https:\/\/www.dolomitiprealpi.it\/de\/event\/10-vespa-giro-dellalpago\/#breadcrumb\"},\"inLanguage\":\"de-DE\",\"potentialAction\":[{\"@type\":\"ReadAction\",\"target\":[\"https:\/\/www.dolomitiprealpi.it\/de\/event\/10-vespa-giro-dellalpago\/\"]}]},{\"@type\":\"BreadcrumbList\",\"@id\":\"https:\/\/www.dolomitiprealpi.it\/de\/event\/10-vespa-giro-dellalpago\/#breadcrumb\",\"itemListElement\":[{\"@type\":\"ListItem\",\"position\":1,\"name\":\"Home\",\"item\":\"https:\/\/www.dolomitiprealpi.it\/de\/\"},{\"@type\":\"ListItem\",\"position\":2,\"name\":\"Veranstaltungen\",\"item\":\"https:\/\/www.dolomitiprealpi.it\/de\/events\/\"},{\"@type\":\"ListItem\",\"position\":3,\"name\":\"10\u00b0 Vespa Giro dell&#8217;Alpago\"}]},{\"@type\":\"WebSite\",\"@id\":\"https:\/\/www.dolomitiprealpi.it\/de\/#website\",\"url\":\"https:\/\/www.dolomitiprealpi.it\/de\/\",\"name\":\"Dolomiti Prealpi\",\"description\":\"\",\"publisher\":{\"@id\":\"https:\/\/www.dolomitiprealpi.it\/de\/#organization\"},\"potentialAction\":[{\"@type\":\"SearchAction\",\"target\":{\"@type\":\"EntryPoint\",\"urlTemplate\":\"https:\/\/www.dolomitiprealpi.it\/de\/?s={search_term_string}\"},\"query-input\":{\"@type\":\"PropertyValueSpecification\",\"valueRequired\":true,\"valueName\":\"search_term_string\"}}],\"inLanguage\":\"de-DE\"},{\"@type\":\"Organization\",\"@id\":\"https:\/\/www.dolomitiprealpi.it\/de\/#organization\",\"name\":\"Consorzio Dolomiti Prealpi\",\"url\":\"https:\/\/www.dolomitiprealpi.it\/de\/\",\"logo\":{\"@type\":\"ImageObject\",\"inLanguage\":\"de-DE\",\"@id\":\"https:\/\/www.dolomitiprealpi.it\/de\/#\/schema\/logo\/image\/\",\"url\":\"https:\/\/www.dolomitiprealpi.it\/wp-content\/uploads\/2023\/03\/dolomitiprealpi-favicon.jpg\",\"contentUrl\":\"https:\/\/www.dolomitiprealpi.it\/wp-content\/uploads\/2023\/03\/dolomitiprealpi-favicon.jpg\",\"width\":512,\"height\":512,\"caption\":\"Consorzio Dolomiti Prealpi\"},\"image\":{\"@id\":\"https:\/\/www.dolomitiprealpi.it\/de\/#\/schema\/logo\/image\/\"},\"sameAs\":[\"https:\/\/www.facebook.com\/dolomitiprealpi.it\/\",\"https:\/\/www.instagram.com\/dolomitiprealpi\/\"]}]}<\/script>\n<!-- \/ Yoast SEO plugin. -->","yoast_head_json":{"title":"10\u00b0 Vespa Giro dell'Alpago - Dolomiti Prealpi","robots":{"index":"index","follow":"follow","max-snippet":"max-snippet:-1","max-image-preview":"max-image-preview:large","max-video-preview":"max-video-preview:-1"},"canonical":"https:\/\/www.dolomitiprealpi.it\/de\/event\/10-vespa-giro-dellalpago\/","og_locale":"de_DE","og_type":"article","og_title":"10\u00b0 Vespa Giro dell'Alpago - Dolomiti Prealpi","og_description":"Am Samstag, den 26. und Sonntag, den 27. Juli 2025 findet das inzwischen unverzichtbare Vespa-Event im Tal statt. F\u00fcr die Liebhaber der ber\u00fchmten&nbsp;Zwei-R\u00e4der&nbsp;wird es ein Ereignis sein, das man nicht","og_url":"https:\/\/www.dolomitiprealpi.it\/de\/event\/10-vespa-giro-dellalpago\/","og_site_name":"Dolomiti Prealpi","article_publisher":"https:\/\/www.facebook.com\/dolomitiprealpi.it\/","article_modified_time":"2026-01-24T18:13:42+00:00","og_image":[{"width":2048,"height":1888,"url":"https:\/\/www.dolomitiprealpi.it\/wp-content\/uploads\/2022\/11\/C.-Timpone-Foto-archivio-Consorzio-turistico-Dolomiti-Prealpi-Nevegal-Belluno-Bike-18-2.jpg","type":"image\/jpeg"}],"twitter_card":"summary_large_image","twitter_misc":{"Est. reading time":"1 minute"},"schema":{"@context":"https:\/\/schema.org","@graph":[{"@type":"WebPage","@id":"https:\/\/www.dolomitiprealpi.it\/de\/event\/10-vespa-giro-dellalpago\/","url":"https:\/\/www.dolomitiprealpi.it\/de\/event\/10-vespa-giro-dellalpago\/","name":"10\u00b0 Vespa Giro dell'Alpago - Dolomiti Prealpi","isPartOf":{"@id":"https:\/\/www.dolomitiprealpi.it\/de\/#website"},"datePublished":"2025-12-29T09:04:15+00:00","dateModified":"2026-01-24T18:13:42+00:00","breadcrumb":{"@id":"https:\/\/www.dolomitiprealpi.it\/de\/event\/10-vespa-giro-dellalpago\/#breadcrumb"},"inLanguage":"de-DE","potentialAction":[{"@type":"ReadAction","target":["https:\/\/www.dolomitiprealpi.it\/de\/event\/10-vespa-giro-dellalpago\/"]}]},{"@type":"BreadcrumbList","@id":"https:\/\/www.dolomitiprealpi.it\/de\/event\/10-vespa-giro-dellalpago\/#breadcrumb","itemListElement":[{"@type":"ListItem","position":1,"name":"Home","item":"https:\/\/www.dolomitiprealpi.it\/de\/"},{"@type":"ListItem","position":2,"name":"Veranstaltungen","item":"https:\/\/www.dolomitiprealpi.it\/de\/events\/"},{"@type":"ListItem","position":3,"name":"10\u00b0 Vespa Giro dell&#8217;Alpago"}]},{"@type":"WebSite","@id":"https:\/\/www.dolomitiprealpi.it\/de\/#website","url":"https:\/\/www.dolomitiprealpi.it\/de\/","name":"Dolomiti Prealpi","description":"","publisher":{"@id":"https:\/\/www.dolomitiprealpi.it\/de\/#organization"},"potentialAction":[{"@type":"SearchAction","target":{"@type":"EntryPoint","urlTemplate":"https:\/\/www.dolomitiprealpi.it\/de\/?s={search_term_string}"},"query-input":{"@type":"PropertyValueSpecification","valueRequired":true,"valueName":"search_term_string"}}],"inLanguage":"de-DE"},{"@type":"Organization","@id":"https:\/\/www.dolomitiprealpi.it\/de\/#organization","name":"Consorzio Dolomiti Prealpi","url":"https:\/\/www.dolomitiprealpi.it\/de\/","logo":{"@type":"ImageObject","inLanguage":"de-DE","@id":"https:\/\/www.dolomitiprealpi.it\/de\/#\/schema\/logo\/image\/","url":"https:\/\/www.dolomitiprealpi.it\/wp-content\/uploads\/2023\/03\/dolomitiprealpi-favicon.jpg","contentUrl":"https:\/\/www.dolomitiprealpi.it\/wp-content\/uploads\/2023\/03\/dolomitiprealpi-favicon.jpg","width":512,"height":512,"caption":"Consorzio Dolomiti Prealpi"},"image":{"@id":"https:\/\/www.dolomitiprealpi.it\/de\/#\/schema\/logo\/image\/"},"sameAs":["https:\/\/www.facebook.com\/dolomitiprealpi.it\/","https:\/\/www.instagram.com\/dolomitiprealpi\/"]}]}},"_links":{"self":[{"href":"https:\/\/www.dolomitiprealpi.it\/de\/wp-json\/wp\/v2\/tribe_events\/81452","targetHints":{"allow":["GET"]}}],"collection":[{"href":"https:\/\/www.dolomitiprealpi.it\/de\/wp-json\/wp\/v2\/tribe_events"}],"about":[{"href":"https:\/\/www.dolomitiprealpi.it\/de\/wp-json\/wp\/v2\/types\/tribe_events"}],"version-history":[{"count":1,"href":"https:\/\/www.dolomitiprealpi.it\/de\/wp-json\/wp\/v2\/tribe_events\/81452\/revisions"}],"predecessor-version":[{"id":86040,"href":"https:\/\/www.dolomitiprealpi.it\/de\/wp-json\/wp\/v2\/tribe_events\/81452\/revisions\/86040"}],"wp:attachment":[{"href":"https:\/\/www.dolomitiprealpi.it\/de\/wp-json\/wp\/v2\/media?parent=81452"}],"wp:term":[{"taxonomy":"post_tag","embeddable":true,"href":"https:\/\/www.dolomitiprealpi.it\/de\/wp-json\/wp\/v2\/tags?post=81452"},{"taxonomy":"tribe_events_cat","embeddable":true,"href":"https:\/\/www.dolomitiprealpi.it\/de\/wp-json\/wp\/v2\/tribe_events_cat?post=81452"}],"curies":[{"name":"wp","href":"https:\/\/api.w.org\/{rel}","templated":true}]}}

<p>Am Samstag, den 26. und Sonntag, den 27. Juli 2025 findet das inzwischen unverzichtbare Vespa-Event im Tal statt. </p>
<p>Für die Liebhaber der berühmten&nbsp;Zwei-Räder&nbsp;wird es ein Ereignis sein, das man nicht verpassen sollte. Startet die Motoren und bereitet euch auf zwei Tage voller Spaß vor, denn das Programm sieht vor:</p>
<p><b>Vespa-Fahrt am Samstag, 26. Juli</b><br />&#8211; <b>15:00 Uhr</b> Treffen bei der Sagra di Sant&#8217;Anna in Pieve und Vespa-Spiele, ein geselliger Geschicklichkeitswettbewerb auf einem langsamen Parcours;<br />&#8211; <b>18:00 Uhr</b> Eleganz-Wettbewerb mit Vespa, die Jury bewertet die Teilnehmer nach Fahrzeug, Kleidung und Zubehör, das Motto: Eleganz! Reserviert für die ersten 50 Anmeldungen mit Fahrzeugen vor 1976;<br />&#8211; <b>19:30 Uhr</b> Preisverleihung;<br />&#8211; <b>20:30 Uhr</b> Abendessen in der Frasca;<br /><b>&#8211; 22:00 Uhr</b> Livemusik von einer Tribute-Band für Vasco Rossi + DJ.</p>
<p><b>Treffen am Sonntag, den 27. Juli&nbsp;</b><br />&#8211; <b>08:30 Uhr</b>: Anmeldung im Snack Bar La Vela, Poiatte;<br />&#8211; <b>10:00 Uhr</b>: Abfahrt Vespa-Fahrt &#8211; <b>ca. 50 km;</b><br />&#8211; <b>11:00 Uhr</b>: Ankunft in Pian Cansiglio;<br />&#8211; <b>13:00 Uhr</b>: Ankunft und Mittagessen im Restaurant La Cascina;<br />&#8211; <b>16:00 Uhr</b>: Afterparty mit DJ.</p>
<p>Für Informationen:<br />vespaclubalpago@gmail.com<br />Alberto unter 380 191 2542<br />Michele unter 340 340 5282</p>
<p>10. Auflage&nbsp;der Vespa Giro dell&#8217;Alpago.</p>

<p>Am Samstag, den 26. und Sonntag, den 27. Juli 2025 findet das inzwischen unverzichtbare Vespa-Event im Tal statt. Für die Liebhaber der berühmten&nbsp;Zwei-Räder&nbsp;wird es ein Ereignis sein, das man nicht</p>

<!-- This site is optimized with the Yoast SEO plugin v25.7 - https://yoast.com/wordpress/plugins/seo/ -->
<title>10° Vespa Giro dell&#039;Alpago - Dolomiti Prealpi</title>
<meta name="robots" content="index, follow, max-snippet:-1, max-image-preview:large, max-video-preview:-1" />
<link rel="canonical" href="https://www.dolomitiprealpi.it/de/event/10-vespa-giro-dellalpago/" />
<meta property="og:locale" content="de_DE" />
<meta property="og:type" content="article" />
<meta property="og:title" content="10° Vespa Giro dell&#039;Alpago - Dolomiti Prealpi" />
<meta property="og:description" content="Am Samstag, den 26. und Sonntag, den 27. Juli 2025 findet das inzwischen unverzichtbare Vespa-Event im Tal statt. Für die Liebhaber der berühmten&nbsp;Zwei-Räder&nbsp;wird es ein Ereignis sein, das man nicht" />
<meta property="og:url" content="https://www.dolomitiprealpi.it/de/event/10-vespa-giro-dellalpago/" />
<meta property="og:site_name" content="Dolomiti Prealpi" />
<meta property="article:publisher" content="https://www.facebook.com/dolomitiprealpi.it/" />
<meta property="article:modified_time" content="2026-01-24T18:13:42+00:00" />
<meta property="og:image" content="https://www.dolomitiprealpi.it/wp-content/uploads/2022/11/C.-Timpone-Foto-archivio-Consorzio-turistico-Dolomiti-Prealpi-Nevegal-Belluno-Bike-18-2.jpg" />
	<meta property="og:image:width" content="2048" />
	<meta property="og:image:height" content="1888" />
	<meta property="og:image:type" content="image/jpeg" />
<meta name="twitter:card" content="summary_large_image" />
<meta name="twitter:label1" content="Est. reading time" />
	<meta name="twitter:data1" content="1 minute" />
<script type="application/ld+json" class="yoast-schema-graph">{"@context":"https://schema.org","@graph":[{"@type":"WebPage","@id":"https://www.dolomitiprealpi.it/de/event/10-vespa-giro-dellalpago/","url":"https://www.dolomitiprealpi.it/de/event/10-vespa-giro-dellalpago/","name":"10° Vespa Giro dell'Alpago - Dolomiti Prealpi","isPartOf":{"@id":"https://www.dolomitiprealpi.it/de/#website"},"datePublished":"2025-12-29T09:04:15+00:00","dateModified":"2026-01-24T18:13:42+00:00","breadcrumb":{"@id":"https://www.dolomitiprealpi.it/de/event/10-vespa-giro-dellalpago/#breadcrumb"},"inLanguage":"de-DE","potentialAction":[{"@type":"ReadAction","target":["https://www.dolomitiprealpi.it/de/event/10-vespa-giro-dellalpago/"]}]},{"@type":"BreadcrumbList","@id":"https://www.dolomitiprealpi.it/de/event/10-vespa-giro-dellalpago/#breadcrumb","itemListElement":[{"@type":"ListItem","position":1,"name":"Home","item":"https://www.dolomitiprealpi.it/de/"},{"@type":"ListItem","position":2,"name":"Veranstaltungen","item":"https://www.dolomitiprealpi.it/de/events/"},{"@type":"ListItem","position":3,"name":"10° Vespa Giro dell&#8217;Alpago"}]},{"@type":"WebSite","@id":"https://www.dolomitiprealpi.it/de/#website","url":"https://www.dolomitiprealpi.it/de/","name":"Dolomiti Prealpi","description":"","publisher":{"@id":"https://www.dolomitiprealpi.it/de/#organization"},"potentialAction":[{"@type":"SearchAction","target":{"@type":"EntryPoint","urlTemplate":"https://www.dolomitiprealpi.it/de/?s={search_term_string}"},"query-input":{"@type":"PropertyValueSpecification","valueRequired":true,"valueName":"search_term_string"}}],"inLanguage":"de-DE"},{"@type":"Organization","@id":"https://www.dolomitiprealpi.it/de/#organization","name":"Consorzio Dolomiti Prealpi","url":"https://www.dolomitiprealpi.it/de/","logo":{"@type":"ImageObject","inLanguage":"de-DE","@id":"https://www.dolomitiprealpi.it/de/#/schema/logo/image/","url":"https://www.dolomitiprealpi.it/wp-content/uploads/2023/03/dolomitiprealpi-favicon.jpg","contentUrl":"https://www.dolomitiprealpi.it/wp-content/uploads/2023/03/dolomitiprealpi-favicon.jpg","width":512,"height":512,"caption":"Consorzio Dolomiti Prealpi"},"image":{"@id":"https://www.dolomitiprealpi.it/de/#/schema/logo/image/"},"sameAs":["https://www.facebook.com/dolomitiprealpi.it/","https://www.instagram.com/dolomitiprealpi/"]}]}</script>
<!-- / Yoast SEO plugin. -->

Am Samstag, den 26. und Sonntag, den 27. Juli 2025 findet das inzwischen unverzichtbare Vespa-Event im Tal statt. Für die Liebhaber der berühmten&nbsp;Zwei-Räder&nbsp;wird es ein Ereignis sein, das man nicht
