{"id":81359,"date":"2025-12-29T10:02:40","date_gmt":"2025-12-29T09:02:40","guid":{"rendered":"https:\/\/www.dolomitiprealpi.it\/event\/agosto-con-centro-astronomico-di-arson\/"},"modified":"2026-02-09T18:04:20","modified_gmt":"2026-02-09T17:04:20","slug":"agosto-con-centro-astronomico-di-arson-2","status":"publish","type":"tribe_events","link":"https:\/\/www.dolomitiprealpi.it\/de\/event\/agosto-con-centro-astronomico-di-arson-2\/","title":{"rendered":"Agosto con Centro Astronomico di Arson"},"content":{"rendered":"<p>Eintritt 5 \u20ac, kostenlos f\u00fcr Mitglieder und Kinder bis 11 Jahre. <\/p>\n<p>Der mittlerweile traditionelle Abend, der den Perseiden gewidmet ist, den ber\u00fchmten Tr\u00e4nen des heiligen Laurentius, in der Nacht des Maximums, die mittlerweile zu einem gro\u00dfen astronomischen Fest geworden ist. Trotz des Mondes wird es dennoch m\u00f6glich sein, mehrere Dutzend Sternschnuppen zu sehen.<\/p>\n<p>Der Mond selbst wird schlie\u00dflich einen Teil der Show garantieren und wird durch das Teleskop Regionen zeigen, die nicht oft sichtbar sind, wie den Krater Hercules, die \u00f6stlichen Ufer des Mare Serenitatis mit dem Krater Posidonius und dem Lago dei Sogni, des Mare Nectaris mit Fracastorius und den Pyren\u00e4en, sowie die Krater Manzinus, Mutus, Hommel und Pitiscus.<\/p>\n<p>Die Gro\u00dfe Nacht der Sternschnuppen<\/p>\n","protected":false},"excerpt":{"rendered":"<p>Eintritt 5 \u20ac, kostenlos f\u00fcr Mitglieder und Kinder bis 11 Jahre. Der mittlerweile traditionelle Abend, der den Perseiden gewidmet ist, den ber\u00fchmten Tr\u00e4nen des heiligen Laurentius, in der Nacht des<\/p>\n","protected":false},"author":0,"featured_media":0,"template":"","meta":{"_acf_changed":false,"inline_featured_image":false,"_tribe_events_status":"","_tribe_events_status_reason":"","footnotes":""},"tags":[259],"tribe_events_cat":[],"class_list":["post-81359","tribe_events","type-tribe_events","status-publish","hentry","tag-eventi-feratel"],"acf":[],"yoast_head":"<!-- This site is optimized with the Yoast SEO plugin v25.7 - https:\/\/yoast.com\/wordpress\/plugins\/seo\/ -->\n<title>Agosto con Centro Astronomico di Arson - Dolomiti Prealpi<\/title>\n<meta name=\"robots\" content=\"index, follow, max-snippet:-1, max-image-preview:large, max-video-preview:-1\" \/>\n<link rel=\"canonical\" href=\"https:\/\/www.dolomitiprealpi.it\/de\/event\/agosto-con-centro-astronomico-di-arson-2\/\" \/>\n<meta property=\"og:locale\" content=\"de_DE\" \/>\n<meta property=\"og:type\" content=\"article\" \/>\n<meta property=\"og:title\" content=\"Agosto con Centro Astronomico di Arson - Dolomiti Prealpi\" \/>\n<meta property=\"og:description\" content=\"Eintritt 5 \u20ac, kostenlos f\u00fcr Mitglieder und Kinder bis 11 Jahre. Der mittlerweile traditionelle Abend, der den Perseiden gewidmet ist, den ber\u00fchmten Tr\u00e4nen des heiligen Laurentius, in der Nacht des\" \/>\n<meta property=\"og:url\" content=\"https:\/\/www.dolomitiprealpi.it\/de\/event\/agosto-con-centro-astronomico-di-arson-2\/\" \/>\n<meta property=\"og:site_name\" content=\"Dolomiti Prealpi\" \/>\n<meta property=\"article:publisher\" content=\"https:\/\/www.facebook.com\/dolomitiprealpi.it\/\" \/>\n<meta property=\"article:modified_time\" content=\"2026-02-09T17:04:20+00:00\" \/>\n<meta property=\"og:image\" content=\"https:\/\/www.dolomitiprealpi.it\/wp-content\/uploads\/2022\/11\/C.-Timpone-Foto-archivio-Consorzio-turistico-Dolomiti-Prealpi-Nevegal-Belluno-Bike-18-2.jpg\" \/>\n\t<meta property=\"og:image:width\" content=\"2048\" \/>\n\t<meta property=\"og:image:height\" content=\"1888\" \/>\n\t<meta property=\"og:image:type\" content=\"image\/jpeg\" \/>\n<meta name=\"twitter:card\" content=\"summary_large_image\" \/>\n<meta name=\"twitter:label1\" content=\"Est. reading time\" \/>\n\t<meta name=\"twitter:data1\" content=\"1 minute\" \/>\n<script type=\"application\/ld+json\" class=\"yoast-schema-graph\">{\"@context\":\"https:\/\/schema.org\",\"@graph\":[{\"@type\":\"WebPage\",\"@id\":\"https:\/\/www.dolomitiprealpi.it\/de\/event\/agosto-con-centro-astronomico-di-arson-2\/\",\"url\":\"https:\/\/www.dolomitiprealpi.it\/de\/event\/agosto-con-centro-astronomico-di-arson-2\/\",\"name\":\"Agosto con Centro Astronomico di Arson - Dolomiti Prealpi\",\"isPartOf\":{\"@id\":\"https:\/\/www.dolomitiprealpi.it\/de\/#website\"},\"datePublished\":\"2025-12-29T09:02:40+00:00\",\"dateModified\":\"2026-02-09T17:04:20+00:00\",\"breadcrumb\":{\"@id\":\"https:\/\/www.dolomitiprealpi.it\/de\/event\/agosto-con-centro-astronomico-di-arson-2\/#breadcrumb\"},\"inLanguage\":\"de-DE\",\"potentialAction\":[{\"@type\":\"ReadAction\",\"target\":[\"https:\/\/www.dolomitiprealpi.it\/de\/event\/agosto-con-centro-astronomico-di-arson-2\/\"]}]},{\"@type\":\"BreadcrumbList\",\"@id\":\"https:\/\/www.dolomitiprealpi.it\/de\/event\/agosto-con-centro-astronomico-di-arson-2\/#breadcrumb\",\"itemListElement\":[{\"@type\":\"ListItem\",\"position\":1,\"name\":\"Home\",\"item\":\"https:\/\/www.dolomitiprealpi.it\/de\/\"},{\"@type\":\"ListItem\",\"position\":2,\"name\":\"Veranstaltungen\",\"item\":\"https:\/\/www.dolomitiprealpi.it\/de\/events\/\"},{\"@type\":\"ListItem\",\"position\":3,\"name\":\"Agosto con Centro Astronomico di Arson\"}]},{\"@type\":\"WebSite\",\"@id\":\"https:\/\/www.dolomitiprealpi.it\/de\/#website\",\"url\":\"https:\/\/www.dolomitiprealpi.it\/de\/\",\"name\":\"Dolomiti Prealpi\",\"description\":\"\",\"publisher\":{\"@id\":\"https:\/\/www.dolomitiprealpi.it\/de\/#organization\"},\"potentialAction\":[{\"@type\":\"SearchAction\",\"target\":{\"@type\":\"EntryPoint\",\"urlTemplate\":\"https:\/\/www.dolomitiprealpi.it\/de\/?s={search_term_string}\"},\"query-input\":{\"@type\":\"PropertyValueSpecification\",\"valueRequired\":true,\"valueName\":\"search_term_string\"}}],\"inLanguage\":\"de-DE\"},{\"@type\":\"Organization\",\"@id\":\"https:\/\/www.dolomitiprealpi.it\/de\/#organization\",\"name\":\"Consorzio Dolomiti Prealpi\",\"url\":\"https:\/\/www.dolomitiprealpi.it\/de\/\",\"logo\":{\"@type\":\"ImageObject\",\"inLanguage\":\"de-DE\",\"@id\":\"https:\/\/www.dolomitiprealpi.it\/de\/#\/schema\/logo\/image\/\",\"url\":\"https:\/\/www.dolomitiprealpi.it\/wp-content\/uploads\/2023\/03\/dolomitiprealpi-favicon.jpg\",\"contentUrl\":\"https:\/\/www.dolomitiprealpi.it\/wp-content\/uploads\/2023\/03\/dolomitiprealpi-favicon.jpg\",\"width\":512,\"height\":512,\"caption\":\"Consorzio Dolomiti Prealpi\"},\"image\":{\"@id\":\"https:\/\/www.dolomitiprealpi.it\/de\/#\/schema\/logo\/image\/\"},\"sameAs\":[\"https:\/\/www.facebook.com\/dolomitiprealpi.it\/\",\"https:\/\/www.instagram.com\/dolomitiprealpi\/\"]}]}<\/script>\n<!-- \/ Yoast SEO plugin. -->","yoast_head_json":{"title":"Agosto con Centro Astronomico di Arson - Dolomiti Prealpi","robots":{"index":"index","follow":"follow","max-snippet":"max-snippet:-1","max-image-preview":"max-image-preview:large","max-video-preview":"max-video-preview:-1"},"canonical":"https:\/\/www.dolomitiprealpi.it\/de\/event\/agosto-con-centro-astronomico-di-arson-2\/","og_locale":"de_DE","og_type":"article","og_title":"Agosto con Centro Astronomico di Arson - Dolomiti Prealpi","og_description":"Eintritt 5 \u20ac, kostenlos f\u00fcr Mitglieder und Kinder bis 11 Jahre. Der mittlerweile traditionelle Abend, der den Perseiden gewidmet ist, den ber\u00fchmten Tr\u00e4nen des heiligen Laurentius, in der Nacht des","og_url":"https:\/\/www.dolomitiprealpi.it\/de\/event\/agosto-con-centro-astronomico-di-arson-2\/","og_site_name":"Dolomiti Prealpi","article_publisher":"https:\/\/www.facebook.com\/dolomitiprealpi.it\/","article_modified_time":"2026-02-09T17:04:20+00:00","og_image":[{"width":2048,"height":1888,"url":"https:\/\/www.dolomitiprealpi.it\/wp-content\/uploads\/2022\/11\/C.-Timpone-Foto-archivio-Consorzio-turistico-Dolomiti-Prealpi-Nevegal-Belluno-Bike-18-2.jpg","type":"image\/jpeg"}],"twitter_card":"summary_large_image","twitter_misc":{"Est. reading time":"1 minute"},"schema":{"@context":"https:\/\/schema.org","@graph":[{"@type":"WebPage","@id":"https:\/\/www.dolomitiprealpi.it\/de\/event\/agosto-con-centro-astronomico-di-arson-2\/","url":"https:\/\/www.dolomitiprealpi.it\/de\/event\/agosto-con-centro-astronomico-di-arson-2\/","name":"Agosto con Centro Astronomico di Arson - Dolomiti Prealpi","isPartOf":{"@id":"https:\/\/www.dolomitiprealpi.it\/de\/#website"},"datePublished":"2025-12-29T09:02:40+00:00","dateModified":"2026-02-09T17:04:20+00:00","breadcrumb":{"@id":"https:\/\/www.dolomitiprealpi.it\/de\/event\/agosto-con-centro-astronomico-di-arson-2\/#breadcrumb"},"inLanguage":"de-DE","potentialAction":[{"@type":"ReadAction","target":["https:\/\/www.dolomitiprealpi.it\/de\/event\/agosto-con-centro-astronomico-di-arson-2\/"]}]},{"@type":"BreadcrumbList","@id":"https:\/\/www.dolomitiprealpi.it\/de\/event\/agosto-con-centro-astronomico-di-arson-2\/#breadcrumb","itemListElement":[{"@type":"ListItem","position":1,"name":"Home","item":"https:\/\/www.dolomitiprealpi.it\/de\/"},{"@type":"ListItem","position":2,"name":"Veranstaltungen","item":"https:\/\/www.dolomitiprealpi.it\/de\/events\/"},{"@type":"ListItem","position":3,"name":"Agosto con Centro Astronomico di Arson"}]},{"@type":"WebSite","@id":"https:\/\/www.dolomitiprealpi.it\/de\/#website","url":"https:\/\/www.dolomitiprealpi.it\/de\/","name":"Dolomiti Prealpi","description":"","publisher":{"@id":"https:\/\/www.dolomitiprealpi.it\/de\/#organization"},"potentialAction":[{"@type":"SearchAction","target":{"@type":"EntryPoint","urlTemplate":"https:\/\/www.dolomitiprealpi.it\/de\/?s={search_term_string}"},"query-input":{"@type":"PropertyValueSpecification","valueRequired":true,"valueName":"search_term_string"}}],"inLanguage":"de-DE"},{"@type":"Organization","@id":"https:\/\/www.dolomitiprealpi.it\/de\/#organization","name":"Consorzio Dolomiti Prealpi","url":"https:\/\/www.dolomitiprealpi.it\/de\/","logo":{"@type":"ImageObject","inLanguage":"de-DE","@id":"https:\/\/www.dolomitiprealpi.it\/de\/#\/schema\/logo\/image\/","url":"https:\/\/www.dolomitiprealpi.it\/wp-content\/uploads\/2023\/03\/dolomitiprealpi-favicon.jpg","contentUrl":"https:\/\/www.dolomitiprealpi.it\/wp-content\/uploads\/2023\/03\/dolomitiprealpi-favicon.jpg","width":512,"height":512,"caption":"Consorzio Dolomiti Prealpi"},"image":{"@id":"https:\/\/www.dolomitiprealpi.it\/de\/#\/schema\/logo\/image\/"},"sameAs":["https:\/\/www.facebook.com\/dolomitiprealpi.it\/","https:\/\/www.instagram.com\/dolomitiprealpi\/"]}]}},"_links":{"self":[{"href":"https:\/\/www.dolomitiprealpi.it\/de\/wp-json\/wp\/v2\/tribe_events\/81359","targetHints":{"allow":["GET"]}}],"collection":[{"href":"https:\/\/www.dolomitiprealpi.it\/de\/wp-json\/wp\/v2\/tribe_events"}],"about":[{"href":"https:\/\/www.dolomitiprealpi.it\/de\/wp-json\/wp\/v2\/types\/tribe_events"}],"version-history":[{"count":1,"href":"https:\/\/www.dolomitiprealpi.it\/de\/wp-json\/wp\/v2\/tribe_events\/81359\/revisions"}],"predecessor-version":[{"id":86002,"href":"https:\/\/www.dolomitiprealpi.it\/de\/wp-json\/wp\/v2\/tribe_events\/81359\/revisions\/86002"}],"wp:attachment":[{"href":"https:\/\/www.dolomitiprealpi.it\/de\/wp-json\/wp\/v2\/media?parent=81359"}],"wp:term":[{"taxonomy":"post_tag","embeddable":true,"href":"https:\/\/www.dolomitiprealpi.it\/de\/wp-json\/wp\/v2\/tags?post=81359"},{"taxonomy":"tribe_events_cat","embeddable":true,"href":"https:\/\/www.dolomitiprealpi.it\/de\/wp-json\/wp\/v2\/tribe_events_cat?post=81359"}],"curies":[{"name":"wp","href":"https:\/\/api.w.org\/{rel}","templated":true}]}}

<p>Eintritt 5 €, kostenlos für Mitglieder und Kinder bis 11 Jahre. </p>
<p>Der mittlerweile traditionelle Abend, der den Perseiden gewidmet ist, den berühmten Tränen des heiligen Laurentius, in der Nacht des Maximums, die mittlerweile zu einem großen astronomischen Fest geworden ist. Trotz des Mondes wird es dennoch möglich sein, mehrere Dutzend Sternschnuppen zu sehen.</p>
<p>Der Mond selbst wird schließlich einen Teil der Show garantieren und wird durch das Teleskop Regionen zeigen, die nicht oft sichtbar sind, wie den Krater Hercules, die östlichen Ufer des Mare Serenitatis mit dem Krater Posidonius und dem Lago dei Sogni, des Mare Nectaris mit Fracastorius und den Pyrenäen, sowie die Krater Manzinus, Mutus, Hommel und Pitiscus.</p>
<p>Die Große Nacht der Sternschnuppen</p>

<p>Eintritt 5 €, kostenlos für Mitglieder und Kinder bis 11 Jahre. Der mittlerweile traditionelle Abend, der den Perseiden gewidmet ist, den berühmten Tränen des heiligen Laurentius, in der Nacht des</p>

<!-- This site is optimized with the Yoast SEO plugin v25.7 - https://yoast.com/wordpress/plugins/seo/ -->
<title>Agosto con Centro Astronomico di Arson - Dolomiti Prealpi</title>
<meta name="robots" content="index, follow, max-snippet:-1, max-image-preview:large, max-video-preview:-1" />
<link rel="canonical" href="https://www.dolomitiprealpi.it/de/event/agosto-con-centro-astronomico-di-arson-2/" />
<meta property="og:locale" content="de_DE" />
<meta property="og:type" content="article" />
<meta property="og:title" content="Agosto con Centro Astronomico di Arson - Dolomiti Prealpi" />
<meta property="og:description" content="Eintritt 5 €, kostenlos für Mitglieder und Kinder bis 11 Jahre. Der mittlerweile traditionelle Abend, der den Perseiden gewidmet ist, den berühmten Tränen des heiligen Laurentius, in der Nacht des" />
<meta property="og:url" content="https://www.dolomitiprealpi.it/de/event/agosto-con-centro-astronomico-di-arson-2/" />
<meta property="og:site_name" content="Dolomiti Prealpi" />
<meta property="article:publisher" content="https://www.facebook.com/dolomitiprealpi.it/" />
<meta property="article:modified_time" content="2026-02-09T17:04:20+00:00" />
<meta property="og:image" content="https://www.dolomitiprealpi.it/wp-content/uploads/2022/11/C.-Timpone-Foto-archivio-Consorzio-turistico-Dolomiti-Prealpi-Nevegal-Belluno-Bike-18-2.jpg" />
	<meta property="og:image:width" content="2048" />
	<meta property="og:image:height" content="1888" />
	<meta property="og:image:type" content="image/jpeg" />
<meta name="twitter:card" content="summary_large_image" />
<meta name="twitter:label1" content="Est. reading time" />
	<meta name="twitter:data1" content="1 minute" />
<script type="application/ld+json" class="yoast-schema-graph">{"@context":"https://schema.org","@graph":[{"@type":"WebPage","@id":"https://www.dolomitiprealpi.it/de/event/agosto-con-centro-astronomico-di-arson-2/","url":"https://www.dolomitiprealpi.it/de/event/agosto-con-centro-astronomico-di-arson-2/","name":"Agosto con Centro Astronomico di Arson - Dolomiti Prealpi","isPartOf":{"@id":"https://www.dolomitiprealpi.it/de/#website"},"datePublished":"2025-12-29T09:02:40+00:00","dateModified":"2026-02-09T17:04:20+00:00","breadcrumb":{"@id":"https://www.dolomitiprealpi.it/de/event/agosto-con-centro-astronomico-di-arson-2/#breadcrumb"},"inLanguage":"de-DE","potentialAction":[{"@type":"ReadAction","target":["https://www.dolomitiprealpi.it/de/event/agosto-con-centro-astronomico-di-arson-2/"]}]},{"@type":"BreadcrumbList","@id":"https://www.dolomitiprealpi.it/de/event/agosto-con-centro-astronomico-di-arson-2/#breadcrumb","itemListElement":[{"@type":"ListItem","position":1,"name":"Home","item":"https://www.dolomitiprealpi.it/de/"},{"@type":"ListItem","position":2,"name":"Veranstaltungen","item":"https://www.dolomitiprealpi.it/de/events/"},{"@type":"ListItem","position":3,"name":"Agosto con Centro Astronomico di Arson"}]},{"@type":"WebSite","@id":"https://www.dolomitiprealpi.it/de/#website","url":"https://www.dolomitiprealpi.it/de/","name":"Dolomiti Prealpi","description":"","publisher":{"@id":"https://www.dolomitiprealpi.it/de/#organization"},"potentialAction":[{"@type":"SearchAction","target":{"@type":"EntryPoint","urlTemplate":"https://www.dolomitiprealpi.it/de/?s={search_term_string}"},"query-input":{"@type":"PropertyValueSpecification","valueRequired":true,"valueName":"search_term_string"}}],"inLanguage":"de-DE"},{"@type":"Organization","@id":"https://www.dolomitiprealpi.it/de/#organization","name":"Consorzio Dolomiti Prealpi","url":"https://www.dolomitiprealpi.it/de/","logo":{"@type":"ImageObject","inLanguage":"de-DE","@id":"https://www.dolomitiprealpi.it/de/#/schema/logo/image/","url":"https://www.dolomitiprealpi.it/wp-content/uploads/2023/03/dolomitiprealpi-favicon.jpg","contentUrl":"https://www.dolomitiprealpi.it/wp-content/uploads/2023/03/dolomitiprealpi-favicon.jpg","width":512,"height":512,"caption":"Consorzio Dolomiti Prealpi"},"image":{"@id":"https://www.dolomitiprealpi.it/de/#/schema/logo/image/"},"sameAs":["https://www.facebook.com/dolomitiprealpi.it/","https://www.instagram.com/dolomitiprealpi/"]}]}</script>
<!-- / Yoast SEO plugin. -->

Eintritt 5 €, kostenlos für Mitglieder und Kinder bis 11 Jahre. Der mittlerweile traditionelle Abend, der den Perseiden gewidmet ist, den berühmten Tränen des heiligen Laurentius, in der Nacht des
