{"id":81301,"date":"2026-02-15T11:44:48","date_gmt":"2026-02-15T10:44:48","guid":{"rendered":"https:\/\/www.dolomitiprealpi.it\/event\/lincredibile-storia-della-neve-e-della-sua-comparsa\/"},"modified":"2026-03-20T12:22:34","modified_gmt":"2026-03-20T11:22:34","slug":"lincredibile-storia-della-neve-e-della-sua-comparsa","status":"publish","type":"tribe_events","link":"https:\/\/www.dolomitiprealpi.it\/de\/event\/lincredibile-storia-della-neve-e-della-sua-comparsa\/","title":{"rendered":"L&#8217;incredibile storia della neve e della sua comparsa"},"content":{"rendered":"<p>Das Ethnographische Museum Dolomiten, in Zusammenarbeit mit den Bibliotheken von Belluno, nimmt an der Lesemarathon &#8220;Veneto Legge&#8221; mit einer wichtigen &#8220;Aufw\u00e4rmveranstaltung&#8221; mit dem Titel <b>Die unglaubliche Geschichte des Schnees<\/b> teil. <\/p>\n<p>Durch Bilder, Kl\u00e4nge und Erinnerungen an den Schnee werden die Teilnehmer erkunden, was in ihnen bewegt wird: Einsamkeit, Warten, Wunder, \u00dcberg\u00e4nge. Der Schnee als Metapher, Landschaft oder Protagonist wird ihre Worte in einem Kreativschreibworkshop mit dem Titel <b>Wie der Schnee<\/b> unter der Leitung von Il Portolano leiten. <\/p>\n<p>Anschlie\u00dfend wird es basierend auf dem Buch <b>Die unglaubliche Geschichte des Schnees und seines Auftretens: von den mesopotamischen Zivilisationen bis zum K\u00fchlschrank, von Cocktails bis zur Klimakrise<\/b> ein Gespr\u00e4ch mit dem Autor Alberto Grandi und der Geografin Sara Luchetta geben. Der Band, herausgegeben von Aboca im Jahr 2022 in der Reihe Human Ecology, ist ein \u00e4u\u00dferst angenehmes Lesewerk, das in historischen und anthropologischen Perspektiven das Verh\u00e4ltnis der alten und modernen V\u00f6lker zum Schnee und Eis erz\u00e4hlt, insbesondere im Hinblick auf Ern\u00e4hrung, Lebensmittelaufbewahrung und medizinische Therapien. <\/p>\n<p> Zum Abschluss, nachdem die K\u00e4lte des Schnees&nbsp;sie zwischen Geschichten und Wissen gef\u00fchrt hat, werden sie auf ihre Weise die Aromen mit den <b>Zoldani Eiscremeherstellern<\/b> und ihrem traditionellen Eis genie\u00dfen. <\/p>\n<p>Schreibwerkstatt und Begegnung mit dem AutorUm am Workshop teilzunehmen, ist eine Anmeldung erforderlich, indem Sie eine E-Mail an ilvenetolegge@gmail.com senden.<\/p>\n","protected":false},"excerpt":{"rendered":"<p>Das Ethnographische Museum Dolomiten, in Zusammenarbeit mit den Bibliotheken von Belluno, nimmt an der Lesemarathon &#8220;Veneto Legge&#8221; mit einer wichtigen &#8220;Aufw\u00e4rmveranstaltung&#8221; mit dem Titel Die unglaubliche Geschichte des Schnees teil.<\/p>\n","protected":false},"author":0,"featured_media":0,"template":"","meta":{"_acf_changed":false,"inline_featured_image":false,"_tribe_events_status":"","_tribe_events_status_reason":"","footnotes":""},"tags":[259],"tribe_events_cat":[],"class_list":["post-81301","tribe_events","type-tribe_events","status-publish","hentry","tag-eventi-feratel"],"acf":[],"yoast_head":"<!-- This site is optimized with the Yoast SEO plugin v25.7 - https:\/\/yoast.com\/wordpress\/plugins\/seo\/ -->\n<title>L&#039;incredibile storia della neve e della sua comparsa - Dolomiti Prealpi<\/title>\n<meta name=\"robots\" content=\"index, follow, max-snippet:-1, max-image-preview:large, max-video-preview:-1\" \/>\n<link rel=\"canonical\" href=\"https:\/\/www.dolomitiprealpi.it\/de\/event\/lincredibile-storia-della-neve-e-della-sua-comparsa\/\" \/>\n<meta property=\"og:locale\" content=\"de_DE\" \/>\n<meta property=\"og:type\" content=\"article\" \/>\n<meta property=\"og:title\" content=\"L&#039;incredibile storia della neve e della sua comparsa - Dolomiti Prealpi\" \/>\n<meta property=\"og:description\" content=\"Das Ethnographische Museum Dolomiten, in Zusammenarbeit mit den Bibliotheken von Belluno, nimmt an der Lesemarathon &#8220;Veneto Legge&#8221; mit einer wichtigen &#8220;Aufw\u00e4rmveranstaltung&#8221; mit dem Titel Die unglaubliche Geschichte des Schnees teil.\" \/>\n<meta property=\"og:url\" content=\"https:\/\/www.dolomitiprealpi.it\/de\/event\/lincredibile-storia-della-neve-e-della-sua-comparsa\/\" \/>\n<meta property=\"og:site_name\" content=\"Dolomiti Prealpi\" \/>\n<meta property=\"article:publisher\" content=\"https:\/\/www.facebook.com\/dolomitiprealpi.it\/\" \/>\n<meta property=\"article:modified_time\" content=\"2026-03-20T11:22:34+00:00\" \/>\n<meta property=\"og:image\" content=\"https:\/\/www.dolomitiprealpi.it\/wp-content\/uploads\/2022\/11\/C.-Timpone-Foto-archivio-Consorzio-turistico-Dolomiti-Prealpi-Nevegal-Belluno-Bike-18-2.jpg\" \/>\n\t<meta property=\"og:image:width\" content=\"2048\" \/>\n\t<meta property=\"og:image:height\" content=\"1888\" \/>\n\t<meta property=\"og:image:type\" content=\"image\/jpeg\" \/>\n<meta name=\"twitter:card\" content=\"summary_large_image\" \/>\n<meta name=\"twitter:label1\" content=\"Est. reading time\" \/>\n\t<meta name=\"twitter:data1\" content=\"1 minute\" \/>\n<script type=\"application\/ld+json\" class=\"yoast-schema-graph\">{\"@context\":\"https:\/\/schema.org\",\"@graph\":[{\"@type\":\"WebPage\",\"@id\":\"https:\/\/www.dolomitiprealpi.it\/de\/event\/lincredibile-storia-della-neve-e-della-sua-comparsa\/\",\"url\":\"https:\/\/www.dolomitiprealpi.it\/de\/event\/lincredibile-storia-della-neve-e-della-sua-comparsa\/\",\"name\":\"L'incredibile storia della neve e della sua comparsa - Dolomiti Prealpi\",\"isPartOf\":{\"@id\":\"https:\/\/www.dolomitiprealpi.it\/de\/#website\"},\"datePublished\":\"2026-02-15T10:44:48+00:00\",\"dateModified\":\"2026-03-20T11:22:34+00:00\",\"breadcrumb\":{\"@id\":\"https:\/\/www.dolomitiprealpi.it\/de\/event\/lincredibile-storia-della-neve-e-della-sua-comparsa\/#breadcrumb\"},\"inLanguage\":\"de-DE\",\"potentialAction\":[{\"@type\":\"ReadAction\",\"target\":[\"https:\/\/www.dolomitiprealpi.it\/de\/event\/lincredibile-storia-della-neve-e-della-sua-comparsa\/\"]}]},{\"@type\":\"BreadcrumbList\",\"@id\":\"https:\/\/www.dolomitiprealpi.it\/de\/event\/lincredibile-storia-della-neve-e-della-sua-comparsa\/#breadcrumb\",\"itemListElement\":[{\"@type\":\"ListItem\",\"position\":1,\"name\":\"Home\",\"item\":\"https:\/\/www.dolomitiprealpi.it\/de\/\"},{\"@type\":\"ListItem\",\"position\":2,\"name\":\"Veranstaltungen\",\"item\":\"https:\/\/www.dolomitiprealpi.it\/de\/events\/\"},{\"@type\":\"ListItem\",\"position\":3,\"name\":\"L&#8217;incredibile storia della neve e della sua comparsa\"}]},{\"@type\":\"WebSite\",\"@id\":\"https:\/\/www.dolomitiprealpi.it\/de\/#website\",\"url\":\"https:\/\/www.dolomitiprealpi.it\/de\/\",\"name\":\"Dolomiti Prealpi\",\"description\":\"\",\"publisher\":{\"@id\":\"https:\/\/www.dolomitiprealpi.it\/de\/#organization\"},\"potentialAction\":[{\"@type\":\"SearchAction\",\"target\":{\"@type\":\"EntryPoint\",\"urlTemplate\":\"https:\/\/www.dolomitiprealpi.it\/de\/?s={search_term_string}\"},\"query-input\":{\"@type\":\"PropertyValueSpecification\",\"valueRequired\":true,\"valueName\":\"search_term_string\"}}],\"inLanguage\":\"de-DE\"},{\"@type\":\"Organization\",\"@id\":\"https:\/\/www.dolomitiprealpi.it\/de\/#organization\",\"name\":\"Consorzio Dolomiti Prealpi\",\"url\":\"https:\/\/www.dolomitiprealpi.it\/de\/\",\"logo\":{\"@type\":\"ImageObject\",\"inLanguage\":\"de-DE\",\"@id\":\"https:\/\/www.dolomitiprealpi.it\/de\/#\/schema\/logo\/image\/\",\"url\":\"https:\/\/www.dolomitiprealpi.it\/wp-content\/uploads\/2023\/03\/dolomitiprealpi-favicon.jpg\",\"contentUrl\":\"https:\/\/www.dolomitiprealpi.it\/wp-content\/uploads\/2023\/03\/dolomitiprealpi-favicon.jpg\",\"width\":512,\"height\":512,\"caption\":\"Consorzio Dolomiti Prealpi\"},\"image\":{\"@id\":\"https:\/\/www.dolomitiprealpi.it\/de\/#\/schema\/logo\/image\/\"},\"sameAs\":[\"https:\/\/www.facebook.com\/dolomitiprealpi.it\/\",\"https:\/\/www.instagram.com\/dolomitiprealpi\/\"]}]}<\/script>\n<!-- \/ Yoast SEO plugin. -->","yoast_head_json":{"title":"L'incredibile storia della neve e della sua comparsa - Dolomiti Prealpi","robots":{"index":"index","follow":"follow","max-snippet":"max-snippet:-1","max-image-preview":"max-image-preview:large","max-video-preview":"max-video-preview:-1"},"canonical":"https:\/\/www.dolomitiprealpi.it\/de\/event\/lincredibile-storia-della-neve-e-della-sua-comparsa\/","og_locale":"de_DE","og_type":"article","og_title":"L'incredibile storia della neve e della sua comparsa - Dolomiti Prealpi","og_description":"Das Ethnographische Museum Dolomiten, in Zusammenarbeit mit den Bibliotheken von Belluno, nimmt an der Lesemarathon &#8220;Veneto Legge&#8221; mit einer wichtigen &#8220;Aufw\u00e4rmveranstaltung&#8221; mit dem Titel Die unglaubliche Geschichte des Schnees teil.","og_url":"https:\/\/www.dolomitiprealpi.it\/de\/event\/lincredibile-storia-della-neve-e-della-sua-comparsa\/","og_site_name":"Dolomiti Prealpi","article_publisher":"https:\/\/www.facebook.com\/dolomitiprealpi.it\/","article_modified_time":"2026-03-20T11:22:34+00:00","og_image":[{"width":2048,"height":1888,"url":"https:\/\/www.dolomitiprealpi.it\/wp-content\/uploads\/2022\/11\/C.-Timpone-Foto-archivio-Consorzio-turistico-Dolomiti-Prealpi-Nevegal-Belluno-Bike-18-2.jpg","type":"image\/jpeg"}],"twitter_card":"summary_large_image","twitter_misc":{"Est. reading time":"1 minute"},"schema":{"@context":"https:\/\/schema.org","@graph":[{"@type":"WebPage","@id":"https:\/\/www.dolomitiprealpi.it\/de\/event\/lincredibile-storia-della-neve-e-della-sua-comparsa\/","url":"https:\/\/www.dolomitiprealpi.it\/de\/event\/lincredibile-storia-della-neve-e-della-sua-comparsa\/","name":"L'incredibile storia della neve e della sua comparsa - Dolomiti Prealpi","isPartOf":{"@id":"https:\/\/www.dolomitiprealpi.it\/de\/#website"},"datePublished":"2026-02-15T10:44:48+00:00","dateModified":"2026-03-20T11:22:34+00:00","breadcrumb":{"@id":"https:\/\/www.dolomitiprealpi.it\/de\/event\/lincredibile-storia-della-neve-e-della-sua-comparsa\/#breadcrumb"},"inLanguage":"de-DE","potentialAction":[{"@type":"ReadAction","target":["https:\/\/www.dolomitiprealpi.it\/de\/event\/lincredibile-storia-della-neve-e-della-sua-comparsa\/"]}]},{"@type":"BreadcrumbList","@id":"https:\/\/www.dolomitiprealpi.it\/de\/event\/lincredibile-storia-della-neve-e-della-sua-comparsa\/#breadcrumb","itemListElement":[{"@type":"ListItem","position":1,"name":"Home","item":"https:\/\/www.dolomitiprealpi.it\/de\/"},{"@type":"ListItem","position":2,"name":"Veranstaltungen","item":"https:\/\/www.dolomitiprealpi.it\/de\/events\/"},{"@type":"ListItem","position":3,"name":"L&#8217;incredibile storia della neve e della sua comparsa"}]},{"@type":"WebSite","@id":"https:\/\/www.dolomitiprealpi.it\/de\/#website","url":"https:\/\/www.dolomitiprealpi.it\/de\/","name":"Dolomiti Prealpi","description":"","publisher":{"@id":"https:\/\/www.dolomitiprealpi.it\/de\/#organization"},"potentialAction":[{"@type":"SearchAction","target":{"@type":"EntryPoint","urlTemplate":"https:\/\/www.dolomitiprealpi.it\/de\/?s={search_term_string}"},"query-input":{"@type":"PropertyValueSpecification","valueRequired":true,"valueName":"search_term_string"}}],"inLanguage":"de-DE"},{"@type":"Organization","@id":"https:\/\/www.dolomitiprealpi.it\/de\/#organization","name":"Consorzio Dolomiti Prealpi","url":"https:\/\/www.dolomitiprealpi.it\/de\/","logo":{"@type":"ImageObject","inLanguage":"de-DE","@id":"https:\/\/www.dolomitiprealpi.it\/de\/#\/schema\/logo\/image\/","url":"https:\/\/www.dolomitiprealpi.it\/wp-content\/uploads\/2023\/03\/dolomitiprealpi-favicon.jpg","contentUrl":"https:\/\/www.dolomitiprealpi.it\/wp-content\/uploads\/2023\/03\/dolomitiprealpi-favicon.jpg","width":512,"height":512,"caption":"Consorzio Dolomiti Prealpi"},"image":{"@id":"https:\/\/www.dolomitiprealpi.it\/de\/#\/schema\/logo\/image\/"},"sameAs":["https:\/\/www.facebook.com\/dolomitiprealpi.it\/","https:\/\/www.instagram.com\/dolomitiprealpi\/"]}]}},"_links":{"self":[{"href":"https:\/\/www.dolomitiprealpi.it\/de\/wp-json\/wp\/v2\/tribe_events\/81301","targetHints":{"allow":["GET"]}}],"collection":[{"href":"https:\/\/www.dolomitiprealpi.it\/de\/wp-json\/wp\/v2\/tribe_events"}],"about":[{"href":"https:\/\/www.dolomitiprealpi.it\/de\/wp-json\/wp\/v2\/types\/tribe_events"}],"version-history":[{"count":1,"href":"https:\/\/www.dolomitiprealpi.it\/de\/wp-json\/wp\/v2\/tribe_events\/81301\/revisions"}],"predecessor-version":[{"id":85967,"href":"https:\/\/www.dolomitiprealpi.it\/de\/wp-json\/wp\/v2\/tribe_events\/81301\/revisions\/85967"}],"wp:attachment":[{"href":"https:\/\/www.dolomitiprealpi.it\/de\/wp-json\/wp\/v2\/media?parent=81301"}],"wp:term":[{"taxonomy":"post_tag","embeddable":true,"href":"https:\/\/www.dolomitiprealpi.it\/de\/wp-json\/wp\/v2\/tags?post=81301"},{"taxonomy":"tribe_events_cat","embeddable":true,"href":"https:\/\/www.dolomitiprealpi.it\/de\/wp-json\/wp\/v2\/tribe_events_cat?post=81301"}],"curies":[{"name":"wp","href":"https:\/\/api.w.org\/{rel}","templated":true}]}}

<p>Das Ethnographische Museum Dolomiten, in Zusammenarbeit mit den Bibliotheken von Belluno, nimmt an der Lesemarathon &#8220;Veneto Legge&#8221; mit einer wichtigen &#8220;Aufwärmveranstaltung&#8221; mit dem Titel <b>Die unglaubliche Geschichte des Schnees</b> teil. </p>
<p>Durch Bilder, Klänge und Erinnerungen an den Schnee werden die Teilnehmer erkunden, was in ihnen bewegt wird: Einsamkeit, Warten, Wunder, Übergänge. Der Schnee als Metapher, Landschaft oder Protagonist wird ihre Worte in einem Kreativschreibworkshop mit dem Titel <b>Wie der Schnee</b> unter der Leitung von Il Portolano leiten. </p>
<p>Anschließend wird es basierend auf dem Buch <b>Die unglaubliche Geschichte des Schnees und seines Auftretens: von den mesopotamischen Zivilisationen bis zum Kühlschrank, von Cocktails bis zur Klimakrise</b> ein Gespräch mit dem Autor Alberto Grandi und der Geografin Sara Luchetta geben. Der Band, herausgegeben von Aboca im Jahr 2022 in der Reihe Human Ecology, ist ein äußerst angenehmes Lesewerk, das in historischen und anthropologischen Perspektiven das Verhältnis der alten und modernen Völker zum Schnee und Eis erzählt, insbesondere im Hinblick auf Ernährung, Lebensmittelaufbewahrung und medizinische Therapien. </p>
<p> Zum Abschluss, nachdem die Kälte des Schnees&nbsp;sie zwischen Geschichten und Wissen geführt hat, werden sie auf ihre Weise die Aromen mit den <b>Zoldani Eiscremeherstellern</b> und ihrem traditionellen Eis genießen. </p>
<p>Schreibwerkstatt und Begegnung mit dem AutorUm am Workshop teilzunehmen, ist eine Anmeldung erforderlich, indem Sie eine E-Mail an ilvenetolegge@gmail.com senden.</p>

<p>Das Ethnographische Museum Dolomiten, in Zusammenarbeit mit den Bibliotheken von Belluno, nimmt an der Lesemarathon &#8220;Veneto Legge&#8221; mit einer wichtigen &#8220;Aufwärmveranstaltung&#8221; mit dem Titel Die unglaubliche Geschichte des Schnees teil.</p>

<!-- This site is optimized with the Yoast SEO plugin v25.7 - https://yoast.com/wordpress/plugins/seo/ -->
<title>L&#039;incredibile storia della neve e della sua comparsa - Dolomiti Prealpi</title>
<meta name="robots" content="index, follow, max-snippet:-1, max-image-preview:large, max-video-preview:-1" />
<link rel="canonical" href="https://www.dolomitiprealpi.it/de/event/lincredibile-storia-della-neve-e-della-sua-comparsa/" />
<meta property="og:locale" content="de_DE" />
<meta property="og:type" content="article" />
<meta property="og:title" content="L&#039;incredibile storia della neve e della sua comparsa - Dolomiti Prealpi" />
<meta property="og:description" content="Das Ethnographische Museum Dolomiten, in Zusammenarbeit mit den Bibliotheken von Belluno, nimmt an der Lesemarathon &#8220;Veneto Legge&#8221; mit einer wichtigen &#8220;Aufwärmveranstaltung&#8221; mit dem Titel Die unglaubliche Geschichte des Schnees teil." />
<meta property="og:url" content="https://www.dolomitiprealpi.it/de/event/lincredibile-storia-della-neve-e-della-sua-comparsa/" />
<meta property="og:site_name" content="Dolomiti Prealpi" />
<meta property="article:publisher" content="https://www.facebook.com/dolomitiprealpi.it/" />
<meta property="article:modified_time" content="2026-03-20T11:22:34+00:00" />
<meta property="og:image" content="https://www.dolomitiprealpi.it/wp-content/uploads/2022/11/C.-Timpone-Foto-archivio-Consorzio-turistico-Dolomiti-Prealpi-Nevegal-Belluno-Bike-18-2.jpg" />
	<meta property="og:image:width" content="2048" />
	<meta property="og:image:height" content="1888" />
	<meta property="og:image:type" content="image/jpeg" />
<meta name="twitter:card" content="summary_large_image" />
<meta name="twitter:label1" content="Est. reading time" />
	<meta name="twitter:data1" content="1 minute" />
<script type="application/ld+json" class="yoast-schema-graph">{"@context":"https://schema.org","@graph":[{"@type":"WebPage","@id":"https://www.dolomitiprealpi.it/de/event/lincredibile-storia-della-neve-e-della-sua-comparsa/","url":"https://www.dolomitiprealpi.it/de/event/lincredibile-storia-della-neve-e-della-sua-comparsa/","name":"L'incredibile storia della neve e della sua comparsa - Dolomiti Prealpi","isPartOf":{"@id":"https://www.dolomitiprealpi.it/de/#website"},"datePublished":"2026-02-15T10:44:48+00:00","dateModified":"2026-03-20T11:22:34+00:00","breadcrumb":{"@id":"https://www.dolomitiprealpi.it/de/event/lincredibile-storia-della-neve-e-della-sua-comparsa/#breadcrumb"},"inLanguage":"de-DE","potentialAction":[{"@type":"ReadAction","target":["https://www.dolomitiprealpi.it/de/event/lincredibile-storia-della-neve-e-della-sua-comparsa/"]}]},{"@type":"BreadcrumbList","@id":"https://www.dolomitiprealpi.it/de/event/lincredibile-storia-della-neve-e-della-sua-comparsa/#breadcrumb","itemListElement":[{"@type":"ListItem","position":1,"name":"Home","item":"https://www.dolomitiprealpi.it/de/"},{"@type":"ListItem","position":2,"name":"Veranstaltungen","item":"https://www.dolomitiprealpi.it/de/events/"},{"@type":"ListItem","position":3,"name":"L&#8217;incredibile storia della neve e della sua comparsa"}]},{"@type":"WebSite","@id":"https://www.dolomitiprealpi.it/de/#website","url":"https://www.dolomitiprealpi.it/de/","name":"Dolomiti Prealpi","description":"","publisher":{"@id":"https://www.dolomitiprealpi.it/de/#organization"},"potentialAction":[{"@type":"SearchAction","target":{"@type":"EntryPoint","urlTemplate":"https://www.dolomitiprealpi.it/de/?s={search_term_string}"},"query-input":{"@type":"PropertyValueSpecification","valueRequired":true,"valueName":"search_term_string"}}],"inLanguage":"de-DE"},{"@type":"Organization","@id":"https://www.dolomitiprealpi.it/de/#organization","name":"Consorzio Dolomiti Prealpi","url":"https://www.dolomitiprealpi.it/de/","logo":{"@type":"ImageObject","inLanguage":"de-DE","@id":"https://www.dolomitiprealpi.it/de/#/schema/logo/image/","url":"https://www.dolomitiprealpi.it/wp-content/uploads/2023/03/dolomitiprealpi-favicon.jpg","contentUrl":"https://www.dolomitiprealpi.it/wp-content/uploads/2023/03/dolomitiprealpi-favicon.jpg","width":512,"height":512,"caption":"Consorzio Dolomiti Prealpi"},"image":{"@id":"https://www.dolomitiprealpi.it/de/#/schema/logo/image/"},"sameAs":["https://www.facebook.com/dolomitiprealpi.it/","https://www.instagram.com/dolomitiprealpi/"]}]}</script>
<!-- / Yoast SEO plugin. -->

Das Ethnographische Museum Dolomiten, in Zusammenarbeit mit den Bibliotheken von Belluno, nimmt an der Lesemarathon &#8220;Veneto Legge&#8221; mit einer wichtigen &#8220;Aufwärmveranstaltung&#8221; mit dem Titel Die unglaubliche Geschichte des Schnees teil.
