{"id":81120,"date":"2026-02-15T11:41:57","date_gmt":"2026-02-15T10:41:57","guid":{"rendered":"https:\/\/www.dolomitiprealpi.it\/event\/rifugiati-in-rifugio\/"},"modified":"2026-03-20T12:19:34","modified_gmt":"2026-03-20T11:19:34","slug":"rifugiati-in-rifugio","status":"publish","type":"tribe_events","link":"https:\/\/www.dolomitiprealpi.it\/de\/event\/rifugiati-in-rifugio\/","title":{"rendered":"Rifugiati in rifugio"},"content":{"rendered":"<p>F\u00fcr eine m\u00f6gliche \u00dcbernachtung wird empfohlen, im Voraus zu buchen, indem Sie direkt die Unterkunft kontaktieren:<br \/>Tel. +39 0437 941631 &#8211; Mobil. +39 340 0016896 \/ +39 347 8801913 &#8211; Email: infosettimoalpini@gmail.com&nbsp;<\/p>\n<p>Die Konferenz &#8220;<b>Fl\u00fcchtlinge in Zuflucht<\/b>&#8221; findet am 20. September 2025 im Rifugio Settimo Alpini statt und ist den Umweltfl\u00fcchtlingen gewidmet, mit Zeugnissen, Vortr\u00e4gen von Experten und Autoren.<\/p>\n<p>\u201eFl\u00fcchtlinge in Zuflucht\u201c ist eine M\u00f6glichkeit, einen Raum und eine Zeit der Gleichheit zu teilen, in der Menschen nicht mehr durch eine Rolle qualifiziert und charakterisiert werden \u2013 der Fl\u00fcchtling, der S\u00e4nger, der Anwalt, der Professor, der Bergsteiger \u2013 sondern einfach alle Menschen sind, die gemeinsam gehen und diskutieren.<\/p>\n<p>W\u00e4hrend der Konferenz wird es einen spezifischen Abschnitt zu &#8220;<b>Wenn Anpassung unm\u00f6glich ist: Menschen und globale Erw\u00e4rmung<\/b>&#8221; geben, in dem verschiedene Zeugnisse von Umweltfl\u00fcchtlingen und der Vereinigung Popoli Insieme pr\u00e4sentiert werden.<\/p>\n<p>Es werden auch sprechen:<br \/>&#8211; Silvia Stefanelli, Klima- und Waldexpertin, Mitglied des Club Alpino Accademico Italiano<br \/>&#8211; Francesco Mason, Anwalt mit Erfahrung im Bereich internationalen Schutz<\/p>\n<p><u>Im Falle von schwerem Wetter, das das Erreichen des refugio verhindert, findet das Treffen in der EX Latteria di Bolzano Bellunese nach Bekanntgabe \u00fcber die sozialen Kan\u00e4le statt.<\/u><\/p>\n<p><\/p>\n<p>Konferenz offen f\u00fcr alle<\/p>\n","protected":false},"excerpt":{"rendered":"<p>F\u00fcr eine m\u00f6gliche \u00dcbernachtung wird empfohlen, im Voraus zu buchen, indem Sie direkt die Unterkunft kontaktieren:Tel. +39 0437 941631 &#8211; Mobil. +39 340 0016896 \/ +39 347 8801913 &#8211; Email:<\/p>\n","protected":false},"author":0,"featured_media":0,"template":"","meta":{"_acf_changed":false,"inline_featured_image":false,"_tribe_events_status":"","_tribe_events_status_reason":"","footnotes":""},"tags":[259],"tribe_events_cat":[],"class_list":["post-81120","tribe_events","type-tribe_events","status-publish","hentry","tag-eventi-feratel"],"acf":[],"yoast_head":"<!-- This site is optimized with the Yoast SEO plugin v25.7 - https:\/\/yoast.com\/wordpress\/plugins\/seo\/ -->\n<title>Rifugiati in rifugio - Dolomiti Prealpi<\/title>\n<meta name=\"robots\" content=\"index, follow, max-snippet:-1, max-image-preview:large, max-video-preview:-1\" \/>\n<link rel=\"canonical\" href=\"https:\/\/www.dolomitiprealpi.it\/de\/event\/rifugiati-in-rifugio\/\" \/>\n<meta property=\"og:locale\" content=\"de_DE\" \/>\n<meta property=\"og:type\" content=\"article\" \/>\n<meta property=\"og:title\" content=\"Rifugiati in rifugio - Dolomiti Prealpi\" \/>\n<meta property=\"og:description\" content=\"F\u00fcr eine m\u00f6gliche \u00dcbernachtung wird empfohlen, im Voraus zu buchen, indem Sie direkt die Unterkunft kontaktieren:Tel. +39 0437 941631 &#8211; Mobil. +39 340 0016896 \/ +39 347 8801913 &#8211; Email:\" \/>\n<meta property=\"og:url\" content=\"https:\/\/www.dolomitiprealpi.it\/de\/event\/rifugiati-in-rifugio\/\" \/>\n<meta property=\"og:site_name\" content=\"Dolomiti Prealpi\" \/>\n<meta property=\"article:publisher\" content=\"https:\/\/www.facebook.com\/dolomitiprealpi.it\/\" \/>\n<meta property=\"article:modified_time\" content=\"2026-03-20T11:19:34+00:00\" \/>\n<meta property=\"og:image\" content=\"https:\/\/www.dolomitiprealpi.it\/wp-content\/uploads\/2022\/11\/C.-Timpone-Foto-archivio-Consorzio-turistico-Dolomiti-Prealpi-Nevegal-Belluno-Bike-18-2.jpg\" \/>\n\t<meta property=\"og:image:width\" content=\"2048\" \/>\n\t<meta property=\"og:image:height\" content=\"1888\" \/>\n\t<meta property=\"og:image:type\" content=\"image\/jpeg\" \/>\n<meta name=\"twitter:card\" content=\"summary_large_image\" \/>\n<meta name=\"twitter:label1\" content=\"Est. reading time\" \/>\n\t<meta name=\"twitter:data1\" content=\"1 minute\" \/>\n<script type=\"application\/ld+json\" class=\"yoast-schema-graph\">{\"@context\":\"https:\/\/schema.org\",\"@graph\":[{\"@type\":\"WebPage\",\"@id\":\"https:\/\/www.dolomitiprealpi.it\/de\/event\/rifugiati-in-rifugio\/\",\"url\":\"https:\/\/www.dolomitiprealpi.it\/de\/event\/rifugiati-in-rifugio\/\",\"name\":\"Rifugiati in rifugio - Dolomiti Prealpi\",\"isPartOf\":{\"@id\":\"https:\/\/www.dolomitiprealpi.it\/de\/#website\"},\"datePublished\":\"2026-02-15T10:41:57+00:00\",\"dateModified\":\"2026-03-20T11:19:34+00:00\",\"breadcrumb\":{\"@id\":\"https:\/\/www.dolomitiprealpi.it\/de\/event\/rifugiati-in-rifugio\/#breadcrumb\"},\"inLanguage\":\"de-DE\",\"potentialAction\":[{\"@type\":\"ReadAction\",\"target\":[\"https:\/\/www.dolomitiprealpi.it\/de\/event\/rifugiati-in-rifugio\/\"]}]},{\"@type\":\"BreadcrumbList\",\"@id\":\"https:\/\/www.dolomitiprealpi.it\/de\/event\/rifugiati-in-rifugio\/#breadcrumb\",\"itemListElement\":[{\"@type\":\"ListItem\",\"position\":1,\"name\":\"Home\",\"item\":\"https:\/\/www.dolomitiprealpi.it\/de\/\"},{\"@type\":\"ListItem\",\"position\":2,\"name\":\"Veranstaltungen\",\"item\":\"https:\/\/www.dolomitiprealpi.it\/de\/events\/\"},{\"@type\":\"ListItem\",\"position\":3,\"name\":\"Rifugiati in rifugio\"}]},{\"@type\":\"WebSite\",\"@id\":\"https:\/\/www.dolomitiprealpi.it\/de\/#website\",\"url\":\"https:\/\/www.dolomitiprealpi.it\/de\/\",\"name\":\"Dolomiti Prealpi\",\"description\":\"\",\"publisher\":{\"@id\":\"https:\/\/www.dolomitiprealpi.it\/de\/#organization\"},\"potentialAction\":[{\"@type\":\"SearchAction\",\"target\":{\"@type\":\"EntryPoint\",\"urlTemplate\":\"https:\/\/www.dolomitiprealpi.it\/de\/?s={search_term_string}\"},\"query-input\":{\"@type\":\"PropertyValueSpecification\",\"valueRequired\":true,\"valueName\":\"search_term_string\"}}],\"inLanguage\":\"de-DE\"},{\"@type\":\"Organization\",\"@id\":\"https:\/\/www.dolomitiprealpi.it\/de\/#organization\",\"name\":\"Consorzio Dolomiti Prealpi\",\"url\":\"https:\/\/www.dolomitiprealpi.it\/de\/\",\"logo\":{\"@type\":\"ImageObject\",\"inLanguage\":\"de-DE\",\"@id\":\"https:\/\/www.dolomitiprealpi.it\/de\/#\/schema\/logo\/image\/\",\"url\":\"https:\/\/www.dolomitiprealpi.it\/wp-content\/uploads\/2023\/03\/dolomitiprealpi-favicon.jpg\",\"contentUrl\":\"https:\/\/www.dolomitiprealpi.it\/wp-content\/uploads\/2023\/03\/dolomitiprealpi-favicon.jpg\",\"width\":512,\"height\":512,\"caption\":\"Consorzio Dolomiti Prealpi\"},\"image\":{\"@id\":\"https:\/\/www.dolomitiprealpi.it\/de\/#\/schema\/logo\/image\/\"},\"sameAs\":[\"https:\/\/www.facebook.com\/dolomitiprealpi.it\/\",\"https:\/\/www.instagram.com\/dolomitiprealpi\/\"]}]}<\/script>\n<!-- \/ Yoast SEO plugin. -->","yoast_head_json":{"title":"Rifugiati in rifugio - Dolomiti Prealpi","robots":{"index":"index","follow":"follow","max-snippet":"max-snippet:-1","max-image-preview":"max-image-preview:large","max-video-preview":"max-video-preview:-1"},"canonical":"https:\/\/www.dolomitiprealpi.it\/de\/event\/rifugiati-in-rifugio\/","og_locale":"de_DE","og_type":"article","og_title":"Rifugiati in rifugio - Dolomiti Prealpi","og_description":"F\u00fcr eine m\u00f6gliche \u00dcbernachtung wird empfohlen, im Voraus zu buchen, indem Sie direkt die Unterkunft kontaktieren:Tel. +39 0437 941631 &#8211; Mobil. +39 340 0016896 \/ +39 347 8801913 &#8211; Email:","og_url":"https:\/\/www.dolomitiprealpi.it\/de\/event\/rifugiati-in-rifugio\/","og_site_name":"Dolomiti Prealpi","article_publisher":"https:\/\/www.facebook.com\/dolomitiprealpi.it\/","article_modified_time":"2026-03-20T11:19:34+00:00","og_image":[{"width":2048,"height":1888,"url":"https:\/\/www.dolomitiprealpi.it\/wp-content\/uploads\/2022\/11\/C.-Timpone-Foto-archivio-Consorzio-turistico-Dolomiti-Prealpi-Nevegal-Belluno-Bike-18-2.jpg","type":"image\/jpeg"}],"twitter_card":"summary_large_image","twitter_misc":{"Est. reading time":"1 minute"},"schema":{"@context":"https:\/\/schema.org","@graph":[{"@type":"WebPage","@id":"https:\/\/www.dolomitiprealpi.it\/de\/event\/rifugiati-in-rifugio\/","url":"https:\/\/www.dolomitiprealpi.it\/de\/event\/rifugiati-in-rifugio\/","name":"Rifugiati in rifugio - Dolomiti Prealpi","isPartOf":{"@id":"https:\/\/www.dolomitiprealpi.it\/de\/#website"},"datePublished":"2026-02-15T10:41:57+00:00","dateModified":"2026-03-20T11:19:34+00:00","breadcrumb":{"@id":"https:\/\/www.dolomitiprealpi.it\/de\/event\/rifugiati-in-rifugio\/#breadcrumb"},"inLanguage":"de-DE","potentialAction":[{"@type":"ReadAction","target":["https:\/\/www.dolomitiprealpi.it\/de\/event\/rifugiati-in-rifugio\/"]}]},{"@type":"BreadcrumbList","@id":"https:\/\/www.dolomitiprealpi.it\/de\/event\/rifugiati-in-rifugio\/#breadcrumb","itemListElement":[{"@type":"ListItem","position":1,"name":"Home","item":"https:\/\/www.dolomitiprealpi.it\/de\/"},{"@type":"ListItem","position":2,"name":"Veranstaltungen","item":"https:\/\/www.dolomitiprealpi.it\/de\/events\/"},{"@type":"ListItem","position":3,"name":"Rifugiati in rifugio"}]},{"@type":"WebSite","@id":"https:\/\/www.dolomitiprealpi.it\/de\/#website","url":"https:\/\/www.dolomitiprealpi.it\/de\/","name":"Dolomiti Prealpi","description":"","publisher":{"@id":"https:\/\/www.dolomitiprealpi.it\/de\/#organization"},"potentialAction":[{"@type":"SearchAction","target":{"@type":"EntryPoint","urlTemplate":"https:\/\/www.dolomitiprealpi.it\/de\/?s={search_term_string}"},"query-input":{"@type":"PropertyValueSpecification","valueRequired":true,"valueName":"search_term_string"}}],"inLanguage":"de-DE"},{"@type":"Organization","@id":"https:\/\/www.dolomitiprealpi.it\/de\/#organization","name":"Consorzio Dolomiti Prealpi","url":"https:\/\/www.dolomitiprealpi.it\/de\/","logo":{"@type":"ImageObject","inLanguage":"de-DE","@id":"https:\/\/www.dolomitiprealpi.it\/de\/#\/schema\/logo\/image\/","url":"https:\/\/www.dolomitiprealpi.it\/wp-content\/uploads\/2023\/03\/dolomitiprealpi-favicon.jpg","contentUrl":"https:\/\/www.dolomitiprealpi.it\/wp-content\/uploads\/2023\/03\/dolomitiprealpi-favicon.jpg","width":512,"height":512,"caption":"Consorzio Dolomiti Prealpi"},"image":{"@id":"https:\/\/www.dolomitiprealpi.it\/de\/#\/schema\/logo\/image\/"},"sameAs":["https:\/\/www.facebook.com\/dolomitiprealpi.it\/","https:\/\/www.instagram.com\/dolomitiprealpi\/"]}]}},"_links":{"self":[{"href":"https:\/\/www.dolomitiprealpi.it\/de\/wp-json\/wp\/v2\/tribe_events\/81120","targetHints":{"allow":["GET"]}}],"collection":[{"href":"https:\/\/www.dolomitiprealpi.it\/de\/wp-json\/wp\/v2\/tribe_events"}],"about":[{"href":"https:\/\/www.dolomitiprealpi.it\/de\/wp-json\/wp\/v2\/types\/tribe_events"}],"version-history":[{"count":1,"href":"https:\/\/www.dolomitiprealpi.it\/de\/wp-json\/wp\/v2\/tribe_events\/81120\/revisions"}],"predecessor-version":[{"id":85885,"href":"https:\/\/www.dolomitiprealpi.it\/de\/wp-json\/wp\/v2\/tribe_events\/81120\/revisions\/85885"}],"wp:attachment":[{"href":"https:\/\/www.dolomitiprealpi.it\/de\/wp-json\/wp\/v2\/media?parent=81120"}],"wp:term":[{"taxonomy":"post_tag","embeddable":true,"href":"https:\/\/www.dolomitiprealpi.it\/de\/wp-json\/wp\/v2\/tags?post=81120"},{"taxonomy":"tribe_events_cat","embeddable":true,"href":"https:\/\/www.dolomitiprealpi.it\/de\/wp-json\/wp\/v2\/tribe_events_cat?post=81120"}],"curies":[{"name":"wp","href":"https:\/\/api.w.org\/{rel}","templated":true}]}}

<p>Für eine mögliche Übernachtung wird empfohlen, im Voraus zu buchen, indem Sie direkt die Unterkunft kontaktieren:<br />Tel. +39 0437 941631 &#8211; Mobil. +39 340 0016896 / +39 347 8801913 &#8211; Email: infosettimoalpini@gmail.com&nbsp;</p>
<p>Die Konferenz &#8220;<b>Flüchtlinge in Zuflucht</b>&#8221; findet am 20. September 2025 im Rifugio Settimo Alpini statt und ist den Umweltflüchtlingen gewidmet, mit Zeugnissen, Vorträgen von Experten und Autoren.</p>
<p>„Flüchtlinge in Zuflucht“ ist eine Möglichkeit, einen Raum und eine Zeit der Gleichheit zu teilen, in der Menschen nicht mehr durch eine Rolle qualifiziert und charakterisiert werden – der Flüchtling, der Sänger, der Anwalt, der Professor, der Bergsteiger – sondern einfach alle Menschen sind, die gemeinsam gehen und diskutieren.</p>
<p>Während der Konferenz wird es einen spezifischen Abschnitt zu &#8220;<b>Wenn Anpassung unmöglich ist: Menschen und globale Erwärmung</b>&#8221; geben, in dem verschiedene Zeugnisse von Umweltflüchtlingen und der Vereinigung Popoli Insieme präsentiert werden.</p>
<p>Es werden auch sprechen:<br />&#8211; Silvia Stefanelli, Klima- und Waldexpertin, Mitglied des Club Alpino Accademico Italiano<br />&#8211; Francesco Mason, Anwalt mit Erfahrung im Bereich internationalen Schutz</p>
<p><u>Im Falle von schwerem Wetter, das das Erreichen des refugio verhindert, findet das Treffen in der EX Latteria di Bolzano Bellunese nach Bekanntgabe über die sozialen Kanäle statt.</u></p>
<p></p>
<p>Konferenz offen für alle</p>

<p>Für eine mögliche Übernachtung wird empfohlen, im Voraus zu buchen, indem Sie direkt die Unterkunft kontaktieren:Tel. +39 0437 941631 &#8211; Mobil. +39 340 0016896 / +39 347 8801913 &#8211; Email:</p>

<!-- This site is optimized with the Yoast SEO plugin v25.7 - https://yoast.com/wordpress/plugins/seo/ -->
<title>Rifugiati in rifugio - Dolomiti Prealpi</title>
<meta name="robots" content="index, follow, max-snippet:-1, max-image-preview:large, max-video-preview:-1" />
<link rel="canonical" href="https://www.dolomitiprealpi.it/de/event/rifugiati-in-rifugio/" />
<meta property="og:locale" content="de_DE" />
<meta property="og:type" content="article" />
<meta property="og:title" content="Rifugiati in rifugio - Dolomiti Prealpi" />
<meta property="og:description" content="Für eine mögliche Übernachtung wird empfohlen, im Voraus zu buchen, indem Sie direkt die Unterkunft kontaktieren:Tel. +39 0437 941631 &#8211; Mobil. +39 340 0016896 / +39 347 8801913 &#8211; Email:" />
<meta property="og:url" content="https://www.dolomitiprealpi.it/de/event/rifugiati-in-rifugio/" />
<meta property="og:site_name" content="Dolomiti Prealpi" />
<meta property="article:publisher" content="https://www.facebook.com/dolomitiprealpi.it/" />
<meta property="article:modified_time" content="2026-03-20T11:19:34+00:00" />
<meta property="og:image" content="https://www.dolomitiprealpi.it/wp-content/uploads/2022/11/C.-Timpone-Foto-archivio-Consorzio-turistico-Dolomiti-Prealpi-Nevegal-Belluno-Bike-18-2.jpg" />
	<meta property="og:image:width" content="2048" />
	<meta property="og:image:height" content="1888" />
	<meta property="og:image:type" content="image/jpeg" />
<meta name="twitter:card" content="summary_large_image" />
<meta name="twitter:label1" content="Est. reading time" />
	<meta name="twitter:data1" content="1 minute" />
<script type="application/ld+json" class="yoast-schema-graph">{"@context":"https://schema.org","@graph":[{"@type":"WebPage","@id":"https://www.dolomitiprealpi.it/de/event/rifugiati-in-rifugio/","url":"https://www.dolomitiprealpi.it/de/event/rifugiati-in-rifugio/","name":"Rifugiati in rifugio - Dolomiti Prealpi","isPartOf":{"@id":"https://www.dolomitiprealpi.it/de/#website"},"datePublished":"2026-02-15T10:41:57+00:00","dateModified":"2026-03-20T11:19:34+00:00","breadcrumb":{"@id":"https://www.dolomitiprealpi.it/de/event/rifugiati-in-rifugio/#breadcrumb"},"inLanguage":"de-DE","potentialAction":[{"@type":"ReadAction","target":["https://www.dolomitiprealpi.it/de/event/rifugiati-in-rifugio/"]}]},{"@type":"BreadcrumbList","@id":"https://www.dolomitiprealpi.it/de/event/rifugiati-in-rifugio/#breadcrumb","itemListElement":[{"@type":"ListItem","position":1,"name":"Home","item":"https://www.dolomitiprealpi.it/de/"},{"@type":"ListItem","position":2,"name":"Veranstaltungen","item":"https://www.dolomitiprealpi.it/de/events/"},{"@type":"ListItem","position":3,"name":"Rifugiati in rifugio"}]},{"@type":"WebSite","@id":"https://www.dolomitiprealpi.it/de/#website","url":"https://www.dolomitiprealpi.it/de/","name":"Dolomiti Prealpi","description":"","publisher":{"@id":"https://www.dolomitiprealpi.it/de/#organization"},"potentialAction":[{"@type":"SearchAction","target":{"@type":"EntryPoint","urlTemplate":"https://www.dolomitiprealpi.it/de/?s={search_term_string}"},"query-input":{"@type":"PropertyValueSpecification","valueRequired":true,"valueName":"search_term_string"}}],"inLanguage":"de-DE"},{"@type":"Organization","@id":"https://www.dolomitiprealpi.it/de/#organization","name":"Consorzio Dolomiti Prealpi","url":"https://www.dolomitiprealpi.it/de/","logo":{"@type":"ImageObject","inLanguage":"de-DE","@id":"https://www.dolomitiprealpi.it/de/#/schema/logo/image/","url":"https://www.dolomitiprealpi.it/wp-content/uploads/2023/03/dolomitiprealpi-favicon.jpg","contentUrl":"https://www.dolomitiprealpi.it/wp-content/uploads/2023/03/dolomitiprealpi-favicon.jpg","width":512,"height":512,"caption":"Consorzio Dolomiti Prealpi"},"image":{"@id":"https://www.dolomitiprealpi.it/de/#/schema/logo/image/"},"sameAs":["https://www.facebook.com/dolomitiprealpi.it/","https://www.instagram.com/dolomitiprealpi/"]}]}</script>
<!-- / Yoast SEO plugin. -->

Für eine mögliche Übernachtung wird empfohlen, im Voraus zu buchen, indem Sie direkt die Unterkunft kontaktieren:Tel. +39 0437 941631 &#8211; Mobil. +39 340 0016896 / +39 347 8801913 &#8211; Email:
