{"id":81079,"date":"2025-12-29T09:55:50","date_gmt":"2025-12-29T08:55:50","guid":{"rendered":"https:\/\/www.dolomitiprealpi.it\/event\/festa-di-santosvaldo-e-dei-cimbri\/"},"modified":"2026-02-03T13:06:07","modified_gmt":"2026-02-03T12:06:07","slug":"festa-di-santosvaldo-e-dei-cimbri","status":"publish","type":"tribe_events","link":"https:\/\/www.dolomitiprealpi.it\/de\/event\/festa-di-santosvaldo-e-dei-cimbri\/","title":{"rendered":"Festa di Sant&#8217;Osvaldo e dei Cimbri"},"content":{"rendered":"<p>Das 31. Fest des heiligen Oswald und der Zimbern findet am 2. und 3. August in Pian Osteria in Tambre statt. Es handelt sich um eine traditionelle und religi\u00f6se Feier, die auf Jahrhunderte zur\u00fcckblickt und die lokale Gemeinschaft sowie Besucher aus aller Welt einbezieht. W\u00e4hrend des Festes werden lokale gastronomische Spezialit\u00e4ten angeboten.<\/p>\n<p>Das Fest des heiligen Oswald und der Zimbern ist eine besondere Gelegenheit, in die Kultur und Traditionen dieser faszinierenden Gemeinschaft einzutauchen und zwei Tage voller Freude, Gemeinschaft und Spiritualit\u00e4t zu verbringen.<\/p>\n<p>Programm Samstag, 2. August:<br \/>Von 9:30 bis 12:30 Aktivit\u00e4ten im Wald &#8220;Eintauchen in das pr\u00e4chtige Cansiglio&#8221;, Informationen und Anmeldungen unter 370 110 7202 oder prealpicansiglio@gmail.com;<br \/>16:00 Uhr Buch- und Filmpr\u00e4sentation &#8220;Das Geheimnis des alten Waldes&#8221;;<br \/>19:00 Uhr Abendessen mit Frico-Spezialit\u00e4ten;<br \/>21:00 Uhr kostenloses Konzert.<\/p>\n<p>Programm Sonntag, 3. August:<br \/>Von 9:30 bis 12:30 Wanderung &#8220;Zimbrische Geschichten auf dem Weg&#8221;, Informationen und Anmeldungen unter 370 110 7202 oder prealpicansiglio@gmail.com;<br \/>Von 9:30 Uhr zusammen mit den Zimbern, Buchpr\u00e4sentation &#8220;Die Fresta des Cansiglio 1915-1917&#8221; und Einweihung einer Gedenktafel f\u00fcr Meister De Nale;<br \/>11:00 Uhr Heilige Messe;<br \/>12:00 Uhr Mittagessen mit Spie\u00df-Spezialit\u00e4ten;<br \/>15:00 Uhr Akkordeon mit Fabio Mion.<\/p>\n<p>Samstag und Sonntag um 15:00 Uhr kostenlose F\u00fchrung im Museum des Menschen im Cansiglio.<\/p>\n<p>Verpassen Sie nicht die Gelegenheit, an diesem einzigartigen und unvergesslichen Fest teilzunehmen! Wir freuen uns darauf, mit Ihnen die Zimbern und den heiligen Oswald zu feiern.<\/p>\n","protected":false},"excerpt":{"rendered":"<p>Das 31. Fest des heiligen Oswald und der Zimbern findet am 2. und 3. August in Pian Osteria in Tambre statt. Es handelt sich um eine traditionelle und religi\u00f6se Feier,<\/p>\n","protected":false},"author":0,"featured_media":0,"template":"","meta":{"_acf_changed":false,"inline_featured_image":false,"_tribe_events_status":"","_tribe_events_status_reason":"","footnotes":""},"tags":[259],"tribe_events_cat":[],"class_list":["post-81079","tribe_events","type-tribe_events","status-publish","hentry","tag-eventi-feratel"],"acf":[],"yoast_head":"<!-- This site is optimized with the Yoast SEO plugin v25.7 - https:\/\/yoast.com\/wordpress\/plugins\/seo\/ -->\n<title>Festa di Sant&#039;Osvaldo e dei Cimbri - Dolomiti Prealpi<\/title>\n<meta name=\"robots\" content=\"index, follow, max-snippet:-1, max-image-preview:large, max-video-preview:-1\" \/>\n<link rel=\"canonical\" href=\"https:\/\/www.dolomitiprealpi.it\/de\/event\/festa-di-santosvaldo-e-dei-cimbri\/\" \/>\n<meta property=\"og:locale\" content=\"de_DE\" \/>\n<meta property=\"og:type\" content=\"article\" \/>\n<meta property=\"og:title\" content=\"Festa di Sant&#039;Osvaldo e dei Cimbri - Dolomiti Prealpi\" \/>\n<meta property=\"og:description\" content=\"Das 31. Fest des heiligen Oswald und der Zimbern findet am 2. und 3. August in Pian Osteria in Tambre statt. Es handelt sich um eine traditionelle und religi\u00f6se Feier,\" \/>\n<meta property=\"og:url\" content=\"https:\/\/www.dolomitiprealpi.it\/de\/event\/festa-di-santosvaldo-e-dei-cimbri\/\" \/>\n<meta property=\"og:site_name\" content=\"Dolomiti Prealpi\" \/>\n<meta property=\"article:publisher\" content=\"https:\/\/www.facebook.com\/dolomitiprealpi.it\/\" \/>\n<meta property=\"article:modified_time\" content=\"2026-02-03T12:06:07+00:00\" \/>\n<meta property=\"og:image\" content=\"https:\/\/www.dolomitiprealpi.it\/wp-content\/uploads\/2022\/11\/C.-Timpone-Foto-archivio-Consorzio-turistico-Dolomiti-Prealpi-Nevegal-Belluno-Bike-18-2.jpg\" \/>\n\t<meta property=\"og:image:width\" content=\"2048\" \/>\n\t<meta property=\"og:image:height\" content=\"1888\" \/>\n\t<meta property=\"og:image:type\" content=\"image\/jpeg\" \/>\n<meta name=\"twitter:card\" content=\"summary_large_image\" \/>\n<meta name=\"twitter:label1\" content=\"Est. reading time\" \/>\n\t<meta name=\"twitter:data1\" content=\"1 minute\" \/>\n<script type=\"application\/ld+json\" class=\"yoast-schema-graph\">{\"@context\":\"https:\/\/schema.org\",\"@graph\":[{\"@type\":\"WebPage\",\"@id\":\"https:\/\/www.dolomitiprealpi.it\/de\/event\/festa-di-santosvaldo-e-dei-cimbri\/\",\"url\":\"https:\/\/www.dolomitiprealpi.it\/de\/event\/festa-di-santosvaldo-e-dei-cimbri\/\",\"name\":\"Festa di Sant'Osvaldo e dei Cimbri - Dolomiti Prealpi\",\"isPartOf\":{\"@id\":\"https:\/\/www.dolomitiprealpi.it\/de\/#website\"},\"datePublished\":\"2025-12-29T08:55:50+00:00\",\"dateModified\":\"2026-02-03T12:06:07+00:00\",\"breadcrumb\":{\"@id\":\"https:\/\/www.dolomitiprealpi.it\/de\/event\/festa-di-santosvaldo-e-dei-cimbri\/#breadcrumb\"},\"inLanguage\":\"de-DE\",\"potentialAction\":[{\"@type\":\"ReadAction\",\"target\":[\"https:\/\/www.dolomitiprealpi.it\/de\/event\/festa-di-santosvaldo-e-dei-cimbri\/\"]}]},{\"@type\":\"BreadcrumbList\",\"@id\":\"https:\/\/www.dolomitiprealpi.it\/de\/event\/festa-di-santosvaldo-e-dei-cimbri\/#breadcrumb\",\"itemListElement\":[{\"@type\":\"ListItem\",\"position\":1,\"name\":\"Home\",\"item\":\"https:\/\/www.dolomitiprealpi.it\/de\/\"},{\"@type\":\"ListItem\",\"position\":2,\"name\":\"Veranstaltungen\",\"item\":\"https:\/\/www.dolomitiprealpi.it\/de\/events\/\"},{\"@type\":\"ListItem\",\"position\":3,\"name\":\"Festa di Sant&#8217;Osvaldo e dei Cimbri\"}]},{\"@type\":\"WebSite\",\"@id\":\"https:\/\/www.dolomitiprealpi.it\/de\/#website\",\"url\":\"https:\/\/www.dolomitiprealpi.it\/de\/\",\"name\":\"Dolomiti Prealpi\",\"description\":\"\",\"publisher\":{\"@id\":\"https:\/\/www.dolomitiprealpi.it\/de\/#organization\"},\"potentialAction\":[{\"@type\":\"SearchAction\",\"target\":{\"@type\":\"EntryPoint\",\"urlTemplate\":\"https:\/\/www.dolomitiprealpi.it\/de\/?s={search_term_string}\"},\"query-input\":{\"@type\":\"PropertyValueSpecification\",\"valueRequired\":true,\"valueName\":\"search_term_string\"}}],\"inLanguage\":\"de-DE\"},{\"@type\":\"Organization\",\"@id\":\"https:\/\/www.dolomitiprealpi.it\/de\/#organization\",\"name\":\"Consorzio Dolomiti Prealpi\",\"url\":\"https:\/\/www.dolomitiprealpi.it\/de\/\",\"logo\":{\"@type\":\"ImageObject\",\"inLanguage\":\"de-DE\",\"@id\":\"https:\/\/www.dolomitiprealpi.it\/de\/#\/schema\/logo\/image\/\",\"url\":\"https:\/\/www.dolomitiprealpi.it\/wp-content\/uploads\/2023\/03\/dolomitiprealpi-favicon.jpg\",\"contentUrl\":\"https:\/\/www.dolomitiprealpi.it\/wp-content\/uploads\/2023\/03\/dolomitiprealpi-favicon.jpg\",\"width\":512,\"height\":512,\"caption\":\"Consorzio Dolomiti Prealpi\"},\"image\":{\"@id\":\"https:\/\/www.dolomitiprealpi.it\/de\/#\/schema\/logo\/image\/\"},\"sameAs\":[\"https:\/\/www.facebook.com\/dolomitiprealpi.it\/\",\"https:\/\/www.instagram.com\/dolomitiprealpi\/\"]}]}<\/script>\n<!-- \/ Yoast SEO plugin. -->","yoast_head_json":{"title":"Festa di Sant'Osvaldo e dei Cimbri - Dolomiti Prealpi","robots":{"index":"index","follow":"follow","max-snippet":"max-snippet:-1","max-image-preview":"max-image-preview:large","max-video-preview":"max-video-preview:-1"},"canonical":"https:\/\/www.dolomitiprealpi.it\/de\/event\/festa-di-santosvaldo-e-dei-cimbri\/","og_locale":"de_DE","og_type":"article","og_title":"Festa di Sant'Osvaldo e dei Cimbri - Dolomiti Prealpi","og_description":"Das 31. Fest des heiligen Oswald und der Zimbern findet am 2. und 3. August in Pian Osteria in Tambre statt. Es handelt sich um eine traditionelle und religi\u00f6se Feier,","og_url":"https:\/\/www.dolomitiprealpi.it\/de\/event\/festa-di-santosvaldo-e-dei-cimbri\/","og_site_name":"Dolomiti Prealpi","article_publisher":"https:\/\/www.facebook.com\/dolomitiprealpi.it\/","article_modified_time":"2026-02-03T12:06:07+00:00","og_image":[{"width":2048,"height":1888,"url":"https:\/\/www.dolomitiprealpi.it\/wp-content\/uploads\/2022\/11\/C.-Timpone-Foto-archivio-Consorzio-turistico-Dolomiti-Prealpi-Nevegal-Belluno-Bike-18-2.jpg","type":"image\/jpeg"}],"twitter_card":"summary_large_image","twitter_misc":{"Est. reading time":"1 minute"},"schema":{"@context":"https:\/\/schema.org","@graph":[{"@type":"WebPage","@id":"https:\/\/www.dolomitiprealpi.it\/de\/event\/festa-di-santosvaldo-e-dei-cimbri\/","url":"https:\/\/www.dolomitiprealpi.it\/de\/event\/festa-di-santosvaldo-e-dei-cimbri\/","name":"Festa di Sant'Osvaldo e dei Cimbri - Dolomiti Prealpi","isPartOf":{"@id":"https:\/\/www.dolomitiprealpi.it\/de\/#website"},"datePublished":"2025-12-29T08:55:50+00:00","dateModified":"2026-02-03T12:06:07+00:00","breadcrumb":{"@id":"https:\/\/www.dolomitiprealpi.it\/de\/event\/festa-di-santosvaldo-e-dei-cimbri\/#breadcrumb"},"inLanguage":"de-DE","potentialAction":[{"@type":"ReadAction","target":["https:\/\/www.dolomitiprealpi.it\/de\/event\/festa-di-santosvaldo-e-dei-cimbri\/"]}]},{"@type":"BreadcrumbList","@id":"https:\/\/www.dolomitiprealpi.it\/de\/event\/festa-di-santosvaldo-e-dei-cimbri\/#breadcrumb","itemListElement":[{"@type":"ListItem","position":1,"name":"Home","item":"https:\/\/www.dolomitiprealpi.it\/de\/"},{"@type":"ListItem","position":2,"name":"Veranstaltungen","item":"https:\/\/www.dolomitiprealpi.it\/de\/events\/"},{"@type":"ListItem","position":3,"name":"Festa di Sant&#8217;Osvaldo e dei Cimbri"}]},{"@type":"WebSite","@id":"https:\/\/www.dolomitiprealpi.it\/de\/#website","url":"https:\/\/www.dolomitiprealpi.it\/de\/","name":"Dolomiti Prealpi","description":"","publisher":{"@id":"https:\/\/www.dolomitiprealpi.it\/de\/#organization"},"potentialAction":[{"@type":"SearchAction","target":{"@type":"EntryPoint","urlTemplate":"https:\/\/www.dolomitiprealpi.it\/de\/?s={search_term_string}"},"query-input":{"@type":"PropertyValueSpecification","valueRequired":true,"valueName":"search_term_string"}}],"inLanguage":"de-DE"},{"@type":"Organization","@id":"https:\/\/www.dolomitiprealpi.it\/de\/#organization","name":"Consorzio Dolomiti Prealpi","url":"https:\/\/www.dolomitiprealpi.it\/de\/","logo":{"@type":"ImageObject","inLanguage":"de-DE","@id":"https:\/\/www.dolomitiprealpi.it\/de\/#\/schema\/logo\/image\/","url":"https:\/\/www.dolomitiprealpi.it\/wp-content\/uploads\/2023\/03\/dolomitiprealpi-favicon.jpg","contentUrl":"https:\/\/www.dolomitiprealpi.it\/wp-content\/uploads\/2023\/03\/dolomitiprealpi-favicon.jpg","width":512,"height":512,"caption":"Consorzio Dolomiti Prealpi"},"image":{"@id":"https:\/\/www.dolomitiprealpi.it\/de\/#\/schema\/logo\/image\/"},"sameAs":["https:\/\/www.facebook.com\/dolomitiprealpi.it\/","https:\/\/www.instagram.com\/dolomitiprealpi\/"]}]}},"_links":{"self":[{"href":"https:\/\/www.dolomitiprealpi.it\/de\/wp-json\/wp\/v2\/tribe_events\/81079","targetHints":{"allow":["GET"]}}],"collection":[{"href":"https:\/\/www.dolomitiprealpi.it\/de\/wp-json\/wp\/v2\/tribe_events"}],"about":[{"href":"https:\/\/www.dolomitiprealpi.it\/de\/wp-json\/wp\/v2\/types\/tribe_events"}],"version-history":[{"count":1,"href":"https:\/\/www.dolomitiprealpi.it\/de\/wp-json\/wp\/v2\/tribe_events\/81079\/revisions"}],"predecessor-version":[{"id":85868,"href":"https:\/\/www.dolomitiprealpi.it\/de\/wp-json\/wp\/v2\/tribe_events\/81079\/revisions\/85868"}],"wp:attachment":[{"href":"https:\/\/www.dolomitiprealpi.it\/de\/wp-json\/wp\/v2\/media?parent=81079"}],"wp:term":[{"taxonomy":"post_tag","embeddable":true,"href":"https:\/\/www.dolomitiprealpi.it\/de\/wp-json\/wp\/v2\/tags?post=81079"},{"taxonomy":"tribe_events_cat","embeddable":true,"href":"https:\/\/www.dolomitiprealpi.it\/de\/wp-json\/wp\/v2\/tribe_events_cat?post=81079"}],"curies":[{"name":"wp","href":"https:\/\/api.w.org\/{rel}","templated":true}]}}

<p>Das 31. Fest des heiligen Oswald und der Zimbern findet am 2. und 3. August in Pian Osteria in Tambre statt. Es handelt sich um eine traditionelle und religiöse Feier, die auf Jahrhunderte zurückblickt und die lokale Gemeinschaft sowie Besucher aus aller Welt einbezieht. Während des Festes werden lokale gastronomische Spezialitäten angeboten.</p>
<p>Das Fest des heiligen Oswald und der Zimbern ist eine besondere Gelegenheit, in die Kultur und Traditionen dieser faszinierenden Gemeinschaft einzutauchen und zwei Tage voller Freude, Gemeinschaft und Spiritualität zu verbringen.</p>
<p>Programm Samstag, 2. August:<br />Von 9:30 bis 12:30 Aktivitäten im Wald &#8220;Eintauchen in das prächtige Cansiglio&#8221;, Informationen und Anmeldungen unter 370 110 7202 oder prealpicansiglio@gmail.com;<br />16:00 Uhr Buch- und Filmpräsentation &#8220;Das Geheimnis des alten Waldes&#8221;;<br />19:00 Uhr Abendessen mit Frico-Spezialitäten;<br />21:00 Uhr kostenloses Konzert.</p>
<p>Programm Sonntag, 3. August:<br />Von 9:30 bis 12:30 Wanderung &#8220;Zimbrische Geschichten auf dem Weg&#8221;, Informationen und Anmeldungen unter 370 110 7202 oder prealpicansiglio@gmail.com;<br />Von 9:30 Uhr zusammen mit den Zimbern, Buchpräsentation &#8220;Die Fresta des Cansiglio 1915-1917&#8221; und Einweihung einer Gedenktafel für Meister De Nale;<br />11:00 Uhr Heilige Messe;<br />12:00 Uhr Mittagessen mit Spieß-Spezialitäten;<br />15:00 Uhr Akkordeon mit Fabio Mion.</p>
<p>Samstag und Sonntag um 15:00 Uhr kostenlose Führung im Museum des Menschen im Cansiglio.</p>
<p>Verpassen Sie nicht die Gelegenheit, an diesem einzigartigen und unvergesslichen Fest teilzunehmen! Wir freuen uns darauf, mit Ihnen die Zimbern und den heiligen Oswald zu feiern.</p>

<p>Das 31. Fest des heiligen Oswald und der Zimbern findet am 2. und 3. August in Pian Osteria in Tambre statt. Es handelt sich um eine traditionelle und religiöse Feier,</p>

<!-- This site is optimized with the Yoast SEO plugin v25.7 - https://yoast.com/wordpress/plugins/seo/ -->
<title>Festa di Sant&#039;Osvaldo e dei Cimbri - Dolomiti Prealpi</title>
<meta name="robots" content="index, follow, max-snippet:-1, max-image-preview:large, max-video-preview:-1" />
<link rel="canonical" href="https://www.dolomitiprealpi.it/de/event/festa-di-santosvaldo-e-dei-cimbri/" />
<meta property="og:locale" content="de_DE" />
<meta property="og:type" content="article" />
<meta property="og:title" content="Festa di Sant&#039;Osvaldo e dei Cimbri - Dolomiti Prealpi" />
<meta property="og:description" content="Das 31. Fest des heiligen Oswald und der Zimbern findet am 2. und 3. August in Pian Osteria in Tambre statt. Es handelt sich um eine traditionelle und religiöse Feier," />
<meta property="og:url" content="https://www.dolomitiprealpi.it/de/event/festa-di-santosvaldo-e-dei-cimbri/" />
<meta property="og:site_name" content="Dolomiti Prealpi" />
<meta property="article:publisher" content="https://www.facebook.com/dolomitiprealpi.it/" />
<meta property="article:modified_time" content="2026-02-03T12:06:07+00:00" />
<meta property="og:image" content="https://www.dolomitiprealpi.it/wp-content/uploads/2022/11/C.-Timpone-Foto-archivio-Consorzio-turistico-Dolomiti-Prealpi-Nevegal-Belluno-Bike-18-2.jpg" />
	<meta property="og:image:width" content="2048" />
	<meta property="og:image:height" content="1888" />
	<meta property="og:image:type" content="image/jpeg" />
<meta name="twitter:card" content="summary_large_image" />
<meta name="twitter:label1" content="Est. reading time" />
	<meta name="twitter:data1" content="1 minute" />
<script type="application/ld+json" class="yoast-schema-graph">{"@context":"https://schema.org","@graph":[{"@type":"WebPage","@id":"https://www.dolomitiprealpi.it/de/event/festa-di-santosvaldo-e-dei-cimbri/","url":"https://www.dolomitiprealpi.it/de/event/festa-di-santosvaldo-e-dei-cimbri/","name":"Festa di Sant'Osvaldo e dei Cimbri - Dolomiti Prealpi","isPartOf":{"@id":"https://www.dolomitiprealpi.it/de/#website"},"datePublished":"2025-12-29T08:55:50+00:00","dateModified":"2026-02-03T12:06:07+00:00","breadcrumb":{"@id":"https://www.dolomitiprealpi.it/de/event/festa-di-santosvaldo-e-dei-cimbri/#breadcrumb"},"inLanguage":"de-DE","potentialAction":[{"@type":"ReadAction","target":["https://www.dolomitiprealpi.it/de/event/festa-di-santosvaldo-e-dei-cimbri/"]}]},{"@type":"BreadcrumbList","@id":"https://www.dolomitiprealpi.it/de/event/festa-di-santosvaldo-e-dei-cimbri/#breadcrumb","itemListElement":[{"@type":"ListItem","position":1,"name":"Home","item":"https://www.dolomitiprealpi.it/de/"},{"@type":"ListItem","position":2,"name":"Veranstaltungen","item":"https://www.dolomitiprealpi.it/de/events/"},{"@type":"ListItem","position":3,"name":"Festa di Sant&#8217;Osvaldo e dei Cimbri"}]},{"@type":"WebSite","@id":"https://www.dolomitiprealpi.it/de/#website","url":"https://www.dolomitiprealpi.it/de/","name":"Dolomiti Prealpi","description":"","publisher":{"@id":"https://www.dolomitiprealpi.it/de/#organization"},"potentialAction":[{"@type":"SearchAction","target":{"@type":"EntryPoint","urlTemplate":"https://www.dolomitiprealpi.it/de/?s={search_term_string}"},"query-input":{"@type":"PropertyValueSpecification","valueRequired":true,"valueName":"search_term_string"}}],"inLanguage":"de-DE"},{"@type":"Organization","@id":"https://www.dolomitiprealpi.it/de/#organization","name":"Consorzio Dolomiti Prealpi","url":"https://www.dolomitiprealpi.it/de/","logo":{"@type":"ImageObject","inLanguage":"de-DE","@id":"https://www.dolomitiprealpi.it/de/#/schema/logo/image/","url":"https://www.dolomitiprealpi.it/wp-content/uploads/2023/03/dolomitiprealpi-favicon.jpg","contentUrl":"https://www.dolomitiprealpi.it/wp-content/uploads/2023/03/dolomitiprealpi-favicon.jpg","width":512,"height":512,"caption":"Consorzio Dolomiti Prealpi"},"image":{"@id":"https://www.dolomitiprealpi.it/de/#/schema/logo/image/"},"sameAs":["https://www.facebook.com/dolomitiprealpi.it/","https://www.instagram.com/dolomitiprealpi/"]}]}</script>
<!-- / Yoast SEO plugin. -->

Das 31. Fest des heiligen Oswald und der Zimbern findet am 2. und 3. August in Pian Osteria in Tambre statt. Es handelt sich um eine traditionelle und religiöse Feier,
