{"id":80177,"date":"2026-02-15T12:38:31","date_gmt":"2026-02-15T11:38:31","guid":{"rendered":"https:\/\/www.dolomitiprealpi.it\/event\/scherma-storica-medievale-open-day\/"},"modified":"2026-03-20T13:21:46","modified_gmt":"2026-03-20T12:21:46","slug":"scherma-storica-medievale-open-day","status":"publish","type":"tribe_events","link":"https:\/\/www.dolomitiprealpi.it\/de\/event\/scherma-storica-medievale-open-day\/","title":{"rendered":"Scherma storica medievale &#8211; Open day"},"content":{"rendered":"<p>Erlebe ein einzigartiges Abenteuer im Herzen des Mittelalters! Nimm am Open Day der historischen mittelalterlichen Fechtkunst teil, eine unverpassbare Gelegenheit, dich dieser faszinierenden Disziplin zu n\u00e4hern, mit Techniken, Geschichte und spektakul\u00e4ren K\u00e4mpfen!<\/p>\n<p>Stelle deinen Mut auf die Probe und trainiere wie ein wahrer Krieger!<\/p>\n<p>Was erwartet dich? <\/p>\n<ul>\n<li>Einf\u00fchrung in die historische Fechtkunst <\/li>\n<li>Demonstrationen und praktische \u00dcbungen <\/li>\n<li>Eine epische Atmosph\u00e4re zwischen mittelalterlichen Mauern <\/li>\n<li>Pr\u00e4sentation des Kurses<\/li>\n<\/ul>\n<p>Begleite uns auf einem spannenden Weg in die Welt der historischen Fechtkunst! <\/p>\n<p>Tag der offenen T\u00fcr der historischen mittelalterlichen Fechtkunst<\/p>\n","protected":false},"excerpt":{"rendered":"<p>Erlebe ein einzigartiges Abenteuer im Herzen des Mittelalters! Nimm am Open Day der historischen mittelalterlichen Fechtkunst teil, eine unverpassbare Gelegenheit, dich dieser faszinierenden Disziplin zu n\u00e4hern, mit Techniken, Geschichte und<\/p>\n","protected":false},"author":0,"featured_media":0,"template":"","meta":{"_acf_changed":false,"inline_featured_image":false,"_tribe_events_status":"","_tribe_events_status_reason":"","footnotes":""},"tags":[259],"tribe_events_cat":[],"class_list":["post-80177","tribe_events","type-tribe_events","status-publish","hentry","tag-eventi-feratel"],"acf":[],"yoast_head":"<!-- This site is optimized with the Yoast SEO plugin v25.7 - https:\/\/yoast.com\/wordpress\/plugins\/seo\/ -->\n<title>Scherma storica medievale - Open day - Dolomiti Prealpi<\/title>\n<meta name=\"robots\" content=\"index, follow, max-snippet:-1, max-image-preview:large, max-video-preview:-1\" \/>\n<link rel=\"canonical\" href=\"https:\/\/www.dolomitiprealpi.it\/de\/event\/scherma-storica-medievale-open-day\/\" \/>\n<meta property=\"og:locale\" content=\"de_DE\" \/>\n<meta property=\"og:type\" content=\"article\" \/>\n<meta property=\"og:title\" content=\"Scherma storica medievale - Open day - Dolomiti Prealpi\" \/>\n<meta property=\"og:description\" content=\"Erlebe ein einzigartiges Abenteuer im Herzen des Mittelalters! Nimm am Open Day der historischen mittelalterlichen Fechtkunst teil, eine unverpassbare Gelegenheit, dich dieser faszinierenden Disziplin zu n\u00e4hern, mit Techniken, Geschichte und\" \/>\n<meta property=\"og:url\" content=\"https:\/\/www.dolomitiprealpi.it\/de\/event\/scherma-storica-medievale-open-day\/\" \/>\n<meta property=\"og:site_name\" content=\"Dolomiti Prealpi\" \/>\n<meta property=\"article:publisher\" content=\"https:\/\/www.facebook.com\/dolomitiprealpi.it\/\" \/>\n<meta property=\"article:modified_time\" content=\"2026-03-20T12:21:46+00:00\" \/>\n<meta property=\"og:image\" content=\"https:\/\/www.dolomitiprealpi.it\/wp-content\/uploads\/2022\/11\/C.-Timpone-Foto-archivio-Consorzio-turistico-Dolomiti-Prealpi-Nevegal-Belluno-Bike-18-2.jpg\" \/>\n\t<meta property=\"og:image:width\" content=\"2048\" \/>\n\t<meta property=\"og:image:height\" content=\"1888\" \/>\n\t<meta property=\"og:image:type\" content=\"image\/jpeg\" \/>\n<meta name=\"twitter:card\" content=\"summary_large_image\" \/>\n<script type=\"application\/ld+json\" class=\"yoast-schema-graph\">{\"@context\":\"https:\/\/schema.org\",\"@graph\":[{\"@type\":\"WebPage\",\"@id\":\"https:\/\/www.dolomitiprealpi.it\/de\/event\/scherma-storica-medievale-open-day\/\",\"url\":\"https:\/\/www.dolomitiprealpi.it\/de\/event\/scherma-storica-medievale-open-day\/\",\"name\":\"Scherma storica medievale - Open day - Dolomiti Prealpi\",\"isPartOf\":{\"@id\":\"https:\/\/www.dolomitiprealpi.it\/de\/#website\"},\"datePublished\":\"2026-02-15T11:38:31+00:00\",\"dateModified\":\"2026-03-20T12:21:46+00:00\",\"breadcrumb\":{\"@id\":\"https:\/\/www.dolomitiprealpi.it\/de\/event\/scherma-storica-medievale-open-day\/#breadcrumb\"},\"inLanguage\":\"de-DE\",\"potentialAction\":[{\"@type\":\"ReadAction\",\"target\":[\"https:\/\/www.dolomitiprealpi.it\/de\/event\/scherma-storica-medievale-open-day\/\"]}]},{\"@type\":\"BreadcrumbList\",\"@id\":\"https:\/\/www.dolomitiprealpi.it\/de\/event\/scherma-storica-medievale-open-day\/#breadcrumb\",\"itemListElement\":[{\"@type\":\"ListItem\",\"position\":1,\"name\":\"Home\",\"item\":\"https:\/\/www.dolomitiprealpi.it\/de\/\"},{\"@type\":\"ListItem\",\"position\":2,\"name\":\"Veranstaltungen\",\"item\":\"https:\/\/www.dolomitiprealpi.it\/de\/events\/\"},{\"@type\":\"ListItem\",\"position\":3,\"name\":\"Scherma storica medievale &#8211; Open day\"}]},{\"@type\":\"WebSite\",\"@id\":\"https:\/\/www.dolomitiprealpi.it\/de\/#website\",\"url\":\"https:\/\/www.dolomitiprealpi.it\/de\/\",\"name\":\"Dolomiti Prealpi\",\"description\":\"\",\"publisher\":{\"@id\":\"https:\/\/www.dolomitiprealpi.it\/de\/#organization\"},\"potentialAction\":[{\"@type\":\"SearchAction\",\"target\":{\"@type\":\"EntryPoint\",\"urlTemplate\":\"https:\/\/www.dolomitiprealpi.it\/de\/?s={search_term_string}\"},\"query-input\":{\"@type\":\"PropertyValueSpecification\",\"valueRequired\":true,\"valueName\":\"search_term_string\"}}],\"inLanguage\":\"de-DE\"},{\"@type\":\"Organization\",\"@id\":\"https:\/\/www.dolomitiprealpi.it\/de\/#organization\",\"name\":\"Consorzio Dolomiti Prealpi\",\"url\":\"https:\/\/www.dolomitiprealpi.it\/de\/\",\"logo\":{\"@type\":\"ImageObject\",\"inLanguage\":\"de-DE\",\"@id\":\"https:\/\/www.dolomitiprealpi.it\/de\/#\/schema\/logo\/image\/\",\"url\":\"https:\/\/www.dolomitiprealpi.it\/wp-content\/uploads\/2023\/03\/dolomitiprealpi-favicon.jpg\",\"contentUrl\":\"https:\/\/www.dolomitiprealpi.it\/wp-content\/uploads\/2023\/03\/dolomitiprealpi-favicon.jpg\",\"width\":512,\"height\":512,\"caption\":\"Consorzio Dolomiti Prealpi\"},\"image\":{\"@id\":\"https:\/\/www.dolomitiprealpi.it\/de\/#\/schema\/logo\/image\/\"},\"sameAs\":[\"https:\/\/www.facebook.com\/dolomitiprealpi.it\/\",\"https:\/\/www.instagram.com\/dolomitiprealpi\/\"]}]}<\/script>\n<!-- \/ Yoast SEO plugin. -->","yoast_head_json":{"title":"Scherma storica medievale - Open day - Dolomiti Prealpi","robots":{"index":"index","follow":"follow","max-snippet":"max-snippet:-1","max-image-preview":"max-image-preview:large","max-video-preview":"max-video-preview:-1"},"canonical":"https:\/\/www.dolomitiprealpi.it\/de\/event\/scherma-storica-medievale-open-day\/","og_locale":"de_DE","og_type":"article","og_title":"Scherma storica medievale - Open day - Dolomiti Prealpi","og_description":"Erlebe ein einzigartiges Abenteuer im Herzen des Mittelalters! Nimm am Open Day der historischen mittelalterlichen Fechtkunst teil, eine unverpassbare Gelegenheit, dich dieser faszinierenden Disziplin zu n\u00e4hern, mit Techniken, Geschichte und","og_url":"https:\/\/www.dolomitiprealpi.it\/de\/event\/scherma-storica-medievale-open-day\/","og_site_name":"Dolomiti Prealpi","article_publisher":"https:\/\/www.facebook.com\/dolomitiprealpi.it\/","article_modified_time":"2026-03-20T12:21:46+00:00","og_image":[{"width":2048,"height":1888,"url":"https:\/\/www.dolomitiprealpi.it\/wp-content\/uploads\/2022\/11\/C.-Timpone-Foto-archivio-Consorzio-turistico-Dolomiti-Prealpi-Nevegal-Belluno-Bike-18-2.jpg","type":"image\/jpeg"}],"twitter_card":"summary_large_image","schema":{"@context":"https:\/\/schema.org","@graph":[{"@type":"WebPage","@id":"https:\/\/www.dolomitiprealpi.it\/de\/event\/scherma-storica-medievale-open-day\/","url":"https:\/\/www.dolomitiprealpi.it\/de\/event\/scherma-storica-medievale-open-day\/","name":"Scherma storica medievale - Open day - Dolomiti Prealpi","isPartOf":{"@id":"https:\/\/www.dolomitiprealpi.it\/de\/#website"},"datePublished":"2026-02-15T11:38:31+00:00","dateModified":"2026-03-20T12:21:46+00:00","breadcrumb":{"@id":"https:\/\/www.dolomitiprealpi.it\/de\/event\/scherma-storica-medievale-open-day\/#breadcrumb"},"inLanguage":"de-DE","potentialAction":[{"@type":"ReadAction","target":["https:\/\/www.dolomitiprealpi.it\/de\/event\/scherma-storica-medievale-open-day\/"]}]},{"@type":"BreadcrumbList","@id":"https:\/\/www.dolomitiprealpi.it\/de\/event\/scherma-storica-medievale-open-day\/#breadcrumb","itemListElement":[{"@type":"ListItem","position":1,"name":"Home","item":"https:\/\/www.dolomitiprealpi.it\/de\/"},{"@type":"ListItem","position":2,"name":"Veranstaltungen","item":"https:\/\/www.dolomitiprealpi.it\/de\/events\/"},{"@type":"ListItem","position":3,"name":"Scherma storica medievale &#8211; Open day"}]},{"@type":"WebSite","@id":"https:\/\/www.dolomitiprealpi.it\/de\/#website","url":"https:\/\/www.dolomitiprealpi.it\/de\/","name":"Dolomiti Prealpi","description":"","publisher":{"@id":"https:\/\/www.dolomitiprealpi.it\/de\/#organization"},"potentialAction":[{"@type":"SearchAction","target":{"@type":"EntryPoint","urlTemplate":"https:\/\/www.dolomitiprealpi.it\/de\/?s={search_term_string}"},"query-input":{"@type":"PropertyValueSpecification","valueRequired":true,"valueName":"search_term_string"}}],"inLanguage":"de-DE"},{"@type":"Organization","@id":"https:\/\/www.dolomitiprealpi.it\/de\/#organization","name":"Consorzio Dolomiti Prealpi","url":"https:\/\/www.dolomitiprealpi.it\/de\/","logo":{"@type":"ImageObject","inLanguage":"de-DE","@id":"https:\/\/www.dolomitiprealpi.it\/de\/#\/schema\/logo\/image\/","url":"https:\/\/www.dolomitiprealpi.it\/wp-content\/uploads\/2023\/03\/dolomitiprealpi-favicon.jpg","contentUrl":"https:\/\/www.dolomitiprealpi.it\/wp-content\/uploads\/2023\/03\/dolomitiprealpi-favicon.jpg","width":512,"height":512,"caption":"Consorzio Dolomiti Prealpi"},"image":{"@id":"https:\/\/www.dolomitiprealpi.it\/de\/#\/schema\/logo\/image\/"},"sameAs":["https:\/\/www.facebook.com\/dolomitiprealpi.it\/","https:\/\/www.instagram.com\/dolomitiprealpi\/"]}]}},"_links":{"self":[{"href":"https:\/\/www.dolomitiprealpi.it\/de\/wp-json\/wp\/v2\/tribe_events\/80177","targetHints":{"allow":["GET"]}}],"collection":[{"href":"https:\/\/www.dolomitiprealpi.it\/de\/wp-json\/wp\/v2\/tribe_events"}],"about":[{"href":"https:\/\/www.dolomitiprealpi.it\/de\/wp-json\/wp\/v2\/types\/tribe_events"}],"version-history":[{"count":1,"href":"https:\/\/www.dolomitiprealpi.it\/de\/wp-json\/wp\/v2\/tribe_events\/80177\/revisions"}],"predecessor-version":[{"id":85053,"href":"https:\/\/www.dolomitiprealpi.it\/de\/wp-json\/wp\/v2\/tribe_events\/80177\/revisions\/85053"}],"wp:attachment":[{"href":"https:\/\/www.dolomitiprealpi.it\/de\/wp-json\/wp\/v2\/media?parent=80177"}],"wp:term":[{"taxonomy":"post_tag","embeddable":true,"href":"https:\/\/www.dolomitiprealpi.it\/de\/wp-json\/wp\/v2\/tags?post=80177"},{"taxonomy":"tribe_events_cat","embeddable":true,"href":"https:\/\/www.dolomitiprealpi.it\/de\/wp-json\/wp\/v2\/tribe_events_cat?post=80177"}],"curies":[{"name":"wp","href":"https:\/\/api.w.org\/{rel}","templated":true}]}}

<p>Erlebe ein einzigartiges Abenteuer im Herzen des Mittelalters! Nimm am Open Day der historischen mittelalterlichen Fechtkunst teil, eine unverpassbare Gelegenheit, dich dieser faszinierenden Disziplin zu nähern, mit Techniken, Geschichte und spektakulären Kämpfen!</p>
<p>Stelle deinen Mut auf die Probe und trainiere wie ein wahrer Krieger!</p>
<p>Was erwartet dich? </p>
<ul>
<li>Einführung in die historische Fechtkunst </li>
<li>Demonstrationen und praktische Übungen </li>
<li>Eine epische Atmosphäre zwischen mittelalterlichen Mauern </li>
<li>Präsentation des Kurses</li>
</ul>
<p>Begleite uns auf einem spannenden Weg in die Welt der historischen Fechtkunst! </p>
<p>Tag der offenen Tür der historischen mittelalterlichen Fechtkunst</p>

<p>Erlebe ein einzigartiges Abenteuer im Herzen des Mittelalters! Nimm am Open Day der historischen mittelalterlichen Fechtkunst teil, eine unverpassbare Gelegenheit, dich dieser faszinierenden Disziplin zu nähern, mit Techniken, Geschichte und</p>

<!-- This site is optimized with the Yoast SEO plugin v25.7 - https://yoast.com/wordpress/plugins/seo/ -->
<title>Scherma storica medievale - Open day - Dolomiti Prealpi</title>
<meta name="robots" content="index, follow, max-snippet:-1, max-image-preview:large, max-video-preview:-1" />
<link rel="canonical" href="https://www.dolomitiprealpi.it/de/event/scherma-storica-medievale-open-day/" />
<meta property="og:locale" content="de_DE" />
<meta property="og:type" content="article" />
<meta property="og:title" content="Scherma storica medievale - Open day - Dolomiti Prealpi" />
<meta property="og:description" content="Erlebe ein einzigartiges Abenteuer im Herzen des Mittelalters! Nimm am Open Day der historischen mittelalterlichen Fechtkunst teil, eine unverpassbare Gelegenheit, dich dieser faszinierenden Disziplin zu nähern, mit Techniken, Geschichte und" />
<meta property="og:url" content="https://www.dolomitiprealpi.it/de/event/scherma-storica-medievale-open-day/" />
<meta property="og:site_name" content="Dolomiti Prealpi" />
<meta property="article:publisher" content="https://www.facebook.com/dolomitiprealpi.it/" />
<meta property="article:modified_time" content="2026-03-20T12:21:46+00:00" />
<meta property="og:image" content="https://www.dolomitiprealpi.it/wp-content/uploads/2022/11/C.-Timpone-Foto-archivio-Consorzio-turistico-Dolomiti-Prealpi-Nevegal-Belluno-Bike-18-2.jpg" />
	<meta property="og:image:width" content="2048" />
	<meta property="og:image:height" content="1888" />
	<meta property="og:image:type" content="image/jpeg" />
<meta name="twitter:card" content="summary_large_image" />
<script type="application/ld+json" class="yoast-schema-graph">{"@context":"https://schema.org","@graph":[{"@type":"WebPage","@id":"https://www.dolomitiprealpi.it/de/event/scherma-storica-medievale-open-day/","url":"https://www.dolomitiprealpi.it/de/event/scherma-storica-medievale-open-day/","name":"Scherma storica medievale - Open day - Dolomiti Prealpi","isPartOf":{"@id":"https://www.dolomitiprealpi.it/de/#website"},"datePublished":"2026-02-15T11:38:31+00:00","dateModified":"2026-03-20T12:21:46+00:00","breadcrumb":{"@id":"https://www.dolomitiprealpi.it/de/event/scherma-storica-medievale-open-day/#breadcrumb"},"inLanguage":"de-DE","potentialAction":[{"@type":"ReadAction","target":["https://www.dolomitiprealpi.it/de/event/scherma-storica-medievale-open-day/"]}]},{"@type":"BreadcrumbList","@id":"https://www.dolomitiprealpi.it/de/event/scherma-storica-medievale-open-day/#breadcrumb","itemListElement":[{"@type":"ListItem","position":1,"name":"Home","item":"https://www.dolomitiprealpi.it/de/"},{"@type":"ListItem","position":2,"name":"Veranstaltungen","item":"https://www.dolomitiprealpi.it/de/events/"},{"@type":"ListItem","position":3,"name":"Scherma storica medievale &#8211; Open day"}]},{"@type":"WebSite","@id":"https://www.dolomitiprealpi.it/de/#website","url":"https://www.dolomitiprealpi.it/de/","name":"Dolomiti Prealpi","description":"","publisher":{"@id":"https://www.dolomitiprealpi.it/de/#organization"},"potentialAction":[{"@type":"SearchAction","target":{"@type":"EntryPoint","urlTemplate":"https://www.dolomitiprealpi.it/de/?s={search_term_string}"},"query-input":{"@type":"PropertyValueSpecification","valueRequired":true,"valueName":"search_term_string"}}],"inLanguage":"de-DE"},{"@type":"Organization","@id":"https://www.dolomitiprealpi.it/de/#organization","name":"Consorzio Dolomiti Prealpi","url":"https://www.dolomitiprealpi.it/de/","logo":{"@type":"ImageObject","inLanguage":"de-DE","@id":"https://www.dolomitiprealpi.it/de/#/schema/logo/image/","url":"https://www.dolomitiprealpi.it/wp-content/uploads/2023/03/dolomitiprealpi-favicon.jpg","contentUrl":"https://www.dolomitiprealpi.it/wp-content/uploads/2023/03/dolomitiprealpi-favicon.jpg","width":512,"height":512,"caption":"Consorzio Dolomiti Prealpi"},"image":{"@id":"https://www.dolomitiprealpi.it/de/#/schema/logo/image/"},"sameAs":["https://www.facebook.com/dolomitiprealpi.it/","https://www.instagram.com/dolomitiprealpi/"]}]}</script>
<!-- / Yoast SEO plugin. -->

Erlebe ein einzigartiges Abenteuer im Herzen des Mittelalters! Nimm am Open Day der historischen mittelalterlichen Fechtkunst teil, eine unverpassbare Gelegenheit, dich dieser faszinierenden Disziplin zu nähern, mit Techniken, Geschichte und
