{"id":80017,"date":"2026-02-15T12:32:31","date_gmt":"2026-02-15T11:32:31","guid":{"rendered":"https:\/\/www.dolomitiprealpi.it\/event\/liberi-su-marte\/"},"modified":"2026-02-21T16:50:19","modified_gmt":"2026-02-21T15:50:19","slug":"liberi-su-marte-5","status":"publish","type":"tribe_events","link":"https:\/\/www.dolomitiprealpi.it\/de\/event\/liberi-su-marte-5\/","title":{"rendered":"LIBeRI su Marte"},"content":{"rendered":"<p><b><i>LIBeRI &#8211; Die Bibliothek ist ge\u00f6ffnet<\/i>&nbsp;<\/b> sind drei Themenreihen, um die R\u00fcckkehr der Stadtbibliothek Belluno nach Hause zu begleiten. Nach&nbsp;<i>LIBeRI im Wald<\/i> und <i>LIBeRI im K\u00f6rper<\/i> beginnt die letzte (?) Reise, wir stechen nach Mars in See.&nbsp;<b><i>LIBeRI auf dem Mars<\/i>&nbsp;<\/b> findet vom 6. bis 14. September 2025 statt.<\/p>\n<p><b><u>LASST UNS DIE MARSIANER SEHEN<\/u> <\/b>&#8211; Samstag, 6. September, 10:30 Uhr, Palazzo Fulcis&nbsp;&#8211; Veranstaltung 18+<\/p>\n<p>Gef\u00fchrte Besichtigung der Vorstellung des roten Planeten, wie er von Dino Buzzati imaginiert, erkundet und dargestellt wurde. Kuratiert von Marco Perale, Pr\u00e4sident der Internationalen Dino Buzzati Vereinigung.<\/p>\n<p><u>Eintritt mit dem Ticket des st\u00e4dtischen Museums<br \/><\/u> Achtung! Die F\u00fchrung ist kostenlos, um ins Museo Fulcis zu gelangen, muss ein Eintrittsticket gekauft werden. Das Ticket wird direkt im Museum am selben Tag erworben. F\u00fcr Informationen zu Preisen und Erm\u00e4\u00dfigungen, hier ist der Link:&nbsp;mubel.comune.belluno.it\/Orari-e-biglietti\/Biglietti<\/p>\n<p><u><\/u>&nbsp;<\/p>\n<p><b><u>ICH BIN DIE ZUKUNFT<\/u> <\/b>&#8211; Samstag, 6. September, 14:00 Uhr, Palazzo Crepadona, Veranstaltung 18+<\/p>\n<p>Ein Workshop f\u00fcr alle, um zu lernen, etwas anderes vorzustellen<br \/>Ok, wir leben in einer Zeit mit kurzem Atem und einem noch k\u00fcrzeren Horizont. Aber was w\u00e4re, wenn wir uns die Zeit nehmen w\u00fcrden, eine andere Zukunft zu imaginieren und zu fordern? Eine gerechtere und nachhaltigere Zukunft, die vielleicht schon heute beginnen k\u00f6nnte? Gut, dann lass es uns mit Chiara Sacchet und Gabriele Vitello von der Bewegung f\u00fcr Bildungskooperation tun, die versuchen werden, uns \u201ef\u00fcr die Zukunft zu bilden\u201c.<\/p>\n<p>NB: Der Workshop ist derselbe wie&nbsp;<i>In der Schule der Zukunft<\/i>, aber dieser ist nicht f\u00fcr Lehrer reserviert. Melde dich hier an, wenn du KEIN Lehrer bist<\/p>\n<p><u>Freier Eintritt <\/u><\/p>\n<p><u><b>INTERSTELLAR<\/b><\/u>&nbsp;&#8211; Samstag, 6. September, 14:30 Uhr, Seniorenheim Maria Gaggia Lante<\/p>\n<p>Eine Papierreise f\u00fcr Astronauten von 0 bis 99 Jahren<\/p>\n<p>5\u2026 4\u2026 3\u2026 2\u2026 1\u2026 es geht los! Alle auf die Startrampe, Raketen oder Kinderwagen sind egal. Omis und M\u00e4dchen, Enkel und Gro\u00dfm\u00fctter, ganz gleich, ob es f\u00fcr ein Leben oder nur f\u00fcr einen Nachmittag ist, bereit f\u00fcr eine Reise ohne Altersgrenze zwischen B\u00fcchern und Planeten, Sternen und Erz\u00e4hlungen.<br \/>In Zusammenarbeit mit dem Festival des guten Alterns von Ser.S.A. &#8211; Seniorenheim Maria Gaggia Lante<\/p>\n<p><u>Freier Eintritt.<\/u><\/p>\n<p>F\u00fcr weitere Informationen und Anmeldungen zu den einzelnen Veranstaltungen: <a href=\"https:\/\/www.eventbrite.com\/cc\/liberi-su-marte-4468393?_gl=1*vext1*_up*MQ..*_ga*MzY3OTMxNTMyLjE3NTQ4MzIyNDE.*_ga_TQVES5V6SH*czE3NTQ4MzIyNDEkbzEkZzAkdDE3NTQ4MzIyNDEkajYwJGwwJGgw\">EventBrite<\/a><\/p>\n<p>Kultur\u00fcbersicht<\/p>\n","protected":false},"excerpt":{"rendered":"<p>LIBeRI &#8211; Die Bibliothek ist ge\u00f6ffnet&nbsp; sind drei Themenreihen, um die R\u00fcckkehr der Stadtbibliothek Belluno nach Hause zu begleiten. Nach&nbsp;LIBeRI im Wald und LIBeRI im K\u00f6rper beginnt die letzte (?)<\/p>\n","protected":false},"author":0,"featured_media":0,"template":"","meta":{"_acf_changed":false,"inline_featured_image":false,"_tribe_events_status":"","_tribe_events_status_reason":"","footnotes":""},"tags":[259],"tribe_events_cat":[],"class_list":["post-80017","tribe_events","type-tribe_events","status-publish","hentry","tag-eventi-feratel"],"acf":[],"yoast_head":"<!-- This site is optimized with the Yoast SEO plugin v25.7 - https:\/\/yoast.com\/wordpress\/plugins\/seo\/ -->\n<title>LIBeRI su Marte - Dolomiti Prealpi<\/title>\n<meta name=\"robots\" content=\"index, follow, max-snippet:-1, max-image-preview:large, max-video-preview:-1\" \/>\n<link rel=\"canonical\" href=\"https:\/\/www.dolomitiprealpi.it\/de\/event\/liberi-su-marte-5\/\" \/>\n<meta property=\"og:locale\" content=\"de_DE\" \/>\n<meta property=\"og:type\" content=\"article\" \/>\n<meta property=\"og:title\" content=\"LIBeRI su Marte - Dolomiti Prealpi\" \/>\n<meta property=\"og:description\" content=\"LIBeRI &#8211; Die Bibliothek ist ge\u00f6ffnet&nbsp; sind drei Themenreihen, um die R\u00fcckkehr der Stadtbibliothek Belluno nach Hause zu begleiten. Nach&nbsp;LIBeRI im Wald und LIBeRI im K\u00f6rper beginnt die letzte (?)\" \/>\n<meta property=\"og:url\" content=\"https:\/\/www.dolomitiprealpi.it\/de\/event\/liberi-su-marte-5\/\" \/>\n<meta property=\"og:site_name\" content=\"Dolomiti Prealpi\" \/>\n<meta property=\"article:publisher\" content=\"https:\/\/www.facebook.com\/dolomitiprealpi.it\/\" \/>\n<meta property=\"article:modified_time\" content=\"2026-02-21T15:50:19+00:00\" \/>\n<meta property=\"og:image\" content=\"https:\/\/www.dolomitiprealpi.it\/wp-content\/uploads\/2022\/11\/C.-Timpone-Foto-archivio-Consorzio-turistico-Dolomiti-Prealpi-Nevegal-Belluno-Bike-18-2.jpg\" \/>\n\t<meta property=\"og:image:width\" content=\"2048\" \/>\n\t<meta property=\"og:image:height\" content=\"1888\" \/>\n\t<meta property=\"og:image:type\" content=\"image\/jpeg\" \/>\n<meta name=\"twitter:card\" content=\"summary_large_image\" \/>\n<meta name=\"twitter:label1\" content=\"Est. reading time\" \/>\n\t<meta name=\"twitter:data1\" content=\"2 minutes\" \/>\n<script type=\"application\/ld+json\" class=\"yoast-schema-graph\">{\"@context\":\"https:\/\/schema.org\",\"@graph\":[{\"@type\":\"WebPage\",\"@id\":\"https:\/\/www.dolomitiprealpi.it\/de\/event\/liberi-su-marte-5\/\",\"url\":\"https:\/\/www.dolomitiprealpi.it\/de\/event\/liberi-su-marte-5\/\",\"name\":\"LIBeRI su Marte - Dolomiti Prealpi\",\"isPartOf\":{\"@id\":\"https:\/\/www.dolomitiprealpi.it\/de\/#website\"},\"datePublished\":\"2026-02-15T11:32:31+00:00\",\"dateModified\":\"2026-02-21T15:50:19+00:00\",\"breadcrumb\":{\"@id\":\"https:\/\/www.dolomitiprealpi.it\/de\/event\/liberi-su-marte-5\/#breadcrumb\"},\"inLanguage\":\"de-DE\",\"potentialAction\":[{\"@type\":\"ReadAction\",\"target\":[\"https:\/\/www.dolomitiprealpi.it\/de\/event\/liberi-su-marte-5\/\"]}]},{\"@type\":\"BreadcrumbList\",\"@id\":\"https:\/\/www.dolomitiprealpi.it\/de\/event\/liberi-su-marte-5\/#breadcrumb\",\"itemListElement\":[{\"@type\":\"ListItem\",\"position\":1,\"name\":\"Home\",\"item\":\"https:\/\/www.dolomitiprealpi.it\/de\/\"},{\"@type\":\"ListItem\",\"position\":2,\"name\":\"Veranstaltungen\",\"item\":\"https:\/\/www.dolomitiprealpi.it\/de\/events\/\"},{\"@type\":\"ListItem\",\"position\":3,\"name\":\"LIBeRI su Marte\"}]},{\"@type\":\"WebSite\",\"@id\":\"https:\/\/www.dolomitiprealpi.it\/de\/#website\",\"url\":\"https:\/\/www.dolomitiprealpi.it\/de\/\",\"name\":\"Dolomiti Prealpi\",\"description\":\"\",\"publisher\":{\"@id\":\"https:\/\/www.dolomitiprealpi.it\/de\/#organization\"},\"potentialAction\":[{\"@type\":\"SearchAction\",\"target\":{\"@type\":\"EntryPoint\",\"urlTemplate\":\"https:\/\/www.dolomitiprealpi.it\/de\/?s={search_term_string}\"},\"query-input\":{\"@type\":\"PropertyValueSpecification\",\"valueRequired\":true,\"valueName\":\"search_term_string\"}}],\"inLanguage\":\"de-DE\"},{\"@type\":\"Organization\",\"@id\":\"https:\/\/www.dolomitiprealpi.it\/de\/#organization\",\"name\":\"Consorzio Dolomiti Prealpi\",\"url\":\"https:\/\/www.dolomitiprealpi.it\/de\/\",\"logo\":{\"@type\":\"ImageObject\",\"inLanguage\":\"de-DE\",\"@id\":\"https:\/\/www.dolomitiprealpi.it\/de\/#\/schema\/logo\/image\/\",\"url\":\"https:\/\/www.dolomitiprealpi.it\/wp-content\/uploads\/2023\/03\/dolomitiprealpi-favicon.jpg\",\"contentUrl\":\"https:\/\/www.dolomitiprealpi.it\/wp-content\/uploads\/2023\/03\/dolomitiprealpi-favicon.jpg\",\"width\":512,\"height\":512,\"caption\":\"Consorzio Dolomiti Prealpi\"},\"image\":{\"@id\":\"https:\/\/www.dolomitiprealpi.it\/de\/#\/schema\/logo\/image\/\"},\"sameAs\":[\"https:\/\/www.facebook.com\/dolomitiprealpi.it\/\",\"https:\/\/www.instagram.com\/dolomitiprealpi\/\"]}]}<\/script>\n<!-- \/ Yoast SEO plugin. -->","yoast_head_json":{"title":"LIBeRI su Marte - Dolomiti Prealpi","robots":{"index":"index","follow":"follow","max-snippet":"max-snippet:-1","max-image-preview":"max-image-preview:large","max-video-preview":"max-video-preview:-1"},"canonical":"https:\/\/www.dolomitiprealpi.it\/de\/event\/liberi-su-marte-5\/","og_locale":"de_DE","og_type":"article","og_title":"LIBeRI su Marte - Dolomiti Prealpi","og_description":"LIBeRI &#8211; Die Bibliothek ist ge\u00f6ffnet&nbsp; sind drei Themenreihen, um die R\u00fcckkehr der Stadtbibliothek Belluno nach Hause zu begleiten. Nach&nbsp;LIBeRI im Wald und LIBeRI im K\u00f6rper beginnt die letzte (?)","og_url":"https:\/\/www.dolomitiprealpi.it\/de\/event\/liberi-su-marte-5\/","og_site_name":"Dolomiti Prealpi","article_publisher":"https:\/\/www.facebook.com\/dolomitiprealpi.it\/","article_modified_time":"2026-02-21T15:50:19+00:00","og_image":[{"width":2048,"height":1888,"url":"https:\/\/www.dolomitiprealpi.it\/wp-content\/uploads\/2022\/11\/C.-Timpone-Foto-archivio-Consorzio-turistico-Dolomiti-Prealpi-Nevegal-Belluno-Bike-18-2.jpg","type":"image\/jpeg"}],"twitter_card":"summary_large_image","twitter_misc":{"Est. reading time":"2 minutes"},"schema":{"@context":"https:\/\/schema.org","@graph":[{"@type":"WebPage","@id":"https:\/\/www.dolomitiprealpi.it\/de\/event\/liberi-su-marte-5\/","url":"https:\/\/www.dolomitiprealpi.it\/de\/event\/liberi-su-marte-5\/","name":"LIBeRI su Marte - Dolomiti Prealpi","isPartOf":{"@id":"https:\/\/www.dolomitiprealpi.it\/de\/#website"},"datePublished":"2026-02-15T11:32:31+00:00","dateModified":"2026-02-21T15:50:19+00:00","breadcrumb":{"@id":"https:\/\/www.dolomitiprealpi.it\/de\/event\/liberi-su-marte-5\/#breadcrumb"},"inLanguage":"de-DE","potentialAction":[{"@type":"ReadAction","target":["https:\/\/www.dolomitiprealpi.it\/de\/event\/liberi-su-marte-5\/"]}]},{"@type":"BreadcrumbList","@id":"https:\/\/www.dolomitiprealpi.it\/de\/event\/liberi-su-marte-5\/#breadcrumb","itemListElement":[{"@type":"ListItem","position":1,"name":"Home","item":"https:\/\/www.dolomitiprealpi.it\/de\/"},{"@type":"ListItem","position":2,"name":"Veranstaltungen","item":"https:\/\/www.dolomitiprealpi.it\/de\/events\/"},{"@type":"ListItem","position":3,"name":"LIBeRI su Marte"}]},{"@type":"WebSite","@id":"https:\/\/www.dolomitiprealpi.it\/de\/#website","url":"https:\/\/www.dolomitiprealpi.it\/de\/","name":"Dolomiti Prealpi","description":"","publisher":{"@id":"https:\/\/www.dolomitiprealpi.it\/de\/#organization"},"potentialAction":[{"@type":"SearchAction","target":{"@type":"EntryPoint","urlTemplate":"https:\/\/www.dolomitiprealpi.it\/de\/?s={search_term_string}"},"query-input":{"@type":"PropertyValueSpecification","valueRequired":true,"valueName":"search_term_string"}}],"inLanguage":"de-DE"},{"@type":"Organization","@id":"https:\/\/www.dolomitiprealpi.it\/de\/#organization","name":"Consorzio Dolomiti Prealpi","url":"https:\/\/www.dolomitiprealpi.it\/de\/","logo":{"@type":"ImageObject","inLanguage":"de-DE","@id":"https:\/\/www.dolomitiprealpi.it\/de\/#\/schema\/logo\/image\/","url":"https:\/\/www.dolomitiprealpi.it\/wp-content\/uploads\/2023\/03\/dolomitiprealpi-favicon.jpg","contentUrl":"https:\/\/www.dolomitiprealpi.it\/wp-content\/uploads\/2023\/03\/dolomitiprealpi-favicon.jpg","width":512,"height":512,"caption":"Consorzio Dolomiti Prealpi"},"image":{"@id":"https:\/\/www.dolomitiprealpi.it\/de\/#\/schema\/logo\/image\/"},"sameAs":["https:\/\/www.facebook.com\/dolomitiprealpi.it\/","https:\/\/www.instagram.com\/dolomitiprealpi\/"]}]}},"_links":{"self":[{"href":"https:\/\/www.dolomitiprealpi.it\/de\/wp-json\/wp\/v2\/tribe_events\/80017","targetHints":{"allow":["GET"]}}],"collection":[{"href":"https:\/\/www.dolomitiprealpi.it\/de\/wp-json\/wp\/v2\/tribe_events"}],"about":[{"href":"https:\/\/www.dolomitiprealpi.it\/de\/wp-json\/wp\/v2\/types\/tribe_events"}],"version-history":[{"count":1,"href":"https:\/\/www.dolomitiprealpi.it\/de\/wp-json\/wp\/v2\/tribe_events\/80017\/revisions"}],"predecessor-version":[{"id":84787,"href":"https:\/\/www.dolomitiprealpi.it\/de\/wp-json\/wp\/v2\/tribe_events\/80017\/revisions\/84787"}],"wp:attachment":[{"href":"https:\/\/www.dolomitiprealpi.it\/de\/wp-json\/wp\/v2\/media?parent=80017"}],"wp:term":[{"taxonomy":"post_tag","embeddable":true,"href":"https:\/\/www.dolomitiprealpi.it\/de\/wp-json\/wp\/v2\/tags?post=80017"},{"taxonomy":"tribe_events_cat","embeddable":true,"href":"https:\/\/www.dolomitiprealpi.it\/de\/wp-json\/wp\/v2\/tribe_events_cat?post=80017"}],"curies":[{"name":"wp","href":"https:\/\/api.w.org\/{rel}","templated":true}]}}

<p><b><i>LIBeRI &#8211; Die Bibliothek ist geöffnet</i>&nbsp;</b> sind drei Themenreihen, um die Rückkehr der Stadtbibliothek Belluno nach Hause zu begleiten. Nach&nbsp;<i>LIBeRI im Wald</i> und <i>LIBeRI im Körper</i> beginnt die letzte (?) Reise, wir stechen nach Mars in See.&nbsp;<b><i>LIBeRI auf dem Mars</i>&nbsp;</b> findet vom 6. bis 14. September 2025 statt.</p>
<p><b><u>LASST UNS DIE MARSIANER SEHEN</u> </b>&#8211; Samstag, 6. September, 10:30 Uhr, Palazzo Fulcis&nbsp;&#8211; Veranstaltung 18+</p>
<p>Geführte Besichtigung der Vorstellung des roten Planeten, wie er von Dino Buzzati imaginiert, erkundet und dargestellt wurde. Kuratiert von Marco Perale, Präsident der Internationalen Dino Buzzati Vereinigung.</p>
<p><u>Eintritt mit dem Ticket des städtischen Museums<br /></u> Achtung! Die Führung ist kostenlos, um ins Museo Fulcis zu gelangen, muss ein Eintrittsticket gekauft werden. Das Ticket wird direkt im Museum am selben Tag erworben. Für Informationen zu Preisen und Ermäßigungen, hier ist der Link:&nbsp;mubel.comune.belluno.it/Orari-e-biglietti/Biglietti</p>
<p><u></u>&nbsp;</p>
<p><b><u>ICH BIN DIE ZUKUNFT</u> </b>&#8211; Samstag, 6. September, 14:00 Uhr, Palazzo Crepadona, Veranstaltung 18+</p>
<p>Ein Workshop für alle, um zu lernen, etwas anderes vorzustellen<br />Ok, wir leben in einer Zeit mit kurzem Atem und einem noch kürzeren Horizont. Aber was wäre, wenn wir uns die Zeit nehmen würden, eine andere Zukunft zu imaginieren und zu fordern? Eine gerechtere und nachhaltigere Zukunft, die vielleicht schon heute beginnen könnte? Gut, dann lass es uns mit Chiara Sacchet und Gabriele Vitello von der Bewegung für Bildungskooperation tun, die versuchen werden, uns „für die Zukunft zu bilden“.</p>
<p>NB: Der Workshop ist derselbe wie&nbsp;<i>In der Schule der Zukunft</i>, aber dieser ist nicht für Lehrer reserviert. Melde dich hier an, wenn du KEIN Lehrer bist</p>
<p><u>Freier Eintritt </u></p>
<p><u><b>INTERSTELLAR</b></u>&nbsp;&#8211; Samstag, 6. September, 14:30 Uhr, Seniorenheim Maria Gaggia Lante</p>
<p>Eine Papierreise für Astronauten von 0 bis 99 Jahren</p>
<p>5… 4… 3… 2… 1… es geht los! Alle auf die Startrampe, Raketen oder Kinderwagen sind egal. Omis und Mädchen, Enkel und Großmütter, ganz gleich, ob es für ein Leben oder nur für einen Nachmittag ist, bereit für eine Reise ohne Altersgrenze zwischen Büchern und Planeten, Sternen und Erzählungen.<br />In Zusammenarbeit mit dem Festival des guten Alterns von Ser.S.A. &#8211; Seniorenheim Maria Gaggia Lante</p>
<p><u>Freier Eintritt.</u></p>
<p>Für weitere Informationen und Anmeldungen zu den einzelnen Veranstaltungen: <a href="https://www.eventbrite.com/cc/liberi-su-marte-4468393?_gl=1*vext1*_up*MQ..*_ga*MzY3OTMxNTMyLjE3NTQ4MzIyNDE.*_ga_TQVES5V6SH*czE3NTQ4MzIyNDEkbzEkZzAkdDE3NTQ4MzIyNDEkajYwJGwwJGgw">EventBrite</a></p>
<p>Kulturübersicht</p>

<p>LIBeRI &#8211; Die Bibliothek ist geöffnet&nbsp; sind drei Themenreihen, um die Rückkehr der Stadtbibliothek Belluno nach Hause zu begleiten. Nach&nbsp;LIBeRI im Wald und LIBeRI im Körper beginnt die letzte (?)</p>

<!-- This site is optimized with the Yoast SEO plugin v25.7 - https://yoast.com/wordpress/plugins/seo/ -->
<title>LIBeRI su Marte - Dolomiti Prealpi</title>
<meta name="robots" content="index, follow, max-snippet:-1, max-image-preview:large, max-video-preview:-1" />
<link rel="canonical" href="https://www.dolomitiprealpi.it/de/event/liberi-su-marte-5/" />
<meta property="og:locale" content="de_DE" />
<meta property="og:type" content="article" />
<meta property="og:title" content="LIBeRI su Marte - Dolomiti Prealpi" />
<meta property="og:description" content="LIBeRI &#8211; Die Bibliothek ist geöffnet&nbsp; sind drei Themenreihen, um die Rückkehr der Stadtbibliothek Belluno nach Hause zu begleiten. Nach&nbsp;LIBeRI im Wald und LIBeRI im Körper beginnt die letzte (?)" />
<meta property="og:url" content="https://www.dolomitiprealpi.it/de/event/liberi-su-marte-5/" />
<meta property="og:site_name" content="Dolomiti Prealpi" />
<meta property="article:publisher" content="https://www.facebook.com/dolomitiprealpi.it/" />
<meta property="article:modified_time" content="2026-02-21T15:50:19+00:00" />
<meta property="og:image" content="https://www.dolomitiprealpi.it/wp-content/uploads/2022/11/C.-Timpone-Foto-archivio-Consorzio-turistico-Dolomiti-Prealpi-Nevegal-Belluno-Bike-18-2.jpg" />
	<meta property="og:image:width" content="2048" />
	<meta property="og:image:height" content="1888" />
	<meta property="og:image:type" content="image/jpeg" />
<meta name="twitter:card" content="summary_large_image" />
<meta name="twitter:label1" content="Est. reading time" />
	<meta name="twitter:data1" content="2 minutes" />
<script type="application/ld+json" class="yoast-schema-graph">{"@context":"https://schema.org","@graph":[{"@type":"WebPage","@id":"https://www.dolomitiprealpi.it/de/event/liberi-su-marte-5/","url":"https://www.dolomitiprealpi.it/de/event/liberi-su-marte-5/","name":"LIBeRI su Marte - Dolomiti Prealpi","isPartOf":{"@id":"https://www.dolomitiprealpi.it/de/#website"},"datePublished":"2026-02-15T11:32:31+00:00","dateModified":"2026-02-21T15:50:19+00:00","breadcrumb":{"@id":"https://www.dolomitiprealpi.it/de/event/liberi-su-marte-5/#breadcrumb"},"inLanguage":"de-DE","potentialAction":[{"@type":"ReadAction","target":["https://www.dolomitiprealpi.it/de/event/liberi-su-marte-5/"]}]},{"@type":"BreadcrumbList","@id":"https://www.dolomitiprealpi.it/de/event/liberi-su-marte-5/#breadcrumb","itemListElement":[{"@type":"ListItem","position":1,"name":"Home","item":"https://www.dolomitiprealpi.it/de/"},{"@type":"ListItem","position":2,"name":"Veranstaltungen","item":"https://www.dolomitiprealpi.it/de/events/"},{"@type":"ListItem","position":3,"name":"LIBeRI su Marte"}]},{"@type":"WebSite","@id":"https://www.dolomitiprealpi.it/de/#website","url":"https://www.dolomitiprealpi.it/de/","name":"Dolomiti Prealpi","description":"","publisher":{"@id":"https://www.dolomitiprealpi.it/de/#organization"},"potentialAction":[{"@type":"SearchAction","target":{"@type":"EntryPoint","urlTemplate":"https://www.dolomitiprealpi.it/de/?s={search_term_string}"},"query-input":{"@type":"PropertyValueSpecification","valueRequired":true,"valueName":"search_term_string"}}],"inLanguage":"de-DE"},{"@type":"Organization","@id":"https://www.dolomitiprealpi.it/de/#organization","name":"Consorzio Dolomiti Prealpi","url":"https://www.dolomitiprealpi.it/de/","logo":{"@type":"ImageObject","inLanguage":"de-DE","@id":"https://www.dolomitiprealpi.it/de/#/schema/logo/image/","url":"https://www.dolomitiprealpi.it/wp-content/uploads/2023/03/dolomitiprealpi-favicon.jpg","contentUrl":"https://www.dolomitiprealpi.it/wp-content/uploads/2023/03/dolomitiprealpi-favicon.jpg","width":512,"height":512,"caption":"Consorzio Dolomiti Prealpi"},"image":{"@id":"https://www.dolomitiprealpi.it/de/#/schema/logo/image/"},"sameAs":["https://www.facebook.com/dolomitiprealpi.it/","https://www.instagram.com/dolomitiprealpi/"]}]}</script>
<!-- / Yoast SEO plugin. -->

LIBeRI &#8211; Die Bibliothek ist geöffnet&nbsp; sind drei Themenreihen, um die Rückkehr der Stadtbibliothek Belluno nach Hause zu begleiten. Nach&nbsp;LIBeRI im Wald und LIBeRI im Körper beginnt die letzte (?)
