{"id":79993,"date":"2026-02-15T12:31:04","date_gmt":"2026-02-15T11:31:04","guid":{"rendered":"https:\/\/www.dolomitiprealpi.it\/event\/frammenti-di-una-matrice-pronta-a-esplodere\/"},"modified":"2026-02-21T16:49:13","modified_gmt":"2026-02-21T15:49:13","slug":"frammenti-di-una-matrice-pronta-a-esplodere","status":"publish","type":"tribe_events","link":"https:\/\/www.dolomitiprealpi.it\/de\/event\/frammenti-di-una-matrice-pronta-a-esplodere\/","title":{"rendered":"&#8220;Frammenti di una matrice pronta a esplodere&#8221;"},"content":{"rendered":"<p>Mit der Organisation des Vereins Pietra e Scalpellini kehrt das Duo&nbsp;<b>Molom<\/b> mit einer <b>Live-Performance<\/b> von 30 Minuten zur\u00fcck, in der der Stein zu einem Material der Einstich wird, sowohl musikalisch als auch physisch greifbar. <\/p>\n<p>\u201eFragmente einer Matrix, die bereit ist zu explodieren\u201c, so der Titel der Performance, vereint die Kunst der Skulptur und ihre Gestik mit der Soundbearbeitung in Echtzeit. <br \/>Der Parallelismus zwischen Voll und Leerheit hebt hervor, wie die Skulptur, die Kunst des Hebens, verborgene Formen offenbart, w\u00e4hrend der Klang durch die geschaffenen Leerr\u00e4ume zum Ausdruck kommt. Dieser Dialog zwischen Hebung und Hinzuf\u00fcgen schafft eine Spannung, die zum Nachdenken \u00fcber die Dichotomien Abwesenheit \/ Pr\u00e4senz, Stille \/ L\u00e4rm einl\u00e4dt. <br \/>Die Performances von Molom sind Erfahrungen, die die Interkonnektivit\u00e4t zwischen visuellen K\u00fcnsten und Sound Art umarmen und einen lebendigen Dialog zwischen zwei Kunstformen schaffen, die zum Hintergrund der beiden Performer geh\u00f6ren.<\/p>\n<p>Die Veranstaltung findet in der ehemaligen&nbsp;<b>Cava di Rodei<\/b> statt: Vom Museum aus (wo Parkm\u00f6glichkeiten bestehen) geht es etwa 1 km in Richtung Podenzoi, auf H\u00f6he der Schulen, gro\u00dfer Parkplatz. Dann weitere 500 m. (auf H\u00f6he der Br\u00fccke) letzter Parkplatz (reserviert f\u00fcr Menschen mit Behinderungen, Senioren und M\u00fctter mit Kindern). Die Veranstaltung wird mit Schildern signalisiert und findet ca. 200 m vom Parkplatz entfernt statt.<\/p>\n<p>Ein&nbsp;<b>Teilnahmebeitrag von&nbsp;5 \u20ac<\/b> wird erhoben, inklusive eines Eintrittstickets f\u00fcr das Museum (nicht namentlich). <\/p>\n<p>Eine Reservierung wird empfohlen unter der E-Mail-Adresse: pietraescalpellini@gmail.com<\/p>\n<p>Darstellung des Duos Molom<\/p>\n","protected":false},"excerpt":{"rendered":"<p>Mit der Organisation des Vereins Pietra e Scalpellini kehrt das Duo&nbsp;Molom mit einer Live-Performance von 30 Minuten zur\u00fcck, in der der Stein zu einem Material der Einstich wird, sowohl musikalisch<\/p>\n","protected":false},"author":0,"featured_media":0,"template":"","meta":{"_acf_changed":false,"inline_featured_image":false,"_tribe_events_status":"","_tribe_events_status_reason":"","footnotes":""},"tags":[259],"tribe_events_cat":[],"class_list":["post-79993","tribe_events","type-tribe_events","status-publish","hentry","tag-eventi-feratel"],"acf":[],"yoast_head":"<!-- This site is optimized with the Yoast SEO plugin v25.7 - https:\/\/yoast.com\/wordpress\/plugins\/seo\/ -->\n<title>&quot;Frammenti di una matrice pronta a esplodere&quot; - Dolomiti Prealpi<\/title>\n<meta name=\"robots\" content=\"index, follow, max-snippet:-1, max-image-preview:large, max-video-preview:-1\" \/>\n<link rel=\"canonical\" href=\"https:\/\/www.dolomitiprealpi.it\/de\/event\/frammenti-di-una-matrice-pronta-a-esplodere\/\" \/>\n<meta property=\"og:locale\" content=\"de_DE\" \/>\n<meta property=\"og:type\" content=\"article\" \/>\n<meta property=\"og:title\" content=\"&quot;Frammenti di una matrice pronta a esplodere&quot; - Dolomiti Prealpi\" \/>\n<meta property=\"og:description\" content=\"Mit der Organisation des Vereins Pietra e Scalpellini kehrt das Duo&nbsp;Molom mit einer Live-Performance von 30 Minuten zur\u00fcck, in der der Stein zu einem Material der Einstich wird, sowohl musikalisch\" \/>\n<meta property=\"og:url\" content=\"https:\/\/www.dolomitiprealpi.it\/de\/event\/frammenti-di-una-matrice-pronta-a-esplodere\/\" \/>\n<meta property=\"og:site_name\" content=\"Dolomiti Prealpi\" \/>\n<meta property=\"article:publisher\" content=\"https:\/\/www.facebook.com\/dolomitiprealpi.it\/\" \/>\n<meta property=\"article:modified_time\" content=\"2026-02-21T15:49:13+00:00\" \/>\n<meta property=\"og:image\" content=\"https:\/\/www.dolomitiprealpi.it\/wp-content\/uploads\/2022\/11\/C.-Timpone-Foto-archivio-Consorzio-turistico-Dolomiti-Prealpi-Nevegal-Belluno-Bike-18-2.jpg\" \/>\n\t<meta property=\"og:image:width\" content=\"2048\" \/>\n\t<meta property=\"og:image:height\" content=\"1888\" \/>\n\t<meta property=\"og:image:type\" content=\"image\/jpeg\" \/>\n<meta name=\"twitter:card\" content=\"summary_large_image\" \/>\n<meta name=\"twitter:label1\" content=\"Est. reading time\" \/>\n\t<meta name=\"twitter:data1\" content=\"1 minute\" \/>\n<script type=\"application\/ld+json\" class=\"yoast-schema-graph\">{\"@context\":\"https:\/\/schema.org\",\"@graph\":[{\"@type\":\"WebPage\",\"@id\":\"https:\/\/www.dolomitiprealpi.it\/de\/event\/frammenti-di-una-matrice-pronta-a-esplodere\/\",\"url\":\"https:\/\/www.dolomitiprealpi.it\/de\/event\/frammenti-di-una-matrice-pronta-a-esplodere\/\",\"name\":\"\\\"Frammenti di una matrice pronta a esplodere\\\" - Dolomiti Prealpi\",\"isPartOf\":{\"@id\":\"https:\/\/www.dolomitiprealpi.it\/de\/#website\"},\"datePublished\":\"2026-02-15T11:31:04+00:00\",\"dateModified\":\"2026-02-21T15:49:13+00:00\",\"breadcrumb\":{\"@id\":\"https:\/\/www.dolomitiprealpi.it\/de\/event\/frammenti-di-una-matrice-pronta-a-esplodere\/#breadcrumb\"},\"inLanguage\":\"de-DE\",\"potentialAction\":[{\"@type\":\"ReadAction\",\"target\":[\"https:\/\/www.dolomitiprealpi.it\/de\/event\/frammenti-di-una-matrice-pronta-a-esplodere\/\"]}]},{\"@type\":\"BreadcrumbList\",\"@id\":\"https:\/\/www.dolomitiprealpi.it\/de\/event\/frammenti-di-una-matrice-pronta-a-esplodere\/#breadcrumb\",\"itemListElement\":[{\"@type\":\"ListItem\",\"position\":1,\"name\":\"Home\",\"item\":\"https:\/\/www.dolomitiprealpi.it\/de\/\"},{\"@type\":\"ListItem\",\"position\":2,\"name\":\"Veranstaltungen\",\"item\":\"https:\/\/www.dolomitiprealpi.it\/de\/events\/\"},{\"@type\":\"ListItem\",\"position\":3,\"name\":\"&#8220;Frammenti di una matrice pronta a esplodere&#8221;\"}]},{\"@type\":\"WebSite\",\"@id\":\"https:\/\/www.dolomitiprealpi.it\/de\/#website\",\"url\":\"https:\/\/www.dolomitiprealpi.it\/de\/\",\"name\":\"Dolomiti Prealpi\",\"description\":\"\",\"publisher\":{\"@id\":\"https:\/\/www.dolomitiprealpi.it\/de\/#organization\"},\"potentialAction\":[{\"@type\":\"SearchAction\",\"target\":{\"@type\":\"EntryPoint\",\"urlTemplate\":\"https:\/\/www.dolomitiprealpi.it\/de\/?s={search_term_string}\"},\"query-input\":{\"@type\":\"PropertyValueSpecification\",\"valueRequired\":true,\"valueName\":\"search_term_string\"}}],\"inLanguage\":\"de-DE\"},{\"@type\":\"Organization\",\"@id\":\"https:\/\/www.dolomitiprealpi.it\/de\/#organization\",\"name\":\"Consorzio Dolomiti Prealpi\",\"url\":\"https:\/\/www.dolomitiprealpi.it\/de\/\",\"logo\":{\"@type\":\"ImageObject\",\"inLanguage\":\"de-DE\",\"@id\":\"https:\/\/www.dolomitiprealpi.it\/de\/#\/schema\/logo\/image\/\",\"url\":\"https:\/\/www.dolomitiprealpi.it\/wp-content\/uploads\/2023\/03\/dolomitiprealpi-favicon.jpg\",\"contentUrl\":\"https:\/\/www.dolomitiprealpi.it\/wp-content\/uploads\/2023\/03\/dolomitiprealpi-favicon.jpg\",\"width\":512,\"height\":512,\"caption\":\"Consorzio Dolomiti Prealpi\"},\"image\":{\"@id\":\"https:\/\/www.dolomitiprealpi.it\/de\/#\/schema\/logo\/image\/\"},\"sameAs\":[\"https:\/\/www.facebook.com\/dolomitiprealpi.it\/\",\"https:\/\/www.instagram.com\/dolomitiprealpi\/\"]}]}<\/script>\n<!-- \/ Yoast SEO plugin. -->","yoast_head_json":{"title":"\"Frammenti di una matrice pronta a esplodere\" - Dolomiti Prealpi","robots":{"index":"index","follow":"follow","max-snippet":"max-snippet:-1","max-image-preview":"max-image-preview:large","max-video-preview":"max-video-preview:-1"},"canonical":"https:\/\/www.dolomitiprealpi.it\/de\/event\/frammenti-di-una-matrice-pronta-a-esplodere\/","og_locale":"de_DE","og_type":"article","og_title":"\"Frammenti di una matrice pronta a esplodere\" - Dolomiti Prealpi","og_description":"Mit der Organisation des Vereins Pietra e Scalpellini kehrt das Duo&nbsp;Molom mit einer Live-Performance von 30 Minuten zur\u00fcck, in der der Stein zu einem Material der Einstich wird, sowohl musikalisch","og_url":"https:\/\/www.dolomitiprealpi.it\/de\/event\/frammenti-di-una-matrice-pronta-a-esplodere\/","og_site_name":"Dolomiti Prealpi","article_publisher":"https:\/\/www.facebook.com\/dolomitiprealpi.it\/","article_modified_time":"2026-02-21T15:49:13+00:00","og_image":[{"width":2048,"height":1888,"url":"https:\/\/www.dolomitiprealpi.it\/wp-content\/uploads\/2022\/11\/C.-Timpone-Foto-archivio-Consorzio-turistico-Dolomiti-Prealpi-Nevegal-Belluno-Bike-18-2.jpg","type":"image\/jpeg"}],"twitter_card":"summary_large_image","twitter_misc":{"Est. reading time":"1 minute"},"schema":{"@context":"https:\/\/schema.org","@graph":[{"@type":"WebPage","@id":"https:\/\/www.dolomitiprealpi.it\/de\/event\/frammenti-di-una-matrice-pronta-a-esplodere\/","url":"https:\/\/www.dolomitiprealpi.it\/de\/event\/frammenti-di-una-matrice-pronta-a-esplodere\/","name":"\"Frammenti di una matrice pronta a esplodere\" - Dolomiti Prealpi","isPartOf":{"@id":"https:\/\/www.dolomitiprealpi.it\/de\/#website"},"datePublished":"2026-02-15T11:31:04+00:00","dateModified":"2026-02-21T15:49:13+00:00","breadcrumb":{"@id":"https:\/\/www.dolomitiprealpi.it\/de\/event\/frammenti-di-una-matrice-pronta-a-esplodere\/#breadcrumb"},"inLanguage":"de-DE","potentialAction":[{"@type":"ReadAction","target":["https:\/\/www.dolomitiprealpi.it\/de\/event\/frammenti-di-una-matrice-pronta-a-esplodere\/"]}]},{"@type":"BreadcrumbList","@id":"https:\/\/www.dolomitiprealpi.it\/de\/event\/frammenti-di-una-matrice-pronta-a-esplodere\/#breadcrumb","itemListElement":[{"@type":"ListItem","position":1,"name":"Home","item":"https:\/\/www.dolomitiprealpi.it\/de\/"},{"@type":"ListItem","position":2,"name":"Veranstaltungen","item":"https:\/\/www.dolomitiprealpi.it\/de\/events\/"},{"@type":"ListItem","position":3,"name":"&#8220;Frammenti di una matrice pronta a esplodere&#8221;"}]},{"@type":"WebSite","@id":"https:\/\/www.dolomitiprealpi.it\/de\/#website","url":"https:\/\/www.dolomitiprealpi.it\/de\/","name":"Dolomiti Prealpi","description":"","publisher":{"@id":"https:\/\/www.dolomitiprealpi.it\/de\/#organization"},"potentialAction":[{"@type":"SearchAction","target":{"@type":"EntryPoint","urlTemplate":"https:\/\/www.dolomitiprealpi.it\/de\/?s={search_term_string}"},"query-input":{"@type":"PropertyValueSpecification","valueRequired":true,"valueName":"search_term_string"}}],"inLanguage":"de-DE"},{"@type":"Organization","@id":"https:\/\/www.dolomitiprealpi.it\/de\/#organization","name":"Consorzio Dolomiti Prealpi","url":"https:\/\/www.dolomitiprealpi.it\/de\/","logo":{"@type":"ImageObject","inLanguage":"de-DE","@id":"https:\/\/www.dolomitiprealpi.it\/de\/#\/schema\/logo\/image\/","url":"https:\/\/www.dolomitiprealpi.it\/wp-content\/uploads\/2023\/03\/dolomitiprealpi-favicon.jpg","contentUrl":"https:\/\/www.dolomitiprealpi.it\/wp-content\/uploads\/2023\/03\/dolomitiprealpi-favicon.jpg","width":512,"height":512,"caption":"Consorzio Dolomiti Prealpi"},"image":{"@id":"https:\/\/www.dolomitiprealpi.it\/de\/#\/schema\/logo\/image\/"},"sameAs":["https:\/\/www.facebook.com\/dolomitiprealpi.it\/","https:\/\/www.instagram.com\/dolomitiprealpi\/"]}]}},"_links":{"self":[{"href":"https:\/\/www.dolomitiprealpi.it\/de\/wp-json\/wp\/v2\/tribe_events\/79993","targetHints":{"allow":["GET"]}}],"collection":[{"href":"https:\/\/www.dolomitiprealpi.it\/de\/wp-json\/wp\/v2\/tribe_events"}],"about":[{"href":"https:\/\/www.dolomitiprealpi.it\/de\/wp-json\/wp\/v2\/types\/tribe_events"}],"version-history":[{"count":1,"href":"https:\/\/www.dolomitiprealpi.it\/de\/wp-json\/wp\/v2\/tribe_events\/79993\/revisions"}],"predecessor-version":[{"id":84705,"href":"https:\/\/www.dolomitiprealpi.it\/de\/wp-json\/wp\/v2\/tribe_events\/79993\/revisions\/84705"}],"wp:attachment":[{"href":"https:\/\/www.dolomitiprealpi.it\/de\/wp-json\/wp\/v2\/media?parent=79993"}],"wp:term":[{"taxonomy":"post_tag","embeddable":true,"href":"https:\/\/www.dolomitiprealpi.it\/de\/wp-json\/wp\/v2\/tags?post=79993"},{"taxonomy":"tribe_events_cat","embeddable":true,"href":"https:\/\/www.dolomitiprealpi.it\/de\/wp-json\/wp\/v2\/tribe_events_cat?post=79993"}],"curies":[{"name":"wp","href":"https:\/\/api.w.org\/{rel}","templated":true}]}}

<p>Mit der Organisation des Vereins Pietra e Scalpellini kehrt das Duo&nbsp;<b>Molom</b> mit einer <b>Live-Performance</b> von 30 Minuten zurück, in der der Stein zu einem Material der Einstich wird, sowohl musikalisch als auch physisch greifbar. </p>
<p>„Fragmente einer Matrix, die bereit ist zu explodieren“, so der Titel der Performance, vereint die Kunst der Skulptur und ihre Gestik mit der Soundbearbeitung in Echtzeit. <br />Der Parallelismus zwischen Voll und Leerheit hebt hervor, wie die Skulptur, die Kunst des Hebens, verborgene Formen offenbart, während der Klang durch die geschaffenen Leerräume zum Ausdruck kommt. Dieser Dialog zwischen Hebung und Hinzufügen schafft eine Spannung, die zum Nachdenken über die Dichotomien Abwesenheit / Präsenz, Stille / Lärm einlädt. <br />Die Performances von Molom sind Erfahrungen, die die Interkonnektivität zwischen visuellen Künsten und Sound Art umarmen und einen lebendigen Dialog zwischen zwei Kunstformen schaffen, die zum Hintergrund der beiden Performer gehören.</p>
<p>Die Veranstaltung findet in der ehemaligen&nbsp;<b>Cava di Rodei</b> statt: Vom Museum aus (wo Parkmöglichkeiten bestehen) geht es etwa 1 km in Richtung Podenzoi, auf Höhe der Schulen, großer Parkplatz. Dann weitere 500 m. (auf Höhe der Brücke) letzter Parkplatz (reserviert für Menschen mit Behinderungen, Senioren und Mütter mit Kindern). Die Veranstaltung wird mit Schildern signalisiert und findet ca. 200 m vom Parkplatz entfernt statt.</p>
<p>Ein&nbsp;<b>Teilnahmebeitrag von&nbsp;5 €</b> wird erhoben, inklusive eines Eintrittstickets für das Museum (nicht namentlich). </p>
<p>Eine Reservierung wird empfohlen unter der E-Mail-Adresse: pietraescalpellini@gmail.com</p>
<p>Darstellung des Duos Molom</p>

<p>Mit der Organisation des Vereins Pietra e Scalpellini kehrt das Duo&nbsp;Molom mit einer Live-Performance von 30 Minuten zurück, in der der Stein zu einem Material der Einstich wird, sowohl musikalisch</p>

<!-- This site is optimized with the Yoast SEO plugin v25.7 - https://yoast.com/wordpress/plugins/seo/ -->
<title>&quot;Frammenti di una matrice pronta a esplodere&quot; - Dolomiti Prealpi</title>
<meta name="robots" content="index, follow, max-snippet:-1, max-image-preview:large, max-video-preview:-1" />
<link rel="canonical" href="https://www.dolomitiprealpi.it/de/event/frammenti-di-una-matrice-pronta-a-esplodere/" />
<meta property="og:locale" content="de_DE" />
<meta property="og:type" content="article" />
<meta property="og:title" content="&quot;Frammenti di una matrice pronta a esplodere&quot; - Dolomiti Prealpi" />
<meta property="og:description" content="Mit der Organisation des Vereins Pietra e Scalpellini kehrt das Duo&nbsp;Molom mit einer Live-Performance von 30 Minuten zurück, in der der Stein zu einem Material der Einstich wird, sowohl musikalisch" />
<meta property="og:url" content="https://www.dolomitiprealpi.it/de/event/frammenti-di-una-matrice-pronta-a-esplodere/" />
<meta property="og:site_name" content="Dolomiti Prealpi" />
<meta property="article:publisher" content="https://www.facebook.com/dolomitiprealpi.it/" />
<meta property="article:modified_time" content="2026-02-21T15:49:13+00:00" />
<meta property="og:image" content="https://www.dolomitiprealpi.it/wp-content/uploads/2022/11/C.-Timpone-Foto-archivio-Consorzio-turistico-Dolomiti-Prealpi-Nevegal-Belluno-Bike-18-2.jpg" />
	<meta property="og:image:width" content="2048" />
	<meta property="og:image:height" content="1888" />
	<meta property="og:image:type" content="image/jpeg" />
<meta name="twitter:card" content="summary_large_image" />
<meta name="twitter:label1" content="Est. reading time" />
	<meta name="twitter:data1" content="1 minute" />
<script type="application/ld+json" class="yoast-schema-graph">{"@context":"https://schema.org","@graph":[{"@type":"WebPage","@id":"https://www.dolomitiprealpi.it/de/event/frammenti-di-una-matrice-pronta-a-esplodere/","url":"https://www.dolomitiprealpi.it/de/event/frammenti-di-una-matrice-pronta-a-esplodere/","name":"\"Frammenti di una matrice pronta a esplodere\" - Dolomiti Prealpi","isPartOf":{"@id":"https://www.dolomitiprealpi.it/de/#website"},"datePublished":"2026-02-15T11:31:04+00:00","dateModified":"2026-02-21T15:49:13+00:00","breadcrumb":{"@id":"https://www.dolomitiprealpi.it/de/event/frammenti-di-una-matrice-pronta-a-esplodere/#breadcrumb"},"inLanguage":"de-DE","potentialAction":[{"@type":"ReadAction","target":["https://www.dolomitiprealpi.it/de/event/frammenti-di-una-matrice-pronta-a-esplodere/"]}]},{"@type":"BreadcrumbList","@id":"https://www.dolomitiprealpi.it/de/event/frammenti-di-una-matrice-pronta-a-esplodere/#breadcrumb","itemListElement":[{"@type":"ListItem","position":1,"name":"Home","item":"https://www.dolomitiprealpi.it/de/"},{"@type":"ListItem","position":2,"name":"Veranstaltungen","item":"https://www.dolomitiprealpi.it/de/events/"},{"@type":"ListItem","position":3,"name":"&#8220;Frammenti di una matrice pronta a esplodere&#8221;"}]},{"@type":"WebSite","@id":"https://www.dolomitiprealpi.it/de/#website","url":"https://www.dolomitiprealpi.it/de/","name":"Dolomiti Prealpi","description":"","publisher":{"@id":"https://www.dolomitiprealpi.it/de/#organization"},"potentialAction":[{"@type":"SearchAction","target":{"@type":"EntryPoint","urlTemplate":"https://www.dolomitiprealpi.it/de/?s={search_term_string}"},"query-input":{"@type":"PropertyValueSpecification","valueRequired":true,"valueName":"search_term_string"}}],"inLanguage":"de-DE"},{"@type":"Organization","@id":"https://www.dolomitiprealpi.it/de/#organization","name":"Consorzio Dolomiti Prealpi","url":"https://www.dolomitiprealpi.it/de/","logo":{"@type":"ImageObject","inLanguage":"de-DE","@id":"https://www.dolomitiprealpi.it/de/#/schema/logo/image/","url":"https://www.dolomitiprealpi.it/wp-content/uploads/2023/03/dolomitiprealpi-favicon.jpg","contentUrl":"https://www.dolomitiprealpi.it/wp-content/uploads/2023/03/dolomitiprealpi-favicon.jpg","width":512,"height":512,"caption":"Consorzio Dolomiti Prealpi"},"image":{"@id":"https://www.dolomitiprealpi.it/de/#/schema/logo/image/"},"sameAs":["https://www.facebook.com/dolomitiprealpi.it/","https://www.instagram.com/dolomitiprealpi/"]}]}</script>
<!-- / Yoast SEO plugin. -->

Mit der Organisation des Vereins Pietra e Scalpellini kehrt das Duo&nbsp;Molom mit einer Live-Performance von 30 Minuten zurück, in der der Stein zu einem Material der Einstich wird, sowohl musikalisch
