{"id":79835,"date":"2026-02-15T12:27:22","date_gmt":"2026-02-15T11:27:22","guid":{"rendered":"https:\/\/www.dolomitiprealpi.it\/event\/biblioteca-gregoriana-aperta\/"},"modified":"2026-02-21T16:46:11","modified_gmt":"2026-02-21T15:46:11","slug":"biblioteca-gregoriana-aperta","status":"publish","type":"tribe_events","link":"https:\/\/www.dolomitiprealpi.it\/de\/event\/biblioteca-gregoriana-aperta\/","title":{"rendered":"Biblioteca Gregoriana aperta"},"content":{"rendered":"<p>Am Sonntag, den 24. August von 15.30 bis 18.00 Uhr finden die <b>sondergef\u00fchrten Touren zur Gregoriana-Bibliothek<\/b> des Seminars statt, geleitet von Dr. Jacopo De Pasquale in Zusammenarbeit mit der Associazione Campedel und dem Seminar.<\/p>\n<p><b>Drei Zeitfenster<\/b>, um 15.30, 16.20 und 17.15 Uhr, werden die Besucher auf die Entdeckung dieses interessanten Ortes mitnehmen. <\/p>\n<p>Getrennt von der bekannteren Lolliniana-Kapitelsbibliothek wurde die Gregoriana-Bibliothek von Papst Gregor XVI., dem ersten pontifex aus Belluno, als Schatzkammer der Kultur und Ausbildungsort f\u00fcr den st\u00e4dtischen Klerus bei der Wiederer\u00f6ffnung des Seminars im alten Franziskanerkloster San Pietro in den drei\u00dfiger Jahren des 19. Jahrhunderts gegr\u00fcndet. Heute gibt es etwa 83.000 B\u00e4nde, darunter neben der Spende von Tommaso Catullo die Kupferstiche von Piranesi, den von der j\u00fcdischen Gemeinde in Rom gespendeten Band mit den Zeichnungen von Paolo Paoletti, einige Inkunabeln, den &#8220;Atlas Maior sive Cosmographia universalis&#8221; in elf B\u00e4nden (18. Jahrhundert) und schlie\u00dflich das bedeutende Borso-Archiv mit seinen neun aldinen Ausgaben.<\/p>\n<p>Die gef\u00fchrten Touren sind <b>kostenlos<\/b> und eine Anmeldung ist nicht erforderlich, es gen\u00fcgt, sich in der Kirche San Pietro (Via San Pietro, Belluno) einzufinden.<\/p>\n<p>Die gesammelten Spenden sind f\u00fcr die Fundraising-Aktion f\u00fcr die Stations der Kreuzwegdarstellungen aus dem 19. Jahrhundert von Antonio Federici bestimmt, die in der Kirche San Pietro aufbewahrt werden<b>.<\/b><\/p>\n<p>Kostenlose gef\u00fchrte Touren<\/p>\n","protected":false},"excerpt":{"rendered":"<p>Am Sonntag, den 24. August von 15.30 bis 18.00 Uhr finden die sondergef\u00fchrten Touren zur Gregoriana-Bibliothek des Seminars statt, geleitet von Dr. Jacopo De Pasquale in Zusammenarbeit mit der Associazione<\/p>\n","protected":false},"author":0,"featured_media":0,"template":"","meta":{"_acf_changed":false,"inline_featured_image":false,"_tribe_events_status":"","_tribe_events_status_reason":"","footnotes":""},"tags":[259],"tribe_events_cat":[],"class_list":["post-79835","tribe_events","type-tribe_events","status-publish","hentry","tag-eventi-feratel"],"acf":[],"yoast_head":"<!-- This site is optimized with the Yoast SEO plugin v25.7 - https:\/\/yoast.com\/wordpress\/plugins\/seo\/ -->\n<title>Biblioteca Gregoriana aperta - Dolomiti Prealpi<\/title>\n<meta name=\"robots\" content=\"index, follow, max-snippet:-1, max-image-preview:large, max-video-preview:-1\" \/>\n<link rel=\"canonical\" href=\"https:\/\/www.dolomitiprealpi.it\/de\/event\/biblioteca-gregoriana-aperta\/\" \/>\n<meta property=\"og:locale\" content=\"de_DE\" \/>\n<meta property=\"og:type\" content=\"article\" \/>\n<meta property=\"og:title\" content=\"Biblioteca Gregoriana aperta - Dolomiti Prealpi\" \/>\n<meta property=\"og:description\" content=\"Am Sonntag, den 24. August von 15.30 bis 18.00 Uhr finden die sondergef\u00fchrten Touren zur Gregoriana-Bibliothek des Seminars statt, geleitet von Dr. Jacopo De Pasquale in Zusammenarbeit mit der Associazione\" \/>\n<meta property=\"og:url\" content=\"https:\/\/www.dolomitiprealpi.it\/de\/event\/biblioteca-gregoriana-aperta\/\" \/>\n<meta property=\"og:site_name\" content=\"Dolomiti Prealpi\" \/>\n<meta property=\"article:publisher\" content=\"https:\/\/www.facebook.com\/dolomitiprealpi.it\/\" \/>\n<meta property=\"article:modified_time\" content=\"2026-02-21T15:46:11+00:00\" \/>\n<meta property=\"og:image\" content=\"https:\/\/www.dolomitiprealpi.it\/wp-content\/uploads\/2022\/11\/C.-Timpone-Foto-archivio-Consorzio-turistico-Dolomiti-Prealpi-Nevegal-Belluno-Bike-18-2.jpg\" \/>\n\t<meta property=\"og:image:width\" content=\"2048\" \/>\n\t<meta property=\"og:image:height\" content=\"1888\" \/>\n\t<meta property=\"og:image:type\" content=\"image\/jpeg\" \/>\n<meta name=\"twitter:card\" content=\"summary_large_image\" \/>\n<meta name=\"twitter:label1\" content=\"Est. reading time\" \/>\n\t<meta name=\"twitter:data1\" content=\"1 minute\" \/>\n<script type=\"application\/ld+json\" class=\"yoast-schema-graph\">{\"@context\":\"https:\/\/schema.org\",\"@graph\":[{\"@type\":\"WebPage\",\"@id\":\"https:\/\/www.dolomitiprealpi.it\/de\/event\/biblioteca-gregoriana-aperta\/\",\"url\":\"https:\/\/www.dolomitiprealpi.it\/de\/event\/biblioteca-gregoriana-aperta\/\",\"name\":\"Biblioteca Gregoriana aperta - Dolomiti Prealpi\",\"isPartOf\":{\"@id\":\"https:\/\/www.dolomitiprealpi.it\/de\/#website\"},\"datePublished\":\"2026-02-15T11:27:22+00:00\",\"dateModified\":\"2026-02-21T15:46:11+00:00\",\"breadcrumb\":{\"@id\":\"https:\/\/www.dolomitiprealpi.it\/de\/event\/biblioteca-gregoriana-aperta\/#breadcrumb\"},\"inLanguage\":\"de-DE\",\"potentialAction\":[{\"@type\":\"ReadAction\",\"target\":[\"https:\/\/www.dolomitiprealpi.it\/de\/event\/biblioteca-gregoriana-aperta\/\"]}]},{\"@type\":\"BreadcrumbList\",\"@id\":\"https:\/\/www.dolomitiprealpi.it\/de\/event\/biblioteca-gregoriana-aperta\/#breadcrumb\",\"itemListElement\":[{\"@type\":\"ListItem\",\"position\":1,\"name\":\"Home\",\"item\":\"https:\/\/www.dolomitiprealpi.it\/de\/\"},{\"@type\":\"ListItem\",\"position\":2,\"name\":\"Veranstaltungen\",\"item\":\"https:\/\/www.dolomitiprealpi.it\/de\/events\/\"},{\"@type\":\"ListItem\",\"position\":3,\"name\":\"Biblioteca Gregoriana aperta\"}]},{\"@type\":\"WebSite\",\"@id\":\"https:\/\/www.dolomitiprealpi.it\/de\/#website\",\"url\":\"https:\/\/www.dolomitiprealpi.it\/de\/\",\"name\":\"Dolomiti Prealpi\",\"description\":\"\",\"publisher\":{\"@id\":\"https:\/\/www.dolomitiprealpi.it\/de\/#organization\"},\"potentialAction\":[{\"@type\":\"SearchAction\",\"target\":{\"@type\":\"EntryPoint\",\"urlTemplate\":\"https:\/\/www.dolomitiprealpi.it\/de\/?s={search_term_string}\"},\"query-input\":{\"@type\":\"PropertyValueSpecification\",\"valueRequired\":true,\"valueName\":\"search_term_string\"}}],\"inLanguage\":\"de-DE\"},{\"@type\":\"Organization\",\"@id\":\"https:\/\/www.dolomitiprealpi.it\/de\/#organization\",\"name\":\"Consorzio Dolomiti Prealpi\",\"url\":\"https:\/\/www.dolomitiprealpi.it\/de\/\",\"logo\":{\"@type\":\"ImageObject\",\"inLanguage\":\"de-DE\",\"@id\":\"https:\/\/www.dolomitiprealpi.it\/de\/#\/schema\/logo\/image\/\",\"url\":\"https:\/\/www.dolomitiprealpi.it\/wp-content\/uploads\/2023\/03\/dolomitiprealpi-favicon.jpg\",\"contentUrl\":\"https:\/\/www.dolomitiprealpi.it\/wp-content\/uploads\/2023\/03\/dolomitiprealpi-favicon.jpg\",\"width\":512,\"height\":512,\"caption\":\"Consorzio Dolomiti Prealpi\"},\"image\":{\"@id\":\"https:\/\/www.dolomitiprealpi.it\/de\/#\/schema\/logo\/image\/\"},\"sameAs\":[\"https:\/\/www.facebook.com\/dolomitiprealpi.it\/\",\"https:\/\/www.instagram.com\/dolomitiprealpi\/\"]}]}<\/script>\n<!-- \/ Yoast SEO plugin. -->","yoast_head_json":{"title":"Biblioteca Gregoriana aperta - Dolomiti Prealpi","robots":{"index":"index","follow":"follow","max-snippet":"max-snippet:-1","max-image-preview":"max-image-preview:large","max-video-preview":"max-video-preview:-1"},"canonical":"https:\/\/www.dolomitiprealpi.it\/de\/event\/biblioteca-gregoriana-aperta\/","og_locale":"de_DE","og_type":"article","og_title":"Biblioteca Gregoriana aperta - Dolomiti Prealpi","og_description":"Am Sonntag, den 24. August von 15.30 bis 18.00 Uhr finden die sondergef\u00fchrten Touren zur Gregoriana-Bibliothek des Seminars statt, geleitet von Dr. Jacopo De Pasquale in Zusammenarbeit mit der Associazione","og_url":"https:\/\/www.dolomitiprealpi.it\/de\/event\/biblioteca-gregoriana-aperta\/","og_site_name":"Dolomiti Prealpi","article_publisher":"https:\/\/www.facebook.com\/dolomitiprealpi.it\/","article_modified_time":"2026-02-21T15:46:11+00:00","og_image":[{"width":2048,"height":1888,"url":"https:\/\/www.dolomitiprealpi.it\/wp-content\/uploads\/2022\/11\/C.-Timpone-Foto-archivio-Consorzio-turistico-Dolomiti-Prealpi-Nevegal-Belluno-Bike-18-2.jpg","type":"image\/jpeg"}],"twitter_card":"summary_large_image","twitter_misc":{"Est. reading time":"1 minute"},"schema":{"@context":"https:\/\/schema.org","@graph":[{"@type":"WebPage","@id":"https:\/\/www.dolomitiprealpi.it\/de\/event\/biblioteca-gregoriana-aperta\/","url":"https:\/\/www.dolomitiprealpi.it\/de\/event\/biblioteca-gregoriana-aperta\/","name":"Biblioteca Gregoriana aperta - Dolomiti Prealpi","isPartOf":{"@id":"https:\/\/www.dolomitiprealpi.it\/de\/#website"},"datePublished":"2026-02-15T11:27:22+00:00","dateModified":"2026-02-21T15:46:11+00:00","breadcrumb":{"@id":"https:\/\/www.dolomitiprealpi.it\/de\/event\/biblioteca-gregoriana-aperta\/#breadcrumb"},"inLanguage":"de-DE","potentialAction":[{"@type":"ReadAction","target":["https:\/\/www.dolomitiprealpi.it\/de\/event\/biblioteca-gregoriana-aperta\/"]}]},{"@type":"BreadcrumbList","@id":"https:\/\/www.dolomitiprealpi.it\/de\/event\/biblioteca-gregoriana-aperta\/#breadcrumb","itemListElement":[{"@type":"ListItem","position":1,"name":"Home","item":"https:\/\/www.dolomitiprealpi.it\/de\/"},{"@type":"ListItem","position":2,"name":"Veranstaltungen","item":"https:\/\/www.dolomitiprealpi.it\/de\/events\/"},{"@type":"ListItem","position":3,"name":"Biblioteca Gregoriana aperta"}]},{"@type":"WebSite","@id":"https:\/\/www.dolomitiprealpi.it\/de\/#website","url":"https:\/\/www.dolomitiprealpi.it\/de\/","name":"Dolomiti Prealpi","description":"","publisher":{"@id":"https:\/\/www.dolomitiprealpi.it\/de\/#organization"},"potentialAction":[{"@type":"SearchAction","target":{"@type":"EntryPoint","urlTemplate":"https:\/\/www.dolomitiprealpi.it\/de\/?s={search_term_string}"},"query-input":{"@type":"PropertyValueSpecification","valueRequired":true,"valueName":"search_term_string"}}],"inLanguage":"de-DE"},{"@type":"Organization","@id":"https:\/\/www.dolomitiprealpi.it\/de\/#organization","name":"Consorzio Dolomiti Prealpi","url":"https:\/\/www.dolomitiprealpi.it\/de\/","logo":{"@type":"ImageObject","inLanguage":"de-DE","@id":"https:\/\/www.dolomitiprealpi.it\/de\/#\/schema\/logo\/image\/","url":"https:\/\/www.dolomitiprealpi.it\/wp-content\/uploads\/2023\/03\/dolomitiprealpi-favicon.jpg","contentUrl":"https:\/\/www.dolomitiprealpi.it\/wp-content\/uploads\/2023\/03\/dolomitiprealpi-favicon.jpg","width":512,"height":512,"caption":"Consorzio Dolomiti Prealpi"},"image":{"@id":"https:\/\/www.dolomitiprealpi.it\/de\/#\/schema\/logo\/image\/"},"sameAs":["https:\/\/www.facebook.com\/dolomitiprealpi.it\/","https:\/\/www.instagram.com\/dolomitiprealpi\/"]}]}},"_links":{"self":[{"href":"https:\/\/www.dolomitiprealpi.it\/de\/wp-json\/wp\/v2\/tribe_events\/79835","targetHints":{"allow":["GET"]}}],"collection":[{"href":"https:\/\/www.dolomitiprealpi.it\/de\/wp-json\/wp\/v2\/tribe_events"}],"about":[{"href":"https:\/\/www.dolomitiprealpi.it\/de\/wp-json\/wp\/v2\/types\/tribe_events"}],"version-history":[{"count":1,"href":"https:\/\/www.dolomitiprealpi.it\/de\/wp-json\/wp\/v2\/tribe_events\/79835\/revisions"}],"predecessor-version":[{"id":84393,"href":"https:\/\/www.dolomitiprealpi.it\/de\/wp-json\/wp\/v2\/tribe_events\/79835\/revisions\/84393"}],"wp:attachment":[{"href":"https:\/\/www.dolomitiprealpi.it\/de\/wp-json\/wp\/v2\/media?parent=79835"}],"wp:term":[{"taxonomy":"post_tag","embeddable":true,"href":"https:\/\/www.dolomitiprealpi.it\/de\/wp-json\/wp\/v2\/tags?post=79835"},{"taxonomy":"tribe_events_cat","embeddable":true,"href":"https:\/\/www.dolomitiprealpi.it\/de\/wp-json\/wp\/v2\/tribe_events_cat?post=79835"}],"curies":[{"name":"wp","href":"https:\/\/api.w.org\/{rel}","templated":true}]}}

<p>Am Sonntag, den 24. August von 15.30 bis 18.00 Uhr finden die <b>sondergeführten Touren zur Gregoriana-Bibliothek</b> des Seminars statt, geleitet von Dr. Jacopo De Pasquale in Zusammenarbeit mit der Associazione Campedel und dem Seminar.</p>
<p><b>Drei Zeitfenster</b>, um 15.30, 16.20 und 17.15 Uhr, werden die Besucher auf die Entdeckung dieses interessanten Ortes mitnehmen. </p>
<p>Getrennt von der bekannteren Lolliniana-Kapitelsbibliothek wurde die Gregoriana-Bibliothek von Papst Gregor XVI., dem ersten pontifex aus Belluno, als Schatzkammer der Kultur und Ausbildungsort für den städtischen Klerus bei der Wiedereröffnung des Seminars im alten Franziskanerkloster San Pietro in den dreißiger Jahren des 19. Jahrhunderts gegründet. Heute gibt es etwa 83.000 Bände, darunter neben der Spende von Tommaso Catullo die Kupferstiche von Piranesi, den von der jüdischen Gemeinde in Rom gespendeten Band mit den Zeichnungen von Paolo Paoletti, einige Inkunabeln, den &#8220;Atlas Maior sive Cosmographia universalis&#8221; in elf Bänden (18. Jahrhundert) und schließlich das bedeutende Borso-Archiv mit seinen neun aldinen Ausgaben.</p>
<p>Die geführten Touren sind <b>kostenlos</b> und eine Anmeldung ist nicht erforderlich, es genügt, sich in der Kirche San Pietro (Via San Pietro, Belluno) einzufinden.</p>
<p>Die gesammelten Spenden sind für die Fundraising-Aktion für die Stations der Kreuzwegdarstellungen aus dem 19. Jahrhundert von Antonio Federici bestimmt, die in der Kirche San Pietro aufbewahrt werden<b>.</b></p>
<p>Kostenlose geführte Touren</p>

<p>Am Sonntag, den 24. August von 15.30 bis 18.00 Uhr finden die sondergeführten Touren zur Gregoriana-Bibliothek des Seminars statt, geleitet von Dr. Jacopo De Pasquale in Zusammenarbeit mit der Associazione</p>

<!-- This site is optimized with the Yoast SEO plugin v25.7 - https://yoast.com/wordpress/plugins/seo/ -->
<title>Biblioteca Gregoriana aperta - Dolomiti Prealpi</title>
<meta name="robots" content="index, follow, max-snippet:-1, max-image-preview:large, max-video-preview:-1" />
<link rel="canonical" href="https://www.dolomitiprealpi.it/de/event/biblioteca-gregoriana-aperta/" />
<meta property="og:locale" content="de_DE" />
<meta property="og:type" content="article" />
<meta property="og:title" content="Biblioteca Gregoriana aperta - Dolomiti Prealpi" />
<meta property="og:description" content="Am Sonntag, den 24. August von 15.30 bis 18.00 Uhr finden die sondergeführten Touren zur Gregoriana-Bibliothek des Seminars statt, geleitet von Dr. Jacopo De Pasquale in Zusammenarbeit mit der Associazione" />
<meta property="og:url" content="https://www.dolomitiprealpi.it/de/event/biblioteca-gregoriana-aperta/" />
<meta property="og:site_name" content="Dolomiti Prealpi" />
<meta property="article:publisher" content="https://www.facebook.com/dolomitiprealpi.it/" />
<meta property="article:modified_time" content="2026-02-21T15:46:11+00:00" />
<meta property="og:image" content="https://www.dolomitiprealpi.it/wp-content/uploads/2022/11/C.-Timpone-Foto-archivio-Consorzio-turistico-Dolomiti-Prealpi-Nevegal-Belluno-Bike-18-2.jpg" />
	<meta property="og:image:width" content="2048" />
	<meta property="og:image:height" content="1888" />
	<meta property="og:image:type" content="image/jpeg" />
<meta name="twitter:card" content="summary_large_image" />
<meta name="twitter:label1" content="Est. reading time" />
	<meta name="twitter:data1" content="1 minute" />
<script type="application/ld+json" class="yoast-schema-graph">{"@context":"https://schema.org","@graph":[{"@type":"WebPage","@id":"https://www.dolomitiprealpi.it/de/event/biblioteca-gregoriana-aperta/","url":"https://www.dolomitiprealpi.it/de/event/biblioteca-gregoriana-aperta/","name":"Biblioteca Gregoriana aperta - Dolomiti Prealpi","isPartOf":{"@id":"https://www.dolomitiprealpi.it/de/#website"},"datePublished":"2026-02-15T11:27:22+00:00","dateModified":"2026-02-21T15:46:11+00:00","breadcrumb":{"@id":"https://www.dolomitiprealpi.it/de/event/biblioteca-gregoriana-aperta/#breadcrumb"},"inLanguage":"de-DE","potentialAction":[{"@type":"ReadAction","target":["https://www.dolomitiprealpi.it/de/event/biblioteca-gregoriana-aperta/"]}]},{"@type":"BreadcrumbList","@id":"https://www.dolomitiprealpi.it/de/event/biblioteca-gregoriana-aperta/#breadcrumb","itemListElement":[{"@type":"ListItem","position":1,"name":"Home","item":"https://www.dolomitiprealpi.it/de/"},{"@type":"ListItem","position":2,"name":"Veranstaltungen","item":"https://www.dolomitiprealpi.it/de/events/"},{"@type":"ListItem","position":3,"name":"Biblioteca Gregoriana aperta"}]},{"@type":"WebSite","@id":"https://www.dolomitiprealpi.it/de/#website","url":"https://www.dolomitiprealpi.it/de/","name":"Dolomiti Prealpi","description":"","publisher":{"@id":"https://www.dolomitiprealpi.it/de/#organization"},"potentialAction":[{"@type":"SearchAction","target":{"@type":"EntryPoint","urlTemplate":"https://www.dolomitiprealpi.it/de/?s={search_term_string}"},"query-input":{"@type":"PropertyValueSpecification","valueRequired":true,"valueName":"search_term_string"}}],"inLanguage":"de-DE"},{"@type":"Organization","@id":"https://www.dolomitiprealpi.it/de/#organization","name":"Consorzio Dolomiti Prealpi","url":"https://www.dolomitiprealpi.it/de/","logo":{"@type":"ImageObject","inLanguage":"de-DE","@id":"https://www.dolomitiprealpi.it/de/#/schema/logo/image/","url":"https://www.dolomitiprealpi.it/wp-content/uploads/2023/03/dolomitiprealpi-favicon.jpg","contentUrl":"https://www.dolomitiprealpi.it/wp-content/uploads/2023/03/dolomitiprealpi-favicon.jpg","width":512,"height":512,"caption":"Consorzio Dolomiti Prealpi"},"image":{"@id":"https://www.dolomitiprealpi.it/de/#/schema/logo/image/"},"sameAs":["https://www.facebook.com/dolomitiprealpi.it/","https://www.instagram.com/dolomitiprealpi/"]}]}</script>
<!-- / Yoast SEO plugin. -->

Am Sonntag, den 24. August von 15.30 bis 18.00 Uhr finden die sondergeführten Touren zur Gregoriana-Bibliothek des Seminars statt, geleitet von Dr. Jacopo De Pasquale in Zusammenarbeit mit der Associazione
