{"id":79791,"date":"2026-02-15T12:26:32","date_gmt":"2026-02-15T11:26:32","guid":{"rendered":"https:\/\/www.dolomitiprealpi.it\/event\/pom-per\/"},"modified":"2026-02-21T16:45:26","modified_gmt":"2026-02-21T15:45:26","slug":"pom-per","status":"publish","type":"tribe_events","link":"https:\/\/www.dolomitiprealpi.it\/de\/event\/pom-per\/","title":{"rendered":"Pom &#038; Per"},"content":{"rendered":"<p>Die Feier in Moldoi di Sospirolo erstrahlt wieder im glanzvollen Rahmen von <b>Villa Sandi &#8211; Zasso<\/b>.<\/p>\n<p>Ein dichter und unvergesslicher Tag zum Gedenken an <b>Carlo Zasso<\/b>, einen erfahrenen Agronomen und \u00f6ffentlichen Verwalter.&nbsp;Eine Pers\u00f6nlichkeit von grundlegender Bedeutung f\u00fcr die Kultur des neunzehnten Jahrhunderts in Belluno, war er B\u00fcrgermeister von Sospirolo in den Jahren 1882 und 1883 und hatte das gleiche Amt auch in Agordo, seiner Heimatstadt, inne. Er war Pr\u00e4sident des Rates in der Provinz Belluno und dann B\u00fcrgermeister der gleichen Stadt. W\u00e4hrend seiner Amtszeiten zeigte er gleiche Verantwortung gegen\u00fcber den verschiedenen sozialen Schichten; er gr\u00fcndete die wandernde Landwirtschaftsklasse, ein Zeichen der \u00d6ffnung zur l\u00e4ndlichen Welt, und schaffte in Belluno das Findelhaus ab.<\/p>\n<p>&#8220;Pom &amp; Per&#8221; m\u00f6chte ihn mit einem sehr reichen Programm f\u00fcr einen Tag voller lokaler landwirtschaftlicher Produkte und der Entdeckung unserer Sch\u00e4tze in Erinnerung behalten.<\/p>\n<p>Von den Konferenzen \u00fcber die Ausstellung von Obst- und Gem\u00fcseprodukten sowie Kunsthandwerk, von Ausstellungen \u00fcber alte Spiele, von F\u00fchrungen zu Heilpflanzen und Gem\u00fcseanbau, bis hin zu den Landungen und Starts von Bergpiloten: Ein tag voller Events erwartet Sie an Villa Zasso und Umgebung.<\/p>\n<p>Zugang vom Zentrum&nbsp;von Maras (Ort Sospirolo) bergauf f\u00fcr 600 m.,&nbsp;gro\u00dfer Parkplatz vor der Villa Zasso<\/p>\n<p>Geschm\u00e4cker und Handwerk warten auf dich in Moldoi di Sospirolo<\/p>\n","protected":false},"excerpt":{"rendered":"<p>Die Feier in Moldoi di Sospirolo erstrahlt wieder im glanzvollen Rahmen von Villa Sandi &#8211; Zasso. Ein dichter und unvergesslicher Tag zum Gedenken an Carlo Zasso, einen erfahrenen Agronomen und<\/p>\n","protected":false},"author":0,"featured_media":0,"template":"","meta":{"_acf_changed":false,"inline_featured_image":false,"_tribe_events_status":"","_tribe_events_status_reason":"","footnotes":""},"tags":[259],"tribe_events_cat":[],"class_list":["post-79791","tribe_events","type-tribe_events","status-publish","hentry","tag-eventi-feratel"],"acf":[],"yoast_head":"<!-- This site is optimized with the Yoast SEO plugin v25.7 - https:\/\/yoast.com\/wordpress\/plugins\/seo\/ -->\n<title>Pom &amp; Per - Dolomiti Prealpi<\/title>\n<meta name=\"robots\" content=\"index, follow, max-snippet:-1, max-image-preview:large, max-video-preview:-1\" \/>\n<link rel=\"canonical\" href=\"https:\/\/www.dolomitiprealpi.it\/de\/event\/pom-per\/\" \/>\n<meta property=\"og:locale\" content=\"de_DE\" \/>\n<meta property=\"og:type\" content=\"article\" \/>\n<meta property=\"og:title\" content=\"Pom &amp; Per - Dolomiti Prealpi\" \/>\n<meta property=\"og:description\" content=\"Die Feier in Moldoi di Sospirolo erstrahlt wieder im glanzvollen Rahmen von Villa Sandi &#8211; Zasso. Ein dichter und unvergesslicher Tag zum Gedenken an Carlo Zasso, einen erfahrenen Agronomen und\" \/>\n<meta property=\"og:url\" content=\"https:\/\/www.dolomitiprealpi.it\/de\/event\/pom-per\/\" \/>\n<meta property=\"og:site_name\" content=\"Dolomiti Prealpi\" \/>\n<meta property=\"article:publisher\" content=\"https:\/\/www.facebook.com\/dolomitiprealpi.it\/\" \/>\n<meta property=\"article:modified_time\" content=\"2026-02-21T15:45:26+00:00\" \/>\n<meta property=\"og:image\" content=\"https:\/\/www.dolomitiprealpi.it\/wp-content\/uploads\/2022\/11\/C.-Timpone-Foto-archivio-Consorzio-turistico-Dolomiti-Prealpi-Nevegal-Belluno-Bike-18-2.jpg\" \/>\n\t<meta property=\"og:image:width\" content=\"2048\" \/>\n\t<meta property=\"og:image:height\" content=\"1888\" \/>\n\t<meta property=\"og:image:type\" content=\"image\/jpeg\" \/>\n<meta name=\"twitter:card\" content=\"summary_large_image\" \/>\n<meta name=\"twitter:label1\" content=\"Est. reading time\" \/>\n\t<meta name=\"twitter:data1\" content=\"1 minute\" \/>\n<script type=\"application\/ld+json\" class=\"yoast-schema-graph\">{\"@context\":\"https:\/\/schema.org\",\"@graph\":[{\"@type\":\"WebPage\",\"@id\":\"https:\/\/www.dolomitiprealpi.it\/de\/event\/pom-per\/\",\"url\":\"https:\/\/www.dolomitiprealpi.it\/de\/event\/pom-per\/\",\"name\":\"Pom & Per - Dolomiti Prealpi\",\"isPartOf\":{\"@id\":\"https:\/\/www.dolomitiprealpi.it\/de\/#website\"},\"datePublished\":\"2026-02-15T11:26:32+00:00\",\"dateModified\":\"2026-02-21T15:45:26+00:00\",\"breadcrumb\":{\"@id\":\"https:\/\/www.dolomitiprealpi.it\/de\/event\/pom-per\/#breadcrumb\"},\"inLanguage\":\"de-DE\",\"potentialAction\":[{\"@type\":\"ReadAction\",\"target\":[\"https:\/\/www.dolomitiprealpi.it\/de\/event\/pom-per\/\"]}]},{\"@type\":\"BreadcrumbList\",\"@id\":\"https:\/\/www.dolomitiprealpi.it\/de\/event\/pom-per\/#breadcrumb\",\"itemListElement\":[{\"@type\":\"ListItem\",\"position\":1,\"name\":\"Home\",\"item\":\"https:\/\/www.dolomitiprealpi.it\/de\/\"},{\"@type\":\"ListItem\",\"position\":2,\"name\":\"Veranstaltungen\",\"item\":\"https:\/\/www.dolomitiprealpi.it\/de\/events\/\"},{\"@type\":\"ListItem\",\"position\":3,\"name\":\"Pom &#038; Per\"}]},{\"@type\":\"WebSite\",\"@id\":\"https:\/\/www.dolomitiprealpi.it\/de\/#website\",\"url\":\"https:\/\/www.dolomitiprealpi.it\/de\/\",\"name\":\"Dolomiti Prealpi\",\"description\":\"\",\"publisher\":{\"@id\":\"https:\/\/www.dolomitiprealpi.it\/de\/#organization\"},\"potentialAction\":[{\"@type\":\"SearchAction\",\"target\":{\"@type\":\"EntryPoint\",\"urlTemplate\":\"https:\/\/www.dolomitiprealpi.it\/de\/?s={search_term_string}\"},\"query-input\":{\"@type\":\"PropertyValueSpecification\",\"valueRequired\":true,\"valueName\":\"search_term_string\"}}],\"inLanguage\":\"de-DE\"},{\"@type\":\"Organization\",\"@id\":\"https:\/\/www.dolomitiprealpi.it\/de\/#organization\",\"name\":\"Consorzio Dolomiti Prealpi\",\"url\":\"https:\/\/www.dolomitiprealpi.it\/de\/\",\"logo\":{\"@type\":\"ImageObject\",\"inLanguage\":\"de-DE\",\"@id\":\"https:\/\/www.dolomitiprealpi.it\/de\/#\/schema\/logo\/image\/\",\"url\":\"https:\/\/www.dolomitiprealpi.it\/wp-content\/uploads\/2023\/03\/dolomitiprealpi-favicon.jpg\",\"contentUrl\":\"https:\/\/www.dolomitiprealpi.it\/wp-content\/uploads\/2023\/03\/dolomitiprealpi-favicon.jpg\",\"width\":512,\"height\":512,\"caption\":\"Consorzio Dolomiti Prealpi\"},\"image\":{\"@id\":\"https:\/\/www.dolomitiprealpi.it\/de\/#\/schema\/logo\/image\/\"},\"sameAs\":[\"https:\/\/www.facebook.com\/dolomitiprealpi.it\/\",\"https:\/\/www.instagram.com\/dolomitiprealpi\/\"]}]}<\/script>\n<!-- \/ Yoast SEO plugin. -->","yoast_head_json":{"title":"Pom & Per - Dolomiti Prealpi","robots":{"index":"index","follow":"follow","max-snippet":"max-snippet:-1","max-image-preview":"max-image-preview:large","max-video-preview":"max-video-preview:-1"},"canonical":"https:\/\/www.dolomitiprealpi.it\/de\/event\/pom-per\/","og_locale":"de_DE","og_type":"article","og_title":"Pom & Per - Dolomiti Prealpi","og_description":"Die Feier in Moldoi di Sospirolo erstrahlt wieder im glanzvollen Rahmen von Villa Sandi &#8211; Zasso. Ein dichter und unvergesslicher Tag zum Gedenken an Carlo Zasso, einen erfahrenen Agronomen und","og_url":"https:\/\/www.dolomitiprealpi.it\/de\/event\/pom-per\/","og_site_name":"Dolomiti Prealpi","article_publisher":"https:\/\/www.facebook.com\/dolomitiprealpi.it\/","article_modified_time":"2026-02-21T15:45:26+00:00","og_image":[{"width":2048,"height":1888,"url":"https:\/\/www.dolomitiprealpi.it\/wp-content\/uploads\/2022\/11\/C.-Timpone-Foto-archivio-Consorzio-turistico-Dolomiti-Prealpi-Nevegal-Belluno-Bike-18-2.jpg","type":"image\/jpeg"}],"twitter_card":"summary_large_image","twitter_misc":{"Est. reading time":"1 minute"},"schema":{"@context":"https:\/\/schema.org","@graph":[{"@type":"WebPage","@id":"https:\/\/www.dolomitiprealpi.it\/de\/event\/pom-per\/","url":"https:\/\/www.dolomitiprealpi.it\/de\/event\/pom-per\/","name":"Pom & Per - Dolomiti Prealpi","isPartOf":{"@id":"https:\/\/www.dolomitiprealpi.it\/de\/#website"},"datePublished":"2026-02-15T11:26:32+00:00","dateModified":"2026-02-21T15:45:26+00:00","breadcrumb":{"@id":"https:\/\/www.dolomitiprealpi.it\/de\/event\/pom-per\/#breadcrumb"},"inLanguage":"de-DE","potentialAction":[{"@type":"ReadAction","target":["https:\/\/www.dolomitiprealpi.it\/de\/event\/pom-per\/"]}]},{"@type":"BreadcrumbList","@id":"https:\/\/www.dolomitiprealpi.it\/de\/event\/pom-per\/#breadcrumb","itemListElement":[{"@type":"ListItem","position":1,"name":"Home","item":"https:\/\/www.dolomitiprealpi.it\/de\/"},{"@type":"ListItem","position":2,"name":"Veranstaltungen","item":"https:\/\/www.dolomitiprealpi.it\/de\/events\/"},{"@type":"ListItem","position":3,"name":"Pom &#038; Per"}]},{"@type":"WebSite","@id":"https:\/\/www.dolomitiprealpi.it\/de\/#website","url":"https:\/\/www.dolomitiprealpi.it\/de\/","name":"Dolomiti Prealpi","description":"","publisher":{"@id":"https:\/\/www.dolomitiprealpi.it\/de\/#organization"},"potentialAction":[{"@type":"SearchAction","target":{"@type":"EntryPoint","urlTemplate":"https:\/\/www.dolomitiprealpi.it\/de\/?s={search_term_string}"},"query-input":{"@type":"PropertyValueSpecification","valueRequired":true,"valueName":"search_term_string"}}],"inLanguage":"de-DE"},{"@type":"Organization","@id":"https:\/\/www.dolomitiprealpi.it\/de\/#organization","name":"Consorzio Dolomiti Prealpi","url":"https:\/\/www.dolomitiprealpi.it\/de\/","logo":{"@type":"ImageObject","inLanguage":"de-DE","@id":"https:\/\/www.dolomitiprealpi.it\/de\/#\/schema\/logo\/image\/","url":"https:\/\/www.dolomitiprealpi.it\/wp-content\/uploads\/2023\/03\/dolomitiprealpi-favicon.jpg","contentUrl":"https:\/\/www.dolomitiprealpi.it\/wp-content\/uploads\/2023\/03\/dolomitiprealpi-favicon.jpg","width":512,"height":512,"caption":"Consorzio Dolomiti Prealpi"},"image":{"@id":"https:\/\/www.dolomitiprealpi.it\/de\/#\/schema\/logo\/image\/"},"sameAs":["https:\/\/www.facebook.com\/dolomitiprealpi.it\/","https:\/\/www.instagram.com\/dolomitiprealpi\/"]}]}},"_links":{"self":[{"href":"https:\/\/www.dolomitiprealpi.it\/de\/wp-json\/wp\/v2\/tribe_events\/79791","targetHints":{"allow":["GET"]}}],"collection":[{"href":"https:\/\/www.dolomitiprealpi.it\/de\/wp-json\/wp\/v2\/tribe_events"}],"about":[{"href":"https:\/\/www.dolomitiprealpi.it\/de\/wp-json\/wp\/v2\/types\/tribe_events"}],"version-history":[{"count":1,"href":"https:\/\/www.dolomitiprealpi.it\/de\/wp-json\/wp\/v2\/tribe_events\/79791\/revisions"}],"predecessor-version":[{"id":84295,"href":"https:\/\/www.dolomitiprealpi.it\/de\/wp-json\/wp\/v2\/tribe_events\/79791\/revisions\/84295"}],"wp:attachment":[{"href":"https:\/\/www.dolomitiprealpi.it\/de\/wp-json\/wp\/v2\/media?parent=79791"}],"wp:term":[{"taxonomy":"post_tag","embeddable":true,"href":"https:\/\/www.dolomitiprealpi.it\/de\/wp-json\/wp\/v2\/tags?post=79791"},{"taxonomy":"tribe_events_cat","embeddable":true,"href":"https:\/\/www.dolomitiprealpi.it\/de\/wp-json\/wp\/v2\/tribe_events_cat?post=79791"}],"curies":[{"name":"wp","href":"https:\/\/api.w.org\/{rel}","templated":true}]}}

<p>Die Feier in Moldoi di Sospirolo erstrahlt wieder im glanzvollen Rahmen von <b>Villa Sandi &#8211; Zasso</b>.</p>
<p>Ein dichter und unvergesslicher Tag zum Gedenken an <b>Carlo Zasso</b>, einen erfahrenen Agronomen und öffentlichen Verwalter.&nbsp;Eine Persönlichkeit von grundlegender Bedeutung für die Kultur des neunzehnten Jahrhunderts in Belluno, war er Bürgermeister von Sospirolo in den Jahren 1882 und 1883 und hatte das gleiche Amt auch in Agordo, seiner Heimatstadt, inne. Er war Präsident des Rates in der Provinz Belluno und dann Bürgermeister der gleichen Stadt. Während seiner Amtszeiten zeigte er gleiche Verantwortung gegenüber den verschiedenen sozialen Schichten; er gründete die wandernde Landwirtschaftsklasse, ein Zeichen der Öffnung zur ländlichen Welt, und schaffte in Belluno das Findelhaus ab.</p>
<p>&#8220;Pom &amp; Per&#8221; möchte ihn mit einem sehr reichen Programm für einen Tag voller lokaler landwirtschaftlicher Produkte und der Entdeckung unserer Schätze in Erinnerung behalten.</p>
<p>Von den Konferenzen über die Ausstellung von Obst- und Gemüseprodukten sowie Kunsthandwerk, von Ausstellungen über alte Spiele, von Führungen zu Heilpflanzen und Gemüseanbau, bis hin zu den Landungen und Starts von Bergpiloten: Ein tag voller Events erwartet Sie an Villa Zasso und Umgebung.</p>
<p>Zugang vom Zentrum&nbsp;von Maras (Ort Sospirolo) bergauf für 600 m.,&nbsp;großer Parkplatz vor der Villa Zasso</p>
<p>Geschmäcker und Handwerk warten auf dich in Moldoi di Sospirolo</p>
