{"id":79156,"date":"2026-02-15T12:10:01","date_gmt":"2026-02-15T11:10:01","guid":{"rendered":"https:\/\/www.dolomitiprealpi.it\/event\/volontariato-al-centro\/"},"modified":"2026-02-21T16:32:23","modified_gmt":"2026-02-21T15:32:23","slug":"volontariato-al-centro","status":"publish","type":"tribe_events","link":"https:\/\/www.dolomitiprealpi.it\/de\/event\/volontariato-al-centro\/","title":{"rendered":"Volontariato al centro"},"content":{"rendered":"<p>Tag der F\u00f6rderung des Ehrenamts<\/p>\n<p>Am Samstag, den 13. September, von 9:00 bis 13:00 Uhr kehrt die Initiative \u201e<b>Freiwilligenarbeit im Zentrum<\/b>\u201c zur\u00fcck, eine <b>Tag der Promotion f\u00fcr Freiwilligenarbeit<\/b>, die nun in die zweite Auflage geht und den Freiwilligenverb\u00e4nden gewidmet ist, die im Gebiet der Gemeinde Belluno t\u00e4tig sind.<\/p>\n<p>Der Tag zielt darauf ab, die Welt der Freiwilligenarbeit zu w\u00fcrdigen, eine wertvolle und grundlegende Realit\u00e4t des sozialen Gef\u00fcges der Provinz Belluno, und soll zudem die Zusammenarbeit und das Engagement neuer Freiwilliger anregen.<br \/>Ein Vorschlag, der aufgrund des Erfolgs der letzten Ausgabe zur\u00fcckkehrt, die \u00fcber 50 Verb\u00e4nde und eine gro\u00dfe Anzahl von B\u00fcrgern, die die St\u00e4nde besuchten, einbezogen hat.<\/p>\n<p>Auch in diesem Jahr k\u00f6nnen die Verb\u00e4nde an der Veranstaltung teilnehmen, indem sie ein eigenes Zelt aufstellen, um der \u00d6ffentlichkeit ihre jeweiligen Aktivit\u00e4ten vorzustellen.<\/p>\n","protected":false},"excerpt":{"rendered":"<p>Tag der F\u00f6rderung des Ehrenamts Am Samstag, den 13. September, von 9:00 bis 13:00 Uhr kehrt die Initiative \u201eFreiwilligenarbeit im Zentrum\u201c zur\u00fcck, eine Tag der Promotion f\u00fcr Freiwilligenarbeit, die nun<\/p>\n","protected":false},"author":0,"featured_media":0,"template":"","meta":{"_acf_changed":false,"inline_featured_image":false,"_tribe_events_status":"","_tribe_events_status_reason":"","footnotes":""},"tags":[259],"tribe_events_cat":[],"class_list":["post-79156","tribe_events","type-tribe_events","status-publish","hentry","tag-eventi-feratel"],"acf":[],"yoast_head":"<!-- This site is optimized with the Yoast SEO plugin v25.7 - https:\/\/yoast.com\/wordpress\/plugins\/seo\/ -->\n<title>Volontariato al centro - Dolomiti Prealpi<\/title>\n<meta name=\"robots\" content=\"index, follow, max-snippet:-1, max-image-preview:large, max-video-preview:-1\" \/>\n<link rel=\"canonical\" href=\"https:\/\/www.dolomitiprealpi.it\/de\/event\/volontariato-al-centro\/\" \/>\n<meta property=\"og:locale\" content=\"de_DE\" \/>\n<meta property=\"og:type\" content=\"article\" \/>\n<meta property=\"og:title\" content=\"Volontariato al centro - Dolomiti Prealpi\" \/>\n<meta property=\"og:description\" content=\"Tag der F\u00f6rderung des Ehrenamts Am Samstag, den 13. September, von 9:00 bis 13:00 Uhr kehrt die Initiative \u201eFreiwilligenarbeit im Zentrum\u201c zur\u00fcck, eine Tag der Promotion f\u00fcr Freiwilligenarbeit, die nun\" \/>\n<meta property=\"og:url\" content=\"https:\/\/www.dolomitiprealpi.it\/de\/event\/volontariato-al-centro\/\" \/>\n<meta property=\"og:site_name\" content=\"Dolomiti Prealpi\" \/>\n<meta property=\"article:publisher\" content=\"https:\/\/www.facebook.com\/dolomitiprealpi.it\/\" \/>\n<meta property=\"article:modified_time\" content=\"2026-02-21T15:32:23+00:00\" \/>\n<meta property=\"og:image\" content=\"https:\/\/www.dolomitiprealpi.it\/wp-content\/uploads\/2022\/11\/C.-Timpone-Foto-archivio-Consorzio-turistico-Dolomiti-Prealpi-Nevegal-Belluno-Bike-18-2.jpg\" \/>\n\t<meta property=\"og:image:width\" content=\"2048\" \/>\n\t<meta property=\"og:image:height\" content=\"1888\" \/>\n\t<meta property=\"og:image:type\" content=\"image\/jpeg\" \/>\n<meta name=\"twitter:card\" content=\"summary_large_image\" \/>\n<meta name=\"twitter:label1\" content=\"Est. reading time\" \/>\n\t<meta name=\"twitter:data1\" content=\"1 minute\" \/>\n<script type=\"application\/ld+json\" class=\"yoast-schema-graph\">{\"@context\":\"https:\/\/schema.org\",\"@graph\":[{\"@type\":\"WebPage\",\"@id\":\"https:\/\/www.dolomitiprealpi.it\/de\/event\/volontariato-al-centro\/\",\"url\":\"https:\/\/www.dolomitiprealpi.it\/de\/event\/volontariato-al-centro\/\",\"name\":\"Volontariato al centro - Dolomiti Prealpi\",\"isPartOf\":{\"@id\":\"https:\/\/www.dolomitiprealpi.it\/de\/#website\"},\"datePublished\":\"2026-02-15T11:10:01+00:00\",\"dateModified\":\"2026-02-21T15:32:23+00:00\",\"breadcrumb\":{\"@id\":\"https:\/\/www.dolomitiprealpi.it\/de\/event\/volontariato-al-centro\/#breadcrumb\"},\"inLanguage\":\"de-DE\",\"potentialAction\":[{\"@type\":\"ReadAction\",\"target\":[\"https:\/\/www.dolomitiprealpi.it\/de\/event\/volontariato-al-centro\/\"]}]},{\"@type\":\"BreadcrumbList\",\"@id\":\"https:\/\/www.dolomitiprealpi.it\/de\/event\/volontariato-al-centro\/#breadcrumb\",\"itemListElement\":[{\"@type\":\"ListItem\",\"position\":1,\"name\":\"Home\",\"item\":\"https:\/\/www.dolomitiprealpi.it\/de\/\"},{\"@type\":\"ListItem\",\"position\":2,\"name\":\"Veranstaltungen\",\"item\":\"https:\/\/www.dolomitiprealpi.it\/de\/events\/\"},{\"@type\":\"ListItem\",\"position\":3,\"name\":\"Volontariato al centro\"}]},{\"@type\":\"WebSite\",\"@id\":\"https:\/\/www.dolomitiprealpi.it\/de\/#website\",\"url\":\"https:\/\/www.dolomitiprealpi.it\/de\/\",\"name\":\"Dolomiti Prealpi\",\"description\":\"\",\"publisher\":{\"@id\":\"https:\/\/www.dolomitiprealpi.it\/de\/#organization\"},\"potentialAction\":[{\"@type\":\"SearchAction\",\"target\":{\"@type\":\"EntryPoint\",\"urlTemplate\":\"https:\/\/www.dolomitiprealpi.it\/de\/?s={search_term_string}\"},\"query-input\":{\"@type\":\"PropertyValueSpecification\",\"valueRequired\":true,\"valueName\":\"search_term_string\"}}],\"inLanguage\":\"de-DE\"},{\"@type\":\"Organization\",\"@id\":\"https:\/\/www.dolomitiprealpi.it\/de\/#organization\",\"name\":\"Consorzio Dolomiti Prealpi\",\"url\":\"https:\/\/www.dolomitiprealpi.it\/de\/\",\"logo\":{\"@type\":\"ImageObject\",\"inLanguage\":\"de-DE\",\"@id\":\"https:\/\/www.dolomitiprealpi.it\/de\/#\/schema\/logo\/image\/\",\"url\":\"https:\/\/www.dolomitiprealpi.it\/wp-content\/uploads\/2023\/03\/dolomitiprealpi-favicon.jpg\",\"contentUrl\":\"https:\/\/www.dolomitiprealpi.it\/wp-content\/uploads\/2023\/03\/dolomitiprealpi-favicon.jpg\",\"width\":512,\"height\":512,\"caption\":\"Consorzio Dolomiti Prealpi\"},\"image\":{\"@id\":\"https:\/\/www.dolomitiprealpi.it\/de\/#\/schema\/logo\/image\/\"},\"sameAs\":[\"https:\/\/www.facebook.com\/dolomitiprealpi.it\/\",\"https:\/\/www.instagram.com\/dolomitiprealpi\/\"]}]}<\/script>\n<!-- \/ Yoast SEO plugin. -->","yoast_head_json":{"title":"Volontariato al centro - Dolomiti Prealpi","robots":{"index":"index","follow":"follow","max-snippet":"max-snippet:-1","max-image-preview":"max-image-preview:large","max-video-preview":"max-video-preview:-1"},"canonical":"https:\/\/www.dolomitiprealpi.it\/de\/event\/volontariato-al-centro\/","og_locale":"de_DE","og_type":"article","og_title":"Volontariato al centro - Dolomiti Prealpi","og_description":"Tag der F\u00f6rderung des Ehrenamts Am Samstag, den 13. September, von 9:00 bis 13:00 Uhr kehrt die Initiative \u201eFreiwilligenarbeit im Zentrum\u201c zur\u00fcck, eine Tag der Promotion f\u00fcr Freiwilligenarbeit, die nun","og_url":"https:\/\/www.dolomitiprealpi.it\/de\/event\/volontariato-al-centro\/","og_site_name":"Dolomiti Prealpi","article_publisher":"https:\/\/www.facebook.com\/dolomitiprealpi.it\/","article_modified_time":"2026-02-21T15:32:23+00:00","og_image":[{"width":2048,"height":1888,"url":"https:\/\/www.dolomitiprealpi.it\/wp-content\/uploads\/2022\/11\/C.-Timpone-Foto-archivio-Consorzio-turistico-Dolomiti-Prealpi-Nevegal-Belluno-Bike-18-2.jpg","type":"image\/jpeg"}],"twitter_card":"summary_large_image","twitter_misc":{"Est. reading time":"1 minute"},"schema":{"@context":"https:\/\/schema.org","@graph":[{"@type":"WebPage","@id":"https:\/\/www.dolomitiprealpi.it\/de\/event\/volontariato-al-centro\/","url":"https:\/\/www.dolomitiprealpi.it\/de\/event\/volontariato-al-centro\/","name":"Volontariato al centro - Dolomiti Prealpi","isPartOf":{"@id":"https:\/\/www.dolomitiprealpi.it\/de\/#website"},"datePublished":"2026-02-15T11:10:01+00:00","dateModified":"2026-02-21T15:32:23+00:00","breadcrumb":{"@id":"https:\/\/www.dolomitiprealpi.it\/de\/event\/volontariato-al-centro\/#breadcrumb"},"inLanguage":"de-DE","potentialAction":[{"@type":"ReadAction","target":["https:\/\/www.dolomitiprealpi.it\/de\/event\/volontariato-al-centro\/"]}]},{"@type":"BreadcrumbList","@id":"https:\/\/www.dolomitiprealpi.it\/de\/event\/volontariato-al-centro\/#breadcrumb","itemListElement":[{"@type":"ListItem","position":1,"name":"Home","item":"https:\/\/www.dolomitiprealpi.it\/de\/"},{"@type":"ListItem","position":2,"name":"Veranstaltungen","item":"https:\/\/www.dolomitiprealpi.it\/de\/events\/"},{"@type":"ListItem","position":3,"name":"Volontariato al centro"}]},{"@type":"WebSite","@id":"https:\/\/www.dolomitiprealpi.it\/de\/#website","url":"https:\/\/www.dolomitiprealpi.it\/de\/","name":"Dolomiti Prealpi","description":"","publisher":{"@id":"https:\/\/www.dolomitiprealpi.it\/de\/#organization"},"potentialAction":[{"@type":"SearchAction","target":{"@type":"EntryPoint","urlTemplate":"https:\/\/www.dolomitiprealpi.it\/de\/?s={search_term_string}"},"query-input":{"@type":"PropertyValueSpecification","valueRequired":true,"valueName":"search_term_string"}}],"inLanguage":"de-DE"},{"@type":"Organization","@id":"https:\/\/www.dolomitiprealpi.it\/de\/#organization","name":"Consorzio Dolomiti Prealpi","url":"https:\/\/www.dolomitiprealpi.it\/de\/","logo":{"@type":"ImageObject","inLanguage":"de-DE","@id":"https:\/\/www.dolomitiprealpi.it\/de\/#\/schema\/logo\/image\/","url":"https:\/\/www.dolomitiprealpi.it\/wp-content\/uploads\/2023\/03\/dolomitiprealpi-favicon.jpg","contentUrl":"https:\/\/www.dolomitiprealpi.it\/wp-content\/uploads\/2023\/03\/dolomitiprealpi-favicon.jpg","width":512,"height":512,"caption":"Consorzio Dolomiti Prealpi"},"image":{"@id":"https:\/\/www.dolomitiprealpi.it\/de\/#\/schema\/logo\/image\/"},"sameAs":["https:\/\/www.facebook.com\/dolomitiprealpi.it\/","https:\/\/www.instagram.com\/dolomitiprealpi\/"]}]}},"_links":{"self":[{"href":"https:\/\/www.dolomitiprealpi.it\/de\/wp-json\/wp\/v2\/tribe_events\/79156","targetHints":{"allow":["GET"]}}],"collection":[{"href":"https:\/\/www.dolomitiprealpi.it\/de\/wp-json\/wp\/v2\/tribe_events"}],"about":[{"href":"https:\/\/www.dolomitiprealpi.it\/de\/wp-json\/wp\/v2\/types\/tribe_events"}],"version-history":[{"count":1,"href":"https:\/\/www.dolomitiprealpi.it\/de\/wp-json\/wp\/v2\/tribe_events\/79156\/revisions"}],"predecessor-version":[{"id":83284,"href":"https:\/\/www.dolomitiprealpi.it\/de\/wp-json\/wp\/v2\/tribe_events\/79156\/revisions\/83284"}],"wp:attachment":[{"href":"https:\/\/www.dolomitiprealpi.it\/de\/wp-json\/wp\/v2\/media?parent=79156"}],"wp:term":[{"taxonomy":"post_tag","embeddable":true,"href":"https:\/\/www.dolomitiprealpi.it\/de\/wp-json\/wp\/v2\/tags?post=79156"},{"taxonomy":"tribe_events_cat","embeddable":true,"href":"https:\/\/www.dolomitiprealpi.it\/de\/wp-json\/wp\/v2\/tribe_events_cat?post=79156"}],"curies":[{"name":"wp","href":"https:\/\/api.w.org\/{rel}","templated":true}]}}

<p>Tag der Förderung des Ehrenamts</p>
<p>Am Samstag, den 13. September, von 9:00 bis 13:00 Uhr kehrt die Initiative „<b>Freiwilligenarbeit im Zentrum</b>“ zurück, eine <b>Tag der Promotion für Freiwilligenarbeit</b>, die nun in die zweite Auflage geht und den Freiwilligenverbänden gewidmet ist, die im Gebiet der Gemeinde Belluno tätig sind.</p>
<p>Der Tag zielt darauf ab, die Welt der Freiwilligenarbeit zu würdigen, eine wertvolle und grundlegende Realität des sozialen Gefüges der Provinz Belluno, und soll zudem die Zusammenarbeit und das Engagement neuer Freiwilliger anregen.<br />Ein Vorschlag, der aufgrund des Erfolgs der letzten Ausgabe zurückkehrt, die über 50 Verbände und eine große Anzahl von Bürgern, die die Stände besuchten, einbezogen hat.</p>
<p>Auch in diesem Jahr können die Verbände an der Veranstaltung teilnehmen, indem sie ein eigenes Zelt aufstellen, um der Öffentlichkeit ihre jeweiligen Aktivitäten vorzustellen.</p>

<p>Tag der Förderung des Ehrenamts Am Samstag, den 13. September, von 9:00 bis 13:00 Uhr kehrt die Initiative „Freiwilligenarbeit im Zentrum“ zurück, eine Tag der Promotion für Freiwilligenarbeit, die nun</p>

<!-- This site is optimized with the Yoast SEO plugin v25.7 - https://yoast.com/wordpress/plugins/seo/ -->
<title>Volontariato al centro - Dolomiti Prealpi</title>
<meta name="robots" content="index, follow, max-snippet:-1, max-image-preview:large, max-video-preview:-1" />
<link rel="canonical" href="https://www.dolomitiprealpi.it/de/event/volontariato-al-centro/" />
<meta property="og:locale" content="de_DE" />
<meta property="og:type" content="article" />
<meta property="og:title" content="Volontariato al centro - Dolomiti Prealpi" />
<meta property="og:description" content="Tag der Förderung des Ehrenamts Am Samstag, den 13. September, von 9:00 bis 13:00 Uhr kehrt die Initiative „Freiwilligenarbeit im Zentrum“ zurück, eine Tag der Promotion für Freiwilligenarbeit, die nun" />
<meta property="og:url" content="https://www.dolomitiprealpi.it/de/event/volontariato-al-centro/" />
<meta property="og:site_name" content="Dolomiti Prealpi" />
<meta property="article:publisher" content="https://www.facebook.com/dolomitiprealpi.it/" />
<meta property="article:modified_time" content="2026-02-21T15:32:23+00:00" />
<meta property="og:image" content="https://www.dolomitiprealpi.it/wp-content/uploads/2022/11/C.-Timpone-Foto-archivio-Consorzio-turistico-Dolomiti-Prealpi-Nevegal-Belluno-Bike-18-2.jpg" />
	<meta property="og:image:width" content="2048" />
	<meta property="og:image:height" content="1888" />
	<meta property="og:image:type" content="image/jpeg" />
<meta name="twitter:card" content="summary_large_image" />
<meta name="twitter:label1" content="Est. reading time" />
	<meta name="twitter:data1" content="1 minute" />
<script type="application/ld+json" class="yoast-schema-graph">{"@context":"https://schema.org","@graph":[{"@type":"WebPage","@id":"https://www.dolomitiprealpi.it/de/event/volontariato-al-centro/","url":"https://www.dolomitiprealpi.it/de/event/volontariato-al-centro/","name":"Volontariato al centro - Dolomiti Prealpi","isPartOf":{"@id":"https://www.dolomitiprealpi.it/de/#website"},"datePublished":"2026-02-15T11:10:01+00:00","dateModified":"2026-02-21T15:32:23+00:00","breadcrumb":{"@id":"https://www.dolomitiprealpi.it/de/event/volontariato-al-centro/#breadcrumb"},"inLanguage":"de-DE","potentialAction":[{"@type":"ReadAction","target":["https://www.dolomitiprealpi.it/de/event/volontariato-al-centro/"]}]},{"@type":"BreadcrumbList","@id":"https://www.dolomitiprealpi.it/de/event/volontariato-al-centro/#breadcrumb","itemListElement":[{"@type":"ListItem","position":1,"name":"Home","item":"https://www.dolomitiprealpi.it/de/"},{"@type":"ListItem","position":2,"name":"Veranstaltungen","item":"https://www.dolomitiprealpi.it/de/events/"},{"@type":"ListItem","position":3,"name":"Volontariato al centro"}]},{"@type":"WebSite","@id":"https://www.dolomitiprealpi.it/de/#website","url":"https://www.dolomitiprealpi.it/de/","name":"Dolomiti Prealpi","description":"","publisher":{"@id":"https://www.dolomitiprealpi.it/de/#organization"},"potentialAction":[{"@type":"SearchAction","target":{"@type":"EntryPoint","urlTemplate":"https://www.dolomitiprealpi.it/de/?s={search_term_string}"},"query-input":{"@type":"PropertyValueSpecification","valueRequired":true,"valueName":"search_term_string"}}],"inLanguage":"de-DE"},{"@type":"Organization","@id":"https://www.dolomitiprealpi.it/de/#organization","name":"Consorzio Dolomiti Prealpi","url":"https://www.dolomitiprealpi.it/de/","logo":{"@type":"ImageObject","inLanguage":"de-DE","@id":"https://www.dolomitiprealpi.it/de/#/schema/logo/image/","url":"https://www.dolomitiprealpi.it/wp-content/uploads/2023/03/dolomitiprealpi-favicon.jpg","contentUrl":"https://www.dolomitiprealpi.it/wp-content/uploads/2023/03/dolomitiprealpi-favicon.jpg","width":512,"height":512,"caption":"Consorzio Dolomiti Prealpi"},"image":{"@id":"https://www.dolomitiprealpi.it/de/#/schema/logo/image/"},"sameAs":["https://www.facebook.com/dolomitiprealpi.it/","https://www.instagram.com/dolomitiprealpi/"]}]}</script>
<!-- / Yoast SEO plugin. -->

Tag der Förderung des Ehrenamts Am Samstag, den 13. September, von 9:00 bis 13:00 Uhr kehrt die Initiative „Freiwilligenarbeit im Zentrum“ zurück, eine Tag der Promotion für Freiwilligenarbeit, die nun
