{"id":79073,"date":"2026-02-15T12:07:28","date_gmt":"2026-02-15T11:07:28","guid":{"rendered":"https:\/\/www.dolomitiprealpi.it\/event\/liberi-su-marte\/"},"modified":"2026-02-21T16:30:28","modified_gmt":"2026-02-21T15:30:28","slug":"liberi-su-marte-3","status":"publish","type":"tribe_events","link":"https:\/\/www.dolomitiprealpi.it\/de\/event\/liberi-su-marte-3\/","title":{"rendered":"LIBeRI su Marte"},"content":{"rendered":"<p><b><i>LIBeRI &#8211; Die Bibliothek ist ge\u00f6ffnet<\/i>&nbsp;<\/b>ist eine von drei Themenreihen, um die R\u00fcckkehr der Stadtbibliothek Belluno nach Hause zu begleiten. Nach&nbsp;<i>LIBeRI im Wald<\/i> und <i>LIBeRI im K\u00f6rper<\/i> kommt die letzte (?) Reise, wir brechen nach Mars auf.&nbsp;<b><i>LIBeRI auf dem Mars<\/i>&nbsp;<\/b>findet vom 6. bis 14. September 2025 statt.<\/p>\n<p><b><u>KEIN UFO, EULEN!<\/u> <\/b>&#8211;&nbsp;Freitag, 12. September, 15:30 Uhr<br \/><i><i>Sie fliegen, sprechen aus der Zukunft, aber sie haben Federn<\/i><\/i><\/p>\n<p>Ein Spiel und danach ein Workshop, um etwas \u00fcber uns und unsere Zukunft zu erfahren, w\u00e4hrend wir auf die Tiere achten, die in unserem Gebiet leben! Die Gro\u00dfeltern wissen es schlie\u00dflich schon lange: das Verhalten und die Ger\u00e4usche der Tiere sind wichtige Kommunikationsmittel. Lassen Sie uns sie entdecken, verstehen und dann, mit Scheren, Kleber und Angelschnur, versuchen, sie nachzuahmen.<\/p>\n<p><i><i>Workshop f\u00fcr M\u00e4dchen und Jungen im Alter von 7 bis 11 Jahren, organisiert von ISOIPSE. <i><i>Die Anwesenheit eines erwachsenen Begleiters ist erforderlich, der in den R\u00e4umen der Bibliothek warten wird.<\/i><\/i><\/i><\/i><\/p>\n<p><u>Eintritt frei.<\/u><\/p>\n<p><b><u>OZEAN MARS<\/u>&nbsp;<\/b>&#8211; Freitag, 12. September, 20:45 Uhr<br \/><i><i>Die \u00fcberraschende \u00c4hnlichkeit zwischen dem roten Planeten und dem tiefen Blau. C<\/i><\/i><i><i>on Donato Giovannelli<\/i><\/i><\/p>\n<p>Es gibt mehr Menschen, die ins All geflogen sind, als solche, die den Boden des Ozeans erreicht haben. Donato Giovannelli ist jedoch einer von ihnen! Eingeklemmt in winzigen kalten U-Booten hat er die tiefste Dunkelheit erreicht, sie erkundet und ist dann wieder an die Oberfl\u00e4che gekommen. Um es uns zu erz\u00e4hlen!<\/p>\n<p>Donato Giovannelli ist Professor f\u00fcr Umweltmikrobiologie an der Universit\u00e4t Neapel Federico II, assoziierter Forscher am CNR IRBIM und Wissenschaftler am Earth-Life Science Institute in Tokio sowie an der Rutgers University, USA. Seine Forschung zielt darauf ab, die Herkunft und Evolution des Lebens auf der Erde sowie die Ko-Evolution zwischen Leben und Planet zu erkunden und zu verstehen.<\/p>\n<p><u>Eintritt frei.<\/u><\/p>\n<p>F\u00fcr weitere Informationen und Anmeldungen zu den einzelnen Veranstaltungen: <a href=\"https:\/\/www.eventbrite.com\/cc\/liberi-su-marte-4468393?_gl=1*vext1*_up*MQ..*_ga*MzY3OTMxNTMyLjE3NTQ4MzIyNDE.*_ga_TQVES5V6SH*czE3NTQ4MzIyNDEkbzEkZzAkdDE3NTQ4MzIyNDEkajYwJGwwJGgw\">EventBrite<\/a><\/p>\n<p>Kultur\u00fcbersicht<\/p>\n","protected":false},"excerpt":{"rendered":"<p>LIBeRI &#8211; Die Bibliothek ist ge\u00f6ffnet&nbsp;ist eine von drei Themenreihen, um die R\u00fcckkehr der Stadtbibliothek Belluno nach Hause zu begleiten. Nach&nbsp;LIBeRI im Wald und LIBeRI im K\u00f6rper kommt die letzte<\/p>\n","protected":false},"author":0,"featured_media":0,"template":"","meta":{"_acf_changed":false,"inline_featured_image":false,"_tribe_events_status":"","_tribe_events_status_reason":"","footnotes":""},"tags":[259],"tribe_events_cat":[],"class_list":["post-79073","tribe_events","type-tribe_events","status-publish","hentry","tag-eventi-feratel"],"acf":[],"yoast_head":"<!-- This site is optimized with the Yoast SEO plugin v25.7 - https:\/\/yoast.com\/wordpress\/plugins\/seo\/ -->\n<title>LIBeRI su Marte - Dolomiti Prealpi<\/title>\n<meta name=\"robots\" content=\"index, follow, max-snippet:-1, max-image-preview:large, max-video-preview:-1\" \/>\n<link rel=\"canonical\" href=\"https:\/\/www.dolomitiprealpi.it\/de\/event\/liberi-su-marte-3\/\" \/>\n<meta property=\"og:locale\" content=\"de_DE\" \/>\n<meta property=\"og:type\" content=\"article\" \/>\n<meta property=\"og:title\" content=\"LIBeRI su Marte - Dolomiti Prealpi\" \/>\n<meta property=\"og:description\" content=\"LIBeRI &#8211; Die Bibliothek ist ge\u00f6ffnet&nbsp;ist eine von drei Themenreihen, um die R\u00fcckkehr der Stadtbibliothek Belluno nach Hause zu begleiten. Nach&nbsp;LIBeRI im Wald und LIBeRI im K\u00f6rper kommt die letzte\" \/>\n<meta property=\"og:url\" content=\"https:\/\/www.dolomitiprealpi.it\/de\/event\/liberi-su-marte-3\/\" \/>\n<meta property=\"og:site_name\" content=\"Dolomiti Prealpi\" \/>\n<meta property=\"article:publisher\" content=\"https:\/\/www.facebook.com\/dolomitiprealpi.it\/\" \/>\n<meta property=\"article:modified_time\" content=\"2026-02-21T15:30:28+00:00\" \/>\n<meta property=\"og:image\" content=\"https:\/\/www.dolomitiprealpi.it\/wp-content\/uploads\/2022\/11\/C.-Timpone-Foto-archivio-Consorzio-turistico-Dolomiti-Prealpi-Nevegal-Belluno-Bike-18-2.jpg\" \/>\n\t<meta property=\"og:image:width\" content=\"2048\" \/>\n\t<meta property=\"og:image:height\" content=\"1888\" \/>\n\t<meta property=\"og:image:type\" content=\"image\/jpeg\" \/>\n<meta name=\"twitter:card\" content=\"summary_large_image\" \/>\n<meta name=\"twitter:label1\" content=\"Est. reading time\" \/>\n\t<meta name=\"twitter:data1\" content=\"2 minutes\" \/>\n<script type=\"application\/ld+json\" class=\"yoast-schema-graph\">{\"@context\":\"https:\/\/schema.org\",\"@graph\":[{\"@type\":\"WebPage\",\"@id\":\"https:\/\/www.dolomitiprealpi.it\/de\/event\/liberi-su-marte-3\/\",\"url\":\"https:\/\/www.dolomitiprealpi.it\/de\/event\/liberi-su-marte-3\/\",\"name\":\"LIBeRI su Marte - Dolomiti Prealpi\",\"isPartOf\":{\"@id\":\"https:\/\/www.dolomitiprealpi.it\/de\/#website\"},\"datePublished\":\"2026-02-15T11:07:28+00:00\",\"dateModified\":\"2026-02-21T15:30:28+00:00\",\"breadcrumb\":{\"@id\":\"https:\/\/www.dolomitiprealpi.it\/de\/event\/liberi-su-marte-3\/#breadcrumb\"},\"inLanguage\":\"de-DE\",\"potentialAction\":[{\"@type\":\"ReadAction\",\"target\":[\"https:\/\/www.dolomitiprealpi.it\/de\/event\/liberi-su-marte-3\/\"]}]},{\"@type\":\"BreadcrumbList\",\"@id\":\"https:\/\/www.dolomitiprealpi.it\/de\/event\/liberi-su-marte-3\/#breadcrumb\",\"itemListElement\":[{\"@type\":\"ListItem\",\"position\":1,\"name\":\"Home\",\"item\":\"https:\/\/www.dolomitiprealpi.it\/de\/\"},{\"@type\":\"ListItem\",\"position\":2,\"name\":\"Veranstaltungen\",\"item\":\"https:\/\/www.dolomitiprealpi.it\/de\/events\/\"},{\"@type\":\"ListItem\",\"position\":3,\"name\":\"LIBeRI su Marte\"}]},{\"@type\":\"WebSite\",\"@id\":\"https:\/\/www.dolomitiprealpi.it\/de\/#website\",\"url\":\"https:\/\/www.dolomitiprealpi.it\/de\/\",\"name\":\"Dolomiti Prealpi\",\"description\":\"\",\"publisher\":{\"@id\":\"https:\/\/www.dolomitiprealpi.it\/de\/#organization\"},\"potentialAction\":[{\"@type\":\"SearchAction\",\"target\":{\"@type\":\"EntryPoint\",\"urlTemplate\":\"https:\/\/www.dolomitiprealpi.it\/de\/?s={search_term_string}\"},\"query-input\":{\"@type\":\"PropertyValueSpecification\",\"valueRequired\":true,\"valueName\":\"search_term_string\"}}],\"inLanguage\":\"de-DE\"},{\"@type\":\"Organization\",\"@id\":\"https:\/\/www.dolomitiprealpi.it\/de\/#organization\",\"name\":\"Consorzio Dolomiti Prealpi\",\"url\":\"https:\/\/www.dolomitiprealpi.it\/de\/\",\"logo\":{\"@type\":\"ImageObject\",\"inLanguage\":\"de-DE\",\"@id\":\"https:\/\/www.dolomitiprealpi.it\/de\/#\/schema\/logo\/image\/\",\"url\":\"https:\/\/www.dolomitiprealpi.it\/wp-content\/uploads\/2023\/03\/dolomitiprealpi-favicon.jpg\",\"contentUrl\":\"https:\/\/www.dolomitiprealpi.it\/wp-content\/uploads\/2023\/03\/dolomitiprealpi-favicon.jpg\",\"width\":512,\"height\":512,\"caption\":\"Consorzio Dolomiti Prealpi\"},\"image\":{\"@id\":\"https:\/\/www.dolomitiprealpi.it\/de\/#\/schema\/logo\/image\/\"},\"sameAs\":[\"https:\/\/www.facebook.com\/dolomitiprealpi.it\/\",\"https:\/\/www.instagram.com\/dolomitiprealpi\/\"]}]}<\/script>\n<!-- \/ Yoast SEO plugin. -->","yoast_head_json":{"title":"LIBeRI su Marte - Dolomiti Prealpi","robots":{"index":"index","follow":"follow","max-snippet":"max-snippet:-1","max-image-preview":"max-image-preview:large","max-video-preview":"max-video-preview:-1"},"canonical":"https:\/\/www.dolomitiprealpi.it\/de\/event\/liberi-su-marte-3\/","og_locale":"de_DE","og_type":"article","og_title":"LIBeRI su Marte - Dolomiti Prealpi","og_description":"LIBeRI &#8211; Die Bibliothek ist ge\u00f6ffnet&nbsp;ist eine von drei Themenreihen, um die R\u00fcckkehr der Stadtbibliothek Belluno nach Hause zu begleiten. Nach&nbsp;LIBeRI im Wald und LIBeRI im K\u00f6rper kommt die letzte","og_url":"https:\/\/www.dolomitiprealpi.it\/de\/event\/liberi-su-marte-3\/","og_site_name":"Dolomiti Prealpi","article_publisher":"https:\/\/www.facebook.com\/dolomitiprealpi.it\/","article_modified_time":"2026-02-21T15:30:28+00:00","og_image":[{"width":2048,"height":1888,"url":"https:\/\/www.dolomitiprealpi.it\/wp-content\/uploads\/2022\/11\/C.-Timpone-Foto-archivio-Consorzio-turistico-Dolomiti-Prealpi-Nevegal-Belluno-Bike-18-2.jpg","type":"image\/jpeg"}],"twitter_card":"summary_large_image","twitter_misc":{"Est. reading time":"2 minutes"},"schema":{"@context":"https:\/\/schema.org","@graph":[{"@type":"WebPage","@id":"https:\/\/www.dolomitiprealpi.it\/de\/event\/liberi-su-marte-3\/","url":"https:\/\/www.dolomitiprealpi.it\/de\/event\/liberi-su-marte-3\/","name":"LIBeRI su Marte - Dolomiti Prealpi","isPartOf":{"@id":"https:\/\/www.dolomitiprealpi.it\/de\/#website"},"datePublished":"2026-02-15T11:07:28+00:00","dateModified":"2026-02-21T15:30:28+00:00","breadcrumb":{"@id":"https:\/\/www.dolomitiprealpi.it\/de\/event\/liberi-su-marte-3\/#breadcrumb"},"inLanguage":"de-DE","potentialAction":[{"@type":"ReadAction","target":["https:\/\/www.dolomitiprealpi.it\/de\/event\/liberi-su-marte-3\/"]}]},{"@type":"BreadcrumbList","@id":"https:\/\/www.dolomitiprealpi.it\/de\/event\/liberi-su-marte-3\/#breadcrumb","itemListElement":[{"@type":"ListItem","position":1,"name":"Home","item":"https:\/\/www.dolomitiprealpi.it\/de\/"},{"@type":"ListItem","position":2,"name":"Veranstaltungen","item":"https:\/\/www.dolomitiprealpi.it\/de\/events\/"},{"@type":"ListItem","position":3,"name":"LIBeRI su Marte"}]},{"@type":"WebSite","@id":"https:\/\/www.dolomitiprealpi.it\/de\/#website","url":"https:\/\/www.dolomitiprealpi.it\/de\/","name":"Dolomiti Prealpi","description":"","publisher":{"@id":"https:\/\/www.dolomitiprealpi.it\/de\/#organization"},"potentialAction":[{"@type":"SearchAction","target":{"@type":"EntryPoint","urlTemplate":"https:\/\/www.dolomitiprealpi.it\/de\/?s={search_term_string}"},"query-input":{"@type":"PropertyValueSpecification","valueRequired":true,"valueName":"search_term_string"}}],"inLanguage":"de-DE"},{"@type":"Organization","@id":"https:\/\/www.dolomitiprealpi.it\/de\/#organization","name":"Consorzio Dolomiti Prealpi","url":"https:\/\/www.dolomitiprealpi.it\/de\/","logo":{"@type":"ImageObject","inLanguage":"de-DE","@id":"https:\/\/www.dolomitiprealpi.it\/de\/#\/schema\/logo\/image\/","url":"https:\/\/www.dolomitiprealpi.it\/wp-content\/uploads\/2023\/03\/dolomitiprealpi-favicon.jpg","contentUrl":"https:\/\/www.dolomitiprealpi.it\/wp-content\/uploads\/2023\/03\/dolomitiprealpi-favicon.jpg","width":512,"height":512,"caption":"Consorzio Dolomiti Prealpi"},"image":{"@id":"https:\/\/www.dolomitiprealpi.it\/de\/#\/schema\/logo\/image\/"},"sameAs":["https:\/\/www.facebook.com\/dolomitiprealpi.it\/","https:\/\/www.instagram.com\/dolomitiprealpi\/"]}]}},"_links":{"self":[{"href":"https:\/\/www.dolomitiprealpi.it\/de\/wp-json\/wp\/v2\/tribe_events\/79073","targetHints":{"allow":["GET"]}}],"collection":[{"href":"https:\/\/www.dolomitiprealpi.it\/de\/wp-json\/wp\/v2\/tribe_events"}],"about":[{"href":"https:\/\/www.dolomitiprealpi.it\/de\/wp-json\/wp\/v2\/types\/tribe_events"}],"version-history":[{"count":1,"href":"https:\/\/www.dolomitiprealpi.it\/de\/wp-json\/wp\/v2\/tribe_events\/79073\/revisions"}],"predecessor-version":[{"id":83135,"href":"https:\/\/www.dolomitiprealpi.it\/de\/wp-json\/wp\/v2\/tribe_events\/79073\/revisions\/83135"}],"wp:attachment":[{"href":"https:\/\/www.dolomitiprealpi.it\/de\/wp-json\/wp\/v2\/media?parent=79073"}],"wp:term":[{"taxonomy":"post_tag","embeddable":true,"href":"https:\/\/www.dolomitiprealpi.it\/de\/wp-json\/wp\/v2\/tags?post=79073"},{"taxonomy":"tribe_events_cat","embeddable":true,"href":"https:\/\/www.dolomitiprealpi.it\/de\/wp-json\/wp\/v2\/tribe_events_cat?post=79073"}],"curies":[{"name":"wp","href":"https:\/\/api.w.org\/{rel}","templated":true}]}}

<p><b><i>LIBeRI &#8211; Die Bibliothek ist geöffnet</i>&nbsp;</b>ist eine von drei Themenreihen, um die Rückkehr der Stadtbibliothek Belluno nach Hause zu begleiten. Nach&nbsp;<i>LIBeRI im Wald</i> und <i>LIBeRI im Körper</i> kommt die letzte (?) Reise, wir brechen nach Mars auf.&nbsp;<b><i>LIBeRI auf dem Mars</i>&nbsp;</b>findet vom 6. bis 14. September 2025 statt.</p>
<p><b><u>KEIN UFO, EULEN!</u> </b>&#8211;&nbsp;Freitag, 12. September, 15:30 Uhr<br /><i><i>Sie fliegen, sprechen aus der Zukunft, aber sie haben Federn</i></i></p>
<p>Ein Spiel und danach ein Workshop, um etwas über uns und unsere Zukunft zu erfahren, während wir auf die Tiere achten, die in unserem Gebiet leben! Die Großeltern wissen es schließlich schon lange: das Verhalten und die Geräusche der Tiere sind wichtige Kommunikationsmittel. Lassen Sie uns sie entdecken, verstehen und dann, mit Scheren, Kleber und Angelschnur, versuchen, sie nachzuahmen.</p>
<p><i><i>Workshop für Mädchen und Jungen im Alter von 7 bis 11 Jahren, organisiert von ISOIPSE. <i><i>Die Anwesenheit eines erwachsenen Begleiters ist erforderlich, der in den Räumen der Bibliothek warten wird.</i></i></i></i></p>
<p><u>Eintritt frei.</u></p>
<p><b><u>OZEAN MARS</u>&nbsp;</b>&#8211; Freitag, 12. September, 20:45 Uhr<br /><i><i>Die überraschende Ähnlichkeit zwischen dem roten Planeten und dem tiefen Blau. C</i></i><i><i>on Donato Giovannelli</i></i></p>
<p>Es gibt mehr Menschen, die ins All geflogen sind, als solche, die den Boden des Ozeans erreicht haben. Donato Giovannelli ist jedoch einer von ihnen! Eingeklemmt in winzigen kalten U-Booten hat er die tiefste Dunkelheit erreicht, sie erkundet und ist dann wieder an die Oberfläche gekommen. Um es uns zu erzählen!</p>
<p>Donato Giovannelli ist Professor für Umweltmikrobiologie an der Universität Neapel Federico II, assoziierter Forscher am CNR IRBIM und Wissenschaftler am Earth-Life Science Institute in Tokio sowie an der Rutgers University, USA. Seine Forschung zielt darauf ab, die Herkunft und Evolution des Lebens auf der Erde sowie die Ko-Evolution zwischen Leben und Planet zu erkunden und zu verstehen.</p>
<p><u>Eintritt frei.</u></p>
<p>Für weitere Informationen und Anmeldungen zu den einzelnen Veranstaltungen: <a href="https://www.eventbrite.com/cc/liberi-su-marte-4468393?_gl=1*vext1*_up*MQ..*_ga*MzY3OTMxNTMyLjE3NTQ4MzIyNDE.*_ga_TQVES5V6SH*czE3NTQ4MzIyNDEkbzEkZzAkdDE3NTQ4MzIyNDEkajYwJGwwJGgw">EventBrite</a></p>
<p>Kulturübersicht</p>

<p>LIBeRI &#8211; Die Bibliothek ist geöffnet&nbsp;ist eine von drei Themenreihen, um die Rückkehr der Stadtbibliothek Belluno nach Hause zu begleiten. Nach&nbsp;LIBeRI im Wald und LIBeRI im Körper kommt die letzte</p>

<!-- This site is optimized with the Yoast SEO plugin v25.7 - https://yoast.com/wordpress/plugins/seo/ -->
<title>LIBeRI su Marte - Dolomiti Prealpi</title>
<meta name="robots" content="index, follow, max-snippet:-1, max-image-preview:large, max-video-preview:-1" />
<link rel="canonical" href="https://www.dolomitiprealpi.it/de/event/liberi-su-marte-3/" />
<meta property="og:locale" content="de_DE" />
<meta property="og:type" content="article" />
<meta property="og:title" content="LIBeRI su Marte - Dolomiti Prealpi" />
<meta property="og:description" content="LIBeRI &#8211; Die Bibliothek ist geöffnet&nbsp;ist eine von drei Themenreihen, um die Rückkehr der Stadtbibliothek Belluno nach Hause zu begleiten. Nach&nbsp;LIBeRI im Wald und LIBeRI im Körper kommt die letzte" />
<meta property="og:url" content="https://www.dolomitiprealpi.it/de/event/liberi-su-marte-3/" />
<meta property="og:site_name" content="Dolomiti Prealpi" />
<meta property="article:publisher" content="https://www.facebook.com/dolomitiprealpi.it/" />
<meta property="article:modified_time" content="2026-02-21T15:30:28+00:00" />
<meta property="og:image" content="https://www.dolomitiprealpi.it/wp-content/uploads/2022/11/C.-Timpone-Foto-archivio-Consorzio-turistico-Dolomiti-Prealpi-Nevegal-Belluno-Bike-18-2.jpg" />
	<meta property="og:image:width" content="2048" />
	<meta property="og:image:height" content="1888" />
	<meta property="og:image:type" content="image/jpeg" />
<meta name="twitter:card" content="summary_large_image" />
<meta name="twitter:label1" content="Est. reading time" />
	<meta name="twitter:data1" content="2 minutes" />
<script type="application/ld+json" class="yoast-schema-graph">{"@context":"https://schema.org","@graph":[{"@type":"WebPage","@id":"https://www.dolomitiprealpi.it/de/event/liberi-su-marte-3/","url":"https://www.dolomitiprealpi.it/de/event/liberi-su-marte-3/","name":"LIBeRI su Marte - Dolomiti Prealpi","isPartOf":{"@id":"https://www.dolomitiprealpi.it/de/#website"},"datePublished":"2026-02-15T11:07:28+00:00","dateModified":"2026-02-21T15:30:28+00:00","breadcrumb":{"@id":"https://www.dolomitiprealpi.it/de/event/liberi-su-marte-3/#breadcrumb"},"inLanguage":"de-DE","potentialAction":[{"@type":"ReadAction","target":["https://www.dolomitiprealpi.it/de/event/liberi-su-marte-3/"]}]},{"@type":"BreadcrumbList","@id":"https://www.dolomitiprealpi.it/de/event/liberi-su-marte-3/#breadcrumb","itemListElement":[{"@type":"ListItem","position":1,"name":"Home","item":"https://www.dolomitiprealpi.it/de/"},{"@type":"ListItem","position":2,"name":"Veranstaltungen","item":"https://www.dolomitiprealpi.it/de/events/"},{"@type":"ListItem","position":3,"name":"LIBeRI su Marte"}]},{"@type":"WebSite","@id":"https://www.dolomitiprealpi.it/de/#website","url":"https://www.dolomitiprealpi.it/de/","name":"Dolomiti Prealpi","description":"","publisher":{"@id":"https://www.dolomitiprealpi.it/de/#organization"},"potentialAction":[{"@type":"SearchAction","target":{"@type":"EntryPoint","urlTemplate":"https://www.dolomitiprealpi.it/de/?s={search_term_string}"},"query-input":{"@type":"PropertyValueSpecification","valueRequired":true,"valueName":"search_term_string"}}],"inLanguage":"de-DE"},{"@type":"Organization","@id":"https://www.dolomitiprealpi.it/de/#organization","name":"Consorzio Dolomiti Prealpi","url":"https://www.dolomitiprealpi.it/de/","logo":{"@type":"ImageObject","inLanguage":"de-DE","@id":"https://www.dolomitiprealpi.it/de/#/schema/logo/image/","url":"https://www.dolomitiprealpi.it/wp-content/uploads/2023/03/dolomitiprealpi-favicon.jpg","contentUrl":"https://www.dolomitiprealpi.it/wp-content/uploads/2023/03/dolomitiprealpi-favicon.jpg","width":512,"height":512,"caption":"Consorzio Dolomiti Prealpi"},"image":{"@id":"https://www.dolomitiprealpi.it/de/#/schema/logo/image/"},"sameAs":["https://www.facebook.com/dolomitiprealpi.it/","https://www.instagram.com/dolomitiprealpi/"]}]}</script>
<!-- / Yoast SEO plugin. -->

LIBeRI &#8211; Die Bibliothek ist geöffnet&nbsp;ist eine von drei Themenreihen, um die Rückkehr der Stadtbibliothek Belluno nach Hause zu begleiten. Nach&nbsp;LIBeRI im Wald und LIBeRI im Körper kommt die letzte
