{"id":79052,"date":"2026-02-15T12:06:45","date_gmt":"2026-02-15T11:06:45","guid":{"rendered":"https:\/\/www.dolomitiprealpi.it\/event\/orti-in-piazza\/"},"modified":"2026-03-20T12:47:53","modified_gmt":"2026-03-20T11:47:53","slug":"orti-in-piazza","status":"publish","type":"tribe_events","link":"https:\/\/www.dolomitiprealpi.it\/de\/event\/orti-in-piazza\/","title":{"rendered":"Orti in piazza"},"content":{"rendered":"<p>Du kannst w\u00e4hlen, ob du den&nbsp;Weg zu Fu\u00df&nbsp;oder mit den&nbsp;kostenlosen&nbsp;Shuttles&nbsp;gehen m\u00f6chtest.<\/p>\n<p>F\u00fcr weitere Informationen www.castion-belluno.it<\/p>\n<p>Die D\u00f6rfer von Pieve Castionese&nbsp;schm\u00fccken sich festlich, um die Ausstellung der Produkte des Landes zu beherbergen. <\/p>\n<p>Die Frazioni sind bereit, das reiche landwirtschaftliche und gastronomische Erbe, das sie seit Jahren pr\u00e4gt, bekannt zu machen. <\/p>\n<p>Von morgens bis abends werden die D\u00f6rfer und Frazioni von Caleipo, Cirvoi, Faverga, Sossai, Madeago, Cet, Castoi, Rivamaor, Visome und Sagrogna mit Workshops, Vorf\u00fchrungen landwirtschaftlicher T\u00e4tigkeiten, St\u00e4nden mit Produkten aus Familieng\u00e4rten, Verkostungen und verschiedenen Degustationen lebendig werden. <\/p>\n<p>Es wird Veranstaltungen und Auff\u00fchrungen f\u00fcr Gro\u00df und Klein geben: ein reichhaltiges und abwechslungsreiches Event, erfahre mehr unter <b><a href=\"https:\/\/www.castion-belluno.it\/eventi\/orti-in-piazza\/\">| LINK |<\/a><\/b><\/p>\n<p>&nbsp;<\/p>\n<p>Markt f\u00fcr Erzeugnisse vom Land<\/p>\n","protected":false},"excerpt":{"rendered":"<p>Du kannst w\u00e4hlen, ob du den&nbsp;Weg zu Fu\u00df&nbsp;oder mit den&nbsp;kostenlosen&nbsp;Shuttles&nbsp;gehen m\u00f6chtest. F\u00fcr weitere Informationen www.castion-belluno.it Die D\u00f6rfer von Pieve Castionese&nbsp;schm\u00fccken sich festlich, um die Ausstellung der Produkte des Landes zu<\/p>\n","protected":false},"author":0,"featured_media":0,"template":"","meta":{"_acf_changed":false,"inline_featured_image":false,"_tribe_events_status":"","_tribe_events_status_reason":"","footnotes":""},"tags":[259],"tribe_events_cat":[],"class_list":["post-79052","tribe_events","type-tribe_events","status-publish","hentry","tag-eventi-feratel"],"acf":[],"yoast_head":"<!-- This site is optimized with the Yoast SEO plugin v25.7 - https:\/\/yoast.com\/wordpress\/plugins\/seo\/ -->\n<title>Orti in piazza - Dolomiti Prealpi<\/title>\n<meta name=\"robots\" content=\"index, follow, max-snippet:-1, max-image-preview:large, max-video-preview:-1\" \/>\n<link rel=\"canonical\" href=\"https:\/\/www.dolomitiprealpi.it\/de\/event\/orti-in-piazza\/\" \/>\n<meta property=\"og:locale\" content=\"de_DE\" \/>\n<meta property=\"og:type\" content=\"article\" \/>\n<meta property=\"og:title\" content=\"Orti in piazza - Dolomiti Prealpi\" \/>\n<meta property=\"og:description\" content=\"Du kannst w\u00e4hlen, ob du den&nbsp;Weg zu Fu\u00df&nbsp;oder mit den&nbsp;kostenlosen&nbsp;Shuttles&nbsp;gehen m\u00f6chtest. F\u00fcr weitere Informationen www.castion-belluno.it Die D\u00f6rfer von Pieve Castionese&nbsp;schm\u00fccken sich festlich, um die Ausstellung der Produkte des Landes zu\" \/>\n<meta property=\"og:url\" content=\"https:\/\/www.dolomitiprealpi.it\/de\/event\/orti-in-piazza\/\" \/>\n<meta property=\"og:site_name\" content=\"Dolomiti Prealpi\" \/>\n<meta property=\"article:publisher\" content=\"https:\/\/www.facebook.com\/dolomitiprealpi.it\/\" \/>\n<meta property=\"article:modified_time\" content=\"2026-03-20T11:47:53+00:00\" \/>\n<meta property=\"og:image\" content=\"https:\/\/www.dolomitiprealpi.it\/wp-content\/uploads\/2022\/11\/C.-Timpone-Foto-archivio-Consorzio-turistico-Dolomiti-Prealpi-Nevegal-Belluno-Bike-18-2.jpg\" \/>\n\t<meta property=\"og:image:width\" content=\"2048\" \/>\n\t<meta property=\"og:image:height\" content=\"1888\" \/>\n\t<meta property=\"og:image:type\" content=\"image\/jpeg\" \/>\n<meta name=\"twitter:card\" content=\"summary_large_image\" \/>\n<meta name=\"twitter:label1\" content=\"Est. reading time\" \/>\n\t<meta name=\"twitter:data1\" content=\"1 minute\" \/>\n<script type=\"application\/ld+json\" class=\"yoast-schema-graph\">{\"@context\":\"https:\/\/schema.org\",\"@graph\":[{\"@type\":\"WebPage\",\"@id\":\"https:\/\/www.dolomitiprealpi.it\/de\/event\/orti-in-piazza\/\",\"url\":\"https:\/\/www.dolomitiprealpi.it\/de\/event\/orti-in-piazza\/\",\"name\":\"Orti in piazza - Dolomiti Prealpi\",\"isPartOf\":{\"@id\":\"https:\/\/www.dolomitiprealpi.it\/de\/#website\"},\"datePublished\":\"2026-02-15T11:06:45+00:00\",\"dateModified\":\"2026-03-20T11:47:53+00:00\",\"breadcrumb\":{\"@id\":\"https:\/\/www.dolomitiprealpi.it\/de\/event\/orti-in-piazza\/#breadcrumb\"},\"inLanguage\":\"de-DE\",\"potentialAction\":[{\"@type\":\"ReadAction\",\"target\":[\"https:\/\/www.dolomitiprealpi.it\/de\/event\/orti-in-piazza\/\"]}]},{\"@type\":\"BreadcrumbList\",\"@id\":\"https:\/\/www.dolomitiprealpi.it\/de\/event\/orti-in-piazza\/#breadcrumb\",\"itemListElement\":[{\"@type\":\"ListItem\",\"position\":1,\"name\":\"Home\",\"item\":\"https:\/\/www.dolomitiprealpi.it\/de\/\"},{\"@type\":\"ListItem\",\"position\":2,\"name\":\"Veranstaltungen\",\"item\":\"https:\/\/www.dolomitiprealpi.it\/de\/events\/\"},{\"@type\":\"ListItem\",\"position\":3,\"name\":\"Orti in piazza\"}]},{\"@type\":\"WebSite\",\"@id\":\"https:\/\/www.dolomitiprealpi.it\/de\/#website\",\"url\":\"https:\/\/www.dolomitiprealpi.it\/de\/\",\"name\":\"Dolomiti Prealpi\",\"description\":\"\",\"publisher\":{\"@id\":\"https:\/\/www.dolomitiprealpi.it\/de\/#organization\"},\"potentialAction\":[{\"@type\":\"SearchAction\",\"target\":{\"@type\":\"EntryPoint\",\"urlTemplate\":\"https:\/\/www.dolomitiprealpi.it\/de\/?s={search_term_string}\"},\"query-input\":{\"@type\":\"PropertyValueSpecification\",\"valueRequired\":true,\"valueName\":\"search_term_string\"}}],\"inLanguage\":\"de-DE\"},{\"@type\":\"Organization\",\"@id\":\"https:\/\/www.dolomitiprealpi.it\/de\/#organization\",\"name\":\"Consorzio Dolomiti Prealpi\",\"url\":\"https:\/\/www.dolomitiprealpi.it\/de\/\",\"logo\":{\"@type\":\"ImageObject\",\"inLanguage\":\"de-DE\",\"@id\":\"https:\/\/www.dolomitiprealpi.it\/de\/#\/schema\/logo\/image\/\",\"url\":\"https:\/\/www.dolomitiprealpi.it\/wp-content\/uploads\/2023\/03\/dolomitiprealpi-favicon.jpg\",\"contentUrl\":\"https:\/\/www.dolomitiprealpi.it\/wp-content\/uploads\/2023\/03\/dolomitiprealpi-favicon.jpg\",\"width\":512,\"height\":512,\"caption\":\"Consorzio Dolomiti Prealpi\"},\"image\":{\"@id\":\"https:\/\/www.dolomitiprealpi.it\/de\/#\/schema\/logo\/image\/\"},\"sameAs\":[\"https:\/\/www.facebook.com\/dolomitiprealpi.it\/\",\"https:\/\/www.instagram.com\/dolomitiprealpi\/\"]}]}<\/script>\n<!-- \/ Yoast SEO plugin. -->","yoast_head_json":{"title":"Orti in piazza - Dolomiti Prealpi","robots":{"index":"index","follow":"follow","max-snippet":"max-snippet:-1","max-image-preview":"max-image-preview:large","max-video-preview":"max-video-preview:-1"},"canonical":"https:\/\/www.dolomitiprealpi.it\/de\/event\/orti-in-piazza\/","og_locale":"de_DE","og_type":"article","og_title":"Orti in piazza - Dolomiti Prealpi","og_description":"Du kannst w\u00e4hlen, ob du den&nbsp;Weg zu Fu\u00df&nbsp;oder mit den&nbsp;kostenlosen&nbsp;Shuttles&nbsp;gehen m\u00f6chtest. F\u00fcr weitere Informationen www.castion-belluno.it Die D\u00f6rfer von Pieve Castionese&nbsp;schm\u00fccken sich festlich, um die Ausstellung der Produkte des Landes zu","og_url":"https:\/\/www.dolomitiprealpi.it\/de\/event\/orti-in-piazza\/","og_site_name":"Dolomiti Prealpi","article_publisher":"https:\/\/www.facebook.com\/dolomitiprealpi.it\/","article_modified_time":"2026-03-20T11:47:53+00:00","og_image":[{"width":2048,"height":1888,"url":"https:\/\/www.dolomitiprealpi.it\/wp-content\/uploads\/2022\/11\/C.-Timpone-Foto-archivio-Consorzio-turistico-Dolomiti-Prealpi-Nevegal-Belluno-Bike-18-2.jpg","type":"image\/jpeg"}],"twitter_card":"summary_large_image","twitter_misc":{"Est. reading time":"1 minute"},"schema":{"@context":"https:\/\/schema.org","@graph":[{"@type":"WebPage","@id":"https:\/\/www.dolomitiprealpi.it\/de\/event\/orti-in-piazza\/","url":"https:\/\/www.dolomitiprealpi.it\/de\/event\/orti-in-piazza\/","name":"Orti in piazza - Dolomiti Prealpi","isPartOf":{"@id":"https:\/\/www.dolomitiprealpi.it\/de\/#website"},"datePublished":"2026-02-15T11:06:45+00:00","dateModified":"2026-03-20T11:47:53+00:00","breadcrumb":{"@id":"https:\/\/www.dolomitiprealpi.it\/de\/event\/orti-in-piazza\/#breadcrumb"},"inLanguage":"de-DE","potentialAction":[{"@type":"ReadAction","target":["https:\/\/www.dolomitiprealpi.it\/de\/event\/orti-in-piazza\/"]}]},{"@type":"BreadcrumbList","@id":"https:\/\/www.dolomitiprealpi.it\/de\/event\/orti-in-piazza\/#breadcrumb","itemListElement":[{"@type":"ListItem","position":1,"name":"Home","item":"https:\/\/www.dolomitiprealpi.it\/de\/"},{"@type":"ListItem","position":2,"name":"Veranstaltungen","item":"https:\/\/www.dolomitiprealpi.it\/de\/events\/"},{"@type":"ListItem","position":3,"name":"Orti in piazza"}]},{"@type":"WebSite","@id":"https:\/\/www.dolomitiprealpi.it\/de\/#website","url":"https:\/\/www.dolomitiprealpi.it\/de\/","name":"Dolomiti Prealpi","description":"","publisher":{"@id":"https:\/\/www.dolomitiprealpi.it\/de\/#organization"},"potentialAction":[{"@type":"SearchAction","target":{"@type":"EntryPoint","urlTemplate":"https:\/\/www.dolomitiprealpi.it\/de\/?s={search_term_string}"},"query-input":{"@type":"PropertyValueSpecification","valueRequired":true,"valueName":"search_term_string"}}],"inLanguage":"de-DE"},{"@type":"Organization","@id":"https:\/\/www.dolomitiprealpi.it\/de\/#organization","name":"Consorzio Dolomiti Prealpi","url":"https:\/\/www.dolomitiprealpi.it\/de\/","logo":{"@type":"ImageObject","inLanguage":"de-DE","@id":"https:\/\/www.dolomitiprealpi.it\/de\/#\/schema\/logo\/image\/","url":"https:\/\/www.dolomitiprealpi.it\/wp-content\/uploads\/2023\/03\/dolomitiprealpi-favicon.jpg","contentUrl":"https:\/\/www.dolomitiprealpi.it\/wp-content\/uploads\/2023\/03\/dolomitiprealpi-favicon.jpg","width":512,"height":512,"caption":"Consorzio Dolomiti Prealpi"},"image":{"@id":"https:\/\/www.dolomitiprealpi.it\/de\/#\/schema\/logo\/image\/"},"sameAs":["https:\/\/www.facebook.com\/dolomitiprealpi.it\/","https:\/\/www.instagram.com\/dolomitiprealpi\/"]}]}},"_links":{"self":[{"href":"https:\/\/www.dolomitiprealpi.it\/de\/wp-json\/wp\/v2\/tribe_events\/79052","targetHints":{"allow":["GET"]}}],"collection":[{"href":"https:\/\/www.dolomitiprealpi.it\/de\/wp-json\/wp\/v2\/tribe_events"}],"about":[{"href":"https:\/\/www.dolomitiprealpi.it\/de\/wp-json\/wp\/v2\/types\/tribe_events"}],"version-history":[{"count":1,"href":"https:\/\/www.dolomitiprealpi.it\/de\/wp-json\/wp\/v2\/tribe_events\/79052\/revisions"}],"predecessor-version":[{"id":83114,"href":"https:\/\/www.dolomitiprealpi.it\/de\/wp-json\/wp\/v2\/tribe_events\/79052\/revisions\/83114"}],"wp:attachment":[{"href":"https:\/\/www.dolomitiprealpi.it\/de\/wp-json\/wp\/v2\/media?parent=79052"}],"wp:term":[{"taxonomy":"post_tag","embeddable":true,"href":"https:\/\/www.dolomitiprealpi.it\/de\/wp-json\/wp\/v2\/tags?post=79052"},{"taxonomy":"tribe_events_cat","embeddable":true,"href":"https:\/\/www.dolomitiprealpi.it\/de\/wp-json\/wp\/v2\/tribe_events_cat?post=79052"}],"curies":[{"name":"wp","href":"https:\/\/api.w.org\/{rel}","templated":true}]}}

<p>Du kannst wählen, ob du den&nbsp;Weg zu Fuß&nbsp;oder mit den&nbsp;kostenlosen&nbsp;Shuttles&nbsp;gehen möchtest.</p>
<p>Für weitere Informationen www.castion-belluno.it</p>
<p>Die Dörfer von Pieve Castionese&nbsp;schmücken sich festlich, um die Ausstellung der Produkte des Landes zu beherbergen. </p>
<p>Die Frazioni sind bereit, das reiche landwirtschaftliche und gastronomische Erbe, das sie seit Jahren prägt, bekannt zu machen. </p>
<p>Von morgens bis abends werden die Dörfer und Frazioni von Caleipo, Cirvoi, Faverga, Sossai, Madeago, Cet, Castoi, Rivamaor, Visome und Sagrogna mit Workshops, Vorführungen landwirtschaftlicher Tätigkeiten, Ständen mit Produkten aus Familiengärten, Verkostungen und verschiedenen Degustationen lebendig werden. </p>
<p>Es wird Veranstaltungen und Aufführungen für Groß und Klein geben: ein reichhaltiges und abwechslungsreiches Event, erfahre mehr unter <b><a href="https://www.castion-belluno.it/eventi/orti-in-piazza/">| LINK |</a></b></p>
<p>&nbsp;</p>
<p>Markt für Erzeugnisse vom Land</p>

<p>Du kannst wählen, ob du den&nbsp;Weg zu Fuß&nbsp;oder mit den&nbsp;kostenlosen&nbsp;Shuttles&nbsp;gehen möchtest. Für weitere Informationen www.castion-belluno.it Die Dörfer von Pieve Castionese&nbsp;schmücken sich festlich, um die Ausstellung der Produkte des Landes zu</p>

<!-- This site is optimized with the Yoast SEO plugin v25.7 - https://yoast.com/wordpress/plugins/seo/ -->
<title>Orti in piazza - Dolomiti Prealpi</title>
<meta name="robots" content="index, follow, max-snippet:-1, max-image-preview:large, max-video-preview:-1" />
<link rel="canonical" href="https://www.dolomitiprealpi.it/de/event/orti-in-piazza/" />
<meta property="og:locale" content="de_DE" />
<meta property="og:type" content="article" />
<meta property="og:title" content="Orti in piazza - Dolomiti Prealpi" />
<meta property="og:description" content="Du kannst wählen, ob du den&nbsp;Weg zu Fuß&nbsp;oder mit den&nbsp;kostenlosen&nbsp;Shuttles&nbsp;gehen möchtest. Für weitere Informationen www.castion-belluno.it Die Dörfer von Pieve Castionese&nbsp;schmücken sich festlich, um die Ausstellung der Produkte des Landes zu" />
<meta property="og:url" content="https://www.dolomitiprealpi.it/de/event/orti-in-piazza/" />
<meta property="og:site_name" content="Dolomiti Prealpi" />
<meta property="article:publisher" content="https://www.facebook.com/dolomitiprealpi.it/" />
<meta property="article:modified_time" content="2026-03-20T11:47:53+00:00" />
<meta property="og:image" content="https://www.dolomitiprealpi.it/wp-content/uploads/2022/11/C.-Timpone-Foto-archivio-Consorzio-turistico-Dolomiti-Prealpi-Nevegal-Belluno-Bike-18-2.jpg" />
	<meta property="og:image:width" content="2048" />
	<meta property="og:image:height" content="1888" />
	<meta property="og:image:type" content="image/jpeg" />
<meta name="twitter:card" content="summary_large_image" />
<meta name="twitter:label1" content="Est. reading time" />
	<meta name="twitter:data1" content="1 minute" />
<script type="application/ld+json" class="yoast-schema-graph">{"@context":"https://schema.org","@graph":[{"@type":"WebPage","@id":"https://www.dolomitiprealpi.it/de/event/orti-in-piazza/","url":"https://www.dolomitiprealpi.it/de/event/orti-in-piazza/","name":"Orti in piazza - Dolomiti Prealpi","isPartOf":{"@id":"https://www.dolomitiprealpi.it/de/#website"},"datePublished":"2026-02-15T11:06:45+00:00","dateModified":"2026-03-20T11:47:53+00:00","breadcrumb":{"@id":"https://www.dolomitiprealpi.it/de/event/orti-in-piazza/#breadcrumb"},"inLanguage":"de-DE","potentialAction":[{"@type":"ReadAction","target":["https://www.dolomitiprealpi.it/de/event/orti-in-piazza/"]}]},{"@type":"BreadcrumbList","@id":"https://www.dolomitiprealpi.it/de/event/orti-in-piazza/#breadcrumb","itemListElement":[{"@type":"ListItem","position":1,"name":"Home","item":"https://www.dolomitiprealpi.it/de/"},{"@type":"ListItem","position":2,"name":"Veranstaltungen","item":"https://www.dolomitiprealpi.it/de/events/"},{"@type":"ListItem","position":3,"name":"Orti in piazza"}]},{"@type":"WebSite","@id":"https://www.dolomitiprealpi.it/de/#website","url":"https://www.dolomitiprealpi.it/de/","name":"Dolomiti Prealpi","description":"","publisher":{"@id":"https://www.dolomitiprealpi.it/de/#organization"},"potentialAction":[{"@type":"SearchAction","target":{"@type":"EntryPoint","urlTemplate":"https://www.dolomitiprealpi.it/de/?s={search_term_string}"},"query-input":{"@type":"PropertyValueSpecification","valueRequired":true,"valueName":"search_term_string"}}],"inLanguage":"de-DE"},{"@type":"Organization","@id":"https://www.dolomitiprealpi.it/de/#organization","name":"Consorzio Dolomiti Prealpi","url":"https://www.dolomitiprealpi.it/de/","logo":{"@type":"ImageObject","inLanguage":"de-DE","@id":"https://www.dolomitiprealpi.it/de/#/schema/logo/image/","url":"https://www.dolomitiprealpi.it/wp-content/uploads/2023/03/dolomitiprealpi-favicon.jpg","contentUrl":"https://www.dolomitiprealpi.it/wp-content/uploads/2023/03/dolomitiprealpi-favicon.jpg","width":512,"height":512,"caption":"Consorzio Dolomiti Prealpi"},"image":{"@id":"https://www.dolomitiprealpi.it/de/#/schema/logo/image/"},"sameAs":["https://www.facebook.com/dolomitiprealpi.it/","https://www.instagram.com/dolomitiprealpi/"]}]}</script>
<!-- / Yoast SEO plugin. -->

Du kannst wählen, ob du den&nbsp;Weg zu Fuß&nbsp;oder mit den&nbsp;kostenlosen&nbsp;Shuttles&nbsp;gehen möchtest. Für weitere Informationen www.castion-belluno.it Die Dörfer von Pieve Castionese&nbsp;schmücken sich festlich, um die Ausstellung der Produkte des Landes zu
