{"id":78911,"date":"2026-02-15T12:03:26","date_gmt":"2026-02-15T11:03:26","guid":{"rendered":"https:\/\/www.dolomitiprealpi.it\/event\/weekend-olistico\/"},"modified":"2026-02-21T16:27:16","modified_gmt":"2026-02-21T15:27:16","slug":"weekend-olistico","status":"publish","type":"tribe_events","link":"https:\/\/www.dolomitiprealpi.it\/de\/event\/weekend-olistico\/","title":{"rendered":"Weekend Olistico"},"content":{"rendered":"<p>Ein Wochenende, um sich selbst in der Natur zu finden:<\/p>\n<p>Samstagnachmittag: <b>Entdeckungsspaziergang der Bachbl\u00fcten<\/b>:&nbsp;Die Bachbl\u00fcten stammen von Pflanzen, die h\u00e4ufig um uns herum vorkommen: die Zichorie, die Kastanie, die Buche, die Waldrebe, die Eiche, die Eisenkraut, die Heidekraut, die Gei\u00dfblatt, die Hainbuche, die Weide&#8230; Lass uns diese beim Spaziergang in der Natur entdecken und lernen: <\/p>\n<ul>\n<li>wie die Bachbl\u00fcten funktionieren und wie der englische Hom\u00f6opath sie entdeckte <\/li>\n<li>die Magie der Information des Wassers <\/li>\n<li>die Extraktionsmethoden, mit praktischer Demonstration <\/li>\n<li>Wir werden auch eine praktische Erfahrung der Verbindung zu einigen der Pflanzen machen, aus denen die Bachbl\u00fcten gewonnen werden. <\/li>\n<\/ul>\n<p>Es ist keine Wanderung, es ist auch f\u00fcr Kinder geeignet. Bei schlechtem Wetter k\u00f6nnen wir uns f\u00fcr den theoretischen Teil warm und drinnen aufhalten, w\u00e4hrend wir f\u00fcr den praktischen Teil nach drau\u00dfen gehen.<\/p>\n<p> Samstagnachmittag\/-abend: <b>Veganer\/glutenfreier Kochkurs<\/b>: Bist du glutenintolerant oder celiakiekrank und hast genug von teuren und aufw\u00e4ndigen Produkten mit fragw\u00fcrdigen Zutaten? Wei\u00dft du nie, was du kochen sollst, wenn du vegane oder glutenfreie G\u00e4ste hast? Wir werden eine KOCHEN OHNE ANSTRENGUNG lernen: einfache Gerichte, die keine biblischen Zeiten erfordern und gleichzeitig k\u00f6stlich sind. <\/p>\n<p>Samstagabend: <b>Night Walking-Event <\/b>, um die Nachtsicht zu entwickeln.<\/p>\n<p>Sonntag: <b>Grundkurs Methode Bates<\/b>: Laut dem Augenarzt W.H. Bates aus dem letzten Jahrhundert haben wir falsche Sehgewohnheiten. Seine Methode ist eine ganzheitliche Technik, um an der Sehkraft zu arbeiten und die richtigen Sehgewohnheiten wieder zu erlernen. Es kann bei verschiedenen St\u00f6rungen hilfreich sein (Kurzsichtigkeit, Astigmatismus, Altersweitsicht, Weitsicht, Computererm\u00fcdung, Brennen, Trockenheit, Nacken- und Schulterschmerzen) und f\u00fcr alle, die an ihrer visuellen Wahrnehmung arbeiten m\u00f6chten. Geleitet von Silvia Bodda, anerkannte visuelle P\u00e4dagogin Aiev und Blumenheilerin.<\/p>\n<p>Infos und Anmeldungen www.vederesenzasforzo.com Tel 333.9747409<\/p>\n<p>Wochenende dem Wohlbefinden gewidmet<\/p>\n","protected":false},"excerpt":{"rendered":"<p>Ein Wochenende, um sich selbst in der Natur zu finden: Samstagnachmittag: Entdeckungsspaziergang der Bachbl\u00fcten:&nbsp;Die Bachbl\u00fcten stammen von Pflanzen, die h\u00e4ufig um uns herum vorkommen: die Zichorie, die Kastanie, die Buche,<\/p>\n","protected":false},"author":0,"featured_media":0,"template":"","meta":{"_acf_changed":false,"inline_featured_image":false,"_tribe_events_status":"","_tribe_events_status_reason":"","footnotes":""},"tags":[259],"tribe_events_cat":[],"class_list":["post-78911","tribe_events","type-tribe_events","status-publish","hentry","tag-eventi-feratel"],"acf":[],"yoast_head":"<!-- This site is optimized with the Yoast SEO plugin v25.7 - https:\/\/yoast.com\/wordpress\/plugins\/seo\/ -->\n<title>Weekend Olistico - Dolomiti Prealpi<\/title>\n<meta name=\"robots\" content=\"index, follow, max-snippet:-1, max-image-preview:large, max-video-preview:-1\" \/>\n<link rel=\"canonical\" href=\"https:\/\/www.dolomitiprealpi.it\/de\/event\/weekend-olistico\/\" \/>\n<meta property=\"og:locale\" content=\"de_DE\" \/>\n<meta property=\"og:type\" content=\"article\" \/>\n<meta property=\"og:title\" content=\"Weekend Olistico - Dolomiti Prealpi\" \/>\n<meta property=\"og:description\" content=\"Ein Wochenende, um sich selbst in der Natur zu finden: Samstagnachmittag: Entdeckungsspaziergang der Bachbl\u00fcten:&nbsp;Die Bachbl\u00fcten stammen von Pflanzen, die h\u00e4ufig um uns herum vorkommen: die Zichorie, die Kastanie, die Buche,\" \/>\n<meta property=\"og:url\" content=\"https:\/\/www.dolomitiprealpi.it\/de\/event\/weekend-olistico\/\" \/>\n<meta property=\"og:site_name\" content=\"Dolomiti Prealpi\" \/>\n<meta property=\"article:publisher\" content=\"https:\/\/www.facebook.com\/dolomitiprealpi.it\/\" \/>\n<meta property=\"article:modified_time\" content=\"2026-02-21T15:27:16+00:00\" \/>\n<meta property=\"og:image\" content=\"https:\/\/www.dolomitiprealpi.it\/wp-content\/uploads\/2022\/11\/C.-Timpone-Foto-archivio-Consorzio-turistico-Dolomiti-Prealpi-Nevegal-Belluno-Bike-18-2.jpg\" \/>\n\t<meta property=\"og:image:width\" content=\"2048\" \/>\n\t<meta property=\"og:image:height\" content=\"1888\" \/>\n\t<meta property=\"og:image:type\" content=\"image\/jpeg\" \/>\n<meta name=\"twitter:card\" content=\"summary_large_image\" \/>\n<meta name=\"twitter:label1\" content=\"Est. reading time\" \/>\n\t<meta name=\"twitter:data1\" content=\"2 minutes\" \/>\n<script type=\"application\/ld+json\" class=\"yoast-schema-graph\">{\"@context\":\"https:\/\/schema.org\",\"@graph\":[{\"@type\":\"WebPage\",\"@id\":\"https:\/\/www.dolomitiprealpi.it\/de\/event\/weekend-olistico\/\",\"url\":\"https:\/\/www.dolomitiprealpi.it\/de\/event\/weekend-olistico\/\",\"name\":\"Weekend Olistico - Dolomiti Prealpi\",\"isPartOf\":{\"@id\":\"https:\/\/www.dolomitiprealpi.it\/de\/#website\"},\"datePublished\":\"2026-02-15T11:03:26+00:00\",\"dateModified\":\"2026-02-21T15:27:16+00:00\",\"breadcrumb\":{\"@id\":\"https:\/\/www.dolomitiprealpi.it\/de\/event\/weekend-olistico\/#breadcrumb\"},\"inLanguage\":\"de-DE\",\"potentialAction\":[{\"@type\":\"ReadAction\",\"target\":[\"https:\/\/www.dolomitiprealpi.it\/de\/event\/weekend-olistico\/\"]}]},{\"@type\":\"BreadcrumbList\",\"@id\":\"https:\/\/www.dolomitiprealpi.it\/de\/event\/weekend-olistico\/#breadcrumb\",\"itemListElement\":[{\"@type\":\"ListItem\",\"position\":1,\"name\":\"Home\",\"item\":\"https:\/\/www.dolomitiprealpi.it\/de\/\"},{\"@type\":\"ListItem\",\"position\":2,\"name\":\"Veranstaltungen\",\"item\":\"https:\/\/www.dolomitiprealpi.it\/de\/events\/\"},{\"@type\":\"ListItem\",\"position\":3,\"name\":\"Weekend Olistico\"}]},{\"@type\":\"WebSite\",\"@id\":\"https:\/\/www.dolomitiprealpi.it\/de\/#website\",\"url\":\"https:\/\/www.dolomitiprealpi.it\/de\/\",\"name\":\"Dolomiti Prealpi\",\"description\":\"\",\"publisher\":{\"@id\":\"https:\/\/www.dolomitiprealpi.it\/de\/#organization\"},\"potentialAction\":[{\"@type\":\"SearchAction\",\"target\":{\"@type\":\"EntryPoint\",\"urlTemplate\":\"https:\/\/www.dolomitiprealpi.it\/de\/?s={search_term_string}\"},\"query-input\":{\"@type\":\"PropertyValueSpecification\",\"valueRequired\":true,\"valueName\":\"search_term_string\"}}],\"inLanguage\":\"de-DE\"},{\"@type\":\"Organization\",\"@id\":\"https:\/\/www.dolomitiprealpi.it\/de\/#organization\",\"name\":\"Consorzio Dolomiti Prealpi\",\"url\":\"https:\/\/www.dolomitiprealpi.it\/de\/\",\"logo\":{\"@type\":\"ImageObject\",\"inLanguage\":\"de-DE\",\"@id\":\"https:\/\/www.dolomitiprealpi.it\/de\/#\/schema\/logo\/image\/\",\"url\":\"https:\/\/www.dolomitiprealpi.it\/wp-content\/uploads\/2023\/03\/dolomitiprealpi-favicon.jpg\",\"contentUrl\":\"https:\/\/www.dolomitiprealpi.it\/wp-content\/uploads\/2023\/03\/dolomitiprealpi-favicon.jpg\",\"width\":512,\"height\":512,\"caption\":\"Consorzio Dolomiti Prealpi\"},\"image\":{\"@id\":\"https:\/\/www.dolomitiprealpi.it\/de\/#\/schema\/logo\/image\/\"},\"sameAs\":[\"https:\/\/www.facebook.com\/dolomitiprealpi.it\/\",\"https:\/\/www.instagram.com\/dolomitiprealpi\/\"]}]}<\/script>\n<!-- \/ Yoast SEO plugin. -->","yoast_head_json":{"title":"Weekend Olistico - Dolomiti Prealpi","robots":{"index":"index","follow":"follow","max-snippet":"max-snippet:-1","max-image-preview":"max-image-preview:large","max-video-preview":"max-video-preview:-1"},"canonical":"https:\/\/www.dolomitiprealpi.it\/de\/event\/weekend-olistico\/","og_locale":"de_DE","og_type":"article","og_title":"Weekend Olistico - Dolomiti Prealpi","og_description":"Ein Wochenende, um sich selbst in der Natur zu finden: Samstagnachmittag: Entdeckungsspaziergang der Bachbl\u00fcten:&nbsp;Die Bachbl\u00fcten stammen von Pflanzen, die h\u00e4ufig um uns herum vorkommen: die Zichorie, die Kastanie, die Buche,","og_url":"https:\/\/www.dolomitiprealpi.it\/de\/event\/weekend-olistico\/","og_site_name":"Dolomiti Prealpi","article_publisher":"https:\/\/www.facebook.com\/dolomitiprealpi.it\/","article_modified_time":"2026-02-21T15:27:16+00:00","og_image":[{"width":2048,"height":1888,"url":"https:\/\/www.dolomitiprealpi.it\/wp-content\/uploads\/2022\/11\/C.-Timpone-Foto-archivio-Consorzio-turistico-Dolomiti-Prealpi-Nevegal-Belluno-Bike-18-2.jpg","type":"image\/jpeg"}],"twitter_card":"summary_large_image","twitter_misc":{"Est. reading time":"2 minutes"},"schema":{"@context":"https:\/\/schema.org","@graph":[{"@type":"WebPage","@id":"https:\/\/www.dolomitiprealpi.it\/de\/event\/weekend-olistico\/","url":"https:\/\/www.dolomitiprealpi.it\/de\/event\/weekend-olistico\/","name":"Weekend Olistico - Dolomiti Prealpi","isPartOf":{"@id":"https:\/\/www.dolomitiprealpi.it\/de\/#website"},"datePublished":"2026-02-15T11:03:26+00:00","dateModified":"2026-02-21T15:27:16+00:00","breadcrumb":{"@id":"https:\/\/www.dolomitiprealpi.it\/de\/event\/weekend-olistico\/#breadcrumb"},"inLanguage":"de-DE","potentialAction":[{"@type":"ReadAction","target":["https:\/\/www.dolomitiprealpi.it\/de\/event\/weekend-olistico\/"]}]},{"@type":"BreadcrumbList","@id":"https:\/\/www.dolomitiprealpi.it\/de\/event\/weekend-olistico\/#breadcrumb","itemListElement":[{"@type":"ListItem","position":1,"name":"Home","item":"https:\/\/www.dolomitiprealpi.it\/de\/"},{"@type":"ListItem","position":2,"name":"Veranstaltungen","item":"https:\/\/www.dolomitiprealpi.it\/de\/events\/"},{"@type":"ListItem","position":3,"name":"Weekend Olistico"}]},{"@type":"WebSite","@id":"https:\/\/www.dolomitiprealpi.it\/de\/#website","url":"https:\/\/www.dolomitiprealpi.it\/de\/","name":"Dolomiti Prealpi","description":"","publisher":{"@id":"https:\/\/www.dolomitiprealpi.it\/de\/#organization"},"potentialAction":[{"@type":"SearchAction","target":{"@type":"EntryPoint","urlTemplate":"https:\/\/www.dolomitiprealpi.it\/de\/?s={search_term_string}"},"query-input":{"@type":"PropertyValueSpecification","valueRequired":true,"valueName":"search_term_string"}}],"inLanguage":"de-DE"},{"@type":"Organization","@id":"https:\/\/www.dolomitiprealpi.it\/de\/#organization","name":"Consorzio Dolomiti Prealpi","url":"https:\/\/www.dolomitiprealpi.it\/de\/","logo":{"@type":"ImageObject","inLanguage":"de-DE","@id":"https:\/\/www.dolomitiprealpi.it\/de\/#\/schema\/logo\/image\/","url":"https:\/\/www.dolomitiprealpi.it\/wp-content\/uploads\/2023\/03\/dolomitiprealpi-favicon.jpg","contentUrl":"https:\/\/www.dolomitiprealpi.it\/wp-content\/uploads\/2023\/03\/dolomitiprealpi-favicon.jpg","width":512,"height":512,"caption":"Consorzio Dolomiti Prealpi"},"image":{"@id":"https:\/\/www.dolomitiprealpi.it\/de\/#\/schema\/logo\/image\/"},"sameAs":["https:\/\/www.facebook.com\/dolomitiprealpi.it\/","https:\/\/www.instagram.com\/dolomitiprealpi\/"]}]}},"_links":{"self":[{"href":"https:\/\/www.dolomitiprealpi.it\/de\/wp-json\/wp\/v2\/tribe_events\/78911","targetHints":{"allow":["GET"]}}],"collection":[{"href":"https:\/\/www.dolomitiprealpi.it\/de\/wp-json\/wp\/v2\/tribe_events"}],"about":[{"href":"https:\/\/www.dolomitiprealpi.it\/de\/wp-json\/wp\/v2\/types\/tribe_events"}],"version-history":[{"count":1,"href":"https:\/\/www.dolomitiprealpi.it\/de\/wp-json\/wp\/v2\/tribe_events\/78911\/revisions"}],"predecessor-version":[{"id":82850,"href":"https:\/\/www.dolomitiprealpi.it\/de\/wp-json\/wp\/v2\/tribe_events\/78911\/revisions\/82850"}],"wp:attachment":[{"href":"https:\/\/www.dolomitiprealpi.it\/de\/wp-json\/wp\/v2\/media?parent=78911"}],"wp:term":[{"taxonomy":"post_tag","embeddable":true,"href":"https:\/\/www.dolomitiprealpi.it\/de\/wp-json\/wp\/v2\/tags?post=78911"},{"taxonomy":"tribe_events_cat","embeddable":true,"href":"https:\/\/www.dolomitiprealpi.it\/de\/wp-json\/wp\/v2\/tribe_events_cat?post=78911"}],"curies":[{"name":"wp","href":"https:\/\/api.w.org\/{rel}","templated":true}]}}

<p>Ein Wochenende, um sich selbst in der Natur zu finden:</p>
<p>Samstagnachmittag: <b>Entdeckungsspaziergang der Bachblüten</b>:&nbsp;Die Bachblüten stammen von Pflanzen, die häufig um uns herum vorkommen: die Zichorie, die Kastanie, die Buche, die Waldrebe, die Eiche, die Eisenkraut, die Heidekraut, die Geißblatt, die Hainbuche, die Weide&#8230; Lass uns diese beim Spaziergang in der Natur entdecken und lernen: </p>
<ul>
<li>wie die Bachblüten funktionieren und wie der englische Homöopath sie entdeckte </li>
<li>die Magie der Information des Wassers </li>
<li>die Extraktionsmethoden, mit praktischer Demonstration </li>
<li>Wir werden auch eine praktische Erfahrung der Verbindung zu einigen der Pflanzen machen, aus denen die Bachblüten gewonnen werden. </li>
</ul>
<p>Es ist keine Wanderung, es ist auch für Kinder geeignet. Bei schlechtem Wetter können wir uns für den theoretischen Teil warm und drinnen aufhalten, während wir für den praktischen Teil nach draußen gehen.</p>
<p> Samstagnachmittag/-abend: <b>Veganer/glutenfreier Kochkurs</b>: Bist du glutenintolerant oder celiakiekrank und hast genug von teuren und aufwändigen Produkten mit fragwürdigen Zutaten? Weißt du nie, was du kochen sollst, wenn du vegane oder glutenfreie Gäste hast? Wir werden eine KOCHEN OHNE ANSTRENGUNG lernen: einfache Gerichte, die keine biblischen Zeiten erfordern und gleichzeitig köstlich sind. </p>
<p>Samstagabend: <b>Night Walking-Event </b>, um die Nachtsicht zu entwickeln.</p>
<p>Sonntag: <b>Grundkurs Methode Bates</b>: Laut dem Augenarzt W.H. Bates aus dem letzten Jahrhundert haben wir falsche Sehgewohnheiten. Seine Methode ist eine ganzheitliche Technik, um an der Sehkraft zu arbeiten und die richtigen Sehgewohnheiten wieder zu erlernen. Es kann bei verschiedenen Störungen hilfreich sein (Kurzsichtigkeit, Astigmatismus, Altersweitsicht, Weitsicht, Computerermüdung, Brennen, Trockenheit, Nacken- und Schulterschmerzen) und für alle, die an ihrer visuellen Wahrnehmung arbeiten möchten. Geleitet von Silvia Bodda, anerkannte visuelle Pädagogin Aiev und Blumenheilerin.</p>
<p>Infos und Anmeldungen www.vederesenzasforzo.com Tel 333.9747409</p>
<p>Wochenende dem Wohlbefinden gewidmet</p>

<p>Ein Wochenende, um sich selbst in der Natur zu finden: Samstagnachmittag: Entdeckungsspaziergang der Bachblüten:&nbsp;Die Bachblüten stammen von Pflanzen, die häufig um uns herum vorkommen: die Zichorie, die Kastanie, die Buche,</p>

<!-- This site is optimized with the Yoast SEO plugin v25.7 - https://yoast.com/wordpress/plugins/seo/ -->
<title>Weekend Olistico - Dolomiti Prealpi</title>
<meta name="robots" content="index, follow, max-snippet:-1, max-image-preview:large, max-video-preview:-1" />
<link rel="canonical" href="https://www.dolomitiprealpi.it/de/event/weekend-olistico/" />
<meta property="og:locale" content="de_DE" />
<meta property="og:type" content="article" />
<meta property="og:title" content="Weekend Olistico - Dolomiti Prealpi" />
<meta property="og:description" content="Ein Wochenende, um sich selbst in der Natur zu finden: Samstagnachmittag: Entdeckungsspaziergang der Bachblüten:&nbsp;Die Bachblüten stammen von Pflanzen, die häufig um uns herum vorkommen: die Zichorie, die Kastanie, die Buche," />
<meta property="og:url" content="https://www.dolomitiprealpi.it/de/event/weekend-olistico/" />
<meta property="og:site_name" content="Dolomiti Prealpi" />
<meta property="article:publisher" content="https://www.facebook.com/dolomitiprealpi.it/" />
<meta property="article:modified_time" content="2026-02-21T15:27:16+00:00" />
<meta property="og:image" content="https://www.dolomitiprealpi.it/wp-content/uploads/2022/11/C.-Timpone-Foto-archivio-Consorzio-turistico-Dolomiti-Prealpi-Nevegal-Belluno-Bike-18-2.jpg" />
	<meta property="og:image:width" content="2048" />
	<meta property="og:image:height" content="1888" />
	<meta property="og:image:type" content="image/jpeg" />
<meta name="twitter:card" content="summary_large_image" />
<meta name="twitter:label1" content="Est. reading time" />
	<meta name="twitter:data1" content="2 minutes" />
<script type="application/ld+json" class="yoast-schema-graph">{"@context":"https://schema.org","@graph":[{"@type":"WebPage","@id":"https://www.dolomitiprealpi.it/de/event/weekend-olistico/","url":"https://www.dolomitiprealpi.it/de/event/weekend-olistico/","name":"Weekend Olistico - Dolomiti Prealpi","isPartOf":{"@id":"https://www.dolomitiprealpi.it/de/#website"},"datePublished":"2026-02-15T11:03:26+00:00","dateModified":"2026-02-21T15:27:16+00:00","breadcrumb":{"@id":"https://www.dolomitiprealpi.it/de/event/weekend-olistico/#breadcrumb"},"inLanguage":"de-DE","potentialAction":[{"@type":"ReadAction","target":["https://www.dolomitiprealpi.it/de/event/weekend-olistico/"]}]},{"@type":"BreadcrumbList","@id":"https://www.dolomitiprealpi.it/de/event/weekend-olistico/#breadcrumb","itemListElement":[{"@type":"ListItem","position":1,"name":"Home","item":"https://www.dolomitiprealpi.it/de/"},{"@type":"ListItem","position":2,"name":"Veranstaltungen","item":"https://www.dolomitiprealpi.it/de/events/"},{"@type":"ListItem","position":3,"name":"Weekend Olistico"}]},{"@type":"WebSite","@id":"https://www.dolomitiprealpi.it/de/#website","url":"https://www.dolomitiprealpi.it/de/","name":"Dolomiti Prealpi","description":"","publisher":{"@id":"https://www.dolomitiprealpi.it/de/#organization"},"potentialAction":[{"@type":"SearchAction","target":{"@type":"EntryPoint","urlTemplate":"https://www.dolomitiprealpi.it/de/?s={search_term_string}"},"query-input":{"@type":"PropertyValueSpecification","valueRequired":true,"valueName":"search_term_string"}}],"inLanguage":"de-DE"},{"@type":"Organization","@id":"https://www.dolomitiprealpi.it/de/#organization","name":"Consorzio Dolomiti Prealpi","url":"https://www.dolomitiprealpi.it/de/","logo":{"@type":"ImageObject","inLanguage":"de-DE","@id":"https://www.dolomitiprealpi.it/de/#/schema/logo/image/","url":"https://www.dolomitiprealpi.it/wp-content/uploads/2023/03/dolomitiprealpi-favicon.jpg","contentUrl":"https://www.dolomitiprealpi.it/wp-content/uploads/2023/03/dolomitiprealpi-favicon.jpg","width":512,"height":512,"caption":"Consorzio Dolomiti Prealpi"},"image":{"@id":"https://www.dolomitiprealpi.it/de/#/schema/logo/image/"},"sameAs":["https://www.facebook.com/dolomitiprealpi.it/","https://www.instagram.com/dolomitiprealpi/"]}]}</script>
<!-- / Yoast SEO plugin. -->

Ein Wochenende, um sich selbst in der Natur zu finden: Samstagnachmittag: Entdeckungsspaziergang der Bachblüten:&nbsp;Die Bachblüten stammen von Pflanzen, die häufig um uns herum vorkommen: die Zichorie, die Kastanie, die Buche,
