{"id":78668,"date":"2026-02-15T11:57:17","date_gmt":"2026-02-15T10:57:17","guid":{"rendered":"https:\/\/www.dolomitiprealpi.it\/event\/la-piana-di-agre-tra-prati-cervi-e-antiche-vie-di-passaggio-con-flo\/"},"modified":"2026-02-21T16:22:38","modified_gmt":"2026-02-21T15:22:38","slug":"la-piana-di-agre-tra-prati-cervi-e-antiche-vie-di-passaggio-con-flo","status":"publish","type":"tribe_events","link":"https:\/\/www.dolomitiprealpi.it\/de\/event\/la-piana-di-agre-tra-prati-cervi-e-antiche-vie-di-passaggio-con-flo\/","title":{"rendered":"La piana di Agre tra prati, cervi e antiche vie di passaggio con Fl\u00f2"},"content":{"rendered":"<p>KOSTENLOSE&nbsp;Exkursion f\u00fcr alle (max. 25 Teilnehmer)<\/p>\n<p>Infos und Anmeldungen:<b> 3290040808<\/b> &#8211; <b>guide.pndb@gmail.com<\/b><\/p>\n<p> Kostenlose gef\u00fchrte Wanderung<\/p>\n<p><b>Programm im Nationalpark Dolomiti Bellunesi mit Mama und Papa 2025<br \/><\/b>Leichte gef\u00fchrte Wanderung im Val Cordevole, entlang der Wege von Agre di Sedico bis zum Beginn des Val Pegolera, wo die Biodiversit\u00e4t seit den \u00e4ltesten Zeiten, in denen hier Hirten, H\u00e4ndler, Bergleute und Pilger vorbeikamen, reich und ruhig ist. <\/p>\n<p>H\u00f6henunterschied: <b>nicht vorhanden <\/b><\/p>\n<p>Schwierigkeit: <b>leicht<\/b> <\/p>\n<p><b>Treffpunkt 10.00 Uhr <\/b>Parkplatz beim Restaurant \u201cSan Mart\u00ecn\u201d entlang der Staatsstra\u00dfe des Val Cordevole. <\/p>\n<p>Beendigung der Aktivit\u00e4t um 13.00 Uhr <\/p>\n<p><\/p>\n","protected":false},"excerpt":{"rendered":"<p>KOSTENLOSE&nbsp;Exkursion f\u00fcr alle (max. 25 Teilnehmer) Infos und Anmeldungen: 3290040808 &#8211; guide.pndb@gmail.com Kostenlose gef\u00fchrte Wanderung Programm im Nationalpark Dolomiti Bellunesi mit Mama und Papa 2025Leichte gef\u00fchrte Wanderung im Val Cordevole,<\/p>\n","protected":false},"author":0,"featured_media":0,"template":"","meta":{"_acf_changed":false,"inline_featured_image":false,"_tribe_events_status":"","_tribe_events_status_reason":"","footnotes":""},"tags":[259],"tribe_events_cat":[],"class_list":["post-78668","tribe_events","type-tribe_events","status-publish","hentry","tag-eventi-feratel"],"acf":[],"yoast_head":"<!-- This site is optimized with the Yoast SEO plugin v25.7 - https:\/\/yoast.com\/wordpress\/plugins\/seo\/ -->\n<title>La piana di Agre tra prati, cervi e antiche vie di passaggio con Fl\u00f2 - Dolomiti Prealpi<\/title>\n<meta name=\"robots\" content=\"index, follow, max-snippet:-1, max-image-preview:large, max-video-preview:-1\" \/>\n<link rel=\"canonical\" href=\"https:\/\/www.dolomitiprealpi.it\/de\/event\/la-piana-di-agre-tra-prati-cervi-e-antiche-vie-di-passaggio-con-flo\/\" \/>\n<meta property=\"og:locale\" content=\"de_DE\" \/>\n<meta property=\"og:type\" content=\"article\" \/>\n<meta property=\"og:title\" content=\"La piana di Agre tra prati, cervi e antiche vie di passaggio con Fl\u00f2 - Dolomiti Prealpi\" \/>\n<meta property=\"og:description\" content=\"KOSTENLOSE&nbsp;Exkursion f\u00fcr alle (max. 25 Teilnehmer) Infos und Anmeldungen: 3290040808 &#8211; guide.pndb@gmail.com Kostenlose gef\u00fchrte Wanderung Programm im Nationalpark Dolomiti Bellunesi mit Mama und Papa 2025Leichte gef\u00fchrte Wanderung im Val Cordevole,\" \/>\n<meta property=\"og:url\" content=\"https:\/\/www.dolomitiprealpi.it\/de\/event\/la-piana-di-agre-tra-prati-cervi-e-antiche-vie-di-passaggio-con-flo\/\" \/>\n<meta property=\"og:site_name\" content=\"Dolomiti Prealpi\" \/>\n<meta property=\"article:publisher\" content=\"https:\/\/www.facebook.com\/dolomitiprealpi.it\/\" \/>\n<meta property=\"article:modified_time\" content=\"2026-02-21T15:22:38+00:00\" \/>\n<meta property=\"og:image\" content=\"https:\/\/www.dolomitiprealpi.it\/wp-content\/uploads\/2022\/11\/C.-Timpone-Foto-archivio-Consorzio-turistico-Dolomiti-Prealpi-Nevegal-Belluno-Bike-18-2.jpg\" \/>\n\t<meta property=\"og:image:width\" content=\"2048\" \/>\n\t<meta property=\"og:image:height\" content=\"1888\" \/>\n\t<meta property=\"og:image:type\" content=\"image\/jpeg\" \/>\n<meta name=\"twitter:card\" content=\"summary_large_image\" \/>\n<script type=\"application\/ld+json\" class=\"yoast-schema-graph\">{\"@context\":\"https:\/\/schema.org\",\"@graph\":[{\"@type\":\"WebPage\",\"@id\":\"https:\/\/www.dolomitiprealpi.it\/de\/event\/la-piana-di-agre-tra-prati-cervi-e-antiche-vie-di-passaggio-con-flo\/\",\"url\":\"https:\/\/www.dolomitiprealpi.it\/de\/event\/la-piana-di-agre-tra-prati-cervi-e-antiche-vie-di-passaggio-con-flo\/\",\"name\":\"La piana di Agre tra prati, cervi e antiche vie di passaggio con Fl\u00f2 - Dolomiti Prealpi\",\"isPartOf\":{\"@id\":\"https:\/\/www.dolomitiprealpi.it\/de\/#website\"},\"datePublished\":\"2026-02-15T10:57:17+00:00\",\"dateModified\":\"2026-02-21T15:22:38+00:00\",\"breadcrumb\":{\"@id\":\"https:\/\/www.dolomitiprealpi.it\/de\/event\/la-piana-di-agre-tra-prati-cervi-e-antiche-vie-di-passaggio-con-flo\/#breadcrumb\"},\"inLanguage\":\"de-DE\",\"potentialAction\":[{\"@type\":\"ReadAction\",\"target\":[\"https:\/\/www.dolomitiprealpi.it\/de\/event\/la-piana-di-agre-tra-prati-cervi-e-antiche-vie-di-passaggio-con-flo\/\"]}]},{\"@type\":\"BreadcrumbList\",\"@id\":\"https:\/\/www.dolomitiprealpi.it\/de\/event\/la-piana-di-agre-tra-prati-cervi-e-antiche-vie-di-passaggio-con-flo\/#breadcrumb\",\"itemListElement\":[{\"@type\":\"ListItem\",\"position\":1,\"name\":\"Home\",\"item\":\"https:\/\/www.dolomitiprealpi.it\/de\/\"},{\"@type\":\"ListItem\",\"position\":2,\"name\":\"Veranstaltungen\",\"item\":\"https:\/\/www.dolomitiprealpi.it\/de\/events\/\"},{\"@type\":\"ListItem\",\"position\":3,\"name\":\"La piana di Agre tra prati, cervi e antiche vie di passaggio con Fl\u00f2\"}]},{\"@type\":\"WebSite\",\"@id\":\"https:\/\/www.dolomitiprealpi.it\/de\/#website\",\"url\":\"https:\/\/www.dolomitiprealpi.it\/de\/\",\"name\":\"Dolomiti Prealpi\",\"description\":\"\",\"publisher\":{\"@id\":\"https:\/\/www.dolomitiprealpi.it\/de\/#organization\"},\"potentialAction\":[{\"@type\":\"SearchAction\",\"target\":{\"@type\":\"EntryPoint\",\"urlTemplate\":\"https:\/\/www.dolomitiprealpi.it\/de\/?s={search_term_string}\"},\"query-input\":{\"@type\":\"PropertyValueSpecification\",\"valueRequired\":true,\"valueName\":\"search_term_string\"}}],\"inLanguage\":\"de-DE\"},{\"@type\":\"Organization\",\"@id\":\"https:\/\/www.dolomitiprealpi.it\/de\/#organization\",\"name\":\"Consorzio Dolomiti Prealpi\",\"url\":\"https:\/\/www.dolomitiprealpi.it\/de\/\",\"logo\":{\"@type\":\"ImageObject\",\"inLanguage\":\"de-DE\",\"@id\":\"https:\/\/www.dolomitiprealpi.it\/de\/#\/schema\/logo\/image\/\",\"url\":\"https:\/\/www.dolomitiprealpi.it\/wp-content\/uploads\/2023\/03\/dolomitiprealpi-favicon.jpg\",\"contentUrl\":\"https:\/\/www.dolomitiprealpi.it\/wp-content\/uploads\/2023\/03\/dolomitiprealpi-favicon.jpg\",\"width\":512,\"height\":512,\"caption\":\"Consorzio Dolomiti Prealpi\"},\"image\":{\"@id\":\"https:\/\/www.dolomitiprealpi.it\/de\/#\/schema\/logo\/image\/\"},\"sameAs\":[\"https:\/\/www.facebook.com\/dolomitiprealpi.it\/\",\"https:\/\/www.instagram.com\/dolomitiprealpi\/\"]}]}<\/script>\n<!-- \/ Yoast SEO plugin. -->","yoast_head_json":{"title":"La piana di Agre tra prati, cervi e antiche vie di passaggio con Fl\u00f2 - Dolomiti Prealpi","robots":{"index":"index","follow":"follow","max-snippet":"max-snippet:-1","max-image-preview":"max-image-preview:large","max-video-preview":"max-video-preview:-1"},"canonical":"https:\/\/www.dolomitiprealpi.it\/de\/event\/la-piana-di-agre-tra-prati-cervi-e-antiche-vie-di-passaggio-con-flo\/","og_locale":"de_DE","og_type":"article","og_title":"La piana di Agre tra prati, cervi e antiche vie di passaggio con Fl\u00f2 - Dolomiti Prealpi","og_description":"KOSTENLOSE&nbsp;Exkursion f\u00fcr alle (max. 25 Teilnehmer) Infos und Anmeldungen: 3290040808 &#8211; guide.pndb@gmail.com Kostenlose gef\u00fchrte Wanderung Programm im Nationalpark Dolomiti Bellunesi mit Mama und Papa 2025Leichte gef\u00fchrte Wanderung im Val Cordevole,","og_url":"https:\/\/www.dolomitiprealpi.it\/de\/event\/la-piana-di-agre-tra-prati-cervi-e-antiche-vie-di-passaggio-con-flo\/","og_site_name":"Dolomiti Prealpi","article_publisher":"https:\/\/www.facebook.com\/dolomitiprealpi.it\/","article_modified_time":"2026-02-21T15:22:38+00:00","og_image":[{"width":2048,"height":1888,"url":"https:\/\/www.dolomitiprealpi.it\/wp-content\/uploads\/2022\/11\/C.-Timpone-Foto-archivio-Consorzio-turistico-Dolomiti-Prealpi-Nevegal-Belluno-Bike-18-2.jpg","type":"image\/jpeg"}],"twitter_card":"summary_large_image","schema":{"@context":"https:\/\/schema.org","@graph":[{"@type":"WebPage","@id":"https:\/\/www.dolomitiprealpi.it\/de\/event\/la-piana-di-agre-tra-prati-cervi-e-antiche-vie-di-passaggio-con-flo\/","url":"https:\/\/www.dolomitiprealpi.it\/de\/event\/la-piana-di-agre-tra-prati-cervi-e-antiche-vie-di-passaggio-con-flo\/","name":"La piana di Agre tra prati, cervi e antiche vie di passaggio con Fl\u00f2 - Dolomiti Prealpi","isPartOf":{"@id":"https:\/\/www.dolomitiprealpi.it\/de\/#website"},"datePublished":"2026-02-15T10:57:17+00:00","dateModified":"2026-02-21T15:22:38+00:00","breadcrumb":{"@id":"https:\/\/www.dolomitiprealpi.it\/de\/event\/la-piana-di-agre-tra-prati-cervi-e-antiche-vie-di-passaggio-con-flo\/#breadcrumb"},"inLanguage":"de-DE","potentialAction":[{"@type":"ReadAction","target":["https:\/\/www.dolomitiprealpi.it\/de\/event\/la-piana-di-agre-tra-prati-cervi-e-antiche-vie-di-passaggio-con-flo\/"]}]},{"@type":"BreadcrumbList","@id":"https:\/\/www.dolomitiprealpi.it\/de\/event\/la-piana-di-agre-tra-prati-cervi-e-antiche-vie-di-passaggio-con-flo\/#breadcrumb","itemListElement":[{"@type":"ListItem","position":1,"name":"Home","item":"https:\/\/www.dolomitiprealpi.it\/de\/"},{"@type":"ListItem","position":2,"name":"Veranstaltungen","item":"https:\/\/www.dolomitiprealpi.it\/de\/events\/"},{"@type":"ListItem","position":3,"name":"La piana di Agre tra prati, cervi e antiche vie di passaggio con Fl\u00f2"}]},{"@type":"WebSite","@id":"https:\/\/www.dolomitiprealpi.it\/de\/#website","url":"https:\/\/www.dolomitiprealpi.it\/de\/","name":"Dolomiti Prealpi","description":"","publisher":{"@id":"https:\/\/www.dolomitiprealpi.it\/de\/#organization"},"potentialAction":[{"@type":"SearchAction","target":{"@type":"EntryPoint","urlTemplate":"https:\/\/www.dolomitiprealpi.it\/de\/?s={search_term_string}"},"query-input":{"@type":"PropertyValueSpecification","valueRequired":true,"valueName":"search_term_string"}}],"inLanguage":"de-DE"},{"@type":"Organization","@id":"https:\/\/www.dolomitiprealpi.it\/de\/#organization","name":"Consorzio Dolomiti Prealpi","url":"https:\/\/www.dolomitiprealpi.it\/de\/","logo":{"@type":"ImageObject","inLanguage":"de-DE","@id":"https:\/\/www.dolomitiprealpi.it\/de\/#\/schema\/logo\/image\/","url":"https:\/\/www.dolomitiprealpi.it\/wp-content\/uploads\/2023\/03\/dolomitiprealpi-favicon.jpg","contentUrl":"https:\/\/www.dolomitiprealpi.it\/wp-content\/uploads\/2023\/03\/dolomitiprealpi-favicon.jpg","width":512,"height":512,"caption":"Consorzio Dolomiti Prealpi"},"image":{"@id":"https:\/\/www.dolomitiprealpi.it\/de\/#\/schema\/logo\/image\/"},"sameAs":["https:\/\/www.facebook.com\/dolomitiprealpi.it\/","https:\/\/www.instagram.com\/dolomitiprealpi\/"]}]}},"_links":{"self":[{"href":"https:\/\/www.dolomitiprealpi.it\/de\/wp-json\/wp\/v2\/tribe_events\/78668","targetHints":{"allow":["GET"]}}],"collection":[{"href":"https:\/\/www.dolomitiprealpi.it\/de\/wp-json\/wp\/v2\/tribe_events"}],"about":[{"href":"https:\/\/www.dolomitiprealpi.it\/de\/wp-json\/wp\/v2\/types\/tribe_events"}],"version-history":[{"count":1,"href":"https:\/\/www.dolomitiprealpi.it\/de\/wp-json\/wp\/v2\/tribe_events\/78668\/revisions"}],"predecessor-version":[{"id":82379,"href":"https:\/\/www.dolomitiprealpi.it\/de\/wp-json\/wp\/v2\/tribe_events\/78668\/revisions\/82379"}],"wp:attachment":[{"href":"https:\/\/www.dolomitiprealpi.it\/de\/wp-json\/wp\/v2\/media?parent=78668"}],"wp:term":[{"taxonomy":"post_tag","embeddable":true,"href":"https:\/\/www.dolomitiprealpi.it\/de\/wp-json\/wp\/v2\/tags?post=78668"},{"taxonomy":"tribe_events_cat","embeddable":true,"href":"https:\/\/www.dolomitiprealpi.it\/de\/wp-json\/wp\/v2\/tribe_events_cat?post=78668"}],"curies":[{"name":"wp","href":"https:\/\/api.w.org\/{rel}","templated":true}]}}

La piana di Agre tra prati, cervi e antiche vie di passaggio con Flò

<p>KOSTENLOSE&nbsp;Exkursion für alle (max. 25 Teilnehmer)</p>
<p>Infos und Anmeldungen:<b> 3290040808</b> &#8211; <b>guide.pndb@gmail.com</b></p>
<p> Kostenlose geführte Wanderung</p>
<p><b>Programm im Nationalpark Dolomiti Bellunesi mit Mama und Papa 2025<br /></b>Leichte geführte Wanderung im Val Cordevole, entlang der Wege von Agre di Sedico bis zum Beginn des Val Pegolera, wo die Biodiversität seit den ältesten Zeiten, in denen hier Hirten, Händler, Bergleute und Pilger vorbeikamen, reich und ruhig ist. </p>
<p>Höhenunterschied: <b>nicht vorhanden </b></p>
<p>Schwierigkeit: <b>leicht</b> </p>
<p><b>Treffpunkt 10.00 Uhr </b>Parkplatz beim Restaurant “San Martìn” entlang der Staatsstraße des Val Cordevole. </p>
<p>Beendigung der Aktivität um 13.00 Uhr </p>
<p></p>

<p>KOSTENLOSE&nbsp;Exkursion für alle (max. 25 Teilnehmer) Infos und Anmeldungen: 3290040808 &#8211; guide.pndb@gmail.com Kostenlose geführte Wanderung Programm im Nationalpark Dolomiti Bellunesi mit Mama und Papa 2025Leichte geführte Wanderung im Val Cordevole,</p>

<!-- This site is optimized with the Yoast SEO plugin v25.7 - https://yoast.com/wordpress/plugins/seo/ -->
<title>La piana di Agre tra prati, cervi e antiche vie di passaggio con Flò - Dolomiti Prealpi</title>
<meta name="robots" content="index, follow, max-snippet:-1, max-image-preview:large, max-video-preview:-1" />
<link rel="canonical" href="https://www.dolomitiprealpi.it/de/event/la-piana-di-agre-tra-prati-cervi-e-antiche-vie-di-passaggio-con-flo/" />
<meta property="og:locale" content="de_DE" />
<meta property="og:type" content="article" />
<meta property="og:title" content="La piana di Agre tra prati, cervi e antiche vie di passaggio con Flò - Dolomiti Prealpi" />
<meta property="og:description" content="KOSTENLOSE&nbsp;Exkursion für alle (max. 25 Teilnehmer) Infos und Anmeldungen: 3290040808 &#8211; guide.pndb@gmail.com Kostenlose geführte Wanderung Programm im Nationalpark Dolomiti Bellunesi mit Mama und Papa 2025Leichte geführte Wanderung im Val Cordevole," />
<meta property="og:url" content="https://www.dolomitiprealpi.it/de/event/la-piana-di-agre-tra-prati-cervi-e-antiche-vie-di-passaggio-con-flo/" />
<meta property="og:site_name" content="Dolomiti Prealpi" />
<meta property="article:publisher" content="https://www.facebook.com/dolomitiprealpi.it/" />
<meta property="article:modified_time" content="2026-02-21T15:22:38+00:00" />
<meta property="og:image" content="https://www.dolomitiprealpi.it/wp-content/uploads/2022/11/C.-Timpone-Foto-archivio-Consorzio-turistico-Dolomiti-Prealpi-Nevegal-Belluno-Bike-18-2.jpg" />
	<meta property="og:image:width" content="2048" />
	<meta property="og:image:height" content="1888" />
	<meta property="og:image:type" content="image/jpeg" />
<meta name="twitter:card" content="summary_large_image" />
<script type="application/ld+json" class="yoast-schema-graph">{"@context":"https://schema.org","@graph":[{"@type":"WebPage","@id":"https://www.dolomitiprealpi.it/de/event/la-piana-di-agre-tra-prati-cervi-e-antiche-vie-di-passaggio-con-flo/","url":"https://www.dolomitiprealpi.it/de/event/la-piana-di-agre-tra-prati-cervi-e-antiche-vie-di-passaggio-con-flo/","name":"La piana di Agre tra prati, cervi e antiche vie di passaggio con Flò - Dolomiti Prealpi","isPartOf":{"@id":"https://www.dolomitiprealpi.it/de/#website"},"datePublished":"2026-02-15T10:57:17+00:00","dateModified":"2026-02-21T15:22:38+00:00","breadcrumb":{"@id":"https://www.dolomitiprealpi.it/de/event/la-piana-di-agre-tra-prati-cervi-e-antiche-vie-di-passaggio-con-flo/#breadcrumb"},"inLanguage":"de-DE","potentialAction":[{"@type":"ReadAction","target":["https://www.dolomitiprealpi.it/de/event/la-piana-di-agre-tra-prati-cervi-e-antiche-vie-di-passaggio-con-flo/"]}]},{"@type":"BreadcrumbList","@id":"https://www.dolomitiprealpi.it/de/event/la-piana-di-agre-tra-prati-cervi-e-antiche-vie-di-passaggio-con-flo/#breadcrumb","itemListElement":[{"@type":"ListItem","position":1,"name":"Home","item":"https://www.dolomitiprealpi.it/de/"},{"@type":"ListItem","position":2,"name":"Veranstaltungen","item":"https://www.dolomitiprealpi.it/de/events/"},{"@type":"ListItem","position":3,"name":"La piana di Agre tra prati, cervi e antiche vie di passaggio con Flò"}]},{"@type":"WebSite","@id":"https://www.dolomitiprealpi.it/de/#website","url":"https://www.dolomitiprealpi.it/de/","name":"Dolomiti Prealpi","description":"","publisher":{"@id":"https://www.dolomitiprealpi.it/de/#organization"},"potentialAction":[{"@type":"SearchAction","target":{"@type":"EntryPoint","urlTemplate":"https://www.dolomitiprealpi.it/de/?s={search_term_string}"},"query-input":{"@type":"PropertyValueSpecification","valueRequired":true,"valueName":"search_term_string"}}],"inLanguage":"de-DE"},{"@type":"Organization","@id":"https://www.dolomitiprealpi.it/de/#organization","name":"Consorzio Dolomiti Prealpi","url":"https://www.dolomitiprealpi.it/de/","logo":{"@type":"ImageObject","inLanguage":"de-DE","@id":"https://www.dolomitiprealpi.it/de/#/schema/logo/image/","url":"https://www.dolomitiprealpi.it/wp-content/uploads/2023/03/dolomitiprealpi-favicon.jpg","contentUrl":"https://www.dolomitiprealpi.it/wp-content/uploads/2023/03/dolomitiprealpi-favicon.jpg","width":512,"height":512,"caption":"Consorzio Dolomiti Prealpi"},"image":{"@id":"https://www.dolomitiprealpi.it/de/#/schema/logo/image/"},"sameAs":["https://www.facebook.com/dolomitiprealpi.it/","https://www.instagram.com/dolomitiprealpi/"]}]}</script>
<!-- / Yoast SEO plugin. -->

La piana di Agre tra prati, cervi e antiche vie di passaggio con Flò - Dolomiti Prealpi

KOSTENLOSE&nbsp;Exkursion für alle (max. 25 Teilnehmer) Infos und Anmeldungen: 3290040808 &#8211; guide.pndb@gmail.com Kostenlose geführte Wanderung Programm im Nationalpark Dolomiti Bellunesi mit Mama und Papa 2025Leichte geführte Wanderung im Val Cordevole,
