{"id":77854,"date":"2026-02-15T11:40:30","date_gmt":"2026-02-15T10:40:30","guid":{"rendered":"https:\/\/www.dolomitiprealpi.it\/event\/festa-di-inaugurazione-del-mures-museo-della-resistenza\/"},"modified":"2026-02-21T16:09:39","modified_gmt":"2026-02-21T15:09:39","slug":"festa-di-inaugurazione-del-mures-museo-della-resistenza","status":"publish","type":"tribe_events","link":"https:\/\/www.dolomitiprealpi.it\/de\/event\/festa-di-inaugurazione-del-mures-museo-della-resistenza\/","title":{"rendered":"Festa di inaugurazione del MURES &#8211; Museo della Resistenza"},"content":{"rendered":"<p>Endlich \u00f6ffnet das MURES &#8211; Museum der R\u00e9sistance wieder seine T\u00fcren f\u00fcr die \u00d6ffentlichkeit! Verpasse nicht diese Gelegenheit und feiere mit uns diesen wichtigen Moment. Wir warten auf dich!<\/p>\n<p><b>Ein Fest zur Wiederer\u00f6ffnung<\/b><\/p>\n<p>Das MURES freut sich, die gesamte interessierte Bev\u00f6lkerung zur Er\u00f6ffnungsfeier am Samstag, den 30. August 2025 um 10:30 Uhr, in Pian delle Femene (Limana, BL) einzuladen. <br \/>Mit gro\u00dfer Zufriedenheit haben die ehrenamtlichen Mitarbeiter des Museums den Abschluss eines bedeutenden Renovierungs- und Neugestaltungsprojekts bekannt gegeben&#8230; und jetzt sind sie bereit f\u00fcr den Neustart, mit einem moderneren und ganz neuen Museum!<\/p>\n<p>Worauf wartet ihr? Verpasst nicht dieses einmalige und \u00fcberraschungsreiche Event!<\/p>\n<p><b>Einige zus\u00e4tzliche Details, die den Unterschied ausmachen<\/b><\/p>\n<p>Das Museum wurde 1982 gegr\u00fcndet und wird heute von der <a href=\"https:\/\/www.anpi.it\">ANPI<\/a> in Zusammenarbeit mit den Gruppen \u201eLa Spasema\u201c aus Valbelluna und \u201eI Nanetti\u201c aus Vittorio Veneto verwaltet. Sein Ziel ist es, das Andenken an die Partisanen zu bewahren und zu erz\u00e4hlen, durch originale Materialien und informative Mini-Dokumentarfilme. Es ist ein geschlossener und introspektiver Ort, der in einer der ikonischsten und atemberaubendsten Regionen von Belluno liegt, da er ein historisches Symbol des venetischen Widerstands darstellt, und es ist ein wahrhaftes Zeugnis eines starken Wunsches: uns daran zu erinnern, wer wir sind, durch unsere Geschichte.<\/p>\n<p>Das Programm der Er\u00f6ffnung umfasst institutionelle Begr\u00fc\u00dfungen und Beitr\u00e4ge von Chiara Marangon (ANPI Vittorio Veneto), Roberto Tacca (Direktor des Museums) und lokalen Beh\u00f6rden. Anschlie\u00dfend folgt der Besuch des Museums und gegen Mittag ein geselliges Beisammensein mit Erfrischungen.<\/p>\n<p>Die Ausstellung wurde durch eine Neuordnung der Objekte \u00fcbersichtlicher, zug\u00e4nglicher und ansprechender gestaltet. Es wurden interaktive digitale Tafeln und immersive Projektionen eingerichtet, die dazu dienen, die Bewegungen der Fronten im Krieg nachzuvollziehen und die K\u00e4mpfe zu erkl\u00e4ren, die die Soldaten gef\u00fchrt haben. Kurz gesagt, nicht nur Objekte und Erinnerungen, sondern eine wahre Reise durch die Geschichte und die Werte von Freiheit und Widerstand.<\/p>\n<p>Eine aufregende und energiegeladene Veranstaltung, die euch an der ersten gef\u00fchrten Besichtigung des neuen MURES teilnehmen l\u00e4sst! Geeignet f\u00fcr alle, die die Zeit des partisanen Widerstands besser kennenlernen und die Kraft der Verbindung, die diese Gemeinschaft mit ihrem Gebiet vereint, hautnah erleben m\u00f6chten.<\/p>\n<p>Das Museum befindet sich in Pian de le Femene, bequem sowohl zu Fu\u00df als auch mit dem Auto erreichbar, etwa 45 Minuten bis 1 Stunde und 15 Minuten von Malga Van entfernt.<br \/> Nach der Er\u00f6ffnung wird der Besuch frei, jedoch nur mit Voranmeldung, da die \u00d6ffnung von den Freiwilligen garantiert wird.<\/p>\n","protected":false},"excerpt":{"rendered":"<p>Endlich \u00f6ffnet das MURES &#8211; Museum der R\u00e9sistance wieder seine T\u00fcren f\u00fcr die \u00d6ffentlichkeit! Verpasse nicht diese Gelegenheit und feiere mit uns diesen wichtigen Moment. Wir warten auf dich! Ein<\/p>\n","protected":false},"author":0,"featured_media":0,"template":"","meta":{"_acf_changed":false,"inline_featured_image":false,"_tribe_events_status":"","_tribe_events_status_reason":"","footnotes":""},"tags":[259],"tribe_events_cat":[],"class_list":["post-77854","tribe_events","type-tribe_events","status-publish","hentry","tag-eventi-feratel"],"acf":[],"yoast_head":"<!-- This site is optimized with the Yoast SEO plugin v25.7 - https:\/\/yoast.com\/wordpress\/plugins\/seo\/ -->\n<title>Festa di inaugurazione del MURES - Museo della Resistenza - Dolomiti Prealpi<\/title>\n<meta name=\"robots\" content=\"index, follow, max-snippet:-1, max-image-preview:large, max-video-preview:-1\" \/>\n<link rel=\"canonical\" href=\"https:\/\/www.dolomitiprealpi.it\/de\/event\/festa-di-inaugurazione-del-mures-museo-della-resistenza\/\" \/>\n<meta property=\"og:locale\" content=\"de_DE\" \/>\n<meta property=\"og:type\" content=\"article\" \/>\n<meta property=\"og:title\" content=\"Festa di inaugurazione del MURES - Museo della Resistenza - Dolomiti Prealpi\" \/>\n<meta property=\"og:description\" content=\"Endlich \u00f6ffnet das MURES &#8211; Museum der R\u00e9sistance wieder seine T\u00fcren f\u00fcr die \u00d6ffentlichkeit! Verpasse nicht diese Gelegenheit und feiere mit uns diesen wichtigen Moment. Wir warten auf dich! Ein\" \/>\n<meta property=\"og:url\" content=\"https:\/\/www.dolomitiprealpi.it\/de\/event\/festa-di-inaugurazione-del-mures-museo-della-resistenza\/\" \/>\n<meta property=\"og:site_name\" content=\"Dolomiti Prealpi\" \/>\n<meta property=\"article:publisher\" content=\"https:\/\/www.facebook.com\/dolomitiprealpi.it\/\" \/>\n<meta property=\"article:modified_time\" content=\"2026-02-21T15:09:39+00:00\" \/>\n<meta property=\"og:image\" content=\"https:\/\/www.dolomitiprealpi.it\/wp-content\/uploads\/2022\/11\/C.-Timpone-Foto-archivio-Consorzio-turistico-Dolomiti-Prealpi-Nevegal-Belluno-Bike-18-2.jpg\" \/>\n\t<meta property=\"og:image:width\" content=\"2048\" \/>\n\t<meta property=\"og:image:height\" content=\"1888\" \/>\n\t<meta property=\"og:image:type\" content=\"image\/jpeg\" \/>\n<meta name=\"twitter:card\" content=\"summary_large_image\" \/>\n<meta name=\"twitter:label1\" content=\"Est. reading time\" \/>\n\t<meta name=\"twitter:data1\" content=\"2 minutes\" \/>\n<script type=\"application\/ld+json\" class=\"yoast-schema-graph\">{\"@context\":\"https:\/\/schema.org\",\"@graph\":[{\"@type\":\"WebPage\",\"@id\":\"https:\/\/www.dolomitiprealpi.it\/de\/event\/festa-di-inaugurazione-del-mures-museo-della-resistenza\/\",\"url\":\"https:\/\/www.dolomitiprealpi.it\/de\/event\/festa-di-inaugurazione-del-mures-museo-della-resistenza\/\",\"name\":\"Festa di inaugurazione del MURES - Museo della Resistenza - Dolomiti Prealpi\",\"isPartOf\":{\"@id\":\"https:\/\/www.dolomitiprealpi.it\/de\/#website\"},\"datePublished\":\"2026-02-15T10:40:30+00:00\",\"dateModified\":\"2026-02-21T15:09:39+00:00\",\"breadcrumb\":{\"@id\":\"https:\/\/www.dolomitiprealpi.it\/de\/event\/festa-di-inaugurazione-del-mures-museo-della-resistenza\/#breadcrumb\"},\"inLanguage\":\"de-DE\",\"potentialAction\":[{\"@type\":\"ReadAction\",\"target\":[\"https:\/\/www.dolomitiprealpi.it\/de\/event\/festa-di-inaugurazione-del-mures-museo-della-resistenza\/\"]}]},{\"@type\":\"BreadcrumbList\",\"@id\":\"https:\/\/www.dolomitiprealpi.it\/de\/event\/festa-di-inaugurazione-del-mures-museo-della-resistenza\/#breadcrumb\",\"itemListElement\":[{\"@type\":\"ListItem\",\"position\":1,\"name\":\"Home\",\"item\":\"https:\/\/www.dolomitiprealpi.it\/de\/\"},{\"@type\":\"ListItem\",\"position\":2,\"name\":\"Veranstaltungen\",\"item\":\"https:\/\/www.dolomitiprealpi.it\/de\/events\/\"},{\"@type\":\"ListItem\",\"position\":3,\"name\":\"Festa di inaugurazione del MURES &#8211; Museo della Resistenza\"}]},{\"@type\":\"WebSite\",\"@id\":\"https:\/\/www.dolomitiprealpi.it\/de\/#website\",\"url\":\"https:\/\/www.dolomitiprealpi.it\/de\/\",\"name\":\"Dolomiti Prealpi\",\"description\":\"\",\"publisher\":{\"@id\":\"https:\/\/www.dolomitiprealpi.it\/de\/#organization\"},\"potentialAction\":[{\"@type\":\"SearchAction\",\"target\":{\"@type\":\"EntryPoint\",\"urlTemplate\":\"https:\/\/www.dolomitiprealpi.it\/de\/?s={search_term_string}\"},\"query-input\":{\"@type\":\"PropertyValueSpecification\",\"valueRequired\":true,\"valueName\":\"search_term_string\"}}],\"inLanguage\":\"de-DE\"},{\"@type\":\"Organization\",\"@id\":\"https:\/\/www.dolomitiprealpi.it\/de\/#organization\",\"name\":\"Consorzio Dolomiti Prealpi\",\"url\":\"https:\/\/www.dolomitiprealpi.it\/de\/\",\"logo\":{\"@type\":\"ImageObject\",\"inLanguage\":\"de-DE\",\"@id\":\"https:\/\/www.dolomitiprealpi.it\/de\/#\/schema\/logo\/image\/\",\"url\":\"https:\/\/www.dolomitiprealpi.it\/wp-content\/uploads\/2023\/03\/dolomitiprealpi-favicon.jpg\",\"contentUrl\":\"https:\/\/www.dolomitiprealpi.it\/wp-content\/uploads\/2023\/03\/dolomitiprealpi-favicon.jpg\",\"width\":512,\"height\":512,\"caption\":\"Consorzio Dolomiti Prealpi\"},\"image\":{\"@id\":\"https:\/\/www.dolomitiprealpi.it\/de\/#\/schema\/logo\/image\/\"},\"sameAs\":[\"https:\/\/www.facebook.com\/dolomitiprealpi.it\/\",\"https:\/\/www.instagram.com\/dolomitiprealpi\/\"]}]}<\/script>\n<!-- \/ Yoast SEO plugin. -->","yoast_head_json":{"title":"Festa di inaugurazione del MURES - Museo della Resistenza - Dolomiti Prealpi","robots":{"index":"index","follow":"follow","max-snippet":"max-snippet:-1","max-image-preview":"max-image-preview:large","max-video-preview":"max-video-preview:-1"},"canonical":"https:\/\/www.dolomitiprealpi.it\/de\/event\/festa-di-inaugurazione-del-mures-museo-della-resistenza\/","og_locale":"de_DE","og_type":"article","og_title":"Festa di inaugurazione del MURES - Museo della Resistenza - Dolomiti Prealpi","og_description":"Endlich \u00f6ffnet das MURES &#8211; Museum der R\u00e9sistance wieder seine T\u00fcren f\u00fcr die \u00d6ffentlichkeit! Verpasse nicht diese Gelegenheit und feiere mit uns diesen wichtigen Moment. Wir warten auf dich! Ein","og_url":"https:\/\/www.dolomitiprealpi.it\/de\/event\/festa-di-inaugurazione-del-mures-museo-della-resistenza\/","og_site_name":"Dolomiti Prealpi","article_publisher":"https:\/\/www.facebook.com\/dolomitiprealpi.it\/","article_modified_time":"2026-02-21T15:09:39+00:00","og_image":[{"width":2048,"height":1888,"url":"https:\/\/www.dolomitiprealpi.it\/wp-content\/uploads\/2022\/11\/C.-Timpone-Foto-archivio-Consorzio-turistico-Dolomiti-Prealpi-Nevegal-Belluno-Bike-18-2.jpg","type":"image\/jpeg"}],"twitter_card":"summary_large_image","twitter_misc":{"Est. reading time":"2 minutes"},"schema":{"@context":"https:\/\/schema.org","@graph":[{"@type":"WebPage","@id":"https:\/\/www.dolomitiprealpi.it\/de\/event\/festa-di-inaugurazione-del-mures-museo-della-resistenza\/","url":"https:\/\/www.dolomitiprealpi.it\/de\/event\/festa-di-inaugurazione-del-mures-museo-della-resistenza\/","name":"Festa di inaugurazione del MURES - Museo della Resistenza - Dolomiti Prealpi","isPartOf":{"@id":"https:\/\/www.dolomitiprealpi.it\/de\/#website"},"datePublished":"2026-02-15T10:40:30+00:00","dateModified":"2026-02-21T15:09:39+00:00","breadcrumb":{"@id":"https:\/\/www.dolomitiprealpi.it\/de\/event\/festa-di-inaugurazione-del-mures-museo-della-resistenza\/#breadcrumb"},"inLanguage":"de-DE","potentialAction":[{"@type":"ReadAction","target":["https:\/\/www.dolomitiprealpi.it\/de\/event\/festa-di-inaugurazione-del-mures-museo-della-resistenza\/"]}]},{"@type":"BreadcrumbList","@id":"https:\/\/www.dolomitiprealpi.it\/de\/event\/festa-di-inaugurazione-del-mures-museo-della-resistenza\/#breadcrumb","itemListElement":[{"@type":"ListItem","position":1,"name":"Home","item":"https:\/\/www.dolomitiprealpi.it\/de\/"},{"@type":"ListItem","position":2,"name":"Veranstaltungen","item":"https:\/\/www.dolomitiprealpi.it\/de\/events\/"},{"@type":"ListItem","position":3,"name":"Festa di inaugurazione del MURES &#8211; Museo della Resistenza"}]},{"@type":"WebSite","@id":"https:\/\/www.dolomitiprealpi.it\/de\/#website","url":"https:\/\/www.dolomitiprealpi.it\/de\/","name":"Dolomiti Prealpi","description":"","publisher":{"@id":"https:\/\/www.dolomitiprealpi.it\/de\/#organization"},"potentialAction":[{"@type":"SearchAction","target":{"@type":"EntryPoint","urlTemplate":"https:\/\/www.dolomitiprealpi.it\/de\/?s={search_term_string}"},"query-input":{"@type":"PropertyValueSpecification","valueRequired":true,"valueName":"search_term_string"}}],"inLanguage":"de-DE"},{"@type":"Organization","@id":"https:\/\/www.dolomitiprealpi.it\/de\/#organization","name":"Consorzio Dolomiti Prealpi","url":"https:\/\/www.dolomitiprealpi.it\/de\/","logo":{"@type":"ImageObject","inLanguage":"de-DE","@id":"https:\/\/www.dolomitiprealpi.it\/de\/#\/schema\/logo\/image\/","url":"https:\/\/www.dolomitiprealpi.it\/wp-content\/uploads\/2023\/03\/dolomitiprealpi-favicon.jpg","contentUrl":"https:\/\/www.dolomitiprealpi.it\/wp-content\/uploads\/2023\/03\/dolomitiprealpi-favicon.jpg","width":512,"height":512,"caption":"Consorzio Dolomiti Prealpi"},"image":{"@id":"https:\/\/www.dolomitiprealpi.it\/de\/#\/schema\/logo\/image\/"},"sameAs":["https:\/\/www.facebook.com\/dolomitiprealpi.it\/","https:\/\/www.instagram.com\/dolomitiprealpi\/"]}]}},"_links":{"self":[{"href":"https:\/\/www.dolomitiprealpi.it\/de\/wp-json\/wp\/v2\/tribe_events\/77854","targetHints":{"allow":["GET"]}}],"collection":[{"href":"https:\/\/www.dolomitiprealpi.it\/de\/wp-json\/wp\/v2\/tribe_events"}],"about":[{"href":"https:\/\/www.dolomitiprealpi.it\/de\/wp-json\/wp\/v2\/types\/tribe_events"}],"version-history":[{"count":1,"href":"https:\/\/www.dolomitiprealpi.it\/de\/wp-json\/wp\/v2\/tribe_events\/77854\/revisions"}],"predecessor-version":[{"id":80980,"href":"https:\/\/www.dolomitiprealpi.it\/de\/wp-json\/wp\/v2\/tribe_events\/77854\/revisions\/80980"}],"wp:attachment":[{"href":"https:\/\/www.dolomitiprealpi.it\/de\/wp-json\/wp\/v2\/media?parent=77854"}],"wp:term":[{"taxonomy":"post_tag","embeddable":true,"href":"https:\/\/www.dolomitiprealpi.it\/de\/wp-json\/wp\/v2\/tags?post=77854"},{"taxonomy":"tribe_events_cat","embeddable":true,"href":"https:\/\/www.dolomitiprealpi.it\/de\/wp-json\/wp\/v2\/tribe_events_cat?post=77854"}],"curies":[{"name":"wp","href":"https:\/\/api.w.org\/{rel}","templated":true}]}}

<p>Endlich öffnet das MURES &#8211; Museum der Résistance wieder seine Türen für die Öffentlichkeit! Verpasse nicht diese Gelegenheit und feiere mit uns diesen wichtigen Moment. Wir warten auf dich!</p>
<p><b>Ein Fest zur Wiedereröffnung</b></p>
<p>Das MURES freut sich, die gesamte interessierte Bevölkerung zur Eröffnungsfeier am Samstag, den 30. August 2025 um 10:30 Uhr, in Pian delle Femene (Limana, BL) einzuladen. <br />Mit großer Zufriedenheit haben die ehrenamtlichen Mitarbeiter des Museums den Abschluss eines bedeutenden Renovierungs- und Neugestaltungsprojekts bekannt gegeben&#8230; und jetzt sind sie bereit für den Neustart, mit einem moderneren und ganz neuen Museum!</p>
<p>Worauf wartet ihr? Verpasst nicht dieses einmalige und überraschungsreiche Event!</p>
<p><b>Einige zusätzliche Details, die den Unterschied ausmachen</b></p>
<p>Das Museum wurde 1982 gegründet und wird heute von der <a href="https://www.anpi.it">ANPI</a> in Zusammenarbeit mit den Gruppen „La Spasema“ aus Valbelluna und „I Nanetti“ aus Vittorio Veneto verwaltet. Sein Ziel ist es, das Andenken an die Partisanen zu bewahren und zu erzählen, durch originale Materialien und informative Mini-Dokumentarfilme. Es ist ein geschlossener und introspektiver Ort, der in einer der ikonischsten und atemberaubendsten Regionen von Belluno liegt, da er ein historisches Symbol des venetischen Widerstands darstellt, und es ist ein wahrhaftes Zeugnis eines starken Wunsches: uns daran zu erinnern, wer wir sind, durch unsere Geschichte.</p>
<p>Das Programm der Eröffnung umfasst institutionelle Begrüßungen und Beiträge von Chiara Marangon (ANPI Vittorio Veneto), Roberto Tacca (Direktor des Museums) und lokalen Behörden. Anschließend folgt der Besuch des Museums und gegen Mittag ein geselliges Beisammensein mit Erfrischungen.</p>
<p>Die Ausstellung wurde durch eine Neuordnung der Objekte übersichtlicher, zugänglicher und ansprechender gestaltet. Es wurden interaktive digitale Tafeln und immersive Projektionen eingerichtet, die dazu dienen, die Bewegungen der Fronten im Krieg nachzuvollziehen und die Kämpfe zu erklären, die die Soldaten geführt haben. Kurz gesagt, nicht nur Objekte und Erinnerungen, sondern eine wahre Reise durch die Geschichte und die Werte von Freiheit und Widerstand.</p>
<p>Eine aufregende und energiegeladene Veranstaltung, die euch an der ersten geführten Besichtigung des neuen MURES teilnehmen lässt! Geeignet für alle, die die Zeit des partisanen Widerstands besser kennenlernen und die Kraft der Verbindung, die diese Gemeinschaft mit ihrem Gebiet vereint, hautnah erleben möchten.</p>
<p>Das Museum befindet sich in Pian de le Femene, bequem sowohl zu Fuß als auch mit dem Auto erreichbar, etwa 45 Minuten bis 1 Stunde und 15 Minuten von Malga Van entfernt.<br /> Nach der Eröffnung wird der Besuch frei, jedoch nur mit Voranmeldung, da die Öffnung von den Freiwilligen garantiert wird.</p>

<p>Endlich öffnet das MURES &#8211; Museum der Résistance wieder seine Türen für die Öffentlichkeit! Verpasse nicht diese Gelegenheit und feiere mit uns diesen wichtigen Moment. Wir warten auf dich! Ein</p>

<!-- This site is optimized with the Yoast SEO plugin v25.7 - https://yoast.com/wordpress/plugins/seo/ -->
<title>Festa di inaugurazione del MURES - Museo della Resistenza - Dolomiti Prealpi</title>
<meta name="robots" content="index, follow, max-snippet:-1, max-image-preview:large, max-video-preview:-1" />
<link rel="canonical" href="https://www.dolomitiprealpi.it/de/event/festa-di-inaugurazione-del-mures-museo-della-resistenza/" />
<meta property="og:locale" content="de_DE" />
<meta property="og:type" content="article" />
<meta property="og:title" content="Festa di inaugurazione del MURES - Museo della Resistenza - Dolomiti Prealpi" />
<meta property="og:description" content="Endlich öffnet das MURES &#8211; Museum der Résistance wieder seine Türen für die Öffentlichkeit! Verpasse nicht diese Gelegenheit und feiere mit uns diesen wichtigen Moment. Wir warten auf dich! Ein" />
<meta property="og:url" content="https://www.dolomitiprealpi.it/de/event/festa-di-inaugurazione-del-mures-museo-della-resistenza/" />
<meta property="og:site_name" content="Dolomiti Prealpi" />
<meta property="article:publisher" content="https://www.facebook.com/dolomitiprealpi.it/" />
<meta property="article:modified_time" content="2026-02-21T15:09:39+00:00" />
<meta property="og:image" content="https://www.dolomitiprealpi.it/wp-content/uploads/2022/11/C.-Timpone-Foto-archivio-Consorzio-turistico-Dolomiti-Prealpi-Nevegal-Belluno-Bike-18-2.jpg" />
	<meta property="og:image:width" content="2048" />
	<meta property="og:image:height" content="1888" />
	<meta property="og:image:type" content="image/jpeg" />
<meta name="twitter:card" content="summary_large_image" />
<meta name="twitter:label1" content="Est. reading time" />
	<meta name="twitter:data1" content="2 minutes" />
<script type="application/ld+json" class="yoast-schema-graph">{"@context":"https://schema.org","@graph":[{"@type":"WebPage","@id":"https://www.dolomitiprealpi.it/de/event/festa-di-inaugurazione-del-mures-museo-della-resistenza/","url":"https://www.dolomitiprealpi.it/de/event/festa-di-inaugurazione-del-mures-museo-della-resistenza/","name":"Festa di inaugurazione del MURES - Museo della Resistenza - Dolomiti Prealpi","isPartOf":{"@id":"https://www.dolomitiprealpi.it/de/#website"},"datePublished":"2026-02-15T10:40:30+00:00","dateModified":"2026-02-21T15:09:39+00:00","breadcrumb":{"@id":"https://www.dolomitiprealpi.it/de/event/festa-di-inaugurazione-del-mures-museo-della-resistenza/#breadcrumb"},"inLanguage":"de-DE","potentialAction":[{"@type":"ReadAction","target":["https://www.dolomitiprealpi.it/de/event/festa-di-inaugurazione-del-mures-museo-della-resistenza/"]}]},{"@type":"BreadcrumbList","@id":"https://www.dolomitiprealpi.it/de/event/festa-di-inaugurazione-del-mures-museo-della-resistenza/#breadcrumb","itemListElement":[{"@type":"ListItem","position":1,"name":"Home","item":"https://www.dolomitiprealpi.it/de/"},{"@type":"ListItem","position":2,"name":"Veranstaltungen","item":"https://www.dolomitiprealpi.it/de/events/"},{"@type":"ListItem","position":3,"name":"Festa di inaugurazione del MURES &#8211; Museo della Resistenza"}]},{"@type":"WebSite","@id":"https://www.dolomitiprealpi.it/de/#website","url":"https://www.dolomitiprealpi.it/de/","name":"Dolomiti Prealpi","description":"","publisher":{"@id":"https://www.dolomitiprealpi.it/de/#organization"},"potentialAction":[{"@type":"SearchAction","target":{"@type":"EntryPoint","urlTemplate":"https://www.dolomitiprealpi.it/de/?s={search_term_string}"},"query-input":{"@type":"PropertyValueSpecification","valueRequired":true,"valueName":"search_term_string"}}],"inLanguage":"de-DE"},{"@type":"Organization","@id":"https://www.dolomitiprealpi.it/de/#organization","name":"Consorzio Dolomiti Prealpi","url":"https://www.dolomitiprealpi.it/de/","logo":{"@type":"ImageObject","inLanguage":"de-DE","@id":"https://www.dolomitiprealpi.it/de/#/schema/logo/image/","url":"https://www.dolomitiprealpi.it/wp-content/uploads/2023/03/dolomitiprealpi-favicon.jpg","contentUrl":"https://www.dolomitiprealpi.it/wp-content/uploads/2023/03/dolomitiprealpi-favicon.jpg","width":512,"height":512,"caption":"Consorzio Dolomiti Prealpi"},"image":{"@id":"https://www.dolomitiprealpi.it/de/#/schema/logo/image/"},"sameAs":["https://www.facebook.com/dolomitiprealpi.it/","https://www.instagram.com/dolomitiprealpi/"]}]}</script>
<!-- / Yoast SEO plugin. -->

Endlich öffnet das MURES &#8211; Museum der Résistance wieder seine Türen für die Öffentlichkeit! Verpasse nicht diese Gelegenheit und feiere mit uns diesen wichtigen Moment. Wir warten auf dich! Ein
