{"id":73275,"date":"2026-02-15T12:08:34","date_gmt":"2026-02-15T11:08:34","guid":{"rendered":"https:\/\/www.dolomitiprealpi.it\/event\/officine-creative-voila\/"},"modified":"2026-02-21T16:31:15","modified_gmt":"2026-02-21T15:31:15","slug":"officine-creative-voila","status":"publish","type":"tribe_events","link":"https:\/\/www.dolomitiprealpi.it\/de\/event\/officine-creative-voila\/","title":{"rendered":"Officine creative &#8211; Voil\u00e0"},"content":{"rendered":"<p>Alle Veranstaltungen sind <b>kostenlos<\/b> und \u00f6ffentlich zug\u00e4nglich, mit Ausnahme von <b><i>Pesto!<\/i><\/b> und <b><i>Der gestiefelte Kater<\/i><\/b>, die jeweils f\u00fcr maximal 30 Zuschauer gleichzeitig sind und eine Reservierung auf www.rossoteatrotickets.it erfordern.<\/p>\n<p>Die gesamte Bev\u00f6lkerung ist eingeladen teilzunehmen. <\/p>\n<p> Vom 28. bis 31. August begr\u00fc\u00dft Feltre die <b>26. Auflage<\/b> von <i>Voil\u00e0<\/i>, dem historischen Stra\u00dfenkunstfestival, das die Stadt seit \u00fcber f\u00fcnfundzwanzig Jahren mit Magie, Farben und Emotionen belebt.<br \/>Das Motto, das f\u00fcr das Festival 2025 gew\u00e4hlt wurde, fasst perfekt seine Philosophie zusammen: <b><i>&#8220;Gemeinsam ist eine Show&#8221;<\/i><\/b><i>.<\/i> Es ist nicht nur ein Slogan, sondern eine echte Absichtserkl\u00e4rung, die sich durch das gesamte Programm zieht, das in diesem Jahr von <b>RossoTeatro<\/b> kuratiert wurde. Es werden vier intensive Tage sein, an denen jede Vorstellung, jeder Workshop, jede Performance darauf ausgelegt ist, Momente des Teilens zwischen K\u00fcnstlern und Publikum, zwischen Eltern und Kindern, zwischen Nachbarn oder Dorfbewohnern zu schaffen. Es wird ein Fest f\u00fcr alle sein, denn wirklich &#8220;gemeinsam ist eine Show&#8221;.<\/p>\n<p>Von Donnerstag bis Sonntag um 18:00 Uhr erwartet Sie <b>Kreativwerkst\u00e4tten<\/b>, organisiert von<b> I Rituali: die Kunst des Machens und das Machen der Kunst<\/b>, eine Gelegenheit f\u00fcr Eltern und Kinder, Fantasie und Kreativit\u00e4t zu erkunden. <\/p>\n<p>Hier sind die verschiedenen Orte, an denen Sie die K\u00fcnstler finden k\u00f6nnen:<\/p>\n<p>28. August: Seite der Kirche von Lamen<\/p>\n<p>29. August: Sala Civica Mugnai<\/p>\n<p>30.-31. August: Arkade Taverna Castello auf der Piazza Maggiore<\/p>\n<p><\/p>\n<p>\u00dcberblick Voil\u00e0<\/p>\n","protected":false},"excerpt":{"rendered":"<p>Alle Veranstaltungen sind kostenlos und \u00f6ffentlich zug\u00e4nglich, mit Ausnahme von Pesto! und Der gestiefelte Kater, die jeweils f\u00fcr maximal 30 Zuschauer gleichzeitig sind und eine Reservierung auf www.rossoteatrotickets.it erfordern. Die<\/p>\n","protected":false},"author":0,"featured_media":0,"template":"","meta":{"_acf_changed":false,"inline_featured_image":false,"_tribe_events_status":"","_tribe_events_status_reason":"","footnotes":""},"tags":[259],"tribe_events_cat":[],"class_list":["post-73275","tribe_events","type-tribe_events","status-publish","hentry","tag-eventi-feratel"],"acf":[],"yoast_head":"<!-- This site is optimized with the Yoast SEO plugin v25.7 - https:\/\/yoast.com\/wordpress\/plugins\/seo\/ -->\n<title>Officine creative - Voil\u00e0 - Dolomiti Prealpi<\/title>\n<meta name=\"robots\" content=\"index, follow, max-snippet:-1, max-image-preview:large, max-video-preview:-1\" \/>\n<link rel=\"canonical\" href=\"https:\/\/www.dolomitiprealpi.it\/de\/event\/officine-creative-voila\/\" \/>\n<meta property=\"og:locale\" content=\"de_DE\" \/>\n<meta property=\"og:type\" content=\"article\" \/>\n<meta property=\"og:title\" content=\"Officine creative - Voil\u00e0 - Dolomiti Prealpi\" \/>\n<meta property=\"og:description\" content=\"Alle Veranstaltungen sind kostenlos und \u00f6ffentlich zug\u00e4nglich, mit Ausnahme von Pesto! und Der gestiefelte Kater, die jeweils f\u00fcr maximal 30 Zuschauer gleichzeitig sind und eine Reservierung auf www.rossoteatrotickets.it erfordern. Die\" \/>\n<meta property=\"og:url\" content=\"https:\/\/www.dolomitiprealpi.it\/de\/event\/officine-creative-voila\/\" \/>\n<meta property=\"og:site_name\" content=\"Dolomiti Prealpi\" \/>\n<meta property=\"article:publisher\" content=\"https:\/\/www.facebook.com\/dolomitiprealpi.it\/\" \/>\n<meta property=\"article:modified_time\" content=\"2026-02-21T15:31:15+00:00\" \/>\n<meta property=\"og:image\" content=\"https:\/\/www.dolomitiprealpi.it\/wp-content\/uploads\/2022\/11\/C.-Timpone-Foto-archivio-Consorzio-turistico-Dolomiti-Prealpi-Nevegal-Belluno-Bike-18-2.jpg\" \/>\n\t<meta property=\"og:image:width\" content=\"2048\" \/>\n\t<meta property=\"og:image:height\" content=\"1888\" \/>\n\t<meta property=\"og:image:type\" content=\"image\/jpeg\" \/>\n<meta name=\"twitter:card\" content=\"summary_large_image\" \/>\n<meta name=\"twitter:label1\" content=\"Est. reading time\" \/>\n\t<meta name=\"twitter:data1\" content=\"1 minute\" \/>\n<script type=\"application\/ld+json\" class=\"yoast-schema-graph\">{\"@context\":\"https:\/\/schema.org\",\"@graph\":[{\"@type\":\"WebPage\",\"@id\":\"https:\/\/www.dolomitiprealpi.it\/de\/event\/officine-creative-voila\/\",\"url\":\"https:\/\/www.dolomitiprealpi.it\/de\/event\/officine-creative-voila\/\",\"name\":\"Officine creative - Voil\u00e0 - Dolomiti Prealpi\",\"isPartOf\":{\"@id\":\"https:\/\/www.dolomitiprealpi.it\/de\/#website\"},\"datePublished\":\"2026-02-15T11:08:34+00:00\",\"dateModified\":\"2026-02-21T15:31:15+00:00\",\"breadcrumb\":{\"@id\":\"https:\/\/www.dolomitiprealpi.it\/de\/event\/officine-creative-voila\/#breadcrumb\"},\"inLanguage\":\"de-DE\",\"potentialAction\":[{\"@type\":\"ReadAction\",\"target\":[\"https:\/\/www.dolomitiprealpi.it\/de\/event\/officine-creative-voila\/\"]}]},{\"@type\":\"BreadcrumbList\",\"@id\":\"https:\/\/www.dolomitiprealpi.it\/de\/event\/officine-creative-voila\/#breadcrumb\",\"itemListElement\":[{\"@type\":\"ListItem\",\"position\":1,\"name\":\"Home\",\"item\":\"https:\/\/www.dolomitiprealpi.it\/de\/\"},{\"@type\":\"ListItem\",\"position\":2,\"name\":\"Veranstaltungen\",\"item\":\"https:\/\/www.dolomitiprealpi.it\/de\/events\/\"},{\"@type\":\"ListItem\",\"position\":3,\"name\":\"Officine creative &#8211; Voil\u00e0\"}]},{\"@type\":\"WebSite\",\"@id\":\"https:\/\/www.dolomitiprealpi.it\/de\/#website\",\"url\":\"https:\/\/www.dolomitiprealpi.it\/de\/\",\"name\":\"Dolomiti Prealpi\",\"description\":\"\",\"publisher\":{\"@id\":\"https:\/\/www.dolomitiprealpi.it\/de\/#organization\"},\"potentialAction\":[{\"@type\":\"SearchAction\",\"target\":{\"@type\":\"EntryPoint\",\"urlTemplate\":\"https:\/\/www.dolomitiprealpi.it\/de\/?s={search_term_string}\"},\"query-input\":{\"@type\":\"PropertyValueSpecification\",\"valueRequired\":true,\"valueName\":\"search_term_string\"}}],\"inLanguage\":\"de-DE\"},{\"@type\":\"Organization\",\"@id\":\"https:\/\/www.dolomitiprealpi.it\/de\/#organization\",\"name\":\"Consorzio Dolomiti Prealpi\",\"url\":\"https:\/\/www.dolomitiprealpi.it\/de\/\",\"logo\":{\"@type\":\"ImageObject\",\"inLanguage\":\"de-DE\",\"@id\":\"https:\/\/www.dolomitiprealpi.it\/de\/#\/schema\/logo\/image\/\",\"url\":\"https:\/\/www.dolomitiprealpi.it\/wp-content\/uploads\/2023\/03\/dolomitiprealpi-favicon.jpg\",\"contentUrl\":\"https:\/\/www.dolomitiprealpi.it\/wp-content\/uploads\/2023\/03\/dolomitiprealpi-favicon.jpg\",\"width\":512,\"height\":512,\"caption\":\"Consorzio Dolomiti Prealpi\"},\"image\":{\"@id\":\"https:\/\/www.dolomitiprealpi.it\/de\/#\/schema\/logo\/image\/\"},\"sameAs\":[\"https:\/\/www.facebook.com\/dolomitiprealpi.it\/\",\"https:\/\/www.instagram.com\/dolomitiprealpi\/\"]}]}<\/script>\n<!-- \/ Yoast SEO plugin. -->","yoast_head_json":{"title":"Officine creative - Voil\u00e0 - Dolomiti Prealpi","robots":{"index":"index","follow":"follow","max-snippet":"max-snippet:-1","max-image-preview":"max-image-preview:large","max-video-preview":"max-video-preview:-1"},"canonical":"https:\/\/www.dolomitiprealpi.it\/de\/event\/officine-creative-voila\/","og_locale":"de_DE","og_type":"article","og_title":"Officine creative - Voil\u00e0 - Dolomiti Prealpi","og_description":"Alle Veranstaltungen sind kostenlos und \u00f6ffentlich zug\u00e4nglich, mit Ausnahme von Pesto! und Der gestiefelte Kater, die jeweils f\u00fcr maximal 30 Zuschauer gleichzeitig sind und eine Reservierung auf www.rossoteatrotickets.it erfordern. Die","og_url":"https:\/\/www.dolomitiprealpi.it\/de\/event\/officine-creative-voila\/","og_site_name":"Dolomiti Prealpi","article_publisher":"https:\/\/www.facebook.com\/dolomitiprealpi.it\/","article_modified_time":"2026-02-21T15:31:15+00:00","og_image":[{"width":2048,"height":1888,"url":"https:\/\/www.dolomitiprealpi.it\/wp-content\/uploads\/2022\/11\/C.-Timpone-Foto-archivio-Consorzio-turistico-Dolomiti-Prealpi-Nevegal-Belluno-Bike-18-2.jpg","type":"image\/jpeg"}],"twitter_card":"summary_large_image","twitter_misc":{"Est. reading time":"1 minute"},"schema":{"@context":"https:\/\/schema.org","@graph":[{"@type":"WebPage","@id":"https:\/\/www.dolomitiprealpi.it\/de\/event\/officine-creative-voila\/","url":"https:\/\/www.dolomitiprealpi.it\/de\/event\/officine-creative-voila\/","name":"Officine creative - Voil\u00e0 - Dolomiti Prealpi","isPartOf":{"@id":"https:\/\/www.dolomitiprealpi.it\/de\/#website"},"datePublished":"2026-02-15T11:08:34+00:00","dateModified":"2026-02-21T15:31:15+00:00","breadcrumb":{"@id":"https:\/\/www.dolomitiprealpi.it\/de\/event\/officine-creative-voila\/#breadcrumb"},"inLanguage":"de-DE","potentialAction":[{"@type":"ReadAction","target":["https:\/\/www.dolomitiprealpi.it\/de\/event\/officine-creative-voila\/"]}]},{"@type":"BreadcrumbList","@id":"https:\/\/www.dolomitiprealpi.it\/de\/event\/officine-creative-voila\/#breadcrumb","itemListElement":[{"@type":"ListItem","position":1,"name":"Home","item":"https:\/\/www.dolomitiprealpi.it\/de\/"},{"@type":"ListItem","position":2,"name":"Veranstaltungen","item":"https:\/\/www.dolomitiprealpi.it\/de\/events\/"},{"@type":"ListItem","position":3,"name":"Officine creative &#8211; Voil\u00e0"}]},{"@type":"WebSite","@id":"https:\/\/www.dolomitiprealpi.it\/de\/#website","url":"https:\/\/www.dolomitiprealpi.it\/de\/","name":"Dolomiti Prealpi","description":"","publisher":{"@id":"https:\/\/www.dolomitiprealpi.it\/de\/#organization"},"potentialAction":[{"@type":"SearchAction","target":{"@type":"EntryPoint","urlTemplate":"https:\/\/www.dolomitiprealpi.it\/de\/?s={search_term_string}"},"query-input":{"@type":"PropertyValueSpecification","valueRequired":true,"valueName":"search_term_string"}}],"inLanguage":"de-DE"},{"@type":"Organization","@id":"https:\/\/www.dolomitiprealpi.it\/de\/#organization","name":"Consorzio Dolomiti Prealpi","url":"https:\/\/www.dolomitiprealpi.it\/de\/","logo":{"@type":"ImageObject","inLanguage":"de-DE","@id":"https:\/\/www.dolomitiprealpi.it\/de\/#\/schema\/logo\/image\/","url":"https:\/\/www.dolomitiprealpi.it\/wp-content\/uploads\/2023\/03\/dolomitiprealpi-favicon.jpg","contentUrl":"https:\/\/www.dolomitiprealpi.it\/wp-content\/uploads\/2023\/03\/dolomitiprealpi-favicon.jpg","width":512,"height":512,"caption":"Consorzio Dolomiti Prealpi"},"image":{"@id":"https:\/\/www.dolomitiprealpi.it\/de\/#\/schema\/logo\/image\/"},"sameAs":["https:\/\/www.facebook.com\/dolomitiprealpi.it\/","https:\/\/www.instagram.com\/dolomitiprealpi\/"]}]}},"_links":{"self":[{"href":"https:\/\/www.dolomitiprealpi.it\/de\/wp-json\/wp\/v2\/tribe_events\/73275","targetHints":{"allow":["GET"]}}],"collection":[{"href":"https:\/\/www.dolomitiprealpi.it\/de\/wp-json\/wp\/v2\/tribe_events"}],"about":[{"href":"https:\/\/www.dolomitiprealpi.it\/de\/wp-json\/wp\/v2\/types\/tribe_events"}],"version-history":[{"count":1,"href":"https:\/\/www.dolomitiprealpi.it\/de\/wp-json\/wp\/v2\/tribe_events\/73275\/revisions"}],"predecessor-version":[{"id":79092,"href":"https:\/\/www.dolomitiprealpi.it\/de\/wp-json\/wp\/v2\/tribe_events\/73275\/revisions\/79092"}],"wp:attachment":[{"href":"https:\/\/www.dolomitiprealpi.it\/de\/wp-json\/wp\/v2\/media?parent=73275"}],"wp:term":[{"taxonomy":"post_tag","embeddable":true,"href":"https:\/\/www.dolomitiprealpi.it\/de\/wp-json\/wp\/v2\/tags?post=73275"},{"taxonomy":"tribe_events_cat","embeddable":true,"href":"https:\/\/www.dolomitiprealpi.it\/de\/wp-json\/wp\/v2\/tribe_events_cat?post=73275"}],"curies":[{"name":"wp","href":"https:\/\/api.w.org\/{rel}","templated":true}]}}

Officine creative &#8211; Voilà

<p>Alle Veranstaltungen sind <b>kostenlos</b> und öffentlich zugänglich, mit Ausnahme von <b><i>Pesto!</i></b> und <b><i>Der gestiefelte Kater</i></b>, die jeweils für maximal 30 Zuschauer gleichzeitig sind und eine Reservierung auf www.rossoteatrotickets.it erfordern.</p>
<p>Die gesamte Bevölkerung ist eingeladen teilzunehmen. </p>
<p> Vom 28. bis 31. August begrüßt Feltre die <b>26. Auflage</b> von <i>Voilà</i>, dem historischen Straßenkunstfestival, das die Stadt seit über fünfundzwanzig Jahren mit Magie, Farben und Emotionen belebt.<br />Das Motto, das für das Festival 2025 gewählt wurde, fasst perfekt seine Philosophie zusammen: <b><i>&#8220;Gemeinsam ist eine Show&#8221;</i></b><i>.</i> Es ist nicht nur ein Slogan, sondern eine echte Absichtserklärung, die sich durch das gesamte Programm zieht, das in diesem Jahr von <b>RossoTeatro</b> kuratiert wurde. Es werden vier intensive Tage sein, an denen jede Vorstellung, jeder Workshop, jede Performance darauf ausgelegt ist, Momente des Teilens zwischen Künstlern und Publikum, zwischen Eltern und Kindern, zwischen Nachbarn oder Dorfbewohnern zu schaffen. Es wird ein Fest für alle sein, denn wirklich &#8220;gemeinsam ist eine Show&#8221;.</p>
<p>Von Donnerstag bis Sonntag um 18:00 Uhr erwartet Sie <b>Kreativwerkstätten</b>, organisiert von<b> I Rituali: die Kunst des Machens und das Machen der Kunst</b>, eine Gelegenheit für Eltern und Kinder, Fantasie und Kreativität zu erkunden. </p>
<p>Hier sind die verschiedenen Orte, an denen Sie die Künstler finden können:</p>
<p>28. August: Seite der Kirche von Lamen</p>
<p>29. August: Sala Civica Mugnai</p>
<p>30.-31. August: Arkade Taverna Castello auf der Piazza Maggiore</p>
<p></p>
<p>Überblick Voilà</p>

<p>Alle Veranstaltungen sind kostenlos und öffentlich zugänglich, mit Ausnahme von Pesto! und Der gestiefelte Kater, die jeweils für maximal 30 Zuschauer gleichzeitig sind und eine Reservierung auf www.rossoteatrotickets.it erfordern. Die</p>

<!-- This site is optimized with the Yoast SEO plugin v25.7 - https://yoast.com/wordpress/plugins/seo/ -->
<title>Officine creative - Voilà - Dolomiti Prealpi</title>
<meta name="robots" content="index, follow, max-snippet:-1, max-image-preview:large, max-video-preview:-1" />
<link rel="canonical" href="https://www.dolomitiprealpi.it/de/event/officine-creative-voila/" />
<meta property="og:locale" content="de_DE" />
<meta property="og:type" content="article" />
<meta property="og:title" content="Officine creative - Voilà - Dolomiti Prealpi" />
<meta property="og:description" content="Alle Veranstaltungen sind kostenlos und öffentlich zugänglich, mit Ausnahme von Pesto! und Der gestiefelte Kater, die jeweils für maximal 30 Zuschauer gleichzeitig sind und eine Reservierung auf www.rossoteatrotickets.it erfordern. Die" />
<meta property="og:url" content="https://www.dolomitiprealpi.it/de/event/officine-creative-voila/" />
<meta property="og:site_name" content="Dolomiti Prealpi" />
<meta property="article:publisher" content="https://www.facebook.com/dolomitiprealpi.it/" />
<meta property="article:modified_time" content="2026-02-21T15:31:15+00:00" />
<meta property="og:image" content="https://www.dolomitiprealpi.it/wp-content/uploads/2022/11/C.-Timpone-Foto-archivio-Consorzio-turistico-Dolomiti-Prealpi-Nevegal-Belluno-Bike-18-2.jpg" />
	<meta property="og:image:width" content="2048" />
	<meta property="og:image:height" content="1888" />
	<meta property="og:image:type" content="image/jpeg" />
<meta name="twitter:card" content="summary_large_image" />
<meta name="twitter:label1" content="Est. reading time" />
	<meta name="twitter:data1" content="1 minute" />
<script type="application/ld+json" class="yoast-schema-graph">{"@context":"https://schema.org","@graph":[{"@type":"WebPage","@id":"https://www.dolomitiprealpi.it/de/event/officine-creative-voila/","url":"https://www.dolomitiprealpi.it/de/event/officine-creative-voila/","name":"Officine creative - Voilà - Dolomiti Prealpi","isPartOf":{"@id":"https://www.dolomitiprealpi.it/de/#website"},"datePublished":"2026-02-15T11:08:34+00:00","dateModified":"2026-02-21T15:31:15+00:00","breadcrumb":{"@id":"https://www.dolomitiprealpi.it/de/event/officine-creative-voila/#breadcrumb"},"inLanguage":"de-DE","potentialAction":[{"@type":"ReadAction","target":["https://www.dolomitiprealpi.it/de/event/officine-creative-voila/"]}]},{"@type":"BreadcrumbList","@id":"https://www.dolomitiprealpi.it/de/event/officine-creative-voila/#breadcrumb","itemListElement":[{"@type":"ListItem","position":1,"name":"Home","item":"https://www.dolomitiprealpi.it/de/"},{"@type":"ListItem","position":2,"name":"Veranstaltungen","item":"https://www.dolomitiprealpi.it/de/events/"},{"@type":"ListItem","position":3,"name":"Officine creative &#8211; Voilà"}]},{"@type":"WebSite","@id":"https://www.dolomitiprealpi.it/de/#website","url":"https://www.dolomitiprealpi.it/de/","name":"Dolomiti Prealpi","description":"","publisher":{"@id":"https://www.dolomitiprealpi.it/de/#organization"},"potentialAction":[{"@type":"SearchAction","target":{"@type":"EntryPoint","urlTemplate":"https://www.dolomitiprealpi.it/de/?s={search_term_string}"},"query-input":{"@type":"PropertyValueSpecification","valueRequired":true,"valueName":"search_term_string"}}],"inLanguage":"de-DE"},{"@type":"Organization","@id":"https://www.dolomitiprealpi.it/de/#organization","name":"Consorzio Dolomiti Prealpi","url":"https://www.dolomitiprealpi.it/de/","logo":{"@type":"ImageObject","inLanguage":"de-DE","@id":"https://www.dolomitiprealpi.it/de/#/schema/logo/image/","url":"https://www.dolomitiprealpi.it/wp-content/uploads/2023/03/dolomitiprealpi-favicon.jpg","contentUrl":"https://www.dolomitiprealpi.it/wp-content/uploads/2023/03/dolomitiprealpi-favicon.jpg","width":512,"height":512,"caption":"Consorzio Dolomiti Prealpi"},"image":{"@id":"https://www.dolomitiprealpi.it/de/#/schema/logo/image/"},"sameAs":["https://www.facebook.com/dolomitiprealpi.it/","https://www.instagram.com/dolomitiprealpi/"]}]}</script>
<!-- / Yoast SEO plugin. -->

Officine creative - Voilà - Dolomiti Prealpi

Alle Veranstaltungen sind kostenlos und öffentlich zugänglich, mit Ausnahme von Pesto! und Der gestiefelte Kater, die jeweils für maximal 30 Zuschauer gleichzeitig sind und eine Reservierung auf www.rossoteatrotickets.it erfordern. Die
