{"id":73270,"date":"2026-02-15T12:08:30","date_gmt":"2026-02-15T11:08:30","guid":{"rendered":"https:\/\/www.dolomitiprealpi.it\/event\/oltre-lo-specchio-voila\/"},"modified":"2026-02-21T16:31:11","modified_gmt":"2026-02-21T15:31:11","slug":"oltre-lo-specchio-voila","status":"publish","type":"tribe_events","link":"https:\/\/www.dolomitiprealpi.it\/de\/event\/oltre-lo-specchio-voila\/","title":{"rendered":"Oltre lo specchio &#8211; Voil\u00e0"},"content":{"rendered":"<p>Alle Veranstaltungen sind <b>kostenlos<\/b> und \u00f6ffentlich zug\u00e4nglich, mit Ausnahme von <b><i>Pesto!<\/i><\/b> und <b><i>Der gestiefelte Kater<\/i><\/b>, die jeweils f\u00fcr maximal 30 Zuschauer gleichzeitig sind und eine Reservierung auf www.rossoteatrotickets.it erfordern.<\/p>\n<p>Die gesamte Bev\u00f6lkerung ist eingeladen teilzunehmen. <\/p>\n<p>\u00dcberblick Voil\u00e0<\/p>\n<p> Vom 28. bis 31. August begr\u00fc\u00dft Feltre die <b>26. Ausgabe<\/b> von <i>Voil\u00e0<\/i>, dem historischen Stra\u00dfenkunstfestival, das die Stadt seit \u00fcber f\u00fcnfundzwanzig Jahren mit Magie, Farben und Emotionen belebt.<br \/>Das Motto, das f\u00fcr das Festival 2025 gew\u00e4hlt wurde, fasst seine Philosophie perfekt zusammen: <b><i>&#8220;Gemeinsam ist eine Show&#8221;<\/i><\/b><i>.<\/i> Es handelt sich nicht nur um einen Slogan, sondern um eine echte Absichtserkl\u00e4rung, die das gesamte Programm pr\u00e4gt, das in diesem Jahr von <b>RossoTeatro<\/b> kuratiert wurde. Es werden vier intensive Tage sein, in denen jede Show, jeder Workshop, jede Performance so gestaltet wurde, dass sie Momente der gemeinsamen Freude zwischen K\u00fcnstlern und Publikum, zwischen Eltern und Kindern, zwischen Nachbarn oder Einwohnern desselben Dorfes schafft. Es wird ein Fest f\u00fcr alle sein, denn wirklich &#8220;gemeinsam ist eine Show&#8221;.<\/p>\n<p>Am Samstag, den 30. August um 18:00 Uhr erwartet Sie im Park in der Via Mezzaterra <b>Jenseits des Spiegels<\/b> mit der <b>Compagnia del Buco (Re).<\/b><\/p>\n<p>Clowns und Nouveau Cirque in einer Reihe von kontinuierlichen Performances mit Jonglage und Akrobatik. <\/p>\n<p><\/p>\n<p><\/p>\n","protected":false},"excerpt":{"rendered":"<p>Alle Veranstaltungen sind kostenlos und \u00f6ffentlich zug\u00e4nglich, mit Ausnahme von Pesto! und Der gestiefelte Kater, die jeweils f\u00fcr maximal 30 Zuschauer gleichzeitig sind und eine Reservierung auf www.rossoteatrotickets.it erfordern. Die<\/p>\n","protected":false},"author":0,"featured_media":0,"template":"","meta":{"_acf_changed":false,"inline_featured_image":false,"_tribe_events_status":"","_tribe_events_status_reason":"","footnotes":""},"tags":[259],"tribe_events_cat":[],"class_list":["post-73270","tribe_events","type-tribe_events","status-publish","hentry","tag-eventi-feratel"],"acf":[],"yoast_head":"<!-- This site is optimized with the Yoast SEO plugin v25.7 - https:\/\/yoast.com\/wordpress\/plugins\/seo\/ -->\n<title>Oltre lo specchio - Voil\u00e0 - Dolomiti Prealpi<\/title>\n<meta name=\"robots\" content=\"index, follow, max-snippet:-1, max-image-preview:large, max-video-preview:-1\" \/>\n<link rel=\"canonical\" href=\"https:\/\/www.dolomitiprealpi.it\/de\/event\/oltre-lo-specchio-voila\/\" \/>\n<meta property=\"og:locale\" content=\"de_DE\" \/>\n<meta property=\"og:type\" content=\"article\" \/>\n<meta property=\"og:title\" content=\"Oltre lo specchio - Voil\u00e0 - Dolomiti Prealpi\" \/>\n<meta property=\"og:description\" content=\"Alle Veranstaltungen sind kostenlos und \u00f6ffentlich zug\u00e4nglich, mit Ausnahme von Pesto! und Der gestiefelte Kater, die jeweils f\u00fcr maximal 30 Zuschauer gleichzeitig sind und eine Reservierung auf www.rossoteatrotickets.it erfordern. Die\" \/>\n<meta property=\"og:url\" content=\"https:\/\/www.dolomitiprealpi.it\/de\/event\/oltre-lo-specchio-voila\/\" \/>\n<meta property=\"og:site_name\" content=\"Dolomiti Prealpi\" \/>\n<meta property=\"article:publisher\" content=\"https:\/\/www.facebook.com\/dolomitiprealpi.it\/\" \/>\n<meta property=\"article:modified_time\" content=\"2026-02-21T15:31:11+00:00\" \/>\n<meta property=\"og:image\" content=\"https:\/\/www.dolomitiprealpi.it\/wp-content\/uploads\/2022\/11\/C.-Timpone-Foto-archivio-Consorzio-turistico-Dolomiti-Prealpi-Nevegal-Belluno-Bike-18-2.jpg\" \/>\n\t<meta property=\"og:image:width\" content=\"2048\" \/>\n\t<meta property=\"og:image:height\" content=\"1888\" \/>\n\t<meta property=\"og:image:type\" content=\"image\/jpeg\" \/>\n<meta name=\"twitter:card\" content=\"summary_large_image\" \/>\n<meta name=\"twitter:label1\" content=\"Est. reading time\" \/>\n\t<meta name=\"twitter:data1\" content=\"1 minute\" \/>\n<script type=\"application\/ld+json\" class=\"yoast-schema-graph\">{\"@context\":\"https:\/\/schema.org\",\"@graph\":[{\"@type\":\"WebPage\",\"@id\":\"https:\/\/www.dolomitiprealpi.it\/de\/event\/oltre-lo-specchio-voila\/\",\"url\":\"https:\/\/www.dolomitiprealpi.it\/de\/event\/oltre-lo-specchio-voila\/\",\"name\":\"Oltre lo specchio - Voil\u00e0 - Dolomiti Prealpi\",\"isPartOf\":{\"@id\":\"https:\/\/www.dolomitiprealpi.it\/de\/#website\"},\"datePublished\":\"2026-02-15T11:08:30+00:00\",\"dateModified\":\"2026-02-21T15:31:11+00:00\",\"breadcrumb\":{\"@id\":\"https:\/\/www.dolomitiprealpi.it\/de\/event\/oltre-lo-specchio-voila\/#breadcrumb\"},\"inLanguage\":\"de-DE\",\"potentialAction\":[{\"@type\":\"ReadAction\",\"target\":[\"https:\/\/www.dolomitiprealpi.it\/de\/event\/oltre-lo-specchio-voila\/\"]}]},{\"@type\":\"BreadcrumbList\",\"@id\":\"https:\/\/www.dolomitiprealpi.it\/de\/event\/oltre-lo-specchio-voila\/#breadcrumb\",\"itemListElement\":[{\"@type\":\"ListItem\",\"position\":1,\"name\":\"Home\",\"item\":\"https:\/\/www.dolomitiprealpi.it\/de\/\"},{\"@type\":\"ListItem\",\"position\":2,\"name\":\"Veranstaltungen\",\"item\":\"https:\/\/www.dolomitiprealpi.it\/de\/events\/\"},{\"@type\":\"ListItem\",\"position\":3,\"name\":\"Oltre lo specchio &#8211; Voil\u00e0\"}]},{\"@type\":\"WebSite\",\"@id\":\"https:\/\/www.dolomitiprealpi.it\/de\/#website\",\"url\":\"https:\/\/www.dolomitiprealpi.it\/de\/\",\"name\":\"Dolomiti Prealpi\",\"description\":\"\",\"publisher\":{\"@id\":\"https:\/\/www.dolomitiprealpi.it\/de\/#organization\"},\"potentialAction\":[{\"@type\":\"SearchAction\",\"target\":{\"@type\":\"EntryPoint\",\"urlTemplate\":\"https:\/\/www.dolomitiprealpi.it\/de\/?s={search_term_string}\"},\"query-input\":{\"@type\":\"PropertyValueSpecification\",\"valueRequired\":true,\"valueName\":\"search_term_string\"}}],\"inLanguage\":\"de-DE\"},{\"@type\":\"Organization\",\"@id\":\"https:\/\/www.dolomitiprealpi.it\/de\/#organization\",\"name\":\"Consorzio Dolomiti Prealpi\",\"url\":\"https:\/\/www.dolomitiprealpi.it\/de\/\",\"logo\":{\"@type\":\"ImageObject\",\"inLanguage\":\"de-DE\",\"@id\":\"https:\/\/www.dolomitiprealpi.it\/de\/#\/schema\/logo\/image\/\",\"url\":\"https:\/\/www.dolomitiprealpi.it\/wp-content\/uploads\/2023\/03\/dolomitiprealpi-favicon.jpg\",\"contentUrl\":\"https:\/\/www.dolomitiprealpi.it\/wp-content\/uploads\/2023\/03\/dolomitiprealpi-favicon.jpg\",\"width\":512,\"height\":512,\"caption\":\"Consorzio Dolomiti Prealpi\"},\"image\":{\"@id\":\"https:\/\/www.dolomitiprealpi.it\/de\/#\/schema\/logo\/image\/\"},\"sameAs\":[\"https:\/\/www.facebook.com\/dolomitiprealpi.it\/\",\"https:\/\/www.instagram.com\/dolomitiprealpi\/\"]}]}<\/script>\n<!-- \/ Yoast SEO plugin. -->","yoast_head_json":{"title":"Oltre lo specchio - Voil\u00e0 - Dolomiti Prealpi","robots":{"index":"index","follow":"follow","max-snippet":"max-snippet:-1","max-image-preview":"max-image-preview:large","max-video-preview":"max-video-preview:-1"},"canonical":"https:\/\/www.dolomitiprealpi.it\/de\/event\/oltre-lo-specchio-voila\/","og_locale":"de_DE","og_type":"article","og_title":"Oltre lo specchio - Voil\u00e0 - Dolomiti Prealpi","og_description":"Alle Veranstaltungen sind kostenlos und \u00f6ffentlich zug\u00e4nglich, mit Ausnahme von Pesto! und Der gestiefelte Kater, die jeweils f\u00fcr maximal 30 Zuschauer gleichzeitig sind und eine Reservierung auf www.rossoteatrotickets.it erfordern. Die","og_url":"https:\/\/www.dolomitiprealpi.it\/de\/event\/oltre-lo-specchio-voila\/","og_site_name":"Dolomiti Prealpi","article_publisher":"https:\/\/www.facebook.com\/dolomitiprealpi.it\/","article_modified_time":"2026-02-21T15:31:11+00:00","og_image":[{"width":2048,"height":1888,"url":"https:\/\/www.dolomitiprealpi.it\/wp-content\/uploads\/2022\/11\/C.-Timpone-Foto-archivio-Consorzio-turistico-Dolomiti-Prealpi-Nevegal-Belluno-Bike-18-2.jpg","type":"image\/jpeg"}],"twitter_card":"summary_large_image","twitter_misc":{"Est. reading time":"1 minute"},"schema":{"@context":"https:\/\/schema.org","@graph":[{"@type":"WebPage","@id":"https:\/\/www.dolomitiprealpi.it\/de\/event\/oltre-lo-specchio-voila\/","url":"https:\/\/www.dolomitiprealpi.it\/de\/event\/oltre-lo-specchio-voila\/","name":"Oltre lo specchio - Voil\u00e0 - Dolomiti Prealpi","isPartOf":{"@id":"https:\/\/www.dolomitiprealpi.it\/de\/#website"},"datePublished":"2026-02-15T11:08:30+00:00","dateModified":"2026-02-21T15:31:11+00:00","breadcrumb":{"@id":"https:\/\/www.dolomitiprealpi.it\/de\/event\/oltre-lo-specchio-voila\/#breadcrumb"},"inLanguage":"de-DE","potentialAction":[{"@type":"ReadAction","target":["https:\/\/www.dolomitiprealpi.it\/de\/event\/oltre-lo-specchio-voila\/"]}]},{"@type":"BreadcrumbList","@id":"https:\/\/www.dolomitiprealpi.it\/de\/event\/oltre-lo-specchio-voila\/#breadcrumb","itemListElement":[{"@type":"ListItem","position":1,"name":"Home","item":"https:\/\/www.dolomitiprealpi.it\/de\/"},{"@type":"ListItem","position":2,"name":"Veranstaltungen","item":"https:\/\/www.dolomitiprealpi.it\/de\/events\/"},{"@type":"ListItem","position":3,"name":"Oltre lo specchio &#8211; Voil\u00e0"}]},{"@type":"WebSite","@id":"https:\/\/www.dolomitiprealpi.it\/de\/#website","url":"https:\/\/www.dolomitiprealpi.it\/de\/","name":"Dolomiti Prealpi","description":"","publisher":{"@id":"https:\/\/www.dolomitiprealpi.it\/de\/#organization"},"potentialAction":[{"@type":"SearchAction","target":{"@type":"EntryPoint","urlTemplate":"https:\/\/www.dolomitiprealpi.it\/de\/?s={search_term_string}"},"query-input":{"@type":"PropertyValueSpecification","valueRequired":true,"valueName":"search_term_string"}}],"inLanguage":"de-DE"},{"@type":"Organization","@id":"https:\/\/www.dolomitiprealpi.it\/de\/#organization","name":"Consorzio Dolomiti Prealpi","url":"https:\/\/www.dolomitiprealpi.it\/de\/","logo":{"@type":"ImageObject","inLanguage":"de-DE","@id":"https:\/\/www.dolomitiprealpi.it\/de\/#\/schema\/logo\/image\/","url":"https:\/\/www.dolomitiprealpi.it\/wp-content\/uploads\/2023\/03\/dolomitiprealpi-favicon.jpg","contentUrl":"https:\/\/www.dolomitiprealpi.it\/wp-content\/uploads\/2023\/03\/dolomitiprealpi-favicon.jpg","width":512,"height":512,"caption":"Consorzio Dolomiti Prealpi"},"image":{"@id":"https:\/\/www.dolomitiprealpi.it\/de\/#\/schema\/logo\/image\/"},"sameAs":["https:\/\/www.facebook.com\/dolomitiprealpi.it\/","https:\/\/www.instagram.com\/dolomitiprealpi\/"]}]}},"_links":{"self":[{"href":"https:\/\/www.dolomitiprealpi.it\/de\/wp-json\/wp\/v2\/tribe_events\/73270","targetHints":{"allow":["GET"]}}],"collection":[{"href":"https:\/\/www.dolomitiprealpi.it\/de\/wp-json\/wp\/v2\/tribe_events"}],"about":[{"href":"https:\/\/www.dolomitiprealpi.it\/de\/wp-json\/wp\/v2\/types\/tribe_events"}],"version-history":[{"count":1,"href":"https:\/\/www.dolomitiprealpi.it\/de\/wp-json\/wp\/v2\/tribe_events\/73270\/revisions"}],"predecessor-version":[{"id":79087,"href":"https:\/\/www.dolomitiprealpi.it\/de\/wp-json\/wp\/v2\/tribe_events\/73270\/revisions\/79087"}],"wp:attachment":[{"href":"https:\/\/www.dolomitiprealpi.it\/de\/wp-json\/wp\/v2\/media?parent=73270"}],"wp:term":[{"taxonomy":"post_tag","embeddable":true,"href":"https:\/\/www.dolomitiprealpi.it\/de\/wp-json\/wp\/v2\/tags?post=73270"},{"taxonomy":"tribe_events_cat","embeddable":true,"href":"https:\/\/www.dolomitiprealpi.it\/de\/wp-json\/wp\/v2\/tribe_events_cat?post=73270"}],"curies":[{"name":"wp","href":"https:\/\/api.w.org\/{rel}","templated":true}]}}

Oltre lo specchio &#8211; Voilà

<p>Alle Veranstaltungen sind <b>kostenlos</b> und öffentlich zugänglich, mit Ausnahme von <b><i>Pesto!</i></b> und <b><i>Der gestiefelte Kater</i></b>, die jeweils für maximal 30 Zuschauer gleichzeitig sind und eine Reservierung auf www.rossoteatrotickets.it erfordern.</p>
<p>Die gesamte Bevölkerung ist eingeladen teilzunehmen. </p>
<p>Überblick Voilà</p>
<p> Vom 28. bis 31. August begrüßt Feltre die <b>26. Ausgabe</b> von <i>Voilà</i>, dem historischen Straßenkunstfestival, das die Stadt seit über fünfundzwanzig Jahren mit Magie, Farben und Emotionen belebt.<br />Das Motto, das für das Festival 2025 gewählt wurde, fasst seine Philosophie perfekt zusammen: <b><i>&#8220;Gemeinsam ist eine Show&#8221;</i></b><i>.</i> Es handelt sich nicht nur um einen Slogan, sondern um eine echte Absichtserklärung, die das gesamte Programm prägt, das in diesem Jahr von <b>RossoTeatro</b> kuratiert wurde. Es werden vier intensive Tage sein, in denen jede Show, jeder Workshop, jede Performance so gestaltet wurde, dass sie Momente der gemeinsamen Freude zwischen Künstlern und Publikum, zwischen Eltern und Kindern, zwischen Nachbarn oder Einwohnern desselben Dorfes schafft. Es wird ein Fest für alle sein, denn wirklich &#8220;gemeinsam ist eine Show&#8221;.</p>
<p>Am Samstag, den 30. August um 18:00 Uhr erwartet Sie im Park in der Via Mezzaterra <b>Jenseits des Spiegels</b> mit der <b>Compagnia del Buco (Re).</b></p>
<p>Clowns und Nouveau Cirque in einer Reihe von kontinuierlichen Performances mit Jonglage und Akrobatik. </p>
<p></p>
<p></p>

<p>Alle Veranstaltungen sind kostenlos und öffentlich zugänglich, mit Ausnahme von Pesto! und Der gestiefelte Kater, die jeweils für maximal 30 Zuschauer gleichzeitig sind und eine Reservierung auf www.rossoteatrotickets.it erfordern. Die</p>

<!-- This site is optimized with the Yoast SEO plugin v25.7 - https://yoast.com/wordpress/plugins/seo/ -->
<title>Oltre lo specchio - Voilà - Dolomiti Prealpi</title>
<meta name="robots" content="index, follow, max-snippet:-1, max-image-preview:large, max-video-preview:-1" />
<link rel="canonical" href="https://www.dolomitiprealpi.it/de/event/oltre-lo-specchio-voila/" />
<meta property="og:locale" content="de_DE" />
<meta property="og:type" content="article" />
<meta property="og:title" content="Oltre lo specchio - Voilà - Dolomiti Prealpi" />
<meta property="og:description" content="Alle Veranstaltungen sind kostenlos und öffentlich zugänglich, mit Ausnahme von Pesto! und Der gestiefelte Kater, die jeweils für maximal 30 Zuschauer gleichzeitig sind und eine Reservierung auf www.rossoteatrotickets.it erfordern. Die" />
<meta property="og:url" content="https://www.dolomitiprealpi.it/de/event/oltre-lo-specchio-voila/" />
<meta property="og:site_name" content="Dolomiti Prealpi" />
<meta property="article:publisher" content="https://www.facebook.com/dolomitiprealpi.it/" />
<meta property="article:modified_time" content="2026-02-21T15:31:11+00:00" />
<meta property="og:image" content="https://www.dolomitiprealpi.it/wp-content/uploads/2022/11/C.-Timpone-Foto-archivio-Consorzio-turistico-Dolomiti-Prealpi-Nevegal-Belluno-Bike-18-2.jpg" />
	<meta property="og:image:width" content="2048" />
	<meta property="og:image:height" content="1888" />
	<meta property="og:image:type" content="image/jpeg" />
<meta name="twitter:card" content="summary_large_image" />
<meta name="twitter:label1" content="Est. reading time" />
	<meta name="twitter:data1" content="1 minute" />
<script type="application/ld+json" class="yoast-schema-graph">{"@context":"https://schema.org","@graph":[{"@type":"WebPage","@id":"https://www.dolomitiprealpi.it/de/event/oltre-lo-specchio-voila/","url":"https://www.dolomitiprealpi.it/de/event/oltre-lo-specchio-voila/","name":"Oltre lo specchio - Voilà - Dolomiti Prealpi","isPartOf":{"@id":"https://www.dolomitiprealpi.it/de/#website"},"datePublished":"2026-02-15T11:08:30+00:00","dateModified":"2026-02-21T15:31:11+00:00","breadcrumb":{"@id":"https://www.dolomitiprealpi.it/de/event/oltre-lo-specchio-voila/#breadcrumb"},"inLanguage":"de-DE","potentialAction":[{"@type":"ReadAction","target":["https://www.dolomitiprealpi.it/de/event/oltre-lo-specchio-voila/"]}]},{"@type":"BreadcrumbList","@id":"https://www.dolomitiprealpi.it/de/event/oltre-lo-specchio-voila/#breadcrumb","itemListElement":[{"@type":"ListItem","position":1,"name":"Home","item":"https://www.dolomitiprealpi.it/de/"},{"@type":"ListItem","position":2,"name":"Veranstaltungen","item":"https://www.dolomitiprealpi.it/de/events/"},{"@type":"ListItem","position":3,"name":"Oltre lo specchio &#8211; Voilà"}]},{"@type":"WebSite","@id":"https://www.dolomitiprealpi.it/de/#website","url":"https://www.dolomitiprealpi.it/de/","name":"Dolomiti Prealpi","description":"","publisher":{"@id":"https://www.dolomitiprealpi.it/de/#organization"},"potentialAction":[{"@type":"SearchAction","target":{"@type":"EntryPoint","urlTemplate":"https://www.dolomitiprealpi.it/de/?s={search_term_string}"},"query-input":{"@type":"PropertyValueSpecification","valueRequired":true,"valueName":"search_term_string"}}],"inLanguage":"de-DE"},{"@type":"Organization","@id":"https://www.dolomitiprealpi.it/de/#organization","name":"Consorzio Dolomiti Prealpi","url":"https://www.dolomitiprealpi.it/de/","logo":{"@type":"ImageObject","inLanguage":"de-DE","@id":"https://www.dolomitiprealpi.it/de/#/schema/logo/image/","url":"https://www.dolomitiprealpi.it/wp-content/uploads/2023/03/dolomitiprealpi-favicon.jpg","contentUrl":"https://www.dolomitiprealpi.it/wp-content/uploads/2023/03/dolomitiprealpi-favicon.jpg","width":512,"height":512,"caption":"Consorzio Dolomiti Prealpi"},"image":{"@id":"https://www.dolomitiprealpi.it/de/#/schema/logo/image/"},"sameAs":["https://www.facebook.com/dolomitiprealpi.it/","https://www.instagram.com/dolomitiprealpi/"]}]}</script>
<!-- / Yoast SEO plugin. -->

Oltre lo specchio - Voilà - Dolomiti Prealpi

Alle Veranstaltungen sind kostenlos und öffentlich zugänglich, mit Ausnahme von Pesto! und Der gestiefelte Kater, die jeweils für maximal 30 Zuschauer gleichzeitig sind und eine Reservierung auf www.rossoteatrotickets.it erfordern. Die
