{"id":72464,"date":"2025-12-29T11:29:18","date_gmt":"2025-12-29T10:29:18","guid":{"rendered":"https:\/\/www.dolomitiprealpi.it\/event\/camminando-sulla-linea-del-fronte-salita-a-cima-grappa\/"},"modified":"2026-02-03T13:55:57","modified_gmt":"2026-02-03T12:55:57","slug":"camminando-sulla-linea-del-fronte-salita-a-cima-grappa","status":"publish","type":"tribe_events","link":"https:\/\/www.dolomitiprealpi.it\/de\/event\/camminando-sulla-linea-del-fronte-salita-a-cima-grappa\/","title":{"rendered":"Camminando sulla linea del fronte: salita a Cima Grappa"},"content":{"rendered":"<p>L\u00e4nge und H\u00f6henunterschied: 10 km \u2013 600 m <\/p>\n<p>Schwierigkeit und Dauer: MITTEL \u2013 ca. 7 Stunden inklusive Pausen <\/p>\n<p>Kosten pro Person: \u20ac 25 mit mindestens 4 und maximal 12 Teilnehmern <\/p>\n<p>Treffpunkt: um&nbsp;8:30 am Rifugio Bocchette &#8211; Seren del Grappa <\/p>\n<p>BEATRICE: 333.9562271\u2013 beatrisderossi@gmail.com<\/p>\n<p><b>Direkte Zahlung an den Dienstleister bei Abfahrt<\/b><\/p>\n<p>Der Aufstieg zum Cima Grappa vom Rifugio Bocchette, dem Ausgangspunkt unserer Wanderung, verl\u00e4uft entlang von Bergpfaden, die durch W\u00e4lder, windige K\u00e4mme und Hochebenen f\u00fchren, und bietet ein tiefes Eintauchen in die Geschichte des Gebiets.  Gr\u00e4ben, in Felsen gehauene Tunnel, milit\u00e4rische Stellungen und \u00dcberreste von Befestigungen begleiten den Weg und erz\u00e4hlen im Stillen von der H\u00e4rte des Lebens in den Sch\u00fctzengr\u00e4ben und dem Opfer von Tausenden von Soldaten.<\/p>\n<p>Jeder Schritt  erinnert an die dramatischen Ereignisse des Ersten Weltkriegs und macht die Wanderung zu mehr als einer einfachen naturkundlichen Erfahrung.  Bei der Ankunft \u00f6ffnet sich der Blick auf das imposante Milit\u00e4rmahnmal von Cima Grappa, ein feierliches Denkmal, das die \u00dcberreste von \u00fcber 20.000 Gefallenen bewahrt. Ein Ort von gro\u00dfer emotionaler Wirkung, der zum Schweigen und zum Nachdenken einl\u00e4dt, mit dem Panorama der Dolomiten im Hintergrund.<\/p>\n<p> Es ist ein aufregender und fesselnder Weg, an dem sich Natur und Ged\u00e4chtnis verweben und die gesamte Landschaft in ein Freiluftmuseum verwandelt. Ideal f\u00fcr diejenigen, die ein authentisches Erlebnis suchen, zwischen Abenteuer, Reflexion und Sch\u00f6nheit.<\/p>\n<p>Auf Cima Grappa kann man sowohl ein Picknick mitbringen als auch vor Ort etwas zu essen finden.<\/p>\n","protected":false},"excerpt":{"rendered":"<p>L\u00e4nge und H\u00f6henunterschied: 10 km \u2013 600 m Schwierigkeit und Dauer: MITTEL \u2013 ca. 7 Stunden inklusive Pausen Kosten pro Person: \u20ac 25 mit mindestens 4 und maximal 12 Teilnehmern<\/p>\n","protected":false},"author":0,"featured_media":0,"template":"","meta":{"_acf_changed":false,"inline_featured_image":false,"_tribe_events_status":"","_tribe_events_status_reason":"","footnotes":""},"tags":[259],"tribe_events_cat":[],"class_list":["post-72464","tribe_events","type-tribe_events","status-publish","hentry","tag-eventi-feratel"],"acf":[],"yoast_head":"<!-- This site is optimized with the Yoast SEO plugin v25.7 - https:\/\/yoast.com\/wordpress\/plugins\/seo\/ -->\n<title>Camminando sulla linea del fronte: salita a Cima Grappa - Dolomiti Prealpi<\/title>\n<meta name=\"robots\" content=\"index, follow, max-snippet:-1, max-image-preview:large, max-video-preview:-1\" \/>\n<link rel=\"canonical\" href=\"https:\/\/www.dolomitiprealpi.it\/de\/event\/camminando-sulla-linea-del-fronte-salita-a-cima-grappa\/\" \/>\n<meta property=\"og:locale\" content=\"de_DE\" \/>\n<meta property=\"og:type\" content=\"article\" \/>\n<meta property=\"og:title\" content=\"Camminando sulla linea del fronte: salita a Cima Grappa - Dolomiti Prealpi\" \/>\n<meta property=\"og:description\" content=\"L\u00e4nge und H\u00f6henunterschied: 10 km \u2013 600 m Schwierigkeit und Dauer: MITTEL \u2013 ca. 7 Stunden inklusive Pausen Kosten pro Person: \u20ac 25 mit mindestens 4 und maximal 12 Teilnehmern\" \/>\n<meta property=\"og:url\" content=\"https:\/\/www.dolomitiprealpi.it\/de\/event\/camminando-sulla-linea-del-fronte-salita-a-cima-grappa\/\" \/>\n<meta property=\"og:site_name\" content=\"Dolomiti Prealpi\" \/>\n<meta property=\"article:publisher\" content=\"https:\/\/www.facebook.com\/dolomitiprealpi.it\/\" \/>\n<meta property=\"article:modified_time\" content=\"2026-02-03T12:55:57+00:00\" \/>\n<meta property=\"og:image\" content=\"https:\/\/www.dolomitiprealpi.it\/wp-content\/uploads\/2022\/11\/C.-Timpone-Foto-archivio-Consorzio-turistico-Dolomiti-Prealpi-Nevegal-Belluno-Bike-18-2.jpg\" \/>\n\t<meta property=\"og:image:width\" content=\"2048\" \/>\n\t<meta property=\"og:image:height\" content=\"1888\" \/>\n\t<meta property=\"og:image:type\" content=\"image\/jpeg\" \/>\n<meta name=\"twitter:card\" content=\"summary_large_image\" \/>\n<meta name=\"twitter:label1\" content=\"Est. reading time\" \/>\n\t<meta name=\"twitter:data1\" content=\"1 minute\" \/>\n<script type=\"application\/ld+json\" class=\"yoast-schema-graph\">{\"@context\":\"https:\/\/schema.org\",\"@graph\":[{\"@type\":\"WebPage\",\"@id\":\"https:\/\/www.dolomitiprealpi.it\/de\/event\/camminando-sulla-linea-del-fronte-salita-a-cima-grappa\/\",\"url\":\"https:\/\/www.dolomitiprealpi.it\/de\/event\/camminando-sulla-linea-del-fronte-salita-a-cima-grappa\/\",\"name\":\"Camminando sulla linea del fronte: salita a Cima Grappa - Dolomiti Prealpi\",\"isPartOf\":{\"@id\":\"https:\/\/www.dolomitiprealpi.it\/de\/#website\"},\"datePublished\":\"2025-12-29T10:29:18+00:00\",\"dateModified\":\"2026-02-03T12:55:57+00:00\",\"breadcrumb\":{\"@id\":\"https:\/\/www.dolomitiprealpi.it\/de\/event\/camminando-sulla-linea-del-fronte-salita-a-cima-grappa\/#breadcrumb\"},\"inLanguage\":\"de-DE\",\"potentialAction\":[{\"@type\":\"ReadAction\",\"target\":[\"https:\/\/www.dolomitiprealpi.it\/de\/event\/camminando-sulla-linea-del-fronte-salita-a-cima-grappa\/\"]}]},{\"@type\":\"BreadcrumbList\",\"@id\":\"https:\/\/www.dolomitiprealpi.it\/de\/event\/camminando-sulla-linea-del-fronte-salita-a-cima-grappa\/#breadcrumb\",\"itemListElement\":[{\"@type\":\"ListItem\",\"position\":1,\"name\":\"Home\",\"item\":\"https:\/\/www.dolomitiprealpi.it\/de\/\"},{\"@type\":\"ListItem\",\"position\":2,\"name\":\"Veranstaltungen\",\"item\":\"https:\/\/www.dolomitiprealpi.it\/de\/events\/\"},{\"@type\":\"ListItem\",\"position\":3,\"name\":\"Camminando sulla linea del fronte: salita a Cima Grappa\"}]},{\"@type\":\"WebSite\",\"@id\":\"https:\/\/www.dolomitiprealpi.it\/de\/#website\",\"url\":\"https:\/\/www.dolomitiprealpi.it\/de\/\",\"name\":\"Dolomiti Prealpi\",\"description\":\"\",\"publisher\":{\"@id\":\"https:\/\/www.dolomitiprealpi.it\/de\/#organization\"},\"potentialAction\":[{\"@type\":\"SearchAction\",\"target\":{\"@type\":\"EntryPoint\",\"urlTemplate\":\"https:\/\/www.dolomitiprealpi.it\/de\/?s={search_term_string}\"},\"query-input\":{\"@type\":\"PropertyValueSpecification\",\"valueRequired\":true,\"valueName\":\"search_term_string\"}}],\"inLanguage\":\"de-DE\"},{\"@type\":\"Organization\",\"@id\":\"https:\/\/www.dolomitiprealpi.it\/de\/#organization\",\"name\":\"Consorzio Dolomiti Prealpi\",\"url\":\"https:\/\/www.dolomitiprealpi.it\/de\/\",\"logo\":{\"@type\":\"ImageObject\",\"inLanguage\":\"de-DE\",\"@id\":\"https:\/\/www.dolomitiprealpi.it\/de\/#\/schema\/logo\/image\/\",\"url\":\"https:\/\/www.dolomitiprealpi.it\/wp-content\/uploads\/2023\/03\/dolomitiprealpi-favicon.jpg\",\"contentUrl\":\"https:\/\/www.dolomitiprealpi.it\/wp-content\/uploads\/2023\/03\/dolomitiprealpi-favicon.jpg\",\"width\":512,\"height\":512,\"caption\":\"Consorzio Dolomiti Prealpi\"},\"image\":{\"@id\":\"https:\/\/www.dolomitiprealpi.it\/de\/#\/schema\/logo\/image\/\"},\"sameAs\":[\"https:\/\/www.facebook.com\/dolomitiprealpi.it\/\",\"https:\/\/www.instagram.com\/dolomitiprealpi\/\"]}]}<\/script>\n<!-- \/ Yoast SEO plugin. -->","yoast_head_json":{"title":"Camminando sulla linea del fronte: salita a Cima Grappa - Dolomiti Prealpi","robots":{"index":"index","follow":"follow","max-snippet":"max-snippet:-1","max-image-preview":"max-image-preview:large","max-video-preview":"max-video-preview:-1"},"canonical":"https:\/\/www.dolomitiprealpi.it\/de\/event\/camminando-sulla-linea-del-fronte-salita-a-cima-grappa\/","og_locale":"de_DE","og_type":"article","og_title":"Camminando sulla linea del fronte: salita a Cima Grappa - Dolomiti Prealpi","og_description":"L\u00e4nge und H\u00f6henunterschied: 10 km \u2013 600 m Schwierigkeit und Dauer: MITTEL \u2013 ca. 7 Stunden inklusive Pausen Kosten pro Person: \u20ac 25 mit mindestens 4 und maximal 12 Teilnehmern","og_url":"https:\/\/www.dolomitiprealpi.it\/de\/event\/camminando-sulla-linea-del-fronte-salita-a-cima-grappa\/","og_site_name":"Dolomiti Prealpi","article_publisher":"https:\/\/www.facebook.com\/dolomitiprealpi.it\/","article_modified_time":"2026-02-03T12:55:57+00:00","og_image":[{"width":2048,"height":1888,"url":"https:\/\/www.dolomitiprealpi.it\/wp-content\/uploads\/2022\/11\/C.-Timpone-Foto-archivio-Consorzio-turistico-Dolomiti-Prealpi-Nevegal-Belluno-Bike-18-2.jpg","type":"image\/jpeg"}],"twitter_card":"summary_large_image","twitter_misc":{"Est. reading time":"1 minute"},"schema":{"@context":"https:\/\/schema.org","@graph":[{"@type":"WebPage","@id":"https:\/\/www.dolomitiprealpi.it\/de\/event\/camminando-sulla-linea-del-fronte-salita-a-cima-grappa\/","url":"https:\/\/www.dolomitiprealpi.it\/de\/event\/camminando-sulla-linea-del-fronte-salita-a-cima-grappa\/","name":"Camminando sulla linea del fronte: salita a Cima Grappa - Dolomiti Prealpi","isPartOf":{"@id":"https:\/\/www.dolomitiprealpi.it\/de\/#website"},"datePublished":"2025-12-29T10:29:18+00:00","dateModified":"2026-02-03T12:55:57+00:00","breadcrumb":{"@id":"https:\/\/www.dolomitiprealpi.it\/de\/event\/camminando-sulla-linea-del-fronte-salita-a-cima-grappa\/#breadcrumb"},"inLanguage":"de-DE","potentialAction":[{"@type":"ReadAction","target":["https:\/\/www.dolomitiprealpi.it\/de\/event\/camminando-sulla-linea-del-fronte-salita-a-cima-grappa\/"]}]},{"@type":"BreadcrumbList","@id":"https:\/\/www.dolomitiprealpi.it\/de\/event\/camminando-sulla-linea-del-fronte-salita-a-cima-grappa\/#breadcrumb","itemListElement":[{"@type":"ListItem","position":1,"name":"Home","item":"https:\/\/www.dolomitiprealpi.it\/de\/"},{"@type":"ListItem","position":2,"name":"Veranstaltungen","item":"https:\/\/www.dolomitiprealpi.it\/de\/events\/"},{"@type":"ListItem","position":3,"name":"Camminando sulla linea del fronte: salita a Cima Grappa"}]},{"@type":"WebSite","@id":"https:\/\/www.dolomitiprealpi.it\/de\/#website","url":"https:\/\/www.dolomitiprealpi.it\/de\/","name":"Dolomiti Prealpi","description":"","publisher":{"@id":"https:\/\/www.dolomitiprealpi.it\/de\/#organization"},"potentialAction":[{"@type":"SearchAction","target":{"@type":"EntryPoint","urlTemplate":"https:\/\/www.dolomitiprealpi.it\/de\/?s={search_term_string}"},"query-input":{"@type":"PropertyValueSpecification","valueRequired":true,"valueName":"search_term_string"}}],"inLanguage":"de-DE"},{"@type":"Organization","@id":"https:\/\/www.dolomitiprealpi.it\/de\/#organization","name":"Consorzio Dolomiti Prealpi","url":"https:\/\/www.dolomitiprealpi.it\/de\/","logo":{"@type":"ImageObject","inLanguage":"de-DE","@id":"https:\/\/www.dolomitiprealpi.it\/de\/#\/schema\/logo\/image\/","url":"https:\/\/www.dolomitiprealpi.it\/wp-content\/uploads\/2023\/03\/dolomitiprealpi-favicon.jpg","contentUrl":"https:\/\/www.dolomitiprealpi.it\/wp-content\/uploads\/2023\/03\/dolomitiprealpi-favicon.jpg","width":512,"height":512,"caption":"Consorzio Dolomiti Prealpi"},"image":{"@id":"https:\/\/www.dolomitiprealpi.it\/de\/#\/schema\/logo\/image\/"},"sameAs":["https:\/\/www.facebook.com\/dolomitiprealpi.it\/","https:\/\/www.instagram.com\/dolomitiprealpi\/"]}]}},"_links":{"self":[{"href":"https:\/\/www.dolomitiprealpi.it\/de\/wp-json\/wp\/v2\/tribe_events\/72464","targetHints":{"allow":["GET"]}}],"collection":[{"href":"https:\/\/www.dolomitiprealpi.it\/de\/wp-json\/wp\/v2\/tribe_events"}],"about":[{"href":"https:\/\/www.dolomitiprealpi.it\/de\/wp-json\/wp\/v2\/types\/tribe_events"}],"version-history":[{"count":1,"href":"https:\/\/www.dolomitiprealpi.it\/de\/wp-json\/wp\/v2\/tribe_events\/72464\/revisions"}],"predecessor-version":[{"id":73522,"href":"https:\/\/www.dolomitiprealpi.it\/de\/wp-json\/wp\/v2\/tribe_events\/72464\/revisions\/73522"}],"wp:attachment":[{"href":"https:\/\/www.dolomitiprealpi.it\/de\/wp-json\/wp\/v2\/media?parent=72464"}],"wp:term":[{"taxonomy":"post_tag","embeddable":true,"href":"https:\/\/www.dolomitiprealpi.it\/de\/wp-json\/wp\/v2\/tags?post=72464"},{"taxonomy":"tribe_events_cat","embeddable":true,"href":"https:\/\/www.dolomitiprealpi.it\/de\/wp-json\/wp\/v2\/tribe_events_cat?post=72464"}],"curies":[{"name":"wp","href":"https:\/\/api.w.org\/{rel}","templated":true}]}}

<p>Länge und Höhenunterschied: 10 km – 600 m </p>
<p>Schwierigkeit und Dauer: MITTEL – ca. 7 Stunden inklusive Pausen </p>
<p>Kosten pro Person: € 25 mit mindestens 4 und maximal 12 Teilnehmern </p>
<p>Treffpunkt: um&nbsp;8:30 am Rifugio Bocchette &#8211; Seren del Grappa </p>
<p>BEATRICE: 333.9562271– beatrisderossi@gmail.com</p>
<p><b>Direkte Zahlung an den Dienstleister bei Abfahrt</b></p>
<p>Der Aufstieg zum Cima Grappa vom Rifugio Bocchette, dem Ausgangspunkt unserer Wanderung, verläuft entlang von Bergpfaden, die durch Wälder, windige Kämme und Hochebenen führen, und bietet ein tiefes Eintauchen in die Geschichte des Gebiets.  Gräben, in Felsen gehauene Tunnel, militärische Stellungen und Überreste von Befestigungen begleiten den Weg und erzählen im Stillen von der Härte des Lebens in den Schützengräben und dem Opfer von Tausenden von Soldaten.</p>
<p>Jeder Schritt  erinnert an die dramatischen Ereignisse des Ersten Weltkriegs und macht die Wanderung zu mehr als einer einfachen naturkundlichen Erfahrung.  Bei der Ankunft öffnet sich der Blick auf das imposante Militärmahnmal von Cima Grappa, ein feierliches Denkmal, das die Überreste von über 20.000 Gefallenen bewahrt. Ein Ort von großer emotionaler Wirkung, der zum Schweigen und zum Nachdenken einlädt, mit dem Panorama der Dolomiten im Hintergrund.</p>
<p> Es ist ein aufregender und fesselnder Weg, an dem sich Natur und Gedächtnis verweben und die gesamte Landschaft in ein Freiluftmuseum verwandelt. Ideal für diejenigen, die ein authentisches Erlebnis suchen, zwischen Abenteuer, Reflexion und Schönheit.</p>
<p>Auf Cima Grappa kann man sowohl ein Picknick mitbringen als auch vor Ort etwas zu essen finden.</p>

<p>Länge und Höhenunterschied: 10 km – 600 m Schwierigkeit und Dauer: MITTEL – ca. 7 Stunden inklusive Pausen Kosten pro Person: € 25 mit mindestens 4 und maximal 12 Teilnehmern</p>

<!-- This site is optimized with the Yoast SEO plugin v25.7 - https://yoast.com/wordpress/plugins/seo/ -->
<title>Camminando sulla linea del fronte: salita a Cima Grappa - Dolomiti Prealpi</title>
<meta name="robots" content="index, follow, max-snippet:-1, max-image-preview:large, max-video-preview:-1" />
<link rel="canonical" href="https://www.dolomitiprealpi.it/de/event/camminando-sulla-linea-del-fronte-salita-a-cima-grappa/" />
<meta property="og:locale" content="de_DE" />
<meta property="og:type" content="article" />
<meta property="og:title" content="Camminando sulla linea del fronte: salita a Cima Grappa - Dolomiti Prealpi" />
<meta property="og:description" content="Länge und Höhenunterschied: 10 km – 600 m Schwierigkeit und Dauer: MITTEL – ca. 7 Stunden inklusive Pausen Kosten pro Person: € 25 mit mindestens 4 und maximal 12 Teilnehmern" />
<meta property="og:url" content="https://www.dolomitiprealpi.it/de/event/camminando-sulla-linea-del-fronte-salita-a-cima-grappa/" />
<meta property="og:site_name" content="Dolomiti Prealpi" />
<meta property="article:publisher" content="https://www.facebook.com/dolomitiprealpi.it/" />
<meta property="article:modified_time" content="2026-02-03T12:55:57+00:00" />
<meta property="og:image" content="https://www.dolomitiprealpi.it/wp-content/uploads/2022/11/C.-Timpone-Foto-archivio-Consorzio-turistico-Dolomiti-Prealpi-Nevegal-Belluno-Bike-18-2.jpg" />
	<meta property="og:image:width" content="2048" />
	<meta property="og:image:height" content="1888" />
	<meta property="og:image:type" content="image/jpeg" />
<meta name="twitter:card" content="summary_large_image" />
<meta name="twitter:label1" content="Est. reading time" />
	<meta name="twitter:data1" content="1 minute" />
<script type="application/ld+json" class="yoast-schema-graph">{"@context":"https://schema.org","@graph":[{"@type":"WebPage","@id":"https://www.dolomitiprealpi.it/de/event/camminando-sulla-linea-del-fronte-salita-a-cima-grappa/","url":"https://www.dolomitiprealpi.it/de/event/camminando-sulla-linea-del-fronte-salita-a-cima-grappa/","name":"Camminando sulla linea del fronte: salita a Cima Grappa - Dolomiti Prealpi","isPartOf":{"@id":"https://www.dolomitiprealpi.it/de/#website"},"datePublished":"2025-12-29T10:29:18+00:00","dateModified":"2026-02-03T12:55:57+00:00","breadcrumb":{"@id":"https://www.dolomitiprealpi.it/de/event/camminando-sulla-linea-del-fronte-salita-a-cima-grappa/#breadcrumb"},"inLanguage":"de-DE","potentialAction":[{"@type":"ReadAction","target":["https://www.dolomitiprealpi.it/de/event/camminando-sulla-linea-del-fronte-salita-a-cima-grappa/"]}]},{"@type":"BreadcrumbList","@id":"https://www.dolomitiprealpi.it/de/event/camminando-sulla-linea-del-fronte-salita-a-cima-grappa/#breadcrumb","itemListElement":[{"@type":"ListItem","position":1,"name":"Home","item":"https://www.dolomitiprealpi.it/de/"},{"@type":"ListItem","position":2,"name":"Veranstaltungen","item":"https://www.dolomitiprealpi.it/de/events/"},{"@type":"ListItem","position":3,"name":"Camminando sulla linea del fronte: salita a Cima Grappa"}]},{"@type":"WebSite","@id":"https://www.dolomitiprealpi.it/de/#website","url":"https://www.dolomitiprealpi.it/de/","name":"Dolomiti Prealpi","description":"","publisher":{"@id":"https://www.dolomitiprealpi.it/de/#organization"},"potentialAction":[{"@type":"SearchAction","target":{"@type":"EntryPoint","urlTemplate":"https://www.dolomitiprealpi.it/de/?s={search_term_string}"},"query-input":{"@type":"PropertyValueSpecification","valueRequired":true,"valueName":"search_term_string"}}],"inLanguage":"de-DE"},{"@type":"Organization","@id":"https://www.dolomitiprealpi.it/de/#organization","name":"Consorzio Dolomiti Prealpi","url":"https://www.dolomitiprealpi.it/de/","logo":{"@type":"ImageObject","inLanguage":"de-DE","@id":"https://www.dolomitiprealpi.it/de/#/schema/logo/image/","url":"https://www.dolomitiprealpi.it/wp-content/uploads/2023/03/dolomitiprealpi-favicon.jpg","contentUrl":"https://www.dolomitiprealpi.it/wp-content/uploads/2023/03/dolomitiprealpi-favicon.jpg","width":512,"height":512,"caption":"Consorzio Dolomiti Prealpi"},"image":{"@id":"https://www.dolomitiprealpi.it/de/#/schema/logo/image/"},"sameAs":["https://www.facebook.com/dolomitiprealpi.it/","https://www.instagram.com/dolomitiprealpi/"]}]}</script>
<!-- / Yoast SEO plugin. -->

Länge und Höhenunterschied: 10 km – 600 m Schwierigkeit und Dauer: MITTEL – ca. 7 Stunden inklusive Pausen Kosten pro Person: € 25 mit mindestens 4 und maximal 12 Teilnehmern
