{"id":69151,"date":"2026-02-15T11:40:12","date_gmt":"2026-02-15T10:40:12","guid":{"rendered":"https:\/\/www.dolomitiprealpi.it\/event\/giro-del-lago-di-santa-croce\/"},"modified":"2026-02-15T11:40:12","modified_gmt":"2026-02-15T10:40:12","slug":"giro-del-lago-di-santa-croce","status":"publish","type":"tribe_events","link":"https:\/\/www.dolomitiprealpi.it\/de\/event\/giro-del-lago-di-santa-croce\/","title":{"rendered":"Giro del Lago di Santa Croce"},"content":{"rendered":"<p><b>Anmeldungen<br \/><\/b>Die Anmeldung ist f\u00fcr alle frei und muss mit einem Betrag von 8,00 \u20ac begleitet werden. Es wird eine Erste-Hilfe-Station eingerichtet.<br \/>Die Anmeldungen k\u00f6nnen am Samstag, den 9., Sonntag, den 10., Dienstag, den 12., Mittwoch, den 13., Donnerstag, den 14. und Samstag, den 16. August von 9.00 bis 12.30 Uhr und von 15.00 bis 18.30 Uhr im B\u00fcro des Komitees Alpago 2r\u00e4der&amp;solidariet\u00e0 oder im&nbsp;Jugendherberge \u2013 Via del Mulino, 7 \u2013 Bastia d\u2019Alpago (BL) vorgenommen werden. Am Sonntag, den 17. August ab 8:00 Uhr und bis 15 Minuten vor dem jeweiligen Start (sofern die Organisatoren nichts anderes entscheiden) vor dem Jugendhaus in&nbsp;Puos&nbsp;d\u2019Alpago. Solidarit\u00e4tsfahrt rund um den Lago di Santa Croce in Alpago.<\/p>\n<p>Die Strecke des <b>Giro del Lago di Santa Croce<\/b> in der Version<b> Run<\/b>, <b>Handbike <\/b>und <b>Bike<\/b> startet am zentralen Platz Papa Luciani in Puos und f\u00fchrt dann zu den Orten Farra, Poiatte, Santa Croce del Lago, La Secca, Bastia d\u2019Alpago, bevor sie nach etwa 17,4 km nach Puos zur\u00fcckkehrt, mit dem Ziel am Hauptplatz des Dorfes. <\/p>\n<p>Die <b>Pedonata<\/b> hat bei der klassischen Giro del Lago di Santa Croce den gleichen Start- und Zielpunkt. Die Strecke, die 7 km lang ist und in der Via al Lago beginnt, verl\u00e4uft dann entlang des Ufers des Baches Tesa, bei den Sportanlagen der Unione Montana dell\u2019Alpago, von Puos nach Farra, durchquert dann das malerische Naturreservat am Ufer des Santa Croce Sees, bevor sie das Dorf Bastia erreicht und entlang des Radwegs bis zur Casa di riposo in Puos zur\u00fcckkehrt, dann auf die asphaltierte Stra\u00dfe zur\u00fcckkehrt, einen Abschnitt der Via Roma passiert und schlie\u00dflich in Richtung des Ziels in der Via Verdi weitergeht.<\/p>\n<p>Die <b>Pattinata<\/b> hat bei der klassischen Giro del Lago di Santa Croce ebenfalls den gleichen Start- und Zielpunkt. Der Kurs, der 4,8 km lang ist, ist vollst\u00e4ndig flach und auf Asphaltstra\u00dfe. Er erstreckt sich entlang der Via al Lago und der Via Turatti, von Puos nach Farra, bevor er rechts in die Via Matteotti einbiegt und dann den Kreisverkehr erreicht, der zur Via Roma f\u00fchrt, dem langen, geraden Abschnitt, der zum Ziel in der Via Verdi f\u00fchrt. <br \/>Entlang der Strecke und am Ziel, wieder auf dem Platz Papa Luciani in Puos, werden kostenlose Erfrischungsst\u00e4nde eingerichtet.<\/p>\n<p><\/p>\n","protected":false},"excerpt":{"rendered":"<p>AnmeldungenDie Anmeldung ist f\u00fcr alle frei und muss mit einem Betrag von 8,00 \u20ac begleitet werden. Es wird eine Erste-Hilfe-Station eingerichtet.Die Anmeldungen k\u00f6nnen am Samstag, den 9., Sonntag, den 10.,<\/p>\n","protected":false},"author":0,"featured_media":0,"template":"","meta":{"_acf_changed":false,"inline_featured_image":false,"_tribe_events_status":"","_tribe_events_status_reason":"","footnotes":""},"tags":[259],"tribe_events_cat":[],"class_list":["post-69151","tribe_events","type-tribe_events","status-publish","hentry","tag-eventi-feratel"],"acf":[],"yoast_head":"<!-- This site is optimized with the Yoast SEO plugin v25.7 - https:\/\/yoast.com\/wordpress\/plugins\/seo\/ -->\n<title>Giro del Lago di Santa Croce - Dolomiti Prealpi<\/title>\n<meta name=\"robots\" content=\"index, follow, max-snippet:-1, max-image-preview:large, max-video-preview:-1\" \/>\n<link rel=\"canonical\" href=\"https:\/\/www.dolomitiprealpi.it\/de\/event\/giro-del-lago-di-santa-croce\/\" \/>\n<meta property=\"og:locale\" content=\"de_DE\" \/>\n<meta property=\"og:type\" content=\"article\" \/>\n<meta property=\"og:title\" content=\"Giro del Lago di Santa Croce - Dolomiti Prealpi\" \/>\n<meta property=\"og:description\" content=\"AnmeldungenDie Anmeldung ist f\u00fcr alle frei und muss mit einem Betrag von 8,00 \u20ac begleitet werden. Es wird eine Erste-Hilfe-Station eingerichtet.Die Anmeldungen k\u00f6nnen am Samstag, den 9., Sonntag, den 10.,\" \/>\n<meta property=\"og:url\" content=\"https:\/\/www.dolomitiprealpi.it\/de\/event\/giro-del-lago-di-santa-croce\/\" \/>\n<meta property=\"og:site_name\" content=\"Dolomiti Prealpi\" \/>\n<meta property=\"article:publisher\" content=\"https:\/\/www.facebook.com\/dolomitiprealpi.it\/\" \/>\n<meta property=\"og:image\" content=\"https:\/\/www.dolomitiprealpi.it\/wp-content\/uploads\/2022\/11\/C.-Timpone-Foto-archivio-Consorzio-turistico-Dolomiti-Prealpi-Nevegal-Belluno-Bike-18-2.jpg\" \/>\n\t<meta property=\"og:image:width\" content=\"2048\" \/>\n\t<meta property=\"og:image:height\" content=\"1888\" \/>\n\t<meta property=\"og:image:type\" content=\"image\/jpeg\" \/>\n<meta name=\"twitter:card\" content=\"summary_large_image\" \/>\n<meta name=\"twitter:label1\" content=\"Est. reading time\" \/>\n\t<meta name=\"twitter:data1\" content=\"2 minutes\" \/>\n<script type=\"application\/ld+json\" class=\"yoast-schema-graph\">{\"@context\":\"https:\/\/schema.org\",\"@graph\":[{\"@type\":\"WebPage\",\"@id\":\"https:\/\/www.dolomitiprealpi.it\/de\/event\/giro-del-lago-di-santa-croce\/\",\"url\":\"https:\/\/www.dolomitiprealpi.it\/de\/event\/giro-del-lago-di-santa-croce\/\",\"name\":\"Giro del Lago di Santa Croce - Dolomiti Prealpi\",\"isPartOf\":{\"@id\":\"https:\/\/www.dolomitiprealpi.it\/de\/#website\"},\"datePublished\":\"2026-02-15T10:40:12+00:00\",\"breadcrumb\":{\"@id\":\"https:\/\/www.dolomitiprealpi.it\/de\/event\/giro-del-lago-di-santa-croce\/#breadcrumb\"},\"inLanguage\":\"de-DE\",\"potentialAction\":[{\"@type\":\"ReadAction\",\"target\":[\"https:\/\/www.dolomitiprealpi.it\/de\/event\/giro-del-lago-di-santa-croce\/\"]}]},{\"@type\":\"BreadcrumbList\",\"@id\":\"https:\/\/www.dolomitiprealpi.it\/de\/event\/giro-del-lago-di-santa-croce\/#breadcrumb\",\"itemListElement\":[{\"@type\":\"ListItem\",\"position\":1,\"name\":\"Home\",\"item\":\"https:\/\/www.dolomitiprealpi.it\/de\/\"},{\"@type\":\"ListItem\",\"position\":2,\"name\":\"Veranstaltungen\",\"item\":\"https:\/\/www.dolomitiprealpi.it\/de\/events\/\"},{\"@type\":\"ListItem\",\"position\":3,\"name\":\"Giro del Lago di Santa Croce\"}]},{\"@type\":\"WebSite\",\"@id\":\"https:\/\/www.dolomitiprealpi.it\/de\/#website\",\"url\":\"https:\/\/www.dolomitiprealpi.it\/de\/\",\"name\":\"Dolomiti Prealpi\",\"description\":\"\",\"publisher\":{\"@id\":\"https:\/\/www.dolomitiprealpi.it\/de\/#organization\"},\"potentialAction\":[{\"@type\":\"SearchAction\",\"target\":{\"@type\":\"EntryPoint\",\"urlTemplate\":\"https:\/\/www.dolomitiprealpi.it\/de\/?s={search_term_string}\"},\"query-input\":{\"@type\":\"PropertyValueSpecification\",\"valueRequired\":true,\"valueName\":\"search_term_string\"}}],\"inLanguage\":\"de-DE\"},{\"@type\":\"Organization\",\"@id\":\"https:\/\/www.dolomitiprealpi.it\/de\/#organization\",\"name\":\"Consorzio Dolomiti Prealpi\",\"url\":\"https:\/\/www.dolomitiprealpi.it\/de\/\",\"logo\":{\"@type\":\"ImageObject\",\"inLanguage\":\"de-DE\",\"@id\":\"https:\/\/www.dolomitiprealpi.it\/de\/#\/schema\/logo\/image\/\",\"url\":\"https:\/\/www.dolomitiprealpi.it\/wp-content\/uploads\/2023\/03\/dolomitiprealpi-favicon.jpg\",\"contentUrl\":\"https:\/\/www.dolomitiprealpi.it\/wp-content\/uploads\/2023\/03\/dolomitiprealpi-favicon.jpg\",\"width\":512,\"height\":512,\"caption\":\"Consorzio Dolomiti Prealpi\"},\"image\":{\"@id\":\"https:\/\/www.dolomitiprealpi.it\/de\/#\/schema\/logo\/image\/\"},\"sameAs\":[\"https:\/\/www.facebook.com\/dolomitiprealpi.it\/\",\"https:\/\/www.instagram.com\/dolomitiprealpi\/\"]}]}<\/script>\n<!-- \/ Yoast SEO plugin. -->","yoast_head_json":{"title":"Giro del Lago di Santa Croce - Dolomiti Prealpi","robots":{"index":"index","follow":"follow","max-snippet":"max-snippet:-1","max-image-preview":"max-image-preview:large","max-video-preview":"max-video-preview:-1"},"canonical":"https:\/\/www.dolomitiprealpi.it\/de\/event\/giro-del-lago-di-santa-croce\/","og_locale":"de_DE","og_type":"article","og_title":"Giro del Lago di Santa Croce - Dolomiti Prealpi","og_description":"AnmeldungenDie Anmeldung ist f\u00fcr alle frei und muss mit einem Betrag von 8,00 \u20ac begleitet werden. Es wird eine Erste-Hilfe-Station eingerichtet.Die Anmeldungen k\u00f6nnen am Samstag, den 9., Sonntag, den 10.,","og_url":"https:\/\/www.dolomitiprealpi.it\/de\/event\/giro-del-lago-di-santa-croce\/","og_site_name":"Dolomiti Prealpi","article_publisher":"https:\/\/www.facebook.com\/dolomitiprealpi.it\/","og_image":[{"width":2048,"height":1888,"url":"https:\/\/www.dolomitiprealpi.it\/wp-content\/uploads\/2022\/11\/C.-Timpone-Foto-archivio-Consorzio-turistico-Dolomiti-Prealpi-Nevegal-Belluno-Bike-18-2.jpg","type":"image\/jpeg"}],"twitter_card":"summary_large_image","twitter_misc":{"Est. reading time":"2 minutes"},"schema":{"@context":"https:\/\/schema.org","@graph":[{"@type":"WebPage","@id":"https:\/\/www.dolomitiprealpi.it\/de\/event\/giro-del-lago-di-santa-croce\/","url":"https:\/\/www.dolomitiprealpi.it\/de\/event\/giro-del-lago-di-santa-croce\/","name":"Giro del Lago di Santa Croce - Dolomiti Prealpi","isPartOf":{"@id":"https:\/\/www.dolomitiprealpi.it\/de\/#website"},"datePublished":"2026-02-15T10:40:12+00:00","breadcrumb":{"@id":"https:\/\/www.dolomitiprealpi.it\/de\/event\/giro-del-lago-di-santa-croce\/#breadcrumb"},"inLanguage":"de-DE","potentialAction":[{"@type":"ReadAction","target":["https:\/\/www.dolomitiprealpi.it\/de\/event\/giro-del-lago-di-santa-croce\/"]}]},{"@type":"BreadcrumbList","@id":"https:\/\/www.dolomitiprealpi.it\/de\/event\/giro-del-lago-di-santa-croce\/#breadcrumb","itemListElement":[{"@type":"ListItem","position":1,"name":"Home","item":"https:\/\/www.dolomitiprealpi.it\/de\/"},{"@type":"ListItem","position":2,"name":"Veranstaltungen","item":"https:\/\/www.dolomitiprealpi.it\/de\/events\/"},{"@type":"ListItem","position":3,"name":"Giro del Lago di Santa Croce"}]},{"@type":"WebSite","@id":"https:\/\/www.dolomitiprealpi.it\/de\/#website","url":"https:\/\/www.dolomitiprealpi.it\/de\/","name":"Dolomiti Prealpi","description":"","publisher":{"@id":"https:\/\/www.dolomitiprealpi.it\/de\/#organization"},"potentialAction":[{"@type":"SearchAction","target":{"@type":"EntryPoint","urlTemplate":"https:\/\/www.dolomitiprealpi.it\/de\/?s={search_term_string}"},"query-input":{"@type":"PropertyValueSpecification","valueRequired":true,"valueName":"search_term_string"}}],"inLanguage":"de-DE"},{"@type":"Organization","@id":"https:\/\/www.dolomitiprealpi.it\/de\/#organization","name":"Consorzio Dolomiti Prealpi","url":"https:\/\/www.dolomitiprealpi.it\/de\/","logo":{"@type":"ImageObject","inLanguage":"de-DE","@id":"https:\/\/www.dolomitiprealpi.it\/de\/#\/schema\/logo\/image\/","url":"https:\/\/www.dolomitiprealpi.it\/wp-content\/uploads\/2023\/03\/dolomitiprealpi-favicon.jpg","contentUrl":"https:\/\/www.dolomitiprealpi.it\/wp-content\/uploads\/2023\/03\/dolomitiprealpi-favicon.jpg","width":512,"height":512,"caption":"Consorzio Dolomiti Prealpi"},"image":{"@id":"https:\/\/www.dolomitiprealpi.it\/de\/#\/schema\/logo\/image\/"},"sameAs":["https:\/\/www.facebook.com\/dolomitiprealpi.it\/","https:\/\/www.instagram.com\/dolomitiprealpi\/"]}]}},"_links":{"self":[{"href":"https:\/\/www.dolomitiprealpi.it\/de\/wp-json\/wp\/v2\/tribe_events\/69151","targetHints":{"allow":["GET"]}}],"collection":[{"href":"https:\/\/www.dolomitiprealpi.it\/de\/wp-json\/wp\/v2\/tribe_events"}],"about":[{"href":"https:\/\/www.dolomitiprealpi.it\/de\/wp-json\/wp\/v2\/types\/tribe_events"}],"version-history":[{"count":2,"href":"https:\/\/www.dolomitiprealpi.it\/de\/wp-json\/wp\/v2\/tribe_events\/69151\/revisions"}],"predecessor-version":[{"id":80959,"href":"https:\/\/www.dolomitiprealpi.it\/de\/wp-json\/wp\/v2\/tribe_events\/69151\/revisions\/80959"}],"wp:attachment":[{"href":"https:\/\/www.dolomitiprealpi.it\/de\/wp-json\/wp\/v2\/media?parent=69151"}],"wp:term":[{"taxonomy":"post_tag","embeddable":true,"href":"https:\/\/www.dolomitiprealpi.it\/de\/wp-json\/wp\/v2\/tags?post=69151"},{"taxonomy":"tribe_events_cat","embeddable":true,"href":"https:\/\/www.dolomitiprealpi.it\/de\/wp-json\/wp\/v2\/tribe_events_cat?post=69151"}],"curies":[{"name":"wp","href":"https:\/\/api.w.org\/{rel}","templated":true}]}}

<p><b>Anmeldungen<br /></b>Die Anmeldung ist für alle frei und muss mit einem Betrag von 8,00 € begleitet werden. Es wird eine Erste-Hilfe-Station eingerichtet.<br />Die Anmeldungen können am Samstag, den 9., Sonntag, den 10., Dienstag, den 12., Mittwoch, den 13., Donnerstag, den 14. und Samstag, den 16. August von 9.00 bis 12.30 Uhr und von 15.00 bis 18.30 Uhr im Büro des Komitees Alpago 2räder&amp;solidarietà oder im&nbsp;Jugendherberge – Via del Mulino, 7 – Bastia d’Alpago (BL) vorgenommen werden. Am Sonntag, den 17. August ab 8:00 Uhr und bis 15 Minuten vor dem jeweiligen Start (sofern die Organisatoren nichts anderes entscheiden) vor dem Jugendhaus in&nbsp;Puos&nbsp;d’Alpago. Solidaritätsfahrt rund um den Lago di Santa Croce in Alpago.</p>
<p>Die Strecke des <b>Giro del Lago di Santa Croce</b> in der Version<b> Run</b>, <b>Handbike </b>und <b>Bike</b> startet am zentralen Platz Papa Luciani in Puos und führt dann zu den Orten Farra, Poiatte, Santa Croce del Lago, La Secca, Bastia d’Alpago, bevor sie nach etwa 17,4 km nach Puos zurückkehrt, mit dem Ziel am Hauptplatz des Dorfes. </p>
<p>Die <b>Pedonata</b> hat bei der klassischen Giro del Lago di Santa Croce den gleichen Start- und Zielpunkt. Die Strecke, die 7 km lang ist und in der Via al Lago beginnt, verläuft dann entlang des Ufers des Baches Tesa, bei den Sportanlagen der Unione Montana dell’Alpago, von Puos nach Farra, durchquert dann das malerische Naturreservat am Ufer des Santa Croce Sees, bevor sie das Dorf Bastia erreicht und entlang des Radwegs bis zur Casa di riposo in Puos zurückkehrt, dann auf die asphaltierte Straße zurückkehrt, einen Abschnitt der Via Roma passiert und schließlich in Richtung des Ziels in der Via Verdi weitergeht.</p>
<p>Die <b>Pattinata</b> hat bei der klassischen Giro del Lago di Santa Croce ebenfalls den gleichen Start- und Zielpunkt. Der Kurs, der 4,8 km lang ist, ist vollständig flach und auf Asphaltstraße. Er erstreckt sich entlang der Via al Lago und der Via Turatti, von Puos nach Farra, bevor er rechts in die Via Matteotti einbiegt und dann den Kreisverkehr erreicht, der zur Via Roma führt, dem langen, geraden Abschnitt, der zum Ziel in der Via Verdi führt. <br />Entlang der Strecke und am Ziel, wieder auf dem Platz Papa Luciani in Puos, werden kostenlose Erfrischungsstände eingerichtet.</p>
<p></p>

<p>AnmeldungenDie Anmeldung ist für alle frei und muss mit einem Betrag von 8,00 € begleitet werden. Es wird eine Erste-Hilfe-Station eingerichtet.Die Anmeldungen können am Samstag, den 9., Sonntag, den 10.,</p>

<!-- This site is optimized with the Yoast SEO plugin v25.7 - https://yoast.com/wordpress/plugins/seo/ -->
<title>Giro del Lago di Santa Croce - Dolomiti Prealpi</title>
<meta name="robots" content="index, follow, max-snippet:-1, max-image-preview:large, max-video-preview:-1" />
<link rel="canonical" href="https://www.dolomitiprealpi.it/de/event/giro-del-lago-di-santa-croce/" />
<meta property="og:locale" content="de_DE" />
<meta property="og:type" content="article" />
<meta property="og:title" content="Giro del Lago di Santa Croce - Dolomiti Prealpi" />
<meta property="og:description" content="AnmeldungenDie Anmeldung ist für alle frei und muss mit einem Betrag von 8,00 € begleitet werden. Es wird eine Erste-Hilfe-Station eingerichtet.Die Anmeldungen können am Samstag, den 9., Sonntag, den 10.," />
<meta property="og:url" content="https://www.dolomitiprealpi.it/de/event/giro-del-lago-di-santa-croce/" />
<meta property="og:site_name" content="Dolomiti Prealpi" />
<meta property="article:publisher" content="https://www.facebook.com/dolomitiprealpi.it/" />
<meta property="og:image" content="https://www.dolomitiprealpi.it/wp-content/uploads/2022/11/C.-Timpone-Foto-archivio-Consorzio-turistico-Dolomiti-Prealpi-Nevegal-Belluno-Bike-18-2.jpg" />
	<meta property="og:image:width" content="2048" />
	<meta property="og:image:height" content="1888" />
	<meta property="og:image:type" content="image/jpeg" />
<meta name="twitter:card" content="summary_large_image" />
<meta name="twitter:label1" content="Est. reading time" />
	<meta name="twitter:data1" content="2 minutes" />
<script type="application/ld+json" class="yoast-schema-graph">{"@context":"https://schema.org","@graph":[{"@type":"WebPage","@id":"https://www.dolomitiprealpi.it/de/event/giro-del-lago-di-santa-croce/","url":"https://www.dolomitiprealpi.it/de/event/giro-del-lago-di-santa-croce/","name":"Giro del Lago di Santa Croce - Dolomiti Prealpi","isPartOf":{"@id":"https://www.dolomitiprealpi.it/de/#website"},"datePublished":"2026-02-15T10:40:12+00:00","breadcrumb":{"@id":"https://www.dolomitiprealpi.it/de/event/giro-del-lago-di-santa-croce/#breadcrumb"},"inLanguage":"de-DE","potentialAction":[{"@type":"ReadAction","target":["https://www.dolomitiprealpi.it/de/event/giro-del-lago-di-santa-croce/"]}]},{"@type":"BreadcrumbList","@id":"https://www.dolomitiprealpi.it/de/event/giro-del-lago-di-santa-croce/#breadcrumb","itemListElement":[{"@type":"ListItem","position":1,"name":"Home","item":"https://www.dolomitiprealpi.it/de/"},{"@type":"ListItem","position":2,"name":"Veranstaltungen","item":"https://www.dolomitiprealpi.it/de/events/"},{"@type":"ListItem","position":3,"name":"Giro del Lago di Santa Croce"}]},{"@type":"WebSite","@id":"https://www.dolomitiprealpi.it/de/#website","url":"https://www.dolomitiprealpi.it/de/","name":"Dolomiti Prealpi","description":"","publisher":{"@id":"https://www.dolomitiprealpi.it/de/#organization"},"potentialAction":[{"@type":"SearchAction","target":{"@type":"EntryPoint","urlTemplate":"https://www.dolomitiprealpi.it/de/?s={search_term_string}"},"query-input":{"@type":"PropertyValueSpecification","valueRequired":true,"valueName":"search_term_string"}}],"inLanguage":"de-DE"},{"@type":"Organization","@id":"https://www.dolomitiprealpi.it/de/#organization","name":"Consorzio Dolomiti Prealpi","url":"https://www.dolomitiprealpi.it/de/","logo":{"@type":"ImageObject","inLanguage":"de-DE","@id":"https://www.dolomitiprealpi.it/de/#/schema/logo/image/","url":"https://www.dolomitiprealpi.it/wp-content/uploads/2023/03/dolomitiprealpi-favicon.jpg","contentUrl":"https://www.dolomitiprealpi.it/wp-content/uploads/2023/03/dolomitiprealpi-favicon.jpg","width":512,"height":512,"caption":"Consorzio Dolomiti Prealpi"},"image":{"@id":"https://www.dolomitiprealpi.it/de/#/schema/logo/image/"},"sameAs":["https://www.facebook.com/dolomitiprealpi.it/","https://www.instagram.com/dolomitiprealpi/"]}]}</script>
<!-- / Yoast SEO plugin. -->

AnmeldungenDie Anmeldung ist für alle frei und muss mit einem Betrag von 8,00 € begleitet werden. Es wird eine Erste-Hilfe-Station eingerichtet.Die Anmeldungen können am Samstag, den 9., Sonntag, den 10.,
