{"id":68895,"date":"2025-12-29T11:32:55","date_gmt":"2025-12-29T10:32:55","guid":{"rendered":"https:\/\/www.dolomitiprealpi.it\/event\/il-sentiero-natura-del-parco-in-val-falcina\/"},"modified":"2026-01-17T14:11:50","modified_gmt":"2026-01-17T13:11:50","slug":"il-sentiero-natura-del-parco-in-val-falcina-4","status":"publish","type":"tribe_events","link":"https:\/\/www.dolomitiprealpi.it\/de\/event\/il-sentiero-natura-del-parco-in-val-falcina-4\/","title":{"rendered":"Il Sentiero Natura del Parco in Val Falcina"},"content":{"rendered":"<p><b>Hinweise von Mazarol zu den verschiedenen Ausfl\u00fcgen:<\/b><\/p>\n<p><b> <\/p>\n<ul>\n<li><\/b>Bei jedem Ausflug wird ein Mazarol-Guide mit maximal 25 Teilnehmern anwesend sein.<\/li>\n<li>Bei einigen Ausfl\u00fcgen ist es auch m\u00f6glich, mit Kleinkindern im Kinderwagen und Personen im Rollstuhl teilzunehmen. Bitte immer bei der Mazarol-Administration nachfragen, ob der vorgeschlagene Weg zug\u00e4nglich ist.<\/li>\n<li>Je nach Art des Ausflugs k\u00f6nnen Hunde die Teilnehmer begleiten oder nicht, nach Ermessen der Mazarol-Guider. Im Allgemeinen d\u00fcrfen Hunde an Stadtf\u00fchrungen teilnehmen, nicht jedoch an den Ausfl\u00fcgen in die Umgebung, um St\u00f6rungen der Wildtiere zu vermeiden.<\/li>\n<li>Beim Eintritt zu den verschiedenen Ausfl\u00fcgen werden die Mazarol-Anweisungen zu Kleidung, Sicherheit und Ausr\u00fcstung bereitgestellt.<\/li>\n<li>Alle Teilnehmer an gef\u00fchrten Ausfl\u00fcgen sind durch die Mazarol-Haftpflichtversicherung gedeckt.<\/li>\n<\/ul>\n<p> Die Wanderung ist f\u00fcr alle kostenlos<\/p>\n<p>Programm &#8220;Im Nationalpark Dolomiti Bellunesi mit Mama und Papa 2025&#8221; mit der Guide Michela<\/p>\n<p>Der &#8220;Naturpfad&#8221; des Nationalparks Dolomiti Bellunesi im Val Falcina, in der N\u00e4he des Lago del Mis, ist eine panoramische Wanderung, die reich an Begegnungen entlang des Naturrunds des Parks ist, der reich an Biodiversit\u00e4t, Geologie und Zeichen alter Berufe ist.<\/p>\n","protected":false},"excerpt":{"rendered":"<p>Hinweise von Mazarol zu den verschiedenen Ausfl\u00fcgen: Bei jedem Ausflug wird ein Mazarol-Guide mit maximal 25 Teilnehmern anwesend sein. Bei einigen Ausfl\u00fcgen ist es auch m\u00f6glich, mit Kleinkindern im Kinderwagen<\/p>\n","protected":false},"author":0,"featured_media":0,"template":"","meta":{"_acf_changed":false,"inline_featured_image":false,"_tribe_events_status":"","_tribe_events_status_reason":"","footnotes":""},"tags":[259],"tribe_events_cat":[],"class_list":["post-68895","tribe_events","type-tribe_events","status-publish","hentry","tag-eventi-feratel"],"acf":[],"yoast_head":"<!-- This site is optimized with the Yoast SEO plugin v25.7 - https:\/\/yoast.com\/wordpress\/plugins\/seo\/ -->\n<title>Il Sentiero Natura del Parco in Val Falcina - Dolomiti Prealpi<\/title>\n<meta name=\"robots\" content=\"index, follow, max-snippet:-1, max-image-preview:large, max-video-preview:-1\" \/>\n<link rel=\"canonical\" href=\"https:\/\/www.dolomitiprealpi.it\/de\/event\/il-sentiero-natura-del-parco-in-val-falcina-4\/\" \/>\n<meta property=\"og:locale\" content=\"de_DE\" \/>\n<meta property=\"og:type\" content=\"article\" \/>\n<meta property=\"og:title\" content=\"Il Sentiero Natura del Parco in Val Falcina - Dolomiti Prealpi\" \/>\n<meta property=\"og:description\" content=\"Hinweise von Mazarol zu den verschiedenen Ausfl\u00fcgen: Bei jedem Ausflug wird ein Mazarol-Guide mit maximal 25 Teilnehmern anwesend sein. Bei einigen Ausfl\u00fcgen ist es auch m\u00f6glich, mit Kleinkindern im Kinderwagen\" \/>\n<meta property=\"og:url\" content=\"https:\/\/www.dolomitiprealpi.it\/de\/event\/il-sentiero-natura-del-parco-in-val-falcina-4\/\" \/>\n<meta property=\"og:site_name\" content=\"Dolomiti Prealpi\" \/>\n<meta property=\"article:publisher\" content=\"https:\/\/www.facebook.com\/dolomitiprealpi.it\/\" \/>\n<meta property=\"article:modified_time\" content=\"2026-01-17T13:11:50+00:00\" \/>\n<meta property=\"og:image\" content=\"https:\/\/www.dolomitiprealpi.it\/wp-content\/uploads\/2022\/11\/C.-Timpone-Foto-archivio-Consorzio-turistico-Dolomiti-Prealpi-Nevegal-Belluno-Bike-18-2.jpg\" \/>\n\t<meta property=\"og:image:width\" content=\"2048\" \/>\n\t<meta property=\"og:image:height\" content=\"1888\" \/>\n\t<meta property=\"og:image:type\" content=\"image\/jpeg\" \/>\n<meta name=\"twitter:card\" content=\"summary_large_image\" \/>\n<meta name=\"twitter:label1\" content=\"Est. reading time\" \/>\n\t<meta name=\"twitter:data1\" content=\"1 minute\" \/>\n<script type=\"application\/ld+json\" class=\"yoast-schema-graph\">{\"@context\":\"https:\/\/schema.org\",\"@graph\":[{\"@type\":\"WebPage\",\"@id\":\"https:\/\/www.dolomitiprealpi.it\/de\/event\/il-sentiero-natura-del-parco-in-val-falcina-4\/\",\"url\":\"https:\/\/www.dolomitiprealpi.it\/de\/event\/il-sentiero-natura-del-parco-in-val-falcina-4\/\",\"name\":\"Il Sentiero Natura del Parco in Val Falcina - Dolomiti Prealpi\",\"isPartOf\":{\"@id\":\"https:\/\/www.dolomitiprealpi.it\/de\/#website\"},\"datePublished\":\"2025-12-29T10:32:55+00:00\",\"dateModified\":\"2026-01-17T13:11:50+00:00\",\"breadcrumb\":{\"@id\":\"https:\/\/www.dolomitiprealpi.it\/de\/event\/il-sentiero-natura-del-parco-in-val-falcina-4\/#breadcrumb\"},\"inLanguage\":\"de-DE\",\"potentialAction\":[{\"@type\":\"ReadAction\",\"target\":[\"https:\/\/www.dolomitiprealpi.it\/de\/event\/il-sentiero-natura-del-parco-in-val-falcina-4\/\"]}]},{\"@type\":\"BreadcrumbList\",\"@id\":\"https:\/\/www.dolomitiprealpi.it\/de\/event\/il-sentiero-natura-del-parco-in-val-falcina-4\/#breadcrumb\",\"itemListElement\":[{\"@type\":\"ListItem\",\"position\":1,\"name\":\"Home\",\"item\":\"https:\/\/www.dolomitiprealpi.it\/de\/\"},{\"@type\":\"ListItem\",\"position\":2,\"name\":\"Veranstaltungen\",\"item\":\"https:\/\/www.dolomitiprealpi.it\/de\/events\/\"},{\"@type\":\"ListItem\",\"position\":3,\"name\":\"Il Sentiero Natura del Parco in Val Falcina\"}]},{\"@type\":\"WebSite\",\"@id\":\"https:\/\/www.dolomitiprealpi.it\/de\/#website\",\"url\":\"https:\/\/www.dolomitiprealpi.it\/de\/\",\"name\":\"Dolomiti Prealpi\",\"description\":\"\",\"publisher\":{\"@id\":\"https:\/\/www.dolomitiprealpi.it\/de\/#organization\"},\"potentialAction\":[{\"@type\":\"SearchAction\",\"target\":{\"@type\":\"EntryPoint\",\"urlTemplate\":\"https:\/\/www.dolomitiprealpi.it\/de\/?s={search_term_string}\"},\"query-input\":{\"@type\":\"PropertyValueSpecification\",\"valueRequired\":true,\"valueName\":\"search_term_string\"}}],\"inLanguage\":\"de-DE\"},{\"@type\":\"Organization\",\"@id\":\"https:\/\/www.dolomitiprealpi.it\/de\/#organization\",\"name\":\"Consorzio Dolomiti Prealpi\",\"url\":\"https:\/\/www.dolomitiprealpi.it\/de\/\",\"logo\":{\"@type\":\"ImageObject\",\"inLanguage\":\"de-DE\",\"@id\":\"https:\/\/www.dolomitiprealpi.it\/de\/#\/schema\/logo\/image\/\",\"url\":\"https:\/\/www.dolomitiprealpi.it\/wp-content\/uploads\/2023\/03\/dolomitiprealpi-favicon.jpg\",\"contentUrl\":\"https:\/\/www.dolomitiprealpi.it\/wp-content\/uploads\/2023\/03\/dolomitiprealpi-favicon.jpg\",\"width\":512,\"height\":512,\"caption\":\"Consorzio Dolomiti Prealpi\"},\"image\":{\"@id\":\"https:\/\/www.dolomitiprealpi.it\/de\/#\/schema\/logo\/image\/\"},\"sameAs\":[\"https:\/\/www.facebook.com\/dolomitiprealpi.it\/\",\"https:\/\/www.instagram.com\/dolomitiprealpi\/\"]}]}<\/script>\n<!-- \/ Yoast SEO plugin. -->","yoast_head_json":{"title":"Il Sentiero Natura del Parco in Val Falcina - Dolomiti Prealpi","robots":{"index":"index","follow":"follow","max-snippet":"max-snippet:-1","max-image-preview":"max-image-preview:large","max-video-preview":"max-video-preview:-1"},"canonical":"https:\/\/www.dolomitiprealpi.it\/de\/event\/il-sentiero-natura-del-parco-in-val-falcina-4\/","og_locale":"de_DE","og_type":"article","og_title":"Il Sentiero Natura del Parco in Val Falcina - Dolomiti Prealpi","og_description":"Hinweise von Mazarol zu den verschiedenen Ausfl\u00fcgen: Bei jedem Ausflug wird ein Mazarol-Guide mit maximal 25 Teilnehmern anwesend sein. Bei einigen Ausfl\u00fcgen ist es auch m\u00f6glich, mit Kleinkindern im Kinderwagen","og_url":"https:\/\/www.dolomitiprealpi.it\/de\/event\/il-sentiero-natura-del-parco-in-val-falcina-4\/","og_site_name":"Dolomiti Prealpi","article_publisher":"https:\/\/www.facebook.com\/dolomitiprealpi.it\/","article_modified_time":"2026-01-17T13:11:50+00:00","og_image":[{"width":2048,"height":1888,"url":"https:\/\/www.dolomitiprealpi.it\/wp-content\/uploads\/2022\/11\/C.-Timpone-Foto-archivio-Consorzio-turistico-Dolomiti-Prealpi-Nevegal-Belluno-Bike-18-2.jpg","type":"image\/jpeg"}],"twitter_card":"summary_large_image","twitter_misc":{"Est. reading time":"1 minute"},"schema":{"@context":"https:\/\/schema.org","@graph":[{"@type":"WebPage","@id":"https:\/\/www.dolomitiprealpi.it\/de\/event\/il-sentiero-natura-del-parco-in-val-falcina-4\/","url":"https:\/\/www.dolomitiprealpi.it\/de\/event\/il-sentiero-natura-del-parco-in-val-falcina-4\/","name":"Il Sentiero Natura del Parco in Val Falcina - Dolomiti Prealpi","isPartOf":{"@id":"https:\/\/www.dolomitiprealpi.it\/de\/#website"},"datePublished":"2025-12-29T10:32:55+00:00","dateModified":"2026-01-17T13:11:50+00:00","breadcrumb":{"@id":"https:\/\/www.dolomitiprealpi.it\/de\/event\/il-sentiero-natura-del-parco-in-val-falcina-4\/#breadcrumb"},"inLanguage":"de-DE","potentialAction":[{"@type":"ReadAction","target":["https:\/\/www.dolomitiprealpi.it\/de\/event\/il-sentiero-natura-del-parco-in-val-falcina-4\/"]}]},{"@type":"BreadcrumbList","@id":"https:\/\/www.dolomitiprealpi.it\/de\/event\/il-sentiero-natura-del-parco-in-val-falcina-4\/#breadcrumb","itemListElement":[{"@type":"ListItem","position":1,"name":"Home","item":"https:\/\/www.dolomitiprealpi.it\/de\/"},{"@type":"ListItem","position":2,"name":"Veranstaltungen","item":"https:\/\/www.dolomitiprealpi.it\/de\/events\/"},{"@type":"ListItem","position":3,"name":"Il Sentiero Natura del Parco in Val Falcina"}]},{"@type":"WebSite","@id":"https:\/\/www.dolomitiprealpi.it\/de\/#website","url":"https:\/\/www.dolomitiprealpi.it\/de\/","name":"Dolomiti Prealpi","description":"","publisher":{"@id":"https:\/\/www.dolomitiprealpi.it\/de\/#organization"},"potentialAction":[{"@type":"SearchAction","target":{"@type":"EntryPoint","urlTemplate":"https:\/\/www.dolomitiprealpi.it\/de\/?s={search_term_string}"},"query-input":{"@type":"PropertyValueSpecification","valueRequired":true,"valueName":"search_term_string"}}],"inLanguage":"de-DE"},{"@type":"Organization","@id":"https:\/\/www.dolomitiprealpi.it\/de\/#organization","name":"Consorzio Dolomiti Prealpi","url":"https:\/\/www.dolomitiprealpi.it\/de\/","logo":{"@type":"ImageObject","inLanguage":"de-DE","@id":"https:\/\/www.dolomitiprealpi.it\/de\/#\/schema\/logo\/image\/","url":"https:\/\/www.dolomitiprealpi.it\/wp-content\/uploads\/2023\/03\/dolomitiprealpi-favicon.jpg","contentUrl":"https:\/\/www.dolomitiprealpi.it\/wp-content\/uploads\/2023\/03\/dolomitiprealpi-favicon.jpg","width":512,"height":512,"caption":"Consorzio Dolomiti Prealpi"},"image":{"@id":"https:\/\/www.dolomitiprealpi.it\/de\/#\/schema\/logo\/image\/"},"sameAs":["https:\/\/www.facebook.com\/dolomitiprealpi.it\/","https:\/\/www.instagram.com\/dolomitiprealpi\/"]}]}},"_links":{"self":[{"href":"https:\/\/www.dolomitiprealpi.it\/de\/wp-json\/wp\/v2\/tribe_events\/68895","targetHints":{"allow":["GET"]}}],"collection":[{"href":"https:\/\/www.dolomitiprealpi.it\/de\/wp-json\/wp\/v2\/tribe_events"}],"about":[{"href":"https:\/\/www.dolomitiprealpi.it\/de\/wp-json\/wp\/v2\/types\/tribe_events"}],"version-history":[{"count":1,"href":"https:\/\/www.dolomitiprealpi.it\/de\/wp-json\/wp\/v2\/tribe_events\/68895\/revisions"}],"predecessor-version":[{"id":72594,"href":"https:\/\/www.dolomitiprealpi.it\/de\/wp-json\/wp\/v2\/tribe_events\/68895\/revisions\/72594"}],"wp:attachment":[{"href":"https:\/\/www.dolomitiprealpi.it\/de\/wp-json\/wp\/v2\/media?parent=68895"}],"wp:term":[{"taxonomy":"post_tag","embeddable":true,"href":"https:\/\/www.dolomitiprealpi.it\/de\/wp-json\/wp\/v2\/tags?post=68895"},{"taxonomy":"tribe_events_cat","embeddable":true,"href":"https:\/\/www.dolomitiprealpi.it\/de\/wp-json\/wp\/v2\/tribe_events_cat?post=68895"}],"curies":[{"name":"wp","href":"https:\/\/api.w.org\/{rel}","templated":true}]}}

<p><b>Hinweise von Mazarol zu den verschiedenen Ausflügen:</b></p>
<p><b> </p>
<ul>
<li></b>Bei jedem Ausflug wird ein Mazarol-Guide mit maximal 25 Teilnehmern anwesend sein.</li>
<li>Bei einigen Ausflügen ist es auch möglich, mit Kleinkindern im Kinderwagen und Personen im Rollstuhl teilzunehmen. Bitte immer bei der Mazarol-Administration nachfragen, ob der vorgeschlagene Weg zugänglich ist.</li>
<li>Je nach Art des Ausflugs können Hunde die Teilnehmer begleiten oder nicht, nach Ermessen der Mazarol-Guider. Im Allgemeinen dürfen Hunde an Stadtführungen teilnehmen, nicht jedoch an den Ausflügen in die Umgebung, um Störungen der Wildtiere zu vermeiden.</li>
<li>Beim Eintritt zu den verschiedenen Ausflügen werden die Mazarol-Anweisungen zu Kleidung, Sicherheit und Ausrüstung bereitgestellt.</li>
<li>Alle Teilnehmer an geführten Ausflügen sind durch die Mazarol-Haftpflichtversicherung gedeckt.</li>
</ul>
<p> Die Wanderung ist für alle kostenlos</p>
<p>Programm &#8220;Im Nationalpark Dolomiti Bellunesi mit Mama und Papa 2025&#8221; mit der Guide Michela</p>
<p>Der &#8220;Naturpfad&#8221; des Nationalparks Dolomiti Bellunesi im Val Falcina, in der Nähe des Lago del Mis, ist eine panoramische Wanderung, die reich an Begegnungen entlang des Naturrunds des Parks ist, der reich an Biodiversität, Geologie und Zeichen alter Berufe ist.</p>

<p>Hinweise von Mazarol zu den verschiedenen Ausflügen: Bei jedem Ausflug wird ein Mazarol-Guide mit maximal 25 Teilnehmern anwesend sein. Bei einigen Ausflügen ist es auch möglich, mit Kleinkindern im Kinderwagen</p>

<!-- This site is optimized with the Yoast SEO plugin v25.7 - https://yoast.com/wordpress/plugins/seo/ -->
<title>Il Sentiero Natura del Parco in Val Falcina - Dolomiti Prealpi</title>
<meta name="robots" content="index, follow, max-snippet:-1, max-image-preview:large, max-video-preview:-1" />
<link rel="canonical" href="https://www.dolomitiprealpi.it/de/event/il-sentiero-natura-del-parco-in-val-falcina-4/" />
<meta property="og:locale" content="de_DE" />
<meta property="og:type" content="article" />
<meta property="og:title" content="Il Sentiero Natura del Parco in Val Falcina - Dolomiti Prealpi" />
<meta property="og:description" content="Hinweise von Mazarol zu den verschiedenen Ausflügen: Bei jedem Ausflug wird ein Mazarol-Guide mit maximal 25 Teilnehmern anwesend sein. Bei einigen Ausflügen ist es auch möglich, mit Kleinkindern im Kinderwagen" />
<meta property="og:url" content="https://www.dolomitiprealpi.it/de/event/il-sentiero-natura-del-parco-in-val-falcina-4/" />
<meta property="og:site_name" content="Dolomiti Prealpi" />
<meta property="article:publisher" content="https://www.facebook.com/dolomitiprealpi.it/" />
<meta property="article:modified_time" content="2026-01-17T13:11:50+00:00" />
<meta property="og:image" content="https://www.dolomitiprealpi.it/wp-content/uploads/2022/11/C.-Timpone-Foto-archivio-Consorzio-turistico-Dolomiti-Prealpi-Nevegal-Belluno-Bike-18-2.jpg" />
	<meta property="og:image:width" content="2048" />
	<meta property="og:image:height" content="1888" />
	<meta property="og:image:type" content="image/jpeg" />
<meta name="twitter:card" content="summary_large_image" />
<meta name="twitter:label1" content="Est. reading time" />
	<meta name="twitter:data1" content="1 minute" />
<script type="application/ld+json" class="yoast-schema-graph">{"@context":"https://schema.org","@graph":[{"@type":"WebPage","@id":"https://www.dolomitiprealpi.it/de/event/il-sentiero-natura-del-parco-in-val-falcina-4/","url":"https://www.dolomitiprealpi.it/de/event/il-sentiero-natura-del-parco-in-val-falcina-4/","name":"Il Sentiero Natura del Parco in Val Falcina - Dolomiti Prealpi","isPartOf":{"@id":"https://www.dolomitiprealpi.it/de/#website"},"datePublished":"2025-12-29T10:32:55+00:00","dateModified":"2026-01-17T13:11:50+00:00","breadcrumb":{"@id":"https://www.dolomitiprealpi.it/de/event/il-sentiero-natura-del-parco-in-val-falcina-4/#breadcrumb"},"inLanguage":"de-DE","potentialAction":[{"@type":"ReadAction","target":["https://www.dolomitiprealpi.it/de/event/il-sentiero-natura-del-parco-in-val-falcina-4/"]}]},{"@type":"BreadcrumbList","@id":"https://www.dolomitiprealpi.it/de/event/il-sentiero-natura-del-parco-in-val-falcina-4/#breadcrumb","itemListElement":[{"@type":"ListItem","position":1,"name":"Home","item":"https://www.dolomitiprealpi.it/de/"},{"@type":"ListItem","position":2,"name":"Veranstaltungen","item":"https://www.dolomitiprealpi.it/de/events/"},{"@type":"ListItem","position":3,"name":"Il Sentiero Natura del Parco in Val Falcina"}]},{"@type":"WebSite","@id":"https://www.dolomitiprealpi.it/de/#website","url":"https://www.dolomitiprealpi.it/de/","name":"Dolomiti Prealpi","description":"","publisher":{"@id":"https://www.dolomitiprealpi.it/de/#organization"},"potentialAction":[{"@type":"SearchAction","target":{"@type":"EntryPoint","urlTemplate":"https://www.dolomitiprealpi.it/de/?s={search_term_string}"},"query-input":{"@type":"PropertyValueSpecification","valueRequired":true,"valueName":"search_term_string"}}],"inLanguage":"de-DE"},{"@type":"Organization","@id":"https://www.dolomitiprealpi.it/de/#organization","name":"Consorzio Dolomiti Prealpi","url":"https://www.dolomitiprealpi.it/de/","logo":{"@type":"ImageObject","inLanguage":"de-DE","@id":"https://www.dolomitiprealpi.it/de/#/schema/logo/image/","url":"https://www.dolomitiprealpi.it/wp-content/uploads/2023/03/dolomitiprealpi-favicon.jpg","contentUrl":"https://www.dolomitiprealpi.it/wp-content/uploads/2023/03/dolomitiprealpi-favicon.jpg","width":512,"height":512,"caption":"Consorzio Dolomiti Prealpi"},"image":{"@id":"https://www.dolomitiprealpi.it/de/#/schema/logo/image/"},"sameAs":["https://www.facebook.com/dolomitiprealpi.it/","https://www.instagram.com/dolomitiprealpi/"]}]}</script>
<!-- / Yoast SEO plugin. -->

Hinweise von Mazarol zu den verschiedenen Ausflügen: Bei jedem Ausflug wird ein Mazarol-Guide mit maximal 25 Teilnehmern anwesend sein. Bei einigen Ausflügen ist es auch möglich, mit Kleinkindern im Kinderwagen
