{"id":68200,"date":"2025-12-29T11:12:39","date_gmt":"2025-12-29T10:12:39","guid":{"rendered":"https:\/\/www.dolomitiprealpi.it\/event\/aspettando-il-barbiere\/"},"modified":"2026-01-17T13:51:17","modified_gmt":"2026-01-17T12:51:17","slug":"aspettando-il-barbiere-3","status":"publish","type":"tribe_events","link":"https:\/\/www.dolomitiprealpi.it\/de\/event\/aspettando-il-barbiere-3\/","title":{"rendered":"Aspettando il Barbiere&#8230;"},"content":{"rendered":"<p><b>Karten:<\/b><br \/>&#8211; Vollpreis Ticket&nbsp;\u20ac 10,00<br \/>&#8211; Erm\u00e4\u00dfigt f\u00fcr Pro Loco Mitglieder&nbsp;\u20ac 8,00<\/p>\n<p>Der Verein Amici Del Mut l\u00e4dt alle zur Einf\u00fchrungsveranstaltung der Oper <u>Der Barbier von Sevilla<\/u> ein, am Mittwoch, den 23. Juli im Teatro San Gaetano in Castion.<\/p>\n<p>Der k\u00fcnstlerische Leiter Domenico Menini und der Regisseur Dario Turrini werden uns in die Welt der Oper einf\u00fchren mit einer Pr\u00e4sentation der Handlung, der Charaktere, Anekdoten und Kuriosit\u00e4ten, um das St\u00fcck, das am 23. und 24. August um 17:00 Uhr im Teatro al Mut aufgef\u00fchrt wird, besser zu verstehen.<\/p>\n<p><u>Der Eintritt ist frei.<\/u><br \/>F\u00fcr Informationen: +39 335 7088216<\/p>\n<p>Pr\u00e4sentation einer Oper<\/p>\n","protected":false},"excerpt":{"rendered":"<p>Karten:&#8211; Vollpreis Ticket&nbsp;\u20ac 10,00&#8211; Erm\u00e4\u00dfigt f\u00fcr Pro Loco Mitglieder&nbsp;\u20ac 8,00 Der Verein Amici Del Mut l\u00e4dt alle zur Einf\u00fchrungsveranstaltung der Oper Der Barbier von Sevilla ein, am Mittwoch, den 23.<\/p>\n","protected":false},"author":0,"featured_media":0,"template":"","meta":{"_acf_changed":false,"inline_featured_image":false,"_tribe_events_status":"","_tribe_events_status_reason":"","footnotes":""},"tags":[259],"tribe_events_cat":[],"class_list":["post-68200","tribe_events","type-tribe_events","status-publish","hentry","tag-eventi-feratel"],"acf":[],"yoast_head":"<!-- This site is optimized with the Yoast SEO plugin v25.7 - https:\/\/yoast.com\/wordpress\/plugins\/seo\/ -->\n<title>Aspettando il Barbiere... - Dolomiti Prealpi<\/title>\n<meta name=\"robots\" content=\"index, follow, max-snippet:-1, max-image-preview:large, max-video-preview:-1\" \/>\n<link rel=\"canonical\" href=\"https:\/\/www.dolomitiprealpi.it\/de\/event\/aspettando-il-barbiere-3\/\" \/>\n<meta property=\"og:locale\" content=\"de_DE\" \/>\n<meta property=\"og:type\" content=\"article\" \/>\n<meta property=\"og:title\" content=\"Aspettando il Barbiere... - Dolomiti Prealpi\" \/>\n<meta property=\"og:description\" content=\"Karten:&#8211; Vollpreis Ticket&nbsp;\u20ac 10,00&#8211; Erm\u00e4\u00dfigt f\u00fcr Pro Loco Mitglieder&nbsp;\u20ac 8,00 Der Verein Amici Del Mut l\u00e4dt alle zur Einf\u00fchrungsveranstaltung der Oper Der Barbier von Sevilla ein, am Mittwoch, den 23.\" \/>\n<meta property=\"og:url\" content=\"https:\/\/www.dolomitiprealpi.it\/de\/event\/aspettando-il-barbiere-3\/\" \/>\n<meta property=\"og:site_name\" content=\"Dolomiti Prealpi\" \/>\n<meta property=\"article:publisher\" content=\"https:\/\/www.facebook.com\/dolomitiprealpi.it\/\" \/>\n<meta property=\"article:modified_time\" content=\"2026-01-17T12:51:17+00:00\" \/>\n<meta property=\"og:image\" content=\"https:\/\/www.dolomitiprealpi.it\/wp-content\/uploads\/2022\/11\/C.-Timpone-Foto-archivio-Consorzio-turistico-Dolomiti-Prealpi-Nevegal-Belluno-Bike-18-2.jpg\" \/>\n\t<meta property=\"og:image:width\" content=\"2048\" \/>\n\t<meta property=\"og:image:height\" content=\"1888\" \/>\n\t<meta property=\"og:image:type\" content=\"image\/jpeg\" \/>\n<meta name=\"twitter:card\" content=\"summary_large_image\" \/>\n<meta name=\"twitter:label1\" content=\"Est. reading time\" \/>\n\t<meta name=\"twitter:data1\" content=\"1 minute\" \/>\n<script type=\"application\/ld+json\" class=\"yoast-schema-graph\">{\"@context\":\"https:\/\/schema.org\",\"@graph\":[{\"@type\":\"WebPage\",\"@id\":\"https:\/\/www.dolomitiprealpi.it\/de\/event\/aspettando-il-barbiere-3\/\",\"url\":\"https:\/\/www.dolomitiprealpi.it\/de\/event\/aspettando-il-barbiere-3\/\",\"name\":\"Aspettando il Barbiere... - Dolomiti Prealpi\",\"isPartOf\":{\"@id\":\"https:\/\/www.dolomitiprealpi.it\/de\/#website\"},\"datePublished\":\"2025-12-29T10:12:39+00:00\",\"dateModified\":\"2026-01-17T12:51:17+00:00\",\"breadcrumb\":{\"@id\":\"https:\/\/www.dolomitiprealpi.it\/de\/event\/aspettando-il-barbiere-3\/#breadcrumb\"},\"inLanguage\":\"de-DE\",\"potentialAction\":[{\"@type\":\"ReadAction\",\"target\":[\"https:\/\/www.dolomitiprealpi.it\/de\/event\/aspettando-il-barbiere-3\/\"]}]},{\"@type\":\"BreadcrumbList\",\"@id\":\"https:\/\/www.dolomitiprealpi.it\/de\/event\/aspettando-il-barbiere-3\/#breadcrumb\",\"itemListElement\":[{\"@type\":\"ListItem\",\"position\":1,\"name\":\"Home\",\"item\":\"https:\/\/www.dolomitiprealpi.it\/de\/\"},{\"@type\":\"ListItem\",\"position\":2,\"name\":\"Veranstaltungen\",\"item\":\"https:\/\/www.dolomitiprealpi.it\/de\/events\/\"},{\"@type\":\"ListItem\",\"position\":3,\"name\":\"Aspettando il Barbiere&#8230;\"}]},{\"@type\":\"WebSite\",\"@id\":\"https:\/\/www.dolomitiprealpi.it\/de\/#website\",\"url\":\"https:\/\/www.dolomitiprealpi.it\/de\/\",\"name\":\"Dolomiti Prealpi\",\"description\":\"\",\"publisher\":{\"@id\":\"https:\/\/www.dolomitiprealpi.it\/de\/#organization\"},\"potentialAction\":[{\"@type\":\"SearchAction\",\"target\":{\"@type\":\"EntryPoint\",\"urlTemplate\":\"https:\/\/www.dolomitiprealpi.it\/de\/?s={search_term_string}\"},\"query-input\":{\"@type\":\"PropertyValueSpecification\",\"valueRequired\":true,\"valueName\":\"search_term_string\"}}],\"inLanguage\":\"de-DE\"},{\"@type\":\"Organization\",\"@id\":\"https:\/\/www.dolomitiprealpi.it\/de\/#organization\",\"name\":\"Consorzio Dolomiti Prealpi\",\"url\":\"https:\/\/www.dolomitiprealpi.it\/de\/\",\"logo\":{\"@type\":\"ImageObject\",\"inLanguage\":\"de-DE\",\"@id\":\"https:\/\/www.dolomitiprealpi.it\/de\/#\/schema\/logo\/image\/\",\"url\":\"https:\/\/www.dolomitiprealpi.it\/wp-content\/uploads\/2023\/03\/dolomitiprealpi-favicon.jpg\",\"contentUrl\":\"https:\/\/www.dolomitiprealpi.it\/wp-content\/uploads\/2023\/03\/dolomitiprealpi-favicon.jpg\",\"width\":512,\"height\":512,\"caption\":\"Consorzio Dolomiti Prealpi\"},\"image\":{\"@id\":\"https:\/\/www.dolomitiprealpi.it\/de\/#\/schema\/logo\/image\/\"},\"sameAs\":[\"https:\/\/www.facebook.com\/dolomitiprealpi.it\/\",\"https:\/\/www.instagram.com\/dolomitiprealpi\/\"]}]}<\/script>\n<!-- \/ Yoast SEO plugin. -->","yoast_head_json":{"title":"Aspettando il Barbiere... - Dolomiti Prealpi","robots":{"index":"index","follow":"follow","max-snippet":"max-snippet:-1","max-image-preview":"max-image-preview:large","max-video-preview":"max-video-preview:-1"},"canonical":"https:\/\/www.dolomitiprealpi.it\/de\/event\/aspettando-il-barbiere-3\/","og_locale":"de_DE","og_type":"article","og_title":"Aspettando il Barbiere... - Dolomiti Prealpi","og_description":"Karten:&#8211; Vollpreis Ticket&nbsp;\u20ac 10,00&#8211; Erm\u00e4\u00dfigt f\u00fcr Pro Loco Mitglieder&nbsp;\u20ac 8,00 Der Verein Amici Del Mut l\u00e4dt alle zur Einf\u00fchrungsveranstaltung der Oper Der Barbier von Sevilla ein, am Mittwoch, den 23.","og_url":"https:\/\/www.dolomitiprealpi.it\/de\/event\/aspettando-il-barbiere-3\/","og_site_name":"Dolomiti Prealpi","article_publisher":"https:\/\/www.facebook.com\/dolomitiprealpi.it\/","article_modified_time":"2026-01-17T12:51:17+00:00","og_image":[{"width":2048,"height":1888,"url":"https:\/\/www.dolomitiprealpi.it\/wp-content\/uploads\/2022\/11\/C.-Timpone-Foto-archivio-Consorzio-turistico-Dolomiti-Prealpi-Nevegal-Belluno-Bike-18-2.jpg","type":"image\/jpeg"}],"twitter_card":"summary_large_image","twitter_misc":{"Est. reading time":"1 minute"},"schema":{"@context":"https:\/\/schema.org","@graph":[{"@type":"WebPage","@id":"https:\/\/www.dolomitiprealpi.it\/de\/event\/aspettando-il-barbiere-3\/","url":"https:\/\/www.dolomitiprealpi.it\/de\/event\/aspettando-il-barbiere-3\/","name":"Aspettando il Barbiere... - Dolomiti Prealpi","isPartOf":{"@id":"https:\/\/www.dolomitiprealpi.it\/de\/#website"},"datePublished":"2025-12-29T10:12:39+00:00","dateModified":"2026-01-17T12:51:17+00:00","breadcrumb":{"@id":"https:\/\/www.dolomitiprealpi.it\/de\/event\/aspettando-il-barbiere-3\/#breadcrumb"},"inLanguage":"de-DE","potentialAction":[{"@type":"ReadAction","target":["https:\/\/www.dolomitiprealpi.it\/de\/event\/aspettando-il-barbiere-3\/"]}]},{"@type":"BreadcrumbList","@id":"https:\/\/www.dolomitiprealpi.it\/de\/event\/aspettando-il-barbiere-3\/#breadcrumb","itemListElement":[{"@type":"ListItem","position":1,"name":"Home","item":"https:\/\/www.dolomitiprealpi.it\/de\/"},{"@type":"ListItem","position":2,"name":"Veranstaltungen","item":"https:\/\/www.dolomitiprealpi.it\/de\/events\/"},{"@type":"ListItem","position":3,"name":"Aspettando il Barbiere&#8230;"}]},{"@type":"WebSite","@id":"https:\/\/www.dolomitiprealpi.it\/de\/#website","url":"https:\/\/www.dolomitiprealpi.it\/de\/","name":"Dolomiti Prealpi","description":"","publisher":{"@id":"https:\/\/www.dolomitiprealpi.it\/de\/#organization"},"potentialAction":[{"@type":"SearchAction","target":{"@type":"EntryPoint","urlTemplate":"https:\/\/www.dolomitiprealpi.it\/de\/?s={search_term_string}"},"query-input":{"@type":"PropertyValueSpecification","valueRequired":true,"valueName":"search_term_string"}}],"inLanguage":"de-DE"},{"@type":"Organization","@id":"https:\/\/www.dolomitiprealpi.it\/de\/#organization","name":"Consorzio Dolomiti Prealpi","url":"https:\/\/www.dolomitiprealpi.it\/de\/","logo":{"@type":"ImageObject","inLanguage":"de-DE","@id":"https:\/\/www.dolomitiprealpi.it\/de\/#\/schema\/logo\/image\/","url":"https:\/\/www.dolomitiprealpi.it\/wp-content\/uploads\/2023\/03\/dolomitiprealpi-favicon.jpg","contentUrl":"https:\/\/www.dolomitiprealpi.it\/wp-content\/uploads\/2023\/03\/dolomitiprealpi-favicon.jpg","width":512,"height":512,"caption":"Consorzio Dolomiti Prealpi"},"image":{"@id":"https:\/\/www.dolomitiprealpi.it\/de\/#\/schema\/logo\/image\/"},"sameAs":["https:\/\/www.facebook.com\/dolomitiprealpi.it\/","https:\/\/www.instagram.com\/dolomitiprealpi\/"]}]}},"_links":{"self":[{"href":"https:\/\/www.dolomitiprealpi.it\/de\/wp-json\/wp\/v2\/tribe_events\/68200","targetHints":{"allow":["GET"]}}],"collection":[{"href":"https:\/\/www.dolomitiprealpi.it\/de\/wp-json\/wp\/v2\/tribe_events"}],"about":[{"href":"https:\/\/www.dolomitiprealpi.it\/de\/wp-json\/wp\/v2\/types\/tribe_events"}],"version-history":[{"count":2,"href":"https:\/\/www.dolomitiprealpi.it\/de\/wp-json\/wp\/v2\/tribe_events\/68200\/revisions"}],"predecessor-version":[{"id":84349,"href":"https:\/\/www.dolomitiprealpi.it\/de\/wp-json\/wp\/v2\/tribe_events\/68200\/revisions\/84349"}],"wp:attachment":[{"href":"https:\/\/www.dolomitiprealpi.it\/de\/wp-json\/wp\/v2\/media?parent=68200"}],"wp:term":[{"taxonomy":"post_tag","embeddable":true,"href":"https:\/\/www.dolomitiprealpi.it\/de\/wp-json\/wp\/v2\/tags?post=68200"},{"taxonomy":"tribe_events_cat","embeddable":true,"href":"https:\/\/www.dolomitiprealpi.it\/de\/wp-json\/wp\/v2\/tribe_events_cat?post=68200"}],"curies":[{"name":"wp","href":"https:\/\/api.w.org\/{rel}","templated":true}]}}

<p><b>Karten:</b><br />&#8211; Vollpreis Ticket&nbsp;€ 10,00<br />&#8211; Ermäßigt für Pro Loco Mitglieder&nbsp;€ 8,00</p>
<p>Der Verein Amici Del Mut lädt alle zur Einführungsveranstaltung der Oper <u>Der Barbier von Sevilla</u> ein, am Mittwoch, den 23. Juli im Teatro San Gaetano in Castion.</p>
<p>Der künstlerische Leiter Domenico Menini und der Regisseur Dario Turrini werden uns in die Welt der Oper einführen mit einer Präsentation der Handlung, der Charaktere, Anekdoten und Kuriositäten, um das Stück, das am 23. und 24. August um 17:00 Uhr im Teatro al Mut aufgeführt wird, besser zu verstehen.</p>
<p><u>Der Eintritt ist frei.</u><br />Für Informationen: +39 335 7088216</p>
<p>Präsentation einer Oper</p>

<p>Karten:&#8211; Vollpreis Ticket&nbsp;€ 10,00&#8211; Ermäßigt für Pro Loco Mitglieder&nbsp;€ 8,00 Der Verein Amici Del Mut lädt alle zur Einführungsveranstaltung der Oper Der Barbier von Sevilla ein, am Mittwoch, den 23.</p>

<!-- This site is optimized with the Yoast SEO plugin v25.7 - https://yoast.com/wordpress/plugins/seo/ -->
<title>Aspettando il Barbiere... - Dolomiti Prealpi</title>
<meta name="robots" content="index, follow, max-snippet:-1, max-image-preview:large, max-video-preview:-1" />
<link rel="canonical" href="https://www.dolomitiprealpi.it/de/event/aspettando-il-barbiere-3/" />
<meta property="og:locale" content="de_DE" />
<meta property="og:type" content="article" />
<meta property="og:title" content="Aspettando il Barbiere... - Dolomiti Prealpi" />
<meta property="og:description" content="Karten:&#8211; Vollpreis Ticket&nbsp;€ 10,00&#8211; Ermäßigt für Pro Loco Mitglieder&nbsp;€ 8,00 Der Verein Amici Del Mut lädt alle zur Einführungsveranstaltung der Oper Der Barbier von Sevilla ein, am Mittwoch, den 23." />
<meta property="og:url" content="https://www.dolomitiprealpi.it/de/event/aspettando-il-barbiere-3/" />
<meta property="og:site_name" content="Dolomiti Prealpi" />
<meta property="article:publisher" content="https://www.facebook.com/dolomitiprealpi.it/" />
<meta property="article:modified_time" content="2026-01-17T12:51:17+00:00" />
<meta property="og:image" content="https://www.dolomitiprealpi.it/wp-content/uploads/2022/11/C.-Timpone-Foto-archivio-Consorzio-turistico-Dolomiti-Prealpi-Nevegal-Belluno-Bike-18-2.jpg" />
	<meta property="og:image:width" content="2048" />
	<meta property="og:image:height" content="1888" />
	<meta property="og:image:type" content="image/jpeg" />
<meta name="twitter:card" content="summary_large_image" />
<meta name="twitter:label1" content="Est. reading time" />
	<meta name="twitter:data1" content="1 minute" />
<script type="application/ld+json" class="yoast-schema-graph">{"@context":"https://schema.org","@graph":[{"@type":"WebPage","@id":"https://www.dolomitiprealpi.it/de/event/aspettando-il-barbiere-3/","url":"https://www.dolomitiprealpi.it/de/event/aspettando-il-barbiere-3/","name":"Aspettando il Barbiere... - Dolomiti Prealpi","isPartOf":{"@id":"https://www.dolomitiprealpi.it/de/#website"},"datePublished":"2025-12-29T10:12:39+00:00","dateModified":"2026-01-17T12:51:17+00:00","breadcrumb":{"@id":"https://www.dolomitiprealpi.it/de/event/aspettando-il-barbiere-3/#breadcrumb"},"inLanguage":"de-DE","potentialAction":[{"@type":"ReadAction","target":["https://www.dolomitiprealpi.it/de/event/aspettando-il-barbiere-3/"]}]},{"@type":"BreadcrumbList","@id":"https://www.dolomitiprealpi.it/de/event/aspettando-il-barbiere-3/#breadcrumb","itemListElement":[{"@type":"ListItem","position":1,"name":"Home","item":"https://www.dolomitiprealpi.it/de/"},{"@type":"ListItem","position":2,"name":"Veranstaltungen","item":"https://www.dolomitiprealpi.it/de/events/"},{"@type":"ListItem","position":3,"name":"Aspettando il Barbiere&#8230;"}]},{"@type":"WebSite","@id":"https://www.dolomitiprealpi.it/de/#website","url":"https://www.dolomitiprealpi.it/de/","name":"Dolomiti Prealpi","description":"","publisher":{"@id":"https://www.dolomitiprealpi.it/de/#organization"},"potentialAction":[{"@type":"SearchAction","target":{"@type":"EntryPoint","urlTemplate":"https://www.dolomitiprealpi.it/de/?s={search_term_string}"},"query-input":{"@type":"PropertyValueSpecification","valueRequired":true,"valueName":"search_term_string"}}],"inLanguage":"de-DE"},{"@type":"Organization","@id":"https://www.dolomitiprealpi.it/de/#organization","name":"Consorzio Dolomiti Prealpi","url":"https://www.dolomitiprealpi.it/de/","logo":{"@type":"ImageObject","inLanguage":"de-DE","@id":"https://www.dolomitiprealpi.it/de/#/schema/logo/image/","url":"https://www.dolomitiprealpi.it/wp-content/uploads/2023/03/dolomitiprealpi-favicon.jpg","contentUrl":"https://www.dolomitiprealpi.it/wp-content/uploads/2023/03/dolomitiprealpi-favicon.jpg","width":512,"height":512,"caption":"Consorzio Dolomiti Prealpi"},"image":{"@id":"https://www.dolomitiprealpi.it/de/#/schema/logo/image/"},"sameAs":["https://www.facebook.com/dolomitiprealpi.it/","https://www.instagram.com/dolomitiprealpi/"]}]}</script>
<!-- / Yoast SEO plugin. -->

Karten:&#8211; Vollpreis Ticket&nbsp;€ 10,00&#8211; Ermäßigt für Pro Loco Mitglieder&nbsp;€ 8,00 Der Verein Amici Del Mut lädt alle zur Einführungsveranstaltung der Oper Der Barbier von Sevilla ein, am Mittwoch, den 23.
