{"id":67373,"date":"2025-08-30T13:47:42","date_gmt":"2025-08-30T11:47:42","guid":{"rendered":"https:\/\/www.dolomitiprealpi.it\/event\/ricominciamo-dalla-terra\/"},"modified":"2025-09-21T13:27:12","modified_gmt":"2025-09-21T11:27:12","slug":"ricominciamo-dalla-terra-3","status":"publish","type":"tribe_events","link":"https:\/\/www.dolomitiprealpi.it\/de\/event\/ricominciamo-dalla-terra-3\/","title":{"rendered":"Ricominciamo dalla terra"},"content":{"rendered":"<h3><b>Davide und Federica<\/b><\/h3>\n<p>Davide und Federica, geboren und aufgewachsen im Feltrino, haben sich 2019 in den Bergen kennengelernt.<\/p>\n<p>Zu Beginn des Jahres 2022 beschlossen sie, beide ihre Jobs zu k\u00fcndigen und gemeinsam auf eine Backpacker-Reise zu gehen, die sie innerhalb von anderthalb Jahren durch Lateinamerika f\u00fchrte.<\/p>\n<p>Die Leidenschaft f\u00fcr die Berge ist in ihnen lebendig geblieben, aber sie haben viele weitere Leidenschaften entdeckt, darunter der Wunsch, mit der Erde zu arbeiten, Fermente herzustellen, Biodanza und handwerkliche T\u00e4tigkeiten.<\/p>\n<p><b>Die Geschichte von Davide und Federica: <b>Eine Reise zur Entdeckung der Natur<\/b><\/b><\/p>\n<p>Ein Jahr und ein halbes Jahr durch Lateinamerika reisen. W\u00e4hrend dieser langen Reise erkundeten sie 8 L\u00e4nder, eingetaucht in atemberaubende Landschaften, von Ausfl\u00fcgen in den Amazonas-Regenwald \u00fcber Trekkingtouren in hochgelegene Berge bis hin zu Besuchen alter St\u00e4dte, die reich an Geschichte sind.<\/p>\n<p>Doch ihre Reise war nicht nur eine geografische Entdeckung: Durch Workaway-Erfahrungen und Freiwilligenarbeit hatten sie die M\u00f6glichkeit, mit den verschiedenen lokalen Kulturen in Kontakt zu treten und von denjenigen zu lernen, die eng mit der Natur leben.<\/p>\n<p>Die R\u00fcckkehr zu den Wurzeln, bereichert durch neue Erfahrungen und Erkenntnisse, brachte Davide und Federica dazu,&nbsp;<b>\u201ePura Vida\u201d<\/b> zu gr\u00fcnden, einen kleinen Bauernhof, der das Ergebnis all dessen darstellt, was sie gelernt und erlebt haben.<\/p>\n<p>Wenn auch du entdecken m\u00f6chtest, wie ihre Reise ihr Leben ver\u00e4ndert hat und sie inspiriert hat, eine nachhaltige, authentische und menschenfreundliche Realit\u00e4t zu schaffen.<\/p>\n","protected":false},"excerpt":{"rendered":"<p>Davide und Federica Davide und Federica, geboren und aufgewachsen im Feltrino, haben sich 2019 in den Bergen kennengelernt. Zu Beginn des Jahres 2022 beschlossen sie, beide ihre Jobs zu k\u00fcndigen<\/p>\n","protected":false},"author":0,"featured_media":0,"template":"","meta":{"_acf_changed":false,"inline_featured_image":false,"_tribe_events_status":"","_tribe_events_status_reason":"","footnotes":""},"tags":[259],"tribe_events_cat":[],"class_list":["post-67373","tribe_events","type-tribe_events","status-publish","hentry","tag-eventi-feratel"],"acf":[],"yoast_head":"<!-- This site is optimized with the Yoast SEO plugin v25.7 - https:\/\/yoast.com\/wordpress\/plugins\/seo\/ -->\n<title>Ricominciamo dalla terra - Dolomiti Prealpi<\/title>\n<meta name=\"robots\" content=\"index, follow, max-snippet:-1, max-image-preview:large, max-video-preview:-1\" \/>\n<link rel=\"canonical\" href=\"https:\/\/www.dolomitiprealpi.it\/de\/event\/ricominciamo-dalla-terra-3\/\" \/>\n<meta property=\"og:locale\" content=\"de_DE\" \/>\n<meta property=\"og:type\" content=\"article\" \/>\n<meta property=\"og:title\" content=\"Ricominciamo dalla terra - Dolomiti Prealpi\" \/>\n<meta property=\"og:description\" content=\"Davide und Federica Davide und Federica, geboren und aufgewachsen im Feltrino, haben sich 2019 in den Bergen kennengelernt. Zu Beginn des Jahres 2022 beschlossen sie, beide ihre Jobs zu k\u00fcndigen\" \/>\n<meta property=\"og:url\" content=\"https:\/\/www.dolomitiprealpi.it\/de\/event\/ricominciamo-dalla-terra-3\/\" \/>\n<meta property=\"og:site_name\" content=\"Dolomiti Prealpi\" \/>\n<meta property=\"article:publisher\" content=\"https:\/\/www.facebook.com\/dolomitiprealpi.it\/\" \/>\n<meta property=\"article:modified_time\" content=\"2025-09-21T11:27:12+00:00\" \/>\n<meta property=\"og:image\" content=\"https:\/\/www.dolomitiprealpi.it\/wp-content\/uploads\/2022\/11\/C.-Timpone-Foto-archivio-Consorzio-turistico-Dolomiti-Prealpi-Nevegal-Belluno-Bike-18-2.jpg\" \/>\n\t<meta property=\"og:image:width\" content=\"2048\" \/>\n\t<meta property=\"og:image:height\" content=\"1888\" \/>\n\t<meta property=\"og:image:type\" content=\"image\/jpeg\" \/>\n<meta name=\"twitter:card\" content=\"summary_large_image\" \/>\n<meta name=\"twitter:label1\" content=\"Est. reading time\" \/>\n\t<meta name=\"twitter:data1\" content=\"1 minute\" \/>\n<script type=\"application\/ld+json\" class=\"yoast-schema-graph\">{\"@context\":\"https:\/\/schema.org\",\"@graph\":[{\"@type\":\"WebPage\",\"@id\":\"https:\/\/www.dolomitiprealpi.it\/de\/event\/ricominciamo-dalla-terra-3\/\",\"url\":\"https:\/\/www.dolomitiprealpi.it\/de\/event\/ricominciamo-dalla-terra-3\/\",\"name\":\"Ricominciamo dalla terra - Dolomiti Prealpi\",\"isPartOf\":{\"@id\":\"https:\/\/www.dolomitiprealpi.it\/de\/#website\"},\"datePublished\":\"2025-08-30T11:47:42+00:00\",\"dateModified\":\"2025-09-21T11:27:12+00:00\",\"breadcrumb\":{\"@id\":\"https:\/\/www.dolomitiprealpi.it\/de\/event\/ricominciamo-dalla-terra-3\/#breadcrumb\"},\"inLanguage\":\"de-DE\",\"potentialAction\":[{\"@type\":\"ReadAction\",\"target\":[\"https:\/\/www.dolomitiprealpi.it\/de\/event\/ricominciamo-dalla-terra-3\/\"]}]},{\"@type\":\"BreadcrumbList\",\"@id\":\"https:\/\/www.dolomitiprealpi.it\/de\/event\/ricominciamo-dalla-terra-3\/#breadcrumb\",\"itemListElement\":[{\"@type\":\"ListItem\",\"position\":1,\"name\":\"Home\",\"item\":\"https:\/\/www.dolomitiprealpi.it\/de\/\"},{\"@type\":\"ListItem\",\"position\":2,\"name\":\"Veranstaltungen\",\"item\":\"https:\/\/www.dolomitiprealpi.it\/de\/events\/\"},{\"@type\":\"ListItem\",\"position\":3,\"name\":\"Ricominciamo dalla terra\"}]},{\"@type\":\"WebSite\",\"@id\":\"https:\/\/www.dolomitiprealpi.it\/de\/#website\",\"url\":\"https:\/\/www.dolomitiprealpi.it\/de\/\",\"name\":\"Dolomiti Prealpi\",\"description\":\"\",\"publisher\":{\"@id\":\"https:\/\/www.dolomitiprealpi.it\/de\/#organization\"},\"potentialAction\":[{\"@type\":\"SearchAction\",\"target\":{\"@type\":\"EntryPoint\",\"urlTemplate\":\"https:\/\/www.dolomitiprealpi.it\/de\/?s={search_term_string}\"},\"query-input\":{\"@type\":\"PropertyValueSpecification\",\"valueRequired\":true,\"valueName\":\"search_term_string\"}}],\"inLanguage\":\"de-DE\"},{\"@type\":\"Organization\",\"@id\":\"https:\/\/www.dolomitiprealpi.it\/de\/#organization\",\"name\":\"Consorzio Dolomiti Prealpi\",\"url\":\"https:\/\/www.dolomitiprealpi.it\/de\/\",\"logo\":{\"@type\":\"ImageObject\",\"inLanguage\":\"de-DE\",\"@id\":\"https:\/\/www.dolomitiprealpi.it\/de\/#\/schema\/logo\/image\/\",\"url\":\"https:\/\/www.dolomitiprealpi.it\/wp-content\/uploads\/2023\/03\/dolomitiprealpi-favicon.jpg\",\"contentUrl\":\"https:\/\/www.dolomitiprealpi.it\/wp-content\/uploads\/2023\/03\/dolomitiprealpi-favicon.jpg\",\"width\":512,\"height\":512,\"caption\":\"Consorzio Dolomiti Prealpi\"},\"image\":{\"@id\":\"https:\/\/www.dolomitiprealpi.it\/de\/#\/schema\/logo\/image\/\"},\"sameAs\":[\"https:\/\/www.facebook.com\/dolomitiprealpi.it\/\",\"https:\/\/www.instagram.com\/dolomitiprealpi\/\"]}]}<\/script>\n<!-- \/ Yoast SEO plugin. -->","yoast_head_json":{"title":"Ricominciamo dalla terra - Dolomiti Prealpi","robots":{"index":"index","follow":"follow","max-snippet":"max-snippet:-1","max-image-preview":"max-image-preview:large","max-video-preview":"max-video-preview:-1"},"canonical":"https:\/\/www.dolomitiprealpi.it\/de\/event\/ricominciamo-dalla-terra-3\/","og_locale":"de_DE","og_type":"article","og_title":"Ricominciamo dalla terra - Dolomiti Prealpi","og_description":"Davide und Federica Davide und Federica, geboren und aufgewachsen im Feltrino, haben sich 2019 in den Bergen kennengelernt. Zu Beginn des Jahres 2022 beschlossen sie, beide ihre Jobs zu k\u00fcndigen","og_url":"https:\/\/www.dolomitiprealpi.it\/de\/event\/ricominciamo-dalla-terra-3\/","og_site_name":"Dolomiti Prealpi","article_publisher":"https:\/\/www.facebook.com\/dolomitiprealpi.it\/","article_modified_time":"2025-09-21T11:27:12+00:00","og_image":[{"width":2048,"height":1888,"url":"https:\/\/www.dolomitiprealpi.it\/wp-content\/uploads\/2022\/11\/C.-Timpone-Foto-archivio-Consorzio-turistico-Dolomiti-Prealpi-Nevegal-Belluno-Bike-18-2.jpg","type":"image\/jpeg"}],"twitter_card":"summary_large_image","twitter_misc":{"Est. reading time":"1 minute"},"schema":{"@context":"https:\/\/schema.org","@graph":[{"@type":"WebPage","@id":"https:\/\/www.dolomitiprealpi.it\/de\/event\/ricominciamo-dalla-terra-3\/","url":"https:\/\/www.dolomitiprealpi.it\/de\/event\/ricominciamo-dalla-terra-3\/","name":"Ricominciamo dalla terra - Dolomiti Prealpi","isPartOf":{"@id":"https:\/\/www.dolomitiprealpi.it\/de\/#website"},"datePublished":"2025-08-30T11:47:42+00:00","dateModified":"2025-09-21T11:27:12+00:00","breadcrumb":{"@id":"https:\/\/www.dolomitiprealpi.it\/de\/event\/ricominciamo-dalla-terra-3\/#breadcrumb"},"inLanguage":"de-DE","potentialAction":[{"@type":"ReadAction","target":["https:\/\/www.dolomitiprealpi.it\/de\/event\/ricominciamo-dalla-terra-3\/"]}]},{"@type":"BreadcrumbList","@id":"https:\/\/www.dolomitiprealpi.it\/de\/event\/ricominciamo-dalla-terra-3\/#breadcrumb","itemListElement":[{"@type":"ListItem","position":1,"name":"Home","item":"https:\/\/www.dolomitiprealpi.it\/de\/"},{"@type":"ListItem","position":2,"name":"Veranstaltungen","item":"https:\/\/www.dolomitiprealpi.it\/de\/events\/"},{"@type":"ListItem","position":3,"name":"Ricominciamo dalla terra"}]},{"@type":"WebSite","@id":"https:\/\/www.dolomitiprealpi.it\/de\/#website","url":"https:\/\/www.dolomitiprealpi.it\/de\/","name":"Dolomiti Prealpi","description":"","publisher":{"@id":"https:\/\/www.dolomitiprealpi.it\/de\/#organization"},"potentialAction":[{"@type":"SearchAction","target":{"@type":"EntryPoint","urlTemplate":"https:\/\/www.dolomitiprealpi.it\/de\/?s={search_term_string}"},"query-input":{"@type":"PropertyValueSpecification","valueRequired":true,"valueName":"search_term_string"}}],"inLanguage":"de-DE"},{"@type":"Organization","@id":"https:\/\/www.dolomitiprealpi.it\/de\/#organization","name":"Consorzio Dolomiti Prealpi","url":"https:\/\/www.dolomitiprealpi.it\/de\/","logo":{"@type":"ImageObject","inLanguage":"de-DE","@id":"https:\/\/www.dolomitiprealpi.it\/de\/#\/schema\/logo\/image\/","url":"https:\/\/www.dolomitiprealpi.it\/wp-content\/uploads\/2023\/03\/dolomitiprealpi-favicon.jpg","contentUrl":"https:\/\/www.dolomitiprealpi.it\/wp-content\/uploads\/2023\/03\/dolomitiprealpi-favicon.jpg","width":512,"height":512,"caption":"Consorzio Dolomiti Prealpi"},"image":{"@id":"https:\/\/www.dolomitiprealpi.it\/de\/#\/schema\/logo\/image\/"},"sameAs":["https:\/\/www.facebook.com\/dolomitiprealpi.it\/","https:\/\/www.instagram.com\/dolomitiprealpi\/"]}]}},"_links":{"self":[{"href":"https:\/\/www.dolomitiprealpi.it\/de\/wp-json\/wp\/v2\/tribe_events\/67373","targetHints":{"allow":["GET"]}}],"collection":[{"href":"https:\/\/www.dolomitiprealpi.it\/de\/wp-json\/wp\/v2\/tribe_events"}],"about":[{"href":"https:\/\/www.dolomitiprealpi.it\/de\/wp-json\/wp\/v2\/types\/tribe_events"}],"version-history":[{"count":2,"href":"https:\/\/www.dolomitiprealpi.it\/de\/wp-json\/wp\/v2\/tribe_events\/67373\/revisions"}],"predecessor-version":[{"id":83234,"href":"https:\/\/www.dolomitiprealpi.it\/de\/wp-json\/wp\/v2\/tribe_events\/67373\/revisions\/83234"}],"wp:attachment":[{"href":"https:\/\/www.dolomitiprealpi.it\/de\/wp-json\/wp\/v2\/media?parent=67373"}],"wp:term":[{"taxonomy":"post_tag","embeddable":true,"href":"https:\/\/www.dolomitiprealpi.it\/de\/wp-json\/wp\/v2\/tags?post=67373"},{"taxonomy":"tribe_events_cat","embeddable":true,"href":"https:\/\/www.dolomitiprealpi.it\/de\/wp-json\/wp\/v2\/tribe_events_cat?post=67373"}],"curies":[{"name":"wp","href":"https:\/\/api.w.org\/{rel}","templated":true}]}}

<h3><b>Davide und Federica</b></h3>
<p>Davide und Federica, geboren und aufgewachsen im Feltrino, haben sich 2019 in den Bergen kennengelernt.</p>
<p>Zu Beginn des Jahres 2022 beschlossen sie, beide ihre Jobs zu kündigen und gemeinsam auf eine Backpacker-Reise zu gehen, die sie innerhalb von anderthalb Jahren durch Lateinamerika führte.</p>
<p>Die Leidenschaft für die Berge ist in ihnen lebendig geblieben, aber sie haben viele weitere Leidenschaften entdeckt, darunter der Wunsch, mit der Erde zu arbeiten, Fermente herzustellen, Biodanza und handwerkliche Tätigkeiten.</p>
<p><b>Die Geschichte von Davide und Federica: <b>Eine Reise zur Entdeckung der Natur</b></b></p>
<p>Ein Jahr und ein halbes Jahr durch Lateinamerika reisen. Während dieser langen Reise erkundeten sie 8 Länder, eingetaucht in atemberaubende Landschaften, von Ausflügen in den Amazonas-Regenwald über Trekkingtouren in hochgelegene Berge bis hin zu Besuchen alter Städte, die reich an Geschichte sind.</p>
<p>Doch ihre Reise war nicht nur eine geografische Entdeckung: Durch Workaway-Erfahrungen und Freiwilligenarbeit hatten sie die Möglichkeit, mit den verschiedenen lokalen Kulturen in Kontakt zu treten und von denjenigen zu lernen, die eng mit der Natur leben.</p>
<p>Die Rückkehr zu den Wurzeln, bereichert durch neue Erfahrungen und Erkenntnisse, brachte Davide und Federica dazu,&nbsp;<b>„Pura Vida”</b> zu gründen, einen kleinen Bauernhof, der das Ergebnis all dessen darstellt, was sie gelernt und erlebt haben.</p>
<p>Wenn auch du entdecken möchtest, wie ihre Reise ihr Leben verändert hat und sie inspiriert hat, eine nachhaltige, authentische und menschenfreundliche Realität zu schaffen.</p>

<p>Davide und Federica Davide und Federica, geboren und aufgewachsen im Feltrino, haben sich 2019 in den Bergen kennengelernt. Zu Beginn des Jahres 2022 beschlossen sie, beide ihre Jobs zu kündigen</p>

<!-- This site is optimized with the Yoast SEO plugin v25.7 - https://yoast.com/wordpress/plugins/seo/ -->
<title>Ricominciamo dalla terra - Dolomiti Prealpi</title>
<meta name="robots" content="index, follow, max-snippet:-1, max-image-preview:large, max-video-preview:-1" />
<link rel="canonical" href="https://www.dolomitiprealpi.it/de/event/ricominciamo-dalla-terra-3/" />
<meta property="og:locale" content="de_DE" />
<meta property="og:type" content="article" />
<meta property="og:title" content="Ricominciamo dalla terra - Dolomiti Prealpi" />
<meta property="og:description" content="Davide und Federica Davide und Federica, geboren und aufgewachsen im Feltrino, haben sich 2019 in den Bergen kennengelernt. Zu Beginn des Jahres 2022 beschlossen sie, beide ihre Jobs zu kündigen" />
<meta property="og:url" content="https://www.dolomitiprealpi.it/de/event/ricominciamo-dalla-terra-3/" />
<meta property="og:site_name" content="Dolomiti Prealpi" />
<meta property="article:publisher" content="https://www.facebook.com/dolomitiprealpi.it/" />
<meta property="article:modified_time" content="2025-09-21T11:27:12+00:00" />
<meta property="og:image" content="https://www.dolomitiprealpi.it/wp-content/uploads/2022/11/C.-Timpone-Foto-archivio-Consorzio-turistico-Dolomiti-Prealpi-Nevegal-Belluno-Bike-18-2.jpg" />
	<meta property="og:image:width" content="2048" />
	<meta property="og:image:height" content="1888" />
	<meta property="og:image:type" content="image/jpeg" />
<meta name="twitter:card" content="summary_large_image" />
<meta name="twitter:label1" content="Est. reading time" />
	<meta name="twitter:data1" content="1 minute" />
<script type="application/ld+json" class="yoast-schema-graph">{"@context":"https://schema.org","@graph":[{"@type":"WebPage","@id":"https://www.dolomitiprealpi.it/de/event/ricominciamo-dalla-terra-3/","url":"https://www.dolomitiprealpi.it/de/event/ricominciamo-dalla-terra-3/","name":"Ricominciamo dalla terra - Dolomiti Prealpi","isPartOf":{"@id":"https://www.dolomitiprealpi.it/de/#website"},"datePublished":"2025-08-30T11:47:42+00:00","dateModified":"2025-09-21T11:27:12+00:00","breadcrumb":{"@id":"https://www.dolomitiprealpi.it/de/event/ricominciamo-dalla-terra-3/#breadcrumb"},"inLanguage":"de-DE","potentialAction":[{"@type":"ReadAction","target":["https://www.dolomitiprealpi.it/de/event/ricominciamo-dalla-terra-3/"]}]},{"@type":"BreadcrumbList","@id":"https://www.dolomitiprealpi.it/de/event/ricominciamo-dalla-terra-3/#breadcrumb","itemListElement":[{"@type":"ListItem","position":1,"name":"Home","item":"https://www.dolomitiprealpi.it/de/"},{"@type":"ListItem","position":2,"name":"Veranstaltungen","item":"https://www.dolomitiprealpi.it/de/events/"},{"@type":"ListItem","position":3,"name":"Ricominciamo dalla terra"}]},{"@type":"WebSite","@id":"https://www.dolomitiprealpi.it/de/#website","url":"https://www.dolomitiprealpi.it/de/","name":"Dolomiti Prealpi","description":"","publisher":{"@id":"https://www.dolomitiprealpi.it/de/#organization"},"potentialAction":[{"@type":"SearchAction","target":{"@type":"EntryPoint","urlTemplate":"https://www.dolomitiprealpi.it/de/?s={search_term_string}"},"query-input":{"@type":"PropertyValueSpecification","valueRequired":true,"valueName":"search_term_string"}}],"inLanguage":"de-DE"},{"@type":"Organization","@id":"https://www.dolomitiprealpi.it/de/#organization","name":"Consorzio Dolomiti Prealpi","url":"https://www.dolomitiprealpi.it/de/","logo":{"@type":"ImageObject","inLanguage":"de-DE","@id":"https://www.dolomitiprealpi.it/de/#/schema/logo/image/","url":"https://www.dolomitiprealpi.it/wp-content/uploads/2023/03/dolomitiprealpi-favicon.jpg","contentUrl":"https://www.dolomitiprealpi.it/wp-content/uploads/2023/03/dolomitiprealpi-favicon.jpg","width":512,"height":512,"caption":"Consorzio Dolomiti Prealpi"},"image":{"@id":"https://www.dolomitiprealpi.it/de/#/schema/logo/image/"},"sameAs":["https://www.facebook.com/dolomitiprealpi.it/","https://www.instagram.com/dolomitiprealpi/"]}]}</script>
<!-- / Yoast SEO plugin. -->

Davide und Federica Davide und Federica, geboren und aufgewachsen im Feltrino, haben sich 2019 in den Bergen kennengelernt. Zu Beginn des Jahres 2022 beschlossen sie, beide ihre Jobs zu kündigen
